-- https://www.phpmyadmin.net/
--

START TRANSACTION;



--
-- Database: `mchfpjoypurhat_drag`
--

-- --------------------------------------------------------

--
-- Table structure for table `category_info`
--

CREATE TABLE `category_info` (
  `category_id` int(11) NOT NULL,
  `category_name` varchar(255) NOT NULL,
  `catlogo` varchar(255) NOT NULL,
  `status` tinyint(4) NOT NULL DEFAULT 0
) ENGINE=InnoDB DEFAULT CHARSET=utf8 COLLATE=utf8_general_ci;

--
-- Dumping data for table `category_info`
--

INSERT INTO `category_info` (`category_id`, `category_name`, `catlogo`, `status`) VALUES
(1, 'Boys', 'IMG_20230804_200826.jpg', 1),
(2, 'Girls', 'IMG_20230807_201557_568.jpg', 1),
(3, 'Baby Boy', 'IMG-20220908-WA0116.jpg', 1),
(4, 'Baby Girl', 'IMG_20230104_130610_400.jpg', 1),
(5, 'BOYS', 'Fotor_153986175976317.jpg', 2),
(6, 'Man', 'mmexport1688976367727.jpg', 1),
(7, 'Women', 'IMG-20230321-WA0274.jpg', 1),
(8, 'Women', 'category.png', 2),
(9, 'Women', 'IMG-20190628-WA0039.jpg', 2),
(10, 'Man', 'Fotor_157838962122714.jpg', 2),
(11, 'Baby shoes', 'IMG_20220721_222215_296.jpg', 1),
(12, 'Baby Changing Bag', 'IMG-20220203-WA0318.jpg', 1),
(13, 'Ladies Bag', 'IMG-20211211-WA0155.jpg', 1),
(14, 'Adult Shoes', 'IMG-20210823-WA0081.jpg', 1),
(15, 'Belts', 'bl.png', 1),
(19, 'Boys', 'mmexport1660203072637.jpg', 2),
(20, 'Boys', 'category.png', 2),
(21, 'Boys', 'IMG_20221024_155801_194.jpg', 2),
(22, 'Boys', 'IMG_20221110_212221_808.jpg', 2),
(23, 'Boy', 'IMG_20230309_213924_359.jpg', 2);

-- --------------------------------------------------------

--
-- Table structure for table `company_info`
--

CREATE TABLE `company_info` (
  `id` bigint(20) NOT NULL,
  `company_name` varchar(255) DEFAULT NULL,
  `short_name` varchar(255) NOT NULL,
  `email_address` varchar(255) DEFAULT NULL,
  `phone` varchar(255) DEFAULT NULL,
  `website` varchar(255) DEFAULT NULL,
  `address` varchar(255) DEFAULT NULL,
  `logo` varchar(255) DEFAULT NULL,
  `facebook` varchar(255) NOT NULL,
  `youtube` varchar(255) NOT NULL,
  `twitter` varchar(255) NOT NULL,
  `linkedin` varchar(255) NOT NULL,
  `google` varchar(255) NOT NULL,
  `instagram` varchar(255) DEFAULT NULL,
  `date_format` varchar(255) NOT NULL
) ENGINE=InnoDB DEFAULT CHARSET=utf8 COLLATE=utf8_general_ci;

--
-- Dumping data for table `company_info`
--

INSERT INTO `company_info` (`id`, `company_name`, `short_name`, `email_address`, `phone`, `website`, `address`, `logo`, `facebook`, `youtube`, `twitter`, `linkedin`, `google`, `instagram`, `date_format`) VALUES
(1, 'Dragonbabys', 'dragonbaby', 'admin@dragonbabys.com', '+971559241914', 'http://dragonbabys.com', 'UAE', 'images.png', '#', '#', '#', '#', '#', '#', 'dd/mm/yyyy');

-- --------------------------------------------------------

--
-- Table structure for table `customer_info`
--

CREATE TABLE `customer_info` (
  `customer_id` int(11) NOT NULL,
  `customer_code` varchar(255) NOT NULL,
  `customer_name` varchar(255) NOT NULL,
  `address` varchar(300) DEFAULT NULL,
  `clogo` varchar(255) NOT NULL,
  `create_date` varchar(255) NOT NULL
) ENGINE=InnoDB DEFAULT CHARSET=utf8 COLLATE=utf8_general_ci;

--
-- Dumping data for table `customer_info`
--

INSERT INTO `customer_info` (`customer_id`, `customer_code`, `customer_name`, `address`, `clogo`, `create_date`) VALUES
(1, 'VL-000001', 'MK', 'USA', 'Michael-Kors-symbol2.jpg', '2018-01-21'),
(2, 'VL-000002', 'KS', 'USA', 'logo1.png', '2018-01-21');

-- --------------------------------------------------------

--
-- Table structure for table `department_info`
--

CREATE TABLE `department_info` (
  `department_id` int(11) NOT NULL,
  `department_name` varchar(255) NOT NULL
) ENGINE=InnoDB DEFAULT CHARSET=latin1 COLLATE=latin1_swedish_ci;

--
-- Dumping data for table `department_info`
--

INSERT INTO `department_info` (`department_id`, `department_name`) VALUES
(1, 'IT'),
(7, 'MERCHANDISING'),
(8, 'LOGISTICS');

-- --------------------------------------------------------

--
-- Table structure for table `org_info`
--

CREATE TABLE `org_info` (
  `org_id` tinyint(4) NOT NULL,
  `org_name` varchar(360) NOT NULL,
  `phone_no` varchar(255) DEFAULT NULL,
  `email` varchar(255) DEFAULT NULL,
  `address` varchar(750) DEFAULT NULL
) ENGINE=InnoDB DEFAULT CHARSET=utf8 COLLATE=utf8_unicode_ci;

--
-- Dumping data for table `org_info`
--

INSERT INTO `org_info` (`org_id`, `org_name`, `phone_no`, `email`, `address`) VALUES
(1, 'iNTECH PROPERTIES LTD', '01725888', 'opex@gmail.com', 'USA');

-- --------------------------------------------------------

--
-- Table structure for table `post`
--

CREATE TABLE `post` (
  `post_id` smallint(6) NOT NULL,
  `post_name` varchar(300) NOT NULL,
  `post_lavel` enum('Director','Employee') NOT NULL
) ENGINE=InnoDB DEFAULT CHARSET=utf8 COLLATE=utf8_unicode_ci;

--
-- Dumping data for table `post`
--

INSERT INTO `post` (`post_id`, `post_name`, `post_lavel`) VALUES
(2, 'Manager', 'Employee'),
(4, 'Asst. Manager', 'Employee'),
(5, 'Sr. Officer', 'Director'),
(6, 'Officer', 'Director'),
(7, 'Supervisor', 'Director'),
(8, 'QC', 'Director'),
(9, 'Office Peon', 'Employee'),
(10, 'Security Guard', 'Employee'),
(14, 'Excutive Officer', 'Employee');

-- --------------------------------------------------------

--
-- Table structure for table `product_info`
--

CREATE TABLE `product_info` (
  `product_id` int(11) NOT NULL,
  `category_id` int(11) NOT NULL,
  `product_name` varchar(255) DEFAULT NULL,
  `product_code` varchar(255) NOT NULL,
  `product_size` varchar(255) DEFAULT NULL,
  `product_thumb` varchar(255) NOT NULL,
  `product_img` varchar(255) NOT NULL,
  `user_id` int(11) NOT NULL,
  `create_date` varchar(255) NOT NULL,
  `status` tinyint(4) NOT NULL DEFAULT 1
) ENGINE=InnoDB DEFAULT CHARSET=latin1 COLLATE=latin1_swedish_ci;

--
-- Dumping data for table `product_info`
--

INSERT INTO `product_info` (`product_id`, `category_id`, `product_name`, `product_code`, `product_size`, `product_thumb`, `product_img`, `user_id`, `create_date`, `status`) VALUES
(1, 1, 'Product', '20180210-001', '2 4 6 8 10 12 14', '32484ba133724aa43ee06ce0a36d9bb7.jpg', '780d2de87f3e7d261e60371ccb6212b4.jpg', 8, '2018-02-10', 2),
(2, 1, 'Product', '20180211-002', '2 4 6 8 10 12 14', '3b4bc462ca4bfcd738b0cbdd0de46111.jpg', '86d1da10285451342632c33f8cb4a916.jpg', 8, '2018-02-11', 2),
(3, 1, 'Product', '20180211-003', '2 4 6 8 10 12 14', '7aaf9c5433bf88628de4721abb6dff3f.jpg', 'f474f824c3514f39827e6383603f52a2.jpg', 8, '2018-02-11', 2),
(4, 1, 'Product', '20180211-004', '2 4 6 8 10 12 14', '31ab86503ac700807a8e3b5657f23bc5.jpg', '0b7c4883f584e8f3e480d3b2b199b081.jpg', 8, '2018-02-11', 2),
(5, 1, 'Product', '20180211-005', '2 4 6 8 10 12 14', 'cc986eaf86e60785150c51d81bd00191.jpg', '545c67f134ef459c9d20acab7baf7583.jpg', 8, '2018-02-11', 2),
(6, 1, 'Product', '20180211-006', '2 4 6 8 10 12 14', '1d5760bd835e7c504ab8576c398b7f89.jpg', '9379d5e27b131a1980efeb1b2aaec42b.jpg', 8, '2018-02-11', 2),
(7, 1, 'Product', '20180211-007', '2 4 6 8 10 12 14', 'add988cbb859254a5cd112d7324a91eb.jpg', '72e3e73b4d86fb3c789d7ba68389b39b.jpg', 8, '2018-02-11', 2),
(8, 1, 'Product', '20180211-008', '2 4 6 8 10 12 14', 'd28e5828baf226d51a8e65ae95dc8f1a.jpg', 'd91eee6e4cd3376833efe2ff1e13206a.jpg', 8, '2018-02-11', 1),
(9, 1, 'Product', '20180211-009', '2 4 6 8 10 12 14', 'f472e2b27724c187b695f889a4fc6d2c.jpg', '5458ca099e4e76a15d5651398592e381.jpg', 8, '2018-02-11', 2),
(10, 1, 'Product', '20180211-010', '2 4 6 8 10 12 14', 'e246d747ed076a2891fd8907f52c206c.jpg', '946b3a61afe721f81c354eb02bc30d6d.jpg', 8, '2018-02-11', 2),
(11, 1, 'Boys', '20180211-011', '2 4 6 8 10 12 14', '1019f58f74f0b727e973f433cdf41d88.jpg', '7ef4b06031f86c31ea66e2ae84b1650d.jpg', 8, '2018-02-11', 2),
(12, 1, 'Product', '20180211-012', '2 4 6 8 10 12 14', '1da6178884867b8fd2ba660d603fcf96.jpg', 'da489994a230ea032ad3d1a21fd1efa1.jpg', 8, '2018-02-11', 2),
(13, 1, 'Product', '20180211-013', '2 4 6 8 10 12 14', '9d708d127fe8d16508aa89836e893ef2.jpg', '5d610e749295858f8ca3a2a6be5acc6d.jpg', 8, '2018-02-11', 2),
(14, 2, 'Product', '20180211-014', '2 4 6 8 10 12 14', 'a64d4ba904d10cab3c0923dcf5ed2b37.jpg', 'f07f71b7d295439bccc3a6a5925bc82d.jpg', 8, '2018-02-11', 1),
(15, 2, 'Product', '20180211-015', '2 4 6 8 10 12 14', '1966c171b06cec356ca16cb76b5ec344.jpg', '2e3c1366b143882c5a3dfb2040db87a7.jpg', 8, '2018-02-11', 1),
(16, 2, 'Product', '20180211-016', '2 4 6 8 10 12 14', '976ab78dacd273e8031e5b6aa40848a7.jpg', '9d5471ed2535902af30e30a0155c2dde.jpg', 9, '2018-02-11', 1),
(17, 2, 'Product', '20180211-017', '2 4 6 8 10 12 14', '241dbdb33f634ea259baab77db2fc28e.jpg', 'd67d0437f014dc52cbbcef992b2a9ff6.jpg', 8, '2018-02-11', 1),
(18, 2, 'Product', '20180211-018', '2 4 6 8 10 12 14', '038364a4d804e49b71a4d710005fe0ec.jpg', '13879fd45f91dbaa5c049ecbe1f0368a.jpg', 8, '2018-02-11', 2),
(19, 2, 'Product', '20180211-019', '2 4 6 8 10 12 14', '194e85f0dece9902985652e4791db2bb.jpg', '6f93a1a753a61a6e6e1548902c8511bd.jpg', 8, '2018-02-11', 2),
(20, 2, 'Product', '20180211-020', '2 4 6 8 10 12 14', 'bef3e14080e708e8233313bf8586b395.jpg', '205ef1b057bc4a7c34b5e4ee932f01a8.jpg', 8, '2018-02-11', 1),
(21, 2, 'Product', '20180211-021', '2 4 6 8 10 12 14', '207026beb9b214ffdec79b2185472036.jpg', '3e61c2309491c8f98f5b2f43513582c9.jpg', 8, '2018-02-11', 2),
(22, 2, 'Product', '20180211-022', '2 4 6 8 10 12 14', 'ed74b2bd6b62126961208bcf1d90ebd9.jpg', '046ee056a0014ca648222f00b066bb3c.jpg', 8, '2018-02-11', 2),
(23, 2, 'Girls', '20180211-023', '2 4 6 8 10 12 14', '6c7501f7c20dd5023c521d84c54ab145.jpg', 'f81e584c550b57ff45b0d124a5aa3e4b.jpg', 8, '2018-02-11', 2),
(24, 2, 'Girls', '20180211-024', '2 4 6 8 10 12 14', 'f64e1fcd8f76172a83f1b6b5d6a2f81c.jpg', '58da54b10620be51b11cb7e774ee961d.jpg', 8, '2018-02-11', 1),
(25, 2, 'Product', '20180211-025', '2 4 6 8 10 12 14', 'ceb1136a976c7d873a0adeaca8ccfb77.jpg', '573d954639f7e2343f3ee367c92532ce.jpg', 8, '2018-02-11', 1),
(26, 2, 'Product', '20180211-026', '2 4 6 8 10 12 14', '92e63ad5987533b581e559d9f511b50e.jpg', '8c2338fd5f7adffc7bf34ed203cfe2f2.jpg', 8, '2018-02-11', 2),
(27, 2, 'Girls', '20180211-027', '2 4 6 8 10 12 14', '30a0c5ff5ca686e8d165d9de8081f1ef.jpg', '7d6d01d5f80f099840528a5dfac2327e.jpg', 8, '2018-02-11', 2),
(28, 3, 'Baby Boy', '20180211-028', '6m 12m 18m 24m', '808f8ecc529a312481beea6756b34697.jpg', '9bae175ad1aee7a6c67e05f5570c5cf8.jpg', 8, '2018-02-11', 1),
(29, 3, 'Baby Boy', '20180211-029', 'Basic', '7a17475db867c0152ed6d1d412d53b7f.jpg', '13337a45636b56983f13c2cc5921e50b.jpg', 8, '2018-02-11', 2),
(30, 3, 'Baby Boy', '20180211-030', '6m 12m 18m 24m', '78a669cf71a1e0003f798aa6075b107a.jpg', 'a3a67bd7a6bcc7d438248f16e081b939.jpg', 8, '2018-02-11', 1),
(31, 3, 'Baby Boy', '20180211-031', '6m 12m 18m 24m', '93ef34b5924ed41cacd9e41d7de307bd.jpg', '80d4b9adaf2db9cea24ecadab58ecd61.jpg', 8, '2018-02-11', 1),
(32, 3, 'Baby Boy', '20180211-032', 'Standard', '2937b9d2ee0498e7052fe1c1b1f81ef8.jpg', '786577867d56878a0ecea5a831c18a42.jpg', 8, '2018-02-11', 1),
(33, 3, 'Baby Boy', '20180211-033', 'Standard', 'a9e4bc6f61b58a4d914139f6382de41f.jpg', 'f1ebaaea2b9b13c038a314ac9d11296a.jpg', 8, '2018-02-11', 1),
(34, 3, 'Baby Boy', '20180211-034', '6m 12m 18m 24m', '068b9ca0cb61014e378928bdd641301e.jpg', 'f2db5a7f48962652e140095093f28fba.jpg', 8, '2018-02-11', 1),
(35, 3, 'Baby Boy', '20180211-035', '2 4 6 8 10 12 14', 'fead132312ed03a9c3c3992188397522.jpg', '43bd6433d41563c494d516745c97bda0.jpg', 8, '2018-02-11', 1),
(36, 3, 'Baby Boy', '20180211-036', '2 4 6 8 10 12 14', 'ce83086ee3d59554cead2256f1d8ca5e.jpg', '9742039910239ff895abdcf36a526508.jpg', 8, '2018-02-11', 1),
(37, 4, 'Baby Girl', '20180211-037', 'Standard', '20dd43d31a9109d82c643532d1fdc785.jpg', '1086aa106158eda80f6342707d1a08ea.jpg', 8, '2018-02-11', 1),
(38, 4, 'Baby Girl', '20180211-038', 'Standard', '8361a98ca9445d15ee625af12dc40c30.jpg', 'c423dda1a4e02fa2578a218cc2cf3252.jpg', 8, '2018-02-11', 1),
(39, 4, 'Baby Girl', '20180211-039', 'Standard', '8a6159245aace5383b4b681476708f96.jpg', '5adee80a6b253e27d78019f156149afd.jpg', 8, '2018-02-11', 1),
(40, 4, 'Baby Girl', '20180211-040', 'Standard', '184d05a5b0408ae54c7bf425878c68b2.jpg', '8ab79dcd2d5ccd92beba3199183c6e94.jpg', 8, '2018-02-11', 1),
(41, 1, 'Boys', '20180218-041', '2 4 6 8 10 12 14', '13c7583ed67769f155a55abe91b9e236.jpg', 'b4e92d7d9629f31dcf4ce3eec8141064.jpg', 8, '2018-02-18', 2),
(42, 2, 'Girls', '20180218-042', '2 4 6 8 10 12 14', 'dbe257a018005eac43d8ae8bbaeb6461.jpg', '1af81bf86fe44687275d7c77c6801f2e.jpg', 8, '2018-02-18', 2),
(43, 2, 'Girls', '20180218-043', '2 4 6 8 10 12 14', '8c121f992df997defc082f57e85bc9de.jpg', '99916eb0072eb9ff102171dc36783ff7.jpg', 8, '2018-02-18', 2),
(44, 2, 'Girls', '20180218-044', '2 4 6 8 10 12 14', '4163625ddd44583d49fa1e366eadc806.jpg', '613afc8788f9d05f47d5a3f431eb98ee.jpg', 8, '2018-02-18', 2),
(45, 2, 'Girls', '20180218-045', '2 4 6 8 10 12 14', '2384021732a041c3adaf5204cbb1d8d7.jpg', '13428c682e2ddf714d15c943dde9c6af.jpg', 8, '2018-02-18', 2),
(46, 1, 'Boys', '20180304-046', '2 4 6 8 10 12 14', '8c14409c6f0463ec5aedb1636e074037.jpg', 'b40fc634e600094b9188ad89b29dab95.jpg', 8, '2018-03-04', 2),
(47, 1, 'Boys', '20180304-047', '2 4 6 8 10 12 14', '5197ed806c50eaaec5e507977e0e58c2.jpg', 'ef65b095253decabb18012ae2b097904.jpg', 8, '2018-03-04', 2),
(48, 1, 'Boys', '20180304-048', '2 4 6 8 10 12 14', '125690953eb7edd9ead865b3e48095ef.jpg', 'd808c099e8c05a986799bdd6ecfdd174.jpg', 8, '2018-03-04', 2),
(49, 4, 'Baby Girls', '20180304-049', '6m 12 m 18m 24m', 'd6b598c64c5eed526f9890933f947f56.jpg', '643c90e43195c175c0ad364f2e431cab.jpg', 8, '2018-03-04', 1),
(50, 2, 'Girls', '20180304-050', '2 4 6 8 10 12 14', 'ad8f9578fdc082f4d319ba58202c271a.jpg', '9c0b2c928cd3f4f57f0cc40278264d90.jpg', 8, '2018-03-04', 2),
(51, 1, 'Boys', '20180408-051', '2 4 6 8 10 12 14', '272849dc2b791a1f6c55cf8b699457c0.jpg', 'fadcc7972d1cb00641f66fbd55a19218.jpg', 9, '2018-04-08', 2),
(52, 1, 'Boys', '20180408-052', '2 4 6 8 10 12 14', '3cf1367f2cd3acf2c194c2f026d8278f.jpg', '0de675f96433d0fc2d5f2e558dba7d24.jpg', 9, '2018-04-08', 2),
(53, 4, 'Baby Girl', '20180502-053', '6m 12 m 18m 24m', 'b59e1713a961183a6a7f42675aac6d96.jpg', 'a2f721f434409b9963ab068160396c7a.jpg', 9, '2018-05-02', 1),
(54, 4, 'Baby Girl', '20180502-054', 'All Size', '6c44c0f8f412aaabba95b8f77a9ccec7.jpg', '8d05b9a18237587b623670d3e8ea986d.jpg', 9, '2018-05-02', 1),
(55, 4, 'Baby Girl', '20180502-055', 'All Size', '1aeb3f3e7a8670567045b3db6c722d7b.jpg', '7f482ed562311d28d3f8cf22435e5a86.jpg', 9, '2018-05-02', 1),
(56, 1, 'Boy', '20180502-056', '2 4 6 8 10 12 14', 'b7243242a3cceee2e5502b82809305bc.jpg', 'c89e4854c4e704cebfb9a513ada5dcdf.jpg', 9, '2018-05-02', 2),
(57, 1, 'Boy', '20180502-057', '2 4 6 8 10 12 14', 'febea82d6513f91d1c21578a77e5354b.jpg', '4f5e93307d985defbbb04ff4be0ed693.jpg', 9, '2018-05-02', 2),
(58, 1, 'Boy', '20180502-058', '2 4 6 8 10 12 14', '0d06572a9ab5efae6be42324078ffe2a.jpg', '6c6e9e4c639bf3b554bba338fba1346d.jpg', 9, '2018-05-02', 2),
(59, 1, 'Boy', '20180502-059', '2 4 6 8 10 12 14', '73651e7173f436033335fccc33409e82.jpg', '4295005eb87ae3d3a39661a2617cc763.jpg', 9, '2018-05-02', 2),
(60, 1, 'Boys', '20180521-060', '2 4 6 8 10 12 14', 'ee6e0476ab0bfaee58ab079a180fb863.jpg', '168aa05c1710ca820d8fd7323a448179.jpg', 9, '2018-05-21', 2),
(61, 1, 'Boys', '20180521-061', '2 4 6 8 10 12 14', 'fb3cd89ce992800877b7ebe3e1b5d509.jpg', '828512670a8bbd2193f586585b7c2dd8.jpg', 9, '2018-05-21', 2),
(62, 1, 'Boys', '20180604-062', '2 4 6 8 10 12 14', 'e170e7a8ed3a795be351051349456d23.jpg', 'cd89c5ce243d4d2660702995619ca130.jpg', 9, '2018-06-04', 2),
(63, 1, 'Boys', '20180604-063', '2 4 6 8 10 12 14', 'a7659a60190e381122729bf55513174c.jpg', '705e5ba414eee830460110c537b58e83.jpg', 9, '2018-06-04', 2),
(64, 1, 'Boys', '20180604-064', '2 4 6 8 10 12 14', '4a6501cfe0ee80ed1fcec8e801853440.jpg', 'ad5ef2e209318e53406b7909733cbc2b.jpg', 9, '2018-06-04', 2),
(65, 2, 'Girls', '20180604-065', '2 4 6 8 10 12 14', '4667fb35ac0322e8bed64c29d897167a.jpg', '062e7828ce55a6fcc931205202f2cd33.jpg', 9, '2018-06-04', 1),
(66, 5, 'Boys', '20180707-066', '2 4 6 8 10 12 14', 'b9ba99038aef8f7308e24ec7362ef8f8.jpeg', 'a15eff01caac2fb63d19d24ffec4ec32.jpeg', 9, '2018-07-07', 1),
(67, 1, 'Boys', '20180707-067', '2 4 6 8 10 12 14', 'fab1f03589196a1dedd2f076f4079551.jpeg', '89436961eb43ac79ea11856cc9316f42.jpeg', 9, '2018-07-07', 1),
(68, 1, 'Boys', '20180707-068', '2 4 6 8 10 12 14', 'eee73821ed0676bd6ac65e0b02b7d2a5.jpeg', '5a423024d0bdd72d95a4b730d89f89d8.jpeg', 9, '2018-07-07', 1),
(69, 1, 'Boys', '20180707-069', '2 4 6 8 10 12 14', '2d9a63cdb4bb0ff94466d1df80189065.jpeg', '255876ed32cf37ce7500312e3d32550e.jpeg', 9, '2018-07-07', 1),
(70, 1, 'Boys', '20180707-070', '2 4 6 8 10 12 14', '59def5a5157b33c6ad961a9bd9a776af.jpeg', 'c68154b169323c8b99797f2ba8a935b2.jpeg', 9, '2018-07-07', 1),
(71, 1, 'Boys', '20180807-071', '2 4 6 8 10 12 14', '6abfe127f9ccf52c417fb3ed55780822.jpeg', '91b5f5bcdcbb40428ea76c3b15522067.jpeg', 9, '2018-08-07', 1),
(72, 2, 'Girls', '20180825-072', '2 4 6 8 10 12 14', '57d4e382a3ce81463d40d7484d82db33.jpg', '1251fe73f6d14cd8e77516c5e82ee86b.jpg', 8, '2018-08-25', 2),
(73, 2, 'Girls', '20180825-073', '2 4 6 8 10 12 14', '73b13670effd4ddd1a50b1282e34ef52.jpg', 'cc4582e0f13e4676538bfb4692353377.jpg', 8, '2018-08-25', 2),
(74, 2, 'Girls', '20180825-074', '2 4 6 8 10 12 14', '81a28175b4a7623e9d29c91e871d4006.jpg', 'd220763965111acd3c3ca129d27cb36f.jpg', 8, '2018-08-25', 1),
(75, 2, 'Girls', '20180825-075', '2 4 6 8 10 12 14', '5e986aafc9090d5739ca0fae25c46e21.jpg', '891de21fedaf546d046b7c65f23077e0.jpg', 8, '2018-08-25', 2),
(76, 2, 'Girls', '20180825-076', '2 4 6 8 10 12 14', 'b86fe387b32fe555418ade0e9578ae99.jpg', '398ccfd4ef128f020810deec6d373fbb.jpg', 8, '2018-08-25', 2),
(77, 2, 'Girls', '20180825-077', '2 4 6 8 10 12 14', '297344bd2ad14f8af7c958456917bd01.jpg', '096903181bcf65885e7bd6dae9c6657c.jpg', 8, '2018-08-25', 2),
(78, 1, 'Boys', '20180825-078', '2 4 6 8 10 12 14', '818f238ed4b6f8fadab47a7a1cbfd782.jpg', 'd08b4ca0254ac0e5cbe857a62c54f772.jpg', 8, '2018-08-25', 1),
(79, 1, 'Boys', '20180825-079', '2 4 6 8 10 12 14', '95918a98d5ae144a5873842d933442d1.jpg', '2d3187bf933a1acb09c28a7e5cffd136.jpg', 8, '2018-08-25', 2),
(80, 1, 'Boys', '20180825-080', '2 4 6 8 10 12 14', 'e3899e16d9e28a9fb7a15c49429be73f.jpg', '1d5a712fa0f2fc6d8278f4dafebdd9f1.jpg', 8, '2018-08-25', 2),
(81, 1, 'Boys', '20180825-081', '2 4 6 8 10 12 14', 'e8b0056ec26d9a7441c5af0ec23d25cc.jpg', 'c735203a8610992ef6aeea4bcdc6d859.jpg', 8, '2018-08-25', 2),
(82, 1, 'Boys', '20180825-082', '2 4 6 8 10 12 14', '793377985d7ed9c4f47f883b950f40e2.jpg', '9305391de7cd20fd80e046a025fc832a.jpg', 8, '2018-08-25', 2),
(83, 1, 'Boys', '20180825-083', '2 4 6 8 10 12 14', '8cf53a6820856ab318797ed1cf8bb853.jpg', '9f8f8ce37ed38288ff06d76c9097efb4.jpg', 8, '2018-08-25', 2),
(84, 1, 'Boys', '20180825-084', '2 4 6 8 10 12 14', '3e0a575b44f3c671c9e35650558ddcd7.jpg', '9ce369a085f0368c380e1639697ea8a8.jpg', 8, '2018-08-25', 2),
(85, 1, 'Boys', '20180825-085', '2 4 6 8 10 12 14', '4c5262f7f0bb293390605490ab9fde8f.jpg', '83fca47b4a0299afbe03f1e1102e59f1.jpg', 8, '2018-08-25', 2),
(86, 1, 'Boys', '20180825-086', '2 4 6 8 10 12 14', 'ccd4209ac20a565d4e16f9106386dc4b.jpg', '4f8d8c38f6c7ce99aca308cfba08a1ad.jpg', 8, '2018-08-25', 2),
(87, 1, 'Boys', '20180825-087', '2 4 6 8 10 12 14', '20f6aa60ed587a4b324d24a8c76cb9b9.jpg', '984a2d16325b52fd327ca34762cb8913.jpg', 8, '2018-08-25', 2),
(88, 1, 'Boys', '20180825-088', '2 4 6 8 10 12 14', 'c8957c8569f523259db250eb2bc44587.jpg', 'bf833ced7f99d1e856d3aa7af98224f6.jpg', 8, '2018-08-25', 2),
(89, 1, 'Boys', '20180825-089', '2 4 6 8 10 12 14', '2dfdac148b095c3659db6b720a7f3498.jpg', '62a9f970163416800c1906c186d5773b.jpg', 8, '2018-08-25', 2),
(90, 1, 'Boys', '20180825-090', '2 4 6 8 10 12 14', '8a02a973138b1f7906d85995287a8351.jpg', '53668ea8c78647022a762106a0b54183.jpg', 8, '2018-08-25', 2),
(91, 1, 'Boys', '20180825-091', '2 4 6 8 10 12 14', '19fa0f1b370707d5c0ccbda2dfe42038.jpg', '14a5ba2f9ac2226d7e8d9a1df2e83976.jpg', 8, '2018-08-25', 2),
(92, 1, 'Boys', '20180825-092', '2 4 6 8 10 12 14', 'd5f06abc509647aca5ce5a5ee8dc7abb.jpg', '835228e14832f24008810b81b93c3c05.jpg', 8, '2018-08-25', 2),
(93, 1, 'Boys', '20180825-093', '2 4 6 8 10 12 14', 'ece43d71fa9af399b9d2a89c1479c0b6.jpg', '976bdc7b70bf0c6727039608408119a7.jpg', 8, '2018-08-25', 2),
(94, 1, 'Boys', '20180825-094', '2 4 6 8 10 12 14', 'e687d4f24f777825acaf164d8fd0062e.jpg', '582f19580922bfbd1be1b4b4df9a9201.jpg', 8, '2018-08-25', 2),
(95, 1, 'Boys', '20180825-095', '2 4 6 8 10 12 14', '8dd865ceae3ed6a536309fc2e6886b0a.jpg', 'd8c57f5f7f5c315eadb80fca71deefa9.jpg', 8, '2018-08-25', 2),
(96, 1, 'Boys', '20180825-096', '2 4 6 8 10 12 14', '877a1c1e5a68457dc448dd64ea1b26fa.jpg', '0a49e0e75c6c67d2be8ec450e23da4b5.jpg', 8, '2018-08-25', 2),
(97, 1, 'Boys', '20180826-097', '2 4 6 8 10 12 14', '811969149f10fa1d3da112017624141b.jpeg', 'f87df9f3df5209a47bfe79fccb722133.jpeg', 9, '2018-08-26', 2),
(98, 2, 'Girls', '20180826-098', '2 4 6 8 10 12 14', '3ef3cf6357268b2243c51b1e52912059.jpeg', 'ba31841972b4f36097660e8573990c52.jpeg', 9, '2018-08-26', 2),
(99, 2, 'Girls', '20180826-099', '2 4 6 8 10 12 14', 'fe6918ed0c6d86c64b87e9703e04c796.jpeg', '0883a0f28635e690b4f66e960939d62b.jpeg', 9, '2018-08-26', 2),
(100, 2, 'Girls', '20180826-100', '2 4 6 8 10 12 14', '9fef33755e499b0feafea3117c0d4525.jpeg', 'f45d54e058efc2e0e668896607d07542.jpeg', 9, '2018-08-26', 2),
(101, 2, 'Girls', '20180826-101', '2 4 6 8 10 12 14', '620b573b37a6d46136cde70aa541748a.jpeg', '7198b6f4c3e19c3ad9ca542079d68a45.jpeg', 9, '2018-08-26', 2),
(102, 2, 'Girls', '20180826-102', '2 4 6 8 10 12 14', '8df08795b6ef6c435d82771f014a1bda.jpeg', 'd3835495a6c510fa5485ec25210706e2.jpeg', 9, '2018-08-26', 2),
(103, 2, 'Girls', '20180826-103', '2 4 6 8 10 12 14', '16a5820b953b4093a1b0050ecfb7c57b.jpeg', '426b0ca22572aa092f224220689cc20e.jpeg', 9, '2018-08-26', 1),
(104, 2, 'Girls', '20180908-104', '2 4 6 8 10 12 14', '9844fd0220d16bfff12adaa217e12443.jpg', 'e93bf0dc109039cd7dd88683b2ea067d.jpg', 8, '2018-09-08', 2),
(105, 2, 'Girls', '20180908-105', '2 4 6 8 10 12 14', '241130a98c1e537822be1baa9495c1e3.jpg', '1ff8303288817973a0f60eb4a8ffaa29.jpg', 8, '2018-09-08', 2),
(106, 2, 'Girls', '20180908-106', '2 4 6 8 10 12 14', '14b9c5c5787215fc4e6bf83c10c1f232.jpg', 'e768b56cf2fff36a0119a7c644da836a.jpg', 8, '2018-09-08', 2),
(107, 1, 'Boys', '20180908-107', '2 4 6 8 10 12 14', '3493300f060567bf6712c4e4d4ec9b2d.jpg', '268096311b75d759227d8cbaa1d8b269.jpg', 8, '2018-09-08', 2),
(108, 1, 'Boys', '20180908-108', '2 4 6 8 10 12 14', '52ead5efcaf5d6e557cf6ed189dec013.jpg', '10ad10a6c949aff710d89060a80f9297.jpg', 8, '2018-09-08', 2),
(109, 1, 'Boys', '20180925-109', '2 4 6 8 10 12 14', 'ddad627cc41751419cce3e9b72c54740.jpg', '5b16af8128f0789003c2eb27a62492dc.jpg', 8, '2018-09-25', 2),
(110, 1, 'Boys', '20180925-110', '2 4 6 8 10 12 14', '1ecbad960e41a713c3c9024c5a26a70b.jpg', '3eb7a170bc7bb0bdd17b5dba53ce87cb.jpg', 8, '2018-09-25', 2),
(111, 2, 'Girls', '20180925-111', '2 4 6 8 10 12 14', '7e447b458b4db5d37f0c27529481697c.jpg', '98b6399448b207620bc7e3581f7ef1cf.jpg', 8, '2018-09-25', 2),
(112, 2, 'Girls', '20180925-112', '2 4 6 8 10 12 14', 'afd708fa177fe91a75eef535e3332248.jpg', '297a4c59f4b737cef0d39dec0a575641.jpg', 8, '2018-09-25', 2),
(113, 3, 'Ba', '20180925-113', '6m 12m 18m 24m', 'f3b63133281a9641021dca5dd9f16596.jpg', '13fa6b6d072922d0619ad8de945d1f2b.jpg', 8, '2018-09-25', 2),
(114, 3, 'Baby', '20180925-114', '6m 12m 18m 24m', 'dfe6ef0a5ed953a20215bc1ba6d6b59d.jpg', '5516b0b8f731ffb0d917604f62c3f215.jpg', 8, '2018-09-25', 2),
(115, 1, 'Boys', '20181007-115', '2 4 6 8 10 12 14', 'd65366ba8e7b8b0169d49017fb19e4c7.jpg', '5b92b5450d1e611881c095933de8cc16.jpg', 8, '2018-10-07', 1),
(116, 1, 'Boys', '20181007-116', '2 4 6 8 10 12 14', 'f845562c652b2d9ba1029016bf29d037.jpg', '7bb91b3c6ec8f78f5e3a43853914a754.jpg', 8, '2018-10-07', 2),
(117, 1, 'Boys', '20181007-117', '2 4 6 8 10 12 14', 'b231929b12e2eaec8685ad487eb9d390.jpg', '9e28bad266a6bfb86aa8c3c4d08bb377.jpg', 8, '2018-10-07', 2),
(118, 1, 'Boys', '20181007-118', '2 4 6 8 10 12 14', '7e23e1f5ae95bafae9d6907780acbff6.jpg', '24a71b0465ca1bc8a8629b822fe517eb.jpg', 8, '2018-10-07', 2),
(119, 1, 'Boys', '20181007-119', '2 4 6 8 10 12 14', '3da02be8635218e4aee1202c46440da6.jpg', 'e5e14652c30f6e6460a37fe0fa527a20.jpg', 8, '2018-10-07', 2),
(120, 2, 'Girls', '20181007-120', '2 4 6 8 10 12 14', 'e1cede6f96f1716386fdff7aa36ef607.jpg', '077eb1b58b3dfd7cd1b880a9597e99c4.jpg', 8, '2018-10-07', 2),
(121, 1, 'Boys', '20181018-121', '2 4 6 8 10 12 14', 'c7d3816673f22dd620418795e157829c.jpg', 'b5412f7111eea852817bae545676990f.jpg', 8, '2018-10-18', 2),
(122, 1, 'Boys', '20181018-122', '2 4 6 8 10 12 14', 'c5255a867eedda44c57a57f7a220963d.jpg', '83f6f320b31c09a4d3a87f63ee2e4cee.jpg', 8, '2018-10-18', 2),
(123, 1, 'Boys', '20181018-123', '2 4 6 8 10 12 14', '572693a87573418f4ff8b99ade7f24ec.jpg', '70cf4de1aef8c2ee7ad74bb5dd86d03a.jpg', 8, '2018-10-18', 2),
(124, 2, 'Girls', '20181018-124', '2 4 6 8 10 12 14', '07a40a0e4437a34988f16887558b5d36.jpg', '553a7bf1984fc5d7060e2cb9bfa73ddc.jpg', 8, '2018-10-18', 2),
(125, 2, 'Girls', '20181018-125', '2 4 6 8 10 12 14', 'fd31098917855fa575da715431f5a4b0.jpg', '3992580f407ca004952986af3c70e28a.jpg', 8, '2018-10-18', 1),
(126, 1, 'Boys', '20181106-126', '2 4 6 8 10 12 14', '2cca00e39a4079ee2b0e2fdfe9e01321.jpg', '2b3f2579e2d68587d1e1aef16854180e.jpg', 8, '2018-11-06', 2),
(127, 1, 'Boys', '20181106-127', '2 4 6 8 10 12 14', '9c12932ab68082be3a87203bbea47f0c.jpg', '761f1c536df463783c24f589bed5149c.jpg', 8, '2018-11-06', 2),
(128, 1, 'Boys', '20181106-128', '2 4 6 8 10 12 14', '6a833b93d11d877127cd8665dc85bec0.jpg', '7d3c1dfc3b1692cbb7a9bb68ac9849c5.jpg', 8, '2018-11-06', 2),
(129, 1, 'Boys', '20181106-129', '2 4 6 8 10 12 14', '2bce80826b78687553194c814f93e500.jpg', '9541a39c375943210a42144666c33659.jpg', 8, '2018-11-06', 2),
(130, 1, 'Boys', '20181106-130', '2 4 6 8 10 12 14', '7e4fd113709eca7a5fa1c58d5ba39cc7.jpg', '24a02ca60c2847ac4626391a855490b8.jpg', 8, '2018-11-06', 2),
(131, 2, 'Girls', '20181106-131', '2 4 6 8 10 12 14', '980074de0684fada5e25abb95d2f8f36.jpg', 'ad7c1be536456004417abe2081666798.jpg', 8, '2018-11-06', 2),
(132, 2, 'Girls', '20181106-132', '2 4 6 8 10 12 14', '2feb567ec24d42a0d86c33cc5899f898.jpg', '265a7c9ea5b3c19819e172a37286879d.jpg', 8, '2018-11-06', 2),
(133, 1, 'Boys', '20181121-133', '2 4 6 8 10 12 14', '9f2053e5bb8a2c57f2a874632cba798d.jpg', 'a4cda95bf9a354e2c0eae9212cd805c4.jpg', 8, '2018-11-21', 1),
(134, 1, 'Boys', '20181121-134', '2 4 6 8 10 12 14', '0bb434b047c31ea7012f9d323981eb3b.jpg', '35cd14e4490fa50c7ca3bb1bdfc8a9e7.jpg', 8, '2018-11-21', 2),
(135, 1, 'Boys', '20181121-135', '2 4 6 8 10 12 14', 'c93b51f13927d70264985fe6c460afe9.jpg', '4cf6e1da72c2b6c4a78cd2514bf03ee0.jpg', 8, '2018-11-21', 2),
(136, 1, 'Boys', '20181121-136', '2 4 6 8 10 12 14', 'a4c40ec6dadef0f7ecb874e70120a741.jpg', '5c6e25643e784b8f766f8bdf8160db16.jpg', 8, '2018-11-21', 2),
(137, 2, 'Girls', '20181121-137', '2 4 6 8 10 12 14', '0521becafd826edbf459d7e2c392b33c.jpg', '17f5a25c7bf8d6a2f838c736674dcf40.jpg', 8, '2018-11-21', 1),
(138, 2, 'Girls', '20181121-138', '2 4 6 8 10 12 14', '42f4455aa09a300f0e35baf1927a3aa2.jpg', '7646d1e237615b23d2006fab34c3fd5c.jpg', 8, '2018-11-21', 2),
(139, 2, 'Girls', '20181126-139', '2 4 6 8 10 12 14', '39a2eab0efb3e7e74828bb75766b4990.jpg', '93e155c2faffef0a6648cda6328a33e9.jpg', 8, '2018-11-26', 2),
(140, 2, 'Girls', '20181201-140', '2 4 6 8 10 12 14', '65050409e34b6ba7e484241b71226218.jpg', 'f09d50072794bc1bde5291fb5c3a5687.jpg', 8, '2018-12-01', 2),
(141, 2, 'Girls', '20181201-141', '2 4 6 8 10 12 14', '9ee127da93211c050e17d1b5f1f7bd6f.jpg', '3d61167b564cc48f6a548dc912568bce.jpg', 8, '2018-12-01', 2),
(142, 7, 'Women', '20181214-142', 'S.M.L.XL', 'fcca237bde1dc96a54d2a9e50183afef.jpg', '3122888e8b55068f860e0b7419cc4324.jpg', 8, '2018-12-14', 2),
(143, 7, 'Women', '20181214-143', 'S.M.L.XL', 'c8b211843fba0793db064c711a77759b.jpg', '17b5f556aaab4d46f04830ad9284336b.jpg', 8, '2018-12-14', 2),
(144, 7, 'Women', '20181214-144', 'S.M.L.XL', '54b179c88c0ced12a20068f1a3b861e9.jpg', '458313432f66bab58068573204dc5803.jpg', 8, '2018-12-14', 2),
(145, 7, 'Women', '20181214-145', 'S.M.L.XL', '61dd3d4f223ebe6eb7ac0da445d2d61c.jpg', '57b6c31ea320795caa1909d3b1584ea6.jpg', 8, '2018-12-14', 2),
(146, 7, 'Women', '20181215-146', 'S.M.L.XL', 'd07b88dcfc737824d7d7f6d9a6356571.jpg', '700c613bc9a7dc8b32945ddc446aa359.jpg', 8, '2018-12-15', 2),
(147, 7, 'Women', '20181215-147', 'S.M.L.XL', 'bb1b96ab3af7d328eab430ee77743566.jpg', 'd904a50990fef61095428c0b7ca6ce4c.jpg', 8, '2018-12-15', 2),
(148, 7, 'Women', '20181215-148', 'S.M.L.XL', '306825ff958f0f8457aa4560e6fbede7.jpg', '755d493f2dcb49d00c38df3c7575ec6a.jpg', 8, '2018-12-15', 2),
(149, 7, 'Women', '20181215-149', 'S.M.L.XL', '1a5d6f70ea9752d2bdc68eba95710d05.jpg', '1a84152e178ae645795f6a7e733d4421.jpg', 8, '2018-12-15', 2),
(150, 7, 'Women', '20181215-150', 'S.M.L.XL', '137e204d28c260a9eb51306d35a3b4cc.jpg', 'a2e3df92fac01dbb01bb85008065a799.jpg', 8, '2018-12-15', 2),
(151, 7, 'Women', '20181215-151', 'S.M.L.XL', 'c55c825ef58cfeb7ab79ee80661e5056.jpg', '04ea3c876535aa5a88db8b58de35b1b9.jpg', 8, '2018-12-15', 2),
(152, 7, 'Women', '20181215-152', 'S.M.L.XL', 'c599d949587de0f32e88981a47738e55.jpg', 'e3935ed66bf8e21c691c31b465690fb0.jpg', 8, '2018-12-15', 2),
(153, 6, 'Man', '20181215-153', 'S.M.L.XL', '4f2d4fc8f2a623a1cfc2c03a8c12f28b.jpg', '0b1970110671caacbe68e2f5c3d306d8.jpg', 8, '2018-12-15', 2),
(154, 6, 'Man', '20181215-154', 'S.M.L.XL', '44db38880048645e3168bde782f319dd.jpg', '5d46322680043746277e2b4f99e713f9.jpg', 8, '2018-12-15', 2),
(155, 6, 'Man', '20181215-155', 'S.M.L.XL', 'da8aa9ce86e44a0d4680f9fb73ccb176.jpg', 'ecb935cfa3efc9a556b9dab14f278c61.jpg', 8, '2018-12-15', 2),
(156, 6, 'Man', '20181215-156', 'S.M.L.XL', 'e8f132527e91967ab3493f0c6880f4d6.jpg', '31b35f789c3705b59f6dd3acf26a357a.jpg', 8, '2018-12-15', 2),
(157, 6, 'Man', '20181215-157', 'S.M.L.XL', '4bedc3f3e13827080c54348596207d70.jpg', 'ebcecc089c00ee489e2e9910d5cefcc3.jpg', 8, '2018-12-15', 2),
(158, 6, 'Women', '20181215-158', 'S.M.L.XL', '83c0000bc363a295eda7094a52829eea.jpg', '02556d56c2e1c1092968a5f4440fa3f5.jpg', 8, '2018-12-15', 2),
(159, 6, 'Man', '20181215-159', 'S.M.L.XL', '2146707fd1609d79cdf9ac6ae9eec485.jpg', '966efa81ac00447493ecb34a063210d0.jpg', 8, '2018-12-15', 2),
(160, 6, 'Man', '20181215-160', 'S.M.L.XL', '954636e3fa11b365ce429ac641ff645d.jpg', '01b0fd202b53d1efd0549e914cda15c1.jpg', 8, '2018-12-15', 2),
(161, 6, 'Man', '20181215-161', 'S.M.L.XL', 'cf227a4af7c93663b15283993714221b.jpg', 'd2b4010d7ee2e7bdd073705c4d1f0959.jpg', 8, '2018-12-15', 2),
(162, 6, 'Man', '20181215-162', 'S.M.L.XL', '2090f446acbb7ec328af3123b5830a01.jpg', '667c859f47ff1bfd700eea900b4d6405.jpg', 8, '2018-12-15', 2),
(163, 6, 'Man', '20181215-163', 'S.M.L.XL', '6426765cadbbef9b56a11dbb714b7fc3.jpg', 'e0f7822b9ea9ae0d09e6023ddf376aa6.jpg', 8, '2018-12-15', 2),
(164, 6, 'Man', '20181215-164', 'S.M.L.XL', '15aa5aeabbd24f08d82b80741ce667ba.jpg', '039f46ec367548a5f3fd3308b133bb80.jpg', 8, '2018-12-15', 2),
(165, 6, 'Man', '20181215-165', 'S.M.L.XL', '69974c63dff26b51c8c4b9af8dcf7871.jpg', '76d99b3cd3463e3322aba75d03ff8b1a.jpg', 8, '2018-12-15', 2),
(166, 1, 'Boys', '20181216-166', '2 4 6 8 10 12 14', 'a0d3bec093f4144974493c83120aa574.jpg', 'bba8c6904697caf4947a51ce1443919d.jpg', 8, '2018-12-16', 2),
(167, 7, 'Women', '20181218-167', 'S.M.L.XL', 'bbf2669e04796181215519d824ccab0d.jpg', '62537151b766681cad2de7f958b7ac1b.jpg', 8, '2018-12-18', 2),
(168, 7, 'Women', '20181218-168', 'S.M.L.XL', 'b8fb4af54d8cac842df5b0dc42295dd8.jpg', '4d4ffcc0e6f7cb1fb87f6678e84b2df1.jpg', 8, '2018-12-18', 2),
(169, 7, 'Women', '20181218-169', 'S.M.L.XL', 'f996b33920dcb695d384cac54a6e7fd9.jpg', '84505d520dd14ffbc34bac2979294dcf.jpg', 8, '2018-12-18', 2),
(170, 1, 'Boys', '20181218-170', '2 4 6 8 10 12 14', '0f56ce4267d9ae644642853972744a6f.jpg', '6ea76383ad5b6daa49e8f1b8f46bd0fb.jpg', 8, '2018-12-18', 2),
(171, 7, 'Women', '20181227-171', 'S.M.L.XL', '8731e893c65c07d5b50a13f6ce418e4d.png', 'e9866c4c4315bb0e025ec1d870d9c11e.png', 8, '2018-12-27', 2),
(172, 7, 'Women', '20181227-172', 'S.M.L.XL', 'ee4593be346fa72392be0d798888c74e.png', '2b21bc97be9df006004510af73612790.png', 8, '2018-12-27', 2),
(173, 7, 'Women', '20181227-173', 'S.M.L.XL', '7bce676427dd5d81c32bc8e1ba313eee.png', '117764cb9e562c4f65941c8bebfd09ea.png', 8, '2018-12-27', 2),
(174, 7, 'Women', '20190103-174', 'S.M.L.XL', '8af9b46922ff55261bdd89a30e138e4d.png', 'c465052d95df6b0a2b819874a2ad8c6e.png', 8, '2019-01-03', 2),
(175, 7, 'Women', '20190103-175', 'S.M.L.XL', '102b7c0c187501aec39a3db1937cecde.png', 'b4ca586c8023ce38158107d70a38d529.png', 8, '2019-01-03', 2),
(176, 7, 'Women', '20190103-176', 'S.M.L.XL', 'a1287c43ab02da465f09be63f42400f4.png', '062e1c12805834c22c4cb9da2cf520e9.png', 8, '2019-01-03', 2),
(177, 7, 'Women', '20190104-177', 'S.M.L.XL', '7700985c20bad9bbf0456b58a6e62a4e.jpg', 'e82555c922d2c2044681e8444e1402d1.jpg', 8, '2019-01-04', 2),
(178, 7, 'Women', '20190104-178', 'S.M.L.XL', 'e7e799587c593aea8fdf183e22af63bd.jpg', '02a48af141c53f47d6d6b65f3d8a9341.jpg', 8, '2019-01-04', 2),
(179, 7, 'Women', '20190108-179', 'S.M.L.XL', 'be88dbe17a5780c6751b430b51dfd207.png', 'f22f0114f6151f393a4ebe7ae6da4078.png', 8, '2019-01-08', 2),
(180, 7, 'Women', '20190108-180', 'S.M.L.XL', '801ac664a70ec1078f87b39cc6ad23de.png', 'bc0d59c4c246b94f2567e3f02f80ea7f.png', 8, '2019-01-08', 2),
(181, 7, 'Women', '20190108-181', 'S.M.L.XL', '82fed304b102fcb1cda0e8f6c6ed86aa.png', '93675f85444324670c7f64925303b4f8.png', 8, '2019-01-08', 2),
(182, 7, 'Women', '20190108-182', 'S.M.L.XL', '756100c980beb23193a6d2bf6c37c90c.png', 'bae450edad55e7f4563c13db5c1b57a9.png', 8, '2019-01-08', 2),
(183, 7, 'Women', '20190108-183', 'S.M.L.XL', 'd1f9e60aa97b66a5577765c687c32722.png', '9b4bab5f01dd054ad66cfd6127c66784.png', 8, '2019-01-08', 2),
(184, 7, 'Women', '20190108-184', 'S.M.L.XL', '3448d47d61e1954d45d58c9f743ea59e.png', 'c77269153cbafecc7b38b8d31c7c9013.png', 8, '2019-01-08', 2),
(185, 6, 'Man', '20190119-185', 'S.M.L.XL', '71d7eb30ca881efafa7492421ce74d42.jpg', '2657eb4819f4d23d1a91667e349e40db.jpg', 8, '2019-01-19', 2),
(186, 6, 'Man', '20190119-186', 'S.M.L.XL', 'c3aa777545987479f16d47c21ff7a7f0.jpg', '6d8d145af4f62fdf2e8f46a0e609ba1f.jpg', 8, '2019-01-19', 2),
(187, 6, 'Man', '20190119-187', 'S.M.L.XL', '0ee000b5ebb815987ae153a9c6bf6de2.jpg', '53056179fd9b144ef18be4d1162f1163.jpg', 8, '2019-01-19', 2),
(188, 6, 'Man', '20190119-188', 'S.M.L.XL', 'b7f03d88cdf0840b0eb9d9f0c79ab97f.jpg', 'c2fb115307024608215002a48df9a6fa.jpg', 8, '2019-01-19', 2),
(189, 6, 'Man', '20190119-189', 'S.M.L.XL', '001d9aa609608b333c52d2a59dad2d66.jpg', '54b505a3d788bbe443877e4e5502229c.jpg', 8, '2019-01-19', 2),
(190, 6, 'Man', '20190119-190', 'S.M.L.XL', 'baeb4d88e5f6578a6cea027da7329c4d.jpg', '6f36a29cb17183ff5a885a3f2b3f8703.jpg', 8, '2019-01-19', 2),
(191, 6, 'Man', '20190119-191', 'S.M.L.XL', '79d61f31b428466327ac51439e9fe697.jpg', '1ef14ac3428e2581d4ebd5ce1a64e149.jpg', 8, '2019-01-19', 2),
(192, 3, 'Baby Boy', '20190123-192', '6m.12m.18m.24m', 'be17a27c1001855018ff0c508c28385a.jpg', 'a1037ba046ffc6ac27185324c0b9c984.jpg', 8, '2019-01-23', 1),
(193, 3, 'Baby Boy', '20190123-193', '6m.12m.18m.24m', '71f560d9d638d96bcd9b265cf8265718.jpg', 'bd25574a521c44d2d36b81385855228a.jpg', 8, '2019-01-23', 1),
(194, 3, 'Baby Boy', '20190123-194', 'Free size', 'e3c2f5b9e3fef5df42f0901ae12b657a.jpg', '20c716d04d149ffb895af4d6bdfcb8a9.jpg', 8, '2019-01-23', 1),
(195, 3, 'Baby Boy', '20190123-195', 'Free size', 'c213ad6f2d120a507c5fb7586f0745f5.jpg', 'a65b2af1b2519fe244eff5304791ea33.jpg', 8, '2019-01-23', 1),
(196, 3, 'Baby Boy', '20190123-196', '6m.12m.18m.24m', 'fee98659d621c30e530d0c601550e487.jpg', 'e741abc1ef173709d92129bdaf585f9a.jpg', 8, '2019-01-23', 1),
(197, 3, 'Baby Boy', '20190123-197', '6m.12m.18m.24m', '54ea74fa345bdcc9c91f4e48ccd1ea33.jpg', 'efd258a92255b3b7d2aa0e9f2bc8e797.jpg', 8, '2019-01-23', 2),
(198, 5, 'Boys', '20190123-198', '2 4 6 8 10 12 14', 'f93625e7fda02d13b1b673cf280b6618.jpg', '92cc2f98eae942317d691b9f52d3c6f0.jpg', 8, '2019-01-23', 2),
(199, 1, 'Boys', '20190123-199', '2 4 6 8 10 12 14', 'abd994acca3dd6fd9fdb12dccf976638.jpg', '7bda0d412d3b2667b1f9c91913bccd3c.jpg', 8, '2019-01-23', 1),
(200, 2, 'Girls', '20190123-200', '2 4 6 8 10 12 14', '86da64bd8e995c866d977ad84bfdbb08.jpg', 'c9b49100fdd81a6495087fd73977d237.jpg', 8, '2019-01-23', 2),
(201, 1, 'Boys', '20190210-201', '2 4 6 8 10 12 14', '09ab975320f8431c40446cf2d9f3467c.jpg', 'a4d5170477ebb5f1602c14caabe9c34f.jpg', 8, '2019-02-10', 2),
(202, 1, 'Boys', '20190210-202', '2 4 6 8 10 12 14', 'afc6507917887c6cc5b94ca0d6217373.jpg', '3c13b608dc0284f4439781b043afc759.jpg', 8, '2019-02-10', 2),
(203, 1, 'Boys', '20190306-203', '2 4 6 8 10 12 14', 'b0a00ec4fcc4cbcc07a405647b4bd867.jpg', 'f97b5b808706c01d3c76d71b70cf0c98.jpg', 8, '2019-03-06', 2),
(204, 1, 'Boys', '20190306-204', '2 4 6 8 10 12 14', 'c04d88b1f88c3da7b1586181126d6f46.jpg', '0518888eac5805324b1630dafc92eaac.jpg', 8, '2019-03-06', 2),
(205, 3, 'Baby Boy', '20190306-205', '6m.12m.18m.24m', 'c939b5e3f8be381e422773867868bec9.jpg', '6cbd327df37c3b9b29c3b4f6bfda115b.jpg', 8, '2019-03-06', 1),
(206, 3, 'Baby Boy', '20190306-206', '6m.12m.18m.24m', '2bb9cbd5cc2267485191ab291ff10e1e.jpg', 'e76d34391b6355f284fc2482103e77b8.jpg', 8, '2019-03-06', 1),
(207, 3, 'Baby Boy', '20190306-207', 'Free size', 'db6aba6d7cf57b430603dd3437d1cc64.jpg', 'd14c841ca30420782b39c38202b0a002.jpg', 8, '2019-03-06', 1),
(208, 3, 'Baby Boy', '20190306-208', 'Free size', '9cc201388141c5ae4bec05c1f01a139e.jpg', '7cf825405e5677ca56c714546e0fcb27.jpg', 8, '2019-03-06', 1),
(209, 4, 'Baby g', '20190306-209', 'Free size', 'fa13e277582a1f45e3a94019fd28672d.jpg', '32f434dfaa3a039628868ed1e2feddaf.jpg', 8, '2019-03-06', 1),
(210, 4, 'Baby gi', '20190306-210', 'Free size', '9ce79d85fcfd4b5d669c4e2d46af9fae.jpg', '7dbb5828ab7deeecd09ade930c3d8428.jpg', 8, '2019-03-06', 1),
(211, 4, 'Baby Girl', '20190306-211', '6m.12m.18m.24m', '95e8a9f4ec45ccc1ff0228e8b7601a0b.jpg', '7c88f272ec0daa59c274cf158418076b.jpg', 8, '2019-03-06', 1),
(212, 4, 'Baby Girl', '20190306-212', '6m.12m.18m.24m', '42251f7d1b56d55dc68fb1619f6c9b1a.jpg', '8f25ad5b85b123e9dd1eff96eea9287f.jpg', 8, '2019-03-06', 1),
(213, 2, 'Girls', '20190306-213', '2 4 6 8 10 12 14', 'aa0d4e227aabf943afcaf013cf1a0dee.jpg', 'b59e5e4c6fb2344f4f96bcd8e0310da8.jpg', 8, '2019-03-06', 1),
(214, 7, 'Women', '20190311-214', 'S.M.L.XL.XXL', '52366fdbaba582a298c1f2e0a571322a.jpg', '3cbc718ef7facebd90c3d4eeab5c2961.jpg', 8, '2019-03-11', 2),
(215, 7, 'Women', '20190311-215', 'S.M.L.XL.XXL', '0d17d01f032b9ad6786703042c75d322.jpg', 'c4a10f3ab8295b7db55fb5907c4a7cab.jpg', 8, '2019-03-11', 2),
(216, 7, 'Women', '20190311-216', 'S.M.L.XL.XXL', 'd4b25123b27551ffc82a259b70da151a.jpg', '4e98cc1809aabef26c040fe5cc609625.jpg', 8, '2019-03-11', 2),
(217, 1, 'Boys', '20190323-217', '2 4 6 8 10 12 14', 'bec8774e9fd7cf66a1df085e0b5f57be.jpg', '3dd02e4a06d9aafe59fcd320c9a8d1ad.jpg', 8, '2019-03-23', 1),
(218, 1, 'Boys', '20190323-218', '2 4 6 8 10 12 14', '9a2d5b1b3859cf35989e18d67f1cfa59.jpg', '89d86a85464ef85dccd05cb7f8d831de.jpg', 8, '2019-03-23', 1),
(219, 1, 'Boys', '20190323-219', '2 4 6 8 10 12 14', 'a44bcd9aad8a938c5900b1f0a0c3fdbd.jpg', '1c33879d0d12a72151d0640fee8652c2.jpg', 8, '2019-03-23', 2),
(220, 3, 'Baby Boy', '20190323-220', '6m.12m.18m.24m', '752dc97a67c96c4a309c7653db92fa19.jpg', '7510fa815b60705c29d1fcd7b77b0ccd.jpg', 8, '2019-03-23', 1),
(221, 3, 'Baby Boy', '20190323-221', '6m.12m.18m.24m', '91cef62e45b201e43289c464a752a69b.jpg', '33852353a6a9b9fdc270975ca7b8e4fc.jpg', 8, '2019-03-23', 2),
(222, 2, 'Girls', '20190323-222', '2 4 6 8 10 12 14', '1fe9bef00befddc5a4cdea6bbeb72c6c.jpg', '59ef227fe8a064cfc2ff9514e653334d.jpg', 8, '2019-03-23', 1),
(223, 1, 'Boys', '20190324-223', '2 4 6 8 10 12 14', 'a193adea22567b814179d09daa598521.jpg', 'a3e8f72501d276f9525f0889a4cd31a0.jpg', 8, '2019-03-24', 1),
(224, 3, 'Baby Boy', '20190324-224', '6m.12m.18m.24m', 'd6501a5a652a0285c0cfb4d0c320a23e.jpg', 'e90ab70af841f33e888b89bfdd8036af.jpg', 8, '2019-03-24', 1),
(225, 7, 'Women', '20190402-225', 'S.M.L.XL.XXL', '2bcf93425ae37cdaa4581d2cec50a34d.jpg', '32b95d54afd687f1c74484d36fff7f6b.jpg', 8, '2019-04-02', 2),
(226, 7, 'Women', '20190402-226', 'S.M.L.XL.XXL', '78e4866bdb5d330f34d5aab6c6d27e19.jpg', '5b0730a216b0b7e70604ded5ebdb03bb.jpg', 8, '2019-04-02', 2),
(227, 7, 'Women', '20190402-227', 'S.M.L.XL.XXL', 'fe0b110cad200dc7d3fc8aa166e91ccc.jpg', '196b9b3b4fa3f5b4eb9f28503226cbdf.jpg', 8, '2019-04-02', 2),
(228, 7, 'Women', '20190402-228', 'S.M.L.XL.XXL', '6607445864af450ff4ed43395cdeb24f.jpg', 'bfa57b046fef45d7fd1eaf28efea6458.jpg', 8, '2019-04-02', 2),
(229, 7, 'Women', '20190402-229', 'S.M.L.XL.XXL', '8dd28d0fa409844b8ed03598b3c44dd7.jpg', '41b24db0a076a8edf59ffd2a44f040fb.jpg', 8, '2019-04-02', 2),
(230, 1, 'Boys', '20190405-230', '2 4 6 8 10 12 14', '0f35801a575b9eefc3e5fe0f25a49a0a.jpg', '360c941c10148c3638eb41ece0b8b386.jpg', 8, '2019-04-05', 1),
(231, 1, 'Boys', '20190405-231', '2 4 6 8 10 12 14', '12a24bb96e9e6fbc34f0a374b286736d.jpg', '9898e774d4de008d9ddec1b9b46ebb1d.jpg', 8, '2019-04-05', 2),
(232, 1, 'Boys', '20190405-232', '2 4 6 8 10 12 14', 'b2144fe0c30874ef9e3b7ec06c1614bd.jpg', '8bdfb570d9893f9cce3d24385a107e19.jpg', 8, '2019-04-05', 2),
(233, 3, 'Baby Boy', '20190405-233', '6m.12m.18m.24m', '83f3332b1102784630d53bf9fcc7a0f4.jpg', '0ad5bdc77b5b04ed122301820521480d.jpg', 8, '2019-04-05', 1),
(234, 7, 'Women', '20190410-234', 'S.M.L.XL.XXL', '824202d80111fc87c7a4135c042a3a6a.jpg', '9573b9d966b97499ec47214add0ba3d1.jpg', 8, '2019-04-10', 2),
(235, 7, 'Women', '20190410-235', 'S.M.L.XL.XXL', '9e460e6fcc51788199d360fef47f71b2.jpg', '0d6b1f75276db6cee47731c9a906c24b.jpg', 8, '2019-04-10', 2),
(236, 7, 'Women', '20190410-236', 'S.M.L.XL.XXL', '949d0858491a7e467f4258ff8cc5fc5e.jpg', '1904cb1db7bcdc2321a827eba028e9a5.jpg', 8, '2019-04-10', 2),
(237, 7, 'Women', '20190410-237', 'S.M.L.XL.XXL', 'df1fa1ef6c627194cbdc75d9fdc74a06.jpg', '9bc79986db41f2c577524dffbc89494a.jpg', 8, '2019-04-10', 2),
(238, 7, 'Women', '20190410-238', 'S.M.L.XL.XXL', '8359847a056135dcbbc47fcfed900c28.jpg', '4ab742d5fe6ab66cef5350579ce7def4.jpg', 8, '2019-04-10', 2),
(239, 7, 'Women', '20190410-239', 'S.M.L.XL.XXL', '4798b86408e05443b123dd353fa2c8a0.jpg', 'ecb9da5d030719afb3fdac25ac376500.jpg', 8, '2019-04-10', 2),
(240, 7, 'Women', '20190410-240', 'S.M.L.XL.XXL', '7eb284cd25b13847c449c42a93849a0a.jpg', '80f5bcad1f5e4a2928ebaf636b0b4e8b.jpg', 8, '2019-04-10', 2),
(241, 7, 'Women', '20190410-241', 'S.M.L.XL.XXL', 'e55ddcfc118dec7d8d832a2fca65d3f9.jpg', '8858e18f579ebc0c570424df13e12266.jpg', 8, '2019-04-10', 2),
(242, 7, 'Women', '20190410-242', 'S.M.L.XL.XXL', '568dead1917cf998146e66dfa1ba8a20.jpg', '0566ab5101927573056663d43564c13a.jpg', 8, '2019-04-10', 2),
(243, 1, 'Boys', '20190415-243', '2 4 6 8 10 12 14', 'bf5ec1ec7099d1851e82597433eb57b9.jpg', '758fd2779d09e70908b081e6977c108d.jpg', 8, '2019-04-15', 1),
(244, 1, 'Boys', '20190415-244', '2 4 6 8 10 12 14', '78a40f08e53dc09f1b070be35ce61677.jpg', '8ee00932b614ebdd655487c2e6962959.jpg', 8, '2019-04-15', 2),
(245, 1, 'Boys', '20190415-245', '2 4 6 8 10 12 14', '4b9d6db84e62844b1207e6d40a6da905.jpg', '7356dc3c9543b6f903a8027af86ad6b4.jpg', 8, '2019-04-15', 1),
(246, 3, 'Baby Boy', '20190415-246', '6m 12m 18m 24m', '7851ae94415056b48b62d1b877ec04a5.jpg', '5a51a2ffab0ea1dfe71ad96aba7abdbc.jpg', 8, '2019-04-15', 1),
(247, 3, 'Baby Boy', '20190415-247', '6m 12m 18m 24m', 'e28c3581db7af43b1fca25360b21c919.jpg', '6e546948d76188a22b7c7cd046199e0d.jpg', 8, '2019-04-15', 1),
(248, 1, 'Baby Boy', '20190415-248', '6m 12m 18m 24m', '29cd8675d701c326e7b197a141e148d6.jpg', 'fc3837816f91c58e89af5c4e7488a05f.jpg', 8, '2019-04-15', 2),
(249, 1, 'Boys', '20190429-249', '2 4 6 8 10 12 14', '07fc2eeb14f29acbe7a48bd5396714d2.jpg', 'e7da9a04f97ed518510a8000fc408051.jpg', 8, '2019-04-29', 1),
(250, 1, 'Boys', '20190429-250', '2 4 6 8 10 12 14', '5d1f2029530953b48ca67699fca44cd1.jpg', 'e0959e47d71502d13c824bf77e00fc23.jpg', 8, '2019-04-29', 2),
(251, 1, 'Boys', '20190429-251', '2 4 6 8 10 12 14', 'd5e69fd1a0fbe4127a94e2a1c9699e26.jpg', '9c1da7110dc795b5997b2a21802ff2b5.jpg', 8, '2019-04-29', 2),
(252, 1, 'Boys', '20190429-252', '2 4 6 8 10 12 14', '8d8a6b213a31c96b492b315debe30146.jpg', 'be9095c7511963292f16460a37f8e5dd.jpg', 8, '2019-04-29', 1),
(253, 1, 'Boys', '20190429-253', '2 4 6 8 10 12 14', 'c1bd59f976e9f7583bf8aceddae62970.jpg', '92c5251aa296f40b13f9177997b6c72f.jpg', 8, '2019-04-29', 2),
(254, 1, 'Boys', '20190429-254', '2 4 6 8 10 12 14', 'e7f569505e779de0c8959f3141bbcba6.jpg', '5fed341239673ffcc8d4df6a40710019.jpg', 8, '2019-04-29', 2),
(255, 1, 'Boys', '20190429-255', '2 4 6 8 10 12 14', 'a18d45a3266472fd34152691de99acad.jpg', '8ed1de1f5717f974ff589a5a0e44b3e7.jpg', 8, '2019-04-29', 2),
(256, 1, 'Boys', '20190429-256', '2 4 6 8 10 12 14', 'cb1f409cf0974199de0dde79d6c0b82b.jpg', 'c8bb328d80e7b91df28d829c91747e32.jpg', 8, '2019-04-29', 2),
(257, 2, 'Girls', '20190429-257', '2 4 6 8 10 12 14', 'a836d4e81df223ca22eff3da13161fae.jpg', 'b4c08ae60761a6cb39a8f5cf3d432b15.jpg', 8, '2019-04-29', 2),
(258, 2, 'Girls', '20190429-258', '2 4 6 8 10 12 14', 'f0a8a2619bb692816cfd96dea7452bce.jpg', '72bae1ed7e281c15f880e3a7492fdd33.jpg', 8, '2019-04-29', 1),
(259, 1, 'Boys', '20190504-259', '2 4 6 8 10 12 14', 'edd2d45d0ce571173fe05cd5a73bd825.jpg', 'fa2fc2e0501f1aa448de6274fc4fd7f7.jpg', 8, '2019-05-04', 1),
(260, 1, 'Boys', '20190527-260', '2 4 6 8 10 12 14', 'd3a16cd48f0c52735747a9a64328cf88.jpg', '7e21f67fccd5d20993a303bdb0b94ba5.jpg', 8, '2019-05-27', 2),
(261, 1, 'Boys', '20190527-261', '2 4 6 8 10 12 14', '4d54ce0442cb3c057c4fa04f04adf411.jpg', 'd92098d2efed72971f1b3ebe5b2de6a6.jpg', 8, '2019-05-27', 1),
(262, 2, 'Girls', '20190527-262', '2 4 6 8 10 12 14', '606c95121fbbce55d117ae4b9adb784f.jpg', '04f18d90c13c9d2e710b1fbe402aecb6.jpg', 8, '2019-05-27', 1),
(263, 2, 'Girls', '20190527-263', '2 4 6 8 10 12 14', 'b8ee404e7d81ae777a91ab837a6ab381.jpg', '00d63bc19bc55321baf937835a76b1b7.jpg', 8, '2019-05-27', 1),
(264, 7, 'Women', '20190527-264', 'S.M.L.XL', '4233b9ae34511b696f88cdf32232ae19.jpg', '6a0645dee648630e526f543b728147bc.jpg', 8, '2019-05-27', 2),
(265, 7, 'Women', '20190527-265', 'S.M.L.XL', '914df023cd9c8982540b29597e39aec8.jpg', 'cb05991a932cc7ab5b4dca762257e404.jpg', 8, '2019-05-27', 2),
(266, 7, 'Women', '20190527-266', 'S.M.L.XL', '8b82efc87dea213fa0d3eb7d5743f2e8.jpg', '3401e016ba82790c194f3322e98a1050.jpg', 8, '2019-05-27', 2),
(267, 7, 'Women', '20190527-267', 'S.M.L.XL', 'a4eba3fe1c982845c8994b24bcbd0580.jpg', '2828a5d3d53e2964a9cc034ffb15ca8c.jpg', 8, '2019-05-27', 2),
(268, 2, 'Girls', '20190603-268', '2 4 6 8 10 12 14', '0c1a83ee7576dfcb1fb89794feaec64a.jpg', '827c9e4effc7c2d64e8c54385b39e73d.jpg', 8, '2019-06-03', 2),
(269, 2, 'Girls', '20190603-269', '2 4 6 8 10 12 14', 'f0f512dddabcd8ae443929efaa93af95.jpg', '4de24d7e267ba74e41d6d23f757fc555.jpg', 8, '2019-06-03', 1),
(270, 2, 'Girls', '20190603-270', '2 4 6 8 10 12 14', 'd18be4dfbaf8a7818b978b55ce2b3e15.jpg', 'a989ea4e4e1765f58a16677362025a40.jpg', 8, '2019-06-03', 1),
(271, 1, 'Boys', '20190603-271', '2 4 6 8 10 12 14', '2332b7616c2fb1b9e8bb4f68f57c4095.jpg', '4ddebc40027f3b9749f902cdb47c2c7c.jpg', 8, '2019-06-03', 1),
(272, 1, 'Boys', '20190603-272', '2 4 6 8 10 12 14', '3ee33a28b00c5479149aebd5d6a6247c.jpg', '7fb7fcd87dc3a84e0024f9efe935cab6.jpg', 8, '2019-06-03', 1),
(273, 1, 'Boys', '20190603-273', '2 4 6 8 10 12 14', '5681dda81d5ac9b13316ed1940d218df.jpg', '4eab644efcecbfe0086ff7e1d76c46d7.jpg', 8, '2019-06-03', 1),
(274, 1, 'Boys', '20190603-274', '2 4 6 8 10 12 14', '31abc23f061d6bee265a20fb67437561.jpg', '1dd30b11e6e66b7b9ce14b46eb070d75.jpg', 8, '2019-06-03', 1),
(275, 1, 'Boys', '20190603-275', '2 4 6 8 10 12 14', 'd89e40a894a9f7087785273443ba2a73.jpg', '30073faad4d3638f5c7e1766fb969f9f.jpg', 8, '2019-06-03', 1),
(276, 1, 'Boys', '20190603-276', '2 4 6 8 10 12 14', '18568827c848b83781d890d4ad8e565e.jpg', '8a3948390cb7400268ffa109fecb83d0.jpg', 8, '2019-06-03', 1),
(277, 1, 'Boys', '20190603-277', '2 4 6 8 10 12 14', 'b54d516ac008400dbb3bb90294ff831c.jpg', 'ad91579bf50dabe2acf0e8c2c1d23141.jpg', 8, '2019-06-03', 1),
(278, 1, 'Boys', '20190705-278', '2 4 6 8 10 12 14', '41c0ca228838709291d4f697824a9650.jpg', '9345846bd9bd38f320372b99a6a2917d.jpg', 8, '2019-07-05', 2),
(279, 1, 'Boys', '20190705-279', '2 4 6 8 10 12 14', '719cb4fbd3d67e6fdb099237b76a7341.jpg', '1a09845b976a122759be01285052aa7e.jpg', 8, '2019-07-05', 2),
(280, 2, 'Girls', '20190705-280', '2 4 6 8 10 12 14', 'b13d6ef4fb3ee2ea2d14ac3b9d63ecdc.jpg', '56f7bcfdf57e524c75ca2cf059a83eae.jpg', 8, '2019-07-05', 1),
(281, 4, 'Baby Girl', '20190705-281', '6m 12m 18m 24m', '09f5238b1782b052292d8ee9f6109dca.jpg', '513321808145bbb12faa101b64bf487a.jpg', 8, '2019-07-05', 1),
(282, 3, 'Baby Boy', '20190720-282', '6m 12m 18m 24m', '97229d2b8ac17cf6ec961a937ef69513.jpg', '1df6362fd1f9905550f730873f165a2c.jpg', 8, '2019-07-20', 1),
(283, 3, 'Baby Boy', '20190720-283', '6m 12m 18m 24m', '0205c6108f66536c5503ba9beeae7b40.jpg', 'd4beb4324b9a85d5b5d32cfd6f4510fb.jpg', 8, '2019-07-20', 1),
(284, 3, 'Baby Boy', '20190720-284', '6m 12m 18m 24m', '3c43fae3100d5171dbaa9dc9e7ed9f2d.jpg', '062aecf7b34df533c93051031f07d526.jpg', 8, '2019-07-20', 1),
(285, 2, 'Girls', '20190720-285', '2 4 6 8 10 12 14', '5008eb8194c81cee24c5a22ab5481fab.jpg', 'fcc13e35108f5551fef4e5904de00976.jpg', 8, '2019-07-20', 1),
(286, 2, 'Girls', '20190720-286', '2 4 6 8 10 12 14', '265164a97d7f967b75d462005f6c40e8.jpg', '1eba251ea8d3140e8073216b713c1685.jpg', 8, '2019-07-20', 1),
(287, 2, 'Girls', '20190720-287', '2 4 6 8 10 12 14', 'dcb5c9afb7cdc1efa94871e68260064f.jpg', 'd3e105cec2fda5b3498c48be4e4e2b54.jpg', 8, '2019-07-20', 2),
(288, 1, 'Boys', '20190720-288', '2 4 6 8 10 12 14', 'c0d2a707bed6bfe321e9598cde1299d5.jpg', 'cd0dfc6bd67eab7690442e6d31f6ef7a.jpg', 8, '2019-07-20', 1),
(289, 1, 'Boys', '20190720-289', '2 4 6 8 10 12 14', '668d58fbe75930e516be129b8e101672.jpg', 'cd93715b770c9b5af468bd768a15d7f3.jpg', 8, '2019-07-20', 2),
(290, 1, 'Boys', '20190720-290', '2 4 6 8 10 12 14', '575b58591199ea384d907b9d0c72f35c.jpg', '8123ef699bf1dbc725e1627eaec733d8.jpg', 8, '2019-07-20', 2),
(291, 1, 'Boys', '20190720-291', '2 4 6 8 10 12 14', '9140a37673206facb464540841db6f07.jpg', '54e00ef326e207ac34fb785f2c33db94.jpg', 8, '2019-07-20', 2),
(292, 1, 'Boys', '20190808-292', '2 4 6 8 10 12 14', '7722581e9a2456b6a1333f07fddd0128.jpg', 'd16f28519edd4f8c8f6dfb3afa27e119.jpg', 8, '2019-08-08', 2),
(293, 2, 'Girls', '20190808-293', '2 4 6 8 10 12 14', 'e19e99b94792f9ab1789239486ba3916.jpg', '8e7f4fb3221f76048c3a0dd8d5ca9e31.jpg', 8, '2019-08-08', 1),
(294, 2, 'Girls', '20190808-294', '2 4 6 8 10 12 14', '3f50a2adee6af6d76893fb32c50d2877.jpg', 'bc03e4f256ae6cb036a1d0c86e101090.jpg', 8, '2019-08-08', 1),
(295, 2, 'Girls', '20190808-295', '2 4 6 8 10 12 14', 'ecae35525b0abc548a8f24a3fd205601.jpg', 'd7683e61cc82d21395cad5ff24b91a10.jpg', 8, '2019-08-08', 1),
(296, 1, 'Boys', '20190827-296', '2 4 6 8 10 12 14', '5c585dcce64c5897ce94d2e4cb9644ee.jpg', '1884dfc527d63fdd26efaddc73155bd0.jpg', 8, '2019-08-27', 1),
(297, 1, 'Boys', '20190827-297', '2 4 6 8 10 12 14', '7edc982358dbd0136fc96597af46b7f2.jpg', '58299004247b237c38e1f377af48109a.jpg', 8, '2019-08-27', 2),
(298, 2, 'Girls', '20190827-298', '2 4 6 8 10 12 14', '78e6adad0c729b582bf31c541c2f846b.jpg', 'a2ef33810de70a9b0808114249e1970e.jpg', 8, '2019-08-27', 1),
(299, 2, 'Girls', '20190827-299', '2 4 6 8 10 12 14', 'b3051c33193ab63787e36c438747e394.jpg', '5475429d571bcedaf8a8ba7cf31dc9eb.jpg', 8, '2019-08-27', 2),
(300, 2, 'Girls', '20190905-300', '2 4 6 8 10 12 14', 'c2820d022719c1e2650fc932e9c50508.jpg', 'ca9243f2f8fa0488c344cdd4cd2eace7.jpg', 8, '2019-09-05', 2),
(301, 2, 'Girls', '20190905-301', '2 4 6 8 10 12 14', 'f538a734976813ed170661a325933985.jpg', 'de347d03c0ac2206f42be26c8abfac95.jpg', 8, '2019-09-05', 2),
(302, 1, 'Boys', '20190905-302', '2 4 6 8 10 12 14', '3e100d72cf2fadaa8ae9ae06559c9f43.jpg', 'a22200524606bb447e67a8139ecec9eb.jpg', 8, '2019-09-05', 1),
(303, 1, 'Boys', '20190905-303', '2 4 6 8 10 12 14', '2fb122f755a47acbe355e20d175ad237.jpg', '0fe342ab4a2424011843d0753c1f277b.jpg', 8, '2019-09-05', 1),
(304, 1, 'Boys', '20190905-304', '2 4 6 8 10 12 14', 'bbbcca12e8f1c020c29846179725cdba.jpg', '43761bb6e1acd87ea5c279c0647d3f8b.jpg', 8, '2019-09-05', 1),
(305, 5, 'Boys', '20191003-305', '2 4 6 8 10 12 14', 'c4526c7e3a14e4545fcb18e4da8b83cd.jpg', 'fb611a2d6dd9ac2c28568c8222121810.jpg', 8, '2019-10-03', 2),
(306, 1, 'Boys', '20191003-306', '2 4 6 8 10 12 14', 'e7dfca25b2aa5aaadf06332a7032eae5.jpg', '7000f84995e440d7bc2de50344f91db3.jpg', 8, '2019-10-03', 1),
(307, 5, 'Boys', '20191003-307', '2 4 6 8 10 12 14', '72768fb5269726e6c68d3ded0bb2bc60.jpg', '74fe5260da33f728b9a6343440d6cc05.jpg', 8, '2019-10-03', 2),
(308, 2, 'Girls', '20191003-308', '2 4 6 8 10 12 14', 'c0a2caea2698fe479e0784aa605bb989.jpg', '45d1757a4358f278150151dffc193240.jpg', 8, '2019-10-03', 1),
(309, 2, 'Girls', '20191003-309', '2 4 6 8 10 12 14', 'ef415520869f7b319f8213a28f499740.jpg', 'a7f2d54c05ce87c1c983bc9aba27d9ee.jpg', 8, '2019-10-03', 1),
(310, 2, 'Girls', '20191003-310', '2 4 6 8 10 12 14', '228aa5bdf51ae2d3650a6dd083a61fac.jpg', '53185fd7ce103979bfaba592c33a58d1.jpg', 8, '2019-10-03', 2),
(311, 4, 'Baby Girl', '20191003-311', '6m 12m 18m 24m', '372f30827fdb66748586e3b3a1929336.jpg', 'df4949cabea1c7dc5b67d083ccb5801b.jpg', 8, '2019-10-03', 1),
(312, 4, 'Baby Girl', '20191003-312', '6m 12m 18m 24m', '474a759d9ba666ddec12fb7996a5fded.jpg', '6ad1b1c5d63a151f85a38db7639144ec.jpg', 8, '2019-10-03', 2),
(313, 4, 'Baby Girl', '20191003-313', 'Free size', 'e3c33d8597cd937761e2c3df2898af75.jpg', '3d49f3316d58b3f3eff663b3f3bad9af.jpg', 8, '2019-10-03', 1),
(314, 4, 'Baby Girl', '20191003-314', 'Free size', '8eee0f0e8e99e364b14a6d80e77642d4.jpg', '9590e49f7930f5e378098dfc9ca7acee.jpg', 8, '2019-10-03', 1),
(315, 1, 'Boys', '20191003-315', '2 4 6 8 10 12 14', 'ee0019063a49d570140c616e00e1770f.jpg', '4fd0c71ab3e0016ff08824aaf285d453.jpg', 8, '2019-10-03', 2),
(316, 1, 'Boys', '20191003-316', '2 4 6 8 10 12 14', 'a3b3ce0eebe2f40dd0a8921fdbf2e516.jpg', 'c09be0bc11c3b9a98bab6a065c06ed0f.jpg', 8, '2019-10-03', 2),
(317, 2, 'Girls', '20191007-317', '2 4 6 8 10 12 14', 'c205d870b31230cdbbc357798149058d.jpg', 'aa37fc9e47b11807f689500ba644ca15.jpg', 8, '2019-10-07', 1),
(318, 1, 'Boys', '20191017-318', '2 4 6 8 10 12 14', '0933d8619ebd4e0ffade23e9a349558c.jpg', '783c090d641099cacc3ae5dac12484a2.jpg', 8, '2019-10-17', 1),
(319, 1, 'Boys', '20191017-319', '2 4 6 8 10 12 14', 'e2a5382f224d3403923f1a7b317b83ce.jpg', 'e4aa36856189427e4bddba938a0acf3d.jpg', 8, '2019-10-17', 2),
(320, 1, 'Boys', '20191017-320', '2 4 6 8 10 12 14', '62dc8ff7e86eea7a8c73e1d6abbad360.jpg', 'bf7985a68b1562ddf412fa6cf4a24cce.jpg', 8, '2019-10-17', 2),
(321, 2, 'Girls', '20191017-321', '2 4 6 8 10 12 14', 'b3a64b3bcd02707f6499b9364c45e35a.jpg', '0e24a1684f8cea8911885fe7b454870a.jpg', 8, '2019-10-17', 1),
(322, 3, 'Baby Boy', '20191017-322', '6m 12m 18m 24m', '25ecd9c0b361e4dd75f6b052a91ae344.jpg', '6705ff298a19fc984da3fa440eb292cf.jpg', 8, '2019-10-17', 1),
(323, 3, 'Baby Boy', '20191017-323', '6m 12m 18m 24m', 'b142a55a3b1d46f505fedcc1eef7d559.jpg', 'f64a03ad5bebadb61cfe780326cdca54.jpg', 8, '2019-10-17', 1),
(324, 1, 'Boys', '20191105-324', '2 4 6 8 10 12 14', 'e185bfbc46c68f238a98336ada2fcbe2.jpg', '5ee1c218bf45e21ff4c03be700943fa0.jpg', 8, '2019-11-05', 1),
(325, 1, 'Boys', '20191105-325', '2 4 6 8 10 12 14', '4ddf613c90c2d2c1e1844dc16486293e.jpg', '8c8a255fce0f72d55776b50ce6d9f7d4.jpg', 8, '2019-11-05', 1),
(326, 1, 'Boys', '20191105-326', '2 4 6 8 10 12 14', '35f216d94cd859ea6cdc6e346cb554fe.jpg', 'ee4d4390da1c22ce92fdf6dd02c70da1.jpg', 8, '2019-11-05', 2),
(327, 1, 'Boys', '20191105-327', '2 4 6 8 10 12 14', '3ea230aa6463be92620d692a2f7cf6ee.jpg', '44fb9b4ec9f7411df99ceed8183c68ce.jpg', 8, '2019-11-05', 2),
(328, 2, 'Girls', '20191105-328', '2 4 6 8 10 12 14', '0f80b22428edd349a7238f10d150fbfe.jpg', '62efc7879cb66cba218712c47d03c6dc.jpg', 8, '2019-11-05', 1),
(329, 1, 'Boys', '20191123-329', '2 4 6 8 10 12 14', '41914de47d57f65e9991d2784c998fbc.jpg', '114bbbbfccdee49aa1a45674f01d9e8d.jpg', 8, '2019-11-23', 2),
(330, 2, 'Girls', '20191123-330', '2 4 6 8 10 12 14', '7e423ecf818322dabae204e68a1d95ce.jpg', 'e8d9f6155fb89041b6a5ec41c18ee2a7.jpg', 8, '2019-11-23', 2);
INSERT INTO `product_info` (`product_id`, `category_id`, `product_name`, `product_code`, `product_size`, `product_thumb`, `product_img`, `user_id`, `create_date`, `status`) VALUES
(331, 2, 'Girls', '20191123-331', '2 4 6 8 10 12 14', 'f469eb9f4607dc2b9198c6a1076cab70.jpg', 'afe641fbeec7cbd89e84fbdd185c8480.jpg', 8, '2019-11-23', 2),
(332, 3, 'Baby Boy', '20191123-332', '6m 12m 18m 24m', 'f338a19c36601c20ba5f753331bb73dc.jpg', '8e9c8b46a07908dae8fb77cca71bf99f.jpg', 8, '2019-11-23', 1),
(333, 2, 'Girls', '20191128-333', '2 4 6 8 10 12 14', 'a718e87341ce292a715f79d554231166.jpg', '617c747c8a7eca1c33248f73239bc361.jpg', 8, '2019-11-28', 2),
(334, 4, 'Baby Girl', '20191128-334', '6m 12m 18m 24m', '0438e63e10f9d0d75de7e13328753044.jpg', '1c32f2e46cb64db763301a672f73310e.jpg', 8, '2019-11-28', 1),
(335, 1, 'Boys', '20191128-335', '2 4 6 8 10 12 14', '9193d0f46312f49745972e2bc404cfa4.jpg', '797563479f11984fa27aa8653aaf4a56.jpg', 8, '2019-11-28', 1),
(336, 3, 'Baby Boy', '20191128-336', '6m 12m 18m 24m', '3db3ee6d1551c287dc056fa5bc71f5b5.jpg', 'd3f5d7a0b6543b91f5fd5545a60355c1.jpg', 8, '2019-11-28', 1),
(337, 2, 'Girls', '20191128-337', '2 4 6 8 10 12 14', '5324ffaab636e8fd6ced99d9a50a6ece.jpg', 'ae2e91ad4df9b6a14ff975f293a7652e.jpg', 8, '2019-11-28', 1),
(338, 4, 'Baby Girl', '20191128-338', '6m 12m 18m 24m', '5d06d42b95aeedecb94c298bb4a6fafd.jpg', '01f6471dfa9c9a8b83d26d6211c103fd.jpg', 8, '2019-11-28', 1),
(339, 2, 'Girls', '20191204-339', '2 4 6 8 10 12 14', 'f91963e4325bc0f33b3fc36ea6124f6f.jpg', '72fd25c209faa5a80bfa33b2423815f2.jpg', 8, '2019-12-04', 2),
(340, 2, 'Girls', '20191204-340', '2 4 6 8 10 12 14', '8261c534a868c5dd97a5ebfd0525a3f8.jpg', 'a4c5a23be281566906a9fc78cc7f90c6.jpg', 8, '2019-12-04', 2),
(341, 1, 'Boys', '20200107-341', '2 4 6 8 10 12 14', '2c3beef0059258b768a436fd16af39be.jpg', 'cb0086b545514c8f51f7c3b6f837ad68.jpg', 8, '2020-01-07', 1),
(342, 1, 'Boys', '20200107-342', '2 4 6 8 10 12 14', 'b12c2a350431b2905180240ea846bd74.jpg', 'f3a9b0a259e5474221240a83e417b9d9.jpg', 8, '2020-01-07', 2),
(343, 1, 'Boys', '20200107-343', '2 4 6 8 10 12 14', '85c0ba4c31873a83c46900403110e321.jpg', 'bd4f17cba062628b5431959e66c93238.jpg', 8, '2020-01-07', 1),
(344, 1, 'Boys', '20200107-344', '2 4 6 8 10 12 14', '8c624d42e49448f6675f659a37ed75bd.jpg', 'ba6be38590958c25d58b756028247543.jpg', 8, '2020-01-07', 1),
(345, 1, 'Boys', '20200107-345', '2 4 6 8 10 12 14', 'e79df77e56c8215208e2f5f695075823.jpg', '922755d016f6800696b2191a2b7272d8.jpg', 8, '2020-01-07', 2),
(346, 6, 'Man', '20200107-346', 'S.M.L.XL.XXL', '8c0cc74fcd9fd3168f8450cc9e128e06.jpg', 'b61ecbdfa19f3eb935b63f778d87e508.jpg', 8, '2020-01-07', 2),
(347, 6, 'Man', '20200107-347', 'S.M.L.XL.XXL', '4ee99ffdcfc5941747620c7a5c52793f.jpg', 'be3821a0ec0045eea2eb7f27dfecd1aa.jpg', 8, '2020-01-07', 2),
(348, 6, 'Man', '20200107-348', 'S.M.L.XL.XXL', 'fe0fc8a0f23759cd4717f2ffb12d491b.jpg', '7465ec8c78d62f0a6e41b92272a2d07b.jpg', 8, '2020-01-07', 2),
(349, 6, 'Man', '20200107-349', 'S.M.L.XL.XXL', 'd0e037598d525fa08ca33da5427ac0c6.jpg', 'c2bd86004a72599466993813f0db1ba8.jpg', 8, '2020-01-07', 2),
(350, 6, 'Man', '20200107-350', 'S.M.L.XL.XXL', 'c411beb8d4b0e9883de64ccf53dd08cb.jpg', 'cce37ba6e34613b5f34b58b21285cb06.jpg', 8, '2020-01-07', 2),
(351, 6, 'Man', '20200107-351', 'S.M.L.XL.XXL', 'bc832cac433af16f26e6d8e7b9958fa3.jpg', 'b3ee2aa9902589debe59a62cb3c5d177.jpg', 8, '2020-01-07', 2),
(352, 6, 'Man', '20200107-352', 'S.M.L.XL.XXL', '544d03c5089e4df10209a5d2a7134803.jpg', '30951f53149414999bde8340b044f265.jpg', 8, '2020-01-07', 2),
(353, 7, 'Woman', '20200108-353', 'S.M.L.XL.XXL', '22bc9543989be2fce9dfbe8d04cd12be.jpg', 'f9f5a572f19d088c50a0ea639fd13338.jpg', 8, '2020-01-08', 2),
(354, 7, 'Woman', '20200108-354', 'S.M.L.XL.XXL', '84e5ad6e7adc11841ebb816657ad846f.jpg', '8dbb571a9350f381f7c51331af846994.jpg', 8, '2020-01-08', 1),
(355, 7, 'Woman', '20200108-355', 'S.M.L.XL.XXL', '3c38e01b161bc9781fc3e89e817d3fb4.jpg', '6d81266377330b6b0c106a8f463e4afa.jpg', 8, '2020-01-08', 2),
(356, 7, 'Woman', '20200108-356', 'S.M.L.XL.XXL', 'f00617bc93d193a2e73fdc9102f92292.jpg', '60b7597169ec9a5af61dbfb3c66d8f60.jpg', 8, '2020-01-08', 1),
(357, 7, 'Woman', '20200108-357', 'S.M.L.XL.XXL', '14520d9c87a462c50673068862d985e0.jpg', 'e92071fe874f074b9dd1c5ff419b7647.jpg', 8, '2020-01-08', 1),
(358, 7, 'Woman', '20200108-358', 'S.M.L.XL.XXL', '75c63a2d817f733d058856ba88ce043e.jpg', '6c7813a35142120f372ca0ff8c39cbbd.jpg', 8, '2020-01-08', 2),
(359, 7, 'Woman', '20200108-359', 'S.M.L.XL.XXL', 'e0415d46eaeda4d8688edccffc23149d.jpg', '2dd9bd1ffba9f0703763a4a60407d2c4.jpg', 8, '2020-01-08', 2),
(360, 7, 'Woman', '20200108-360', 'S.M.L.XL.XXL', 'e245a3aa75e5d9017340074038e814d2.jpg', '3bb4e0e9884f31ff832f1d3a63263364.jpg', 8, '2020-01-08', 1),
(361, 7, 'Woman', '20200108-361', 'S.M.L.XL.XXL', '64ac4d1093b17ebe958f55de92120949.jpg', '6c776c25e8ee79db45076b2887670f13.jpg', 8, '2020-01-08', 1),
(362, 7, 'Woman', '20200108-362', 'S.M.L.XL.XXL', 'b4f615ef8b193752a534aab2f01ba838.jpg', '397e10f95bdb0acc36c349e8d9bad930.jpg', 8, '2020-01-08', 1),
(363, 1, 'Boys', '20200130-363', '2 4 6 8 10 12 14', '44c27f826277ce30f950f8d5d42c2d7b.jpg', 'ba5b524319672b54535d8733226fe751.jpg', 8, '2020-01-30', 1),
(364, 6, 'Man', '20200130-364', 'S.M.L.XL.XXL', '81e0ec7208e8574c6b32dc757c04e243.jpg', '94a60aaa61be4f0c2e3435e48fb68646.jpg', 8, '2020-01-30', 2),
(365, 6, 'Man', '20200130-365', 'S.M.L.XL.XXL', '89c0bcaad9fef8de42e14097a4129a1a.jpg', 'b44cee99750a2e344586fed571d7e7df.jpg', 8, '2020-01-30', 2),
(366, 1, 'Boys', '20200130-366', '2 4 6 8 10 12 14', '823138361e0b76c2e08d2963af79d746.jpg', '3b03e77ee6066c7b1774f7f6e6e1b7ad.jpg', 8, '2020-01-30', 1),
(367, 1, 'Boys', '20200130-367', '2 4 6 8 10 12 14', '5fbd9278f09fcdf0eb0738a0881f23cf.jpg', '3722e0f23cdd162bb83c51949d770447.jpg', 8, '2020-01-30', 2),
(368, 1, 'Boys', '20200130-368', '2 4 6 8 10 12 14', 'e88ccde3dc05e9f231eb4021926085eb.jpg', 'e7632644b81fc53bfc4615f7eaf7ef3e.jpg', 8, '2020-01-30', 2),
(369, 3, 'Baby Boy', '20200130-369', '6m 12m 18m 24m', 'c7aa8a9ecc9f6500c9ebb5f32fa30517.jpg', 'a5053c21cde8d8db652ce16815aecee6.jpg', 8, '2020-01-30', 1),
(370, 3, 'Baby Boy', '20200130-370', '6m 12m 18m 24m', '8c048c6448b4b3c02353bdf718186208.jpg', '5e5d2b124a13b27a635583558c59e883.jpg', 8, '2020-01-30', 2),
(371, 4, 'Baby Girl', '20200130-371', '6m 12m 18m 24m', 'e8f1738f8f00640b0916e4cba624e325.jpg', 'ca2e7864ab9392ee15b4e20cb7595d93.jpg', 8, '2020-01-30', 1),
(372, 4, 'Baby Girl', '20200130-372', '6m 12m 18m 24m', 'b5169ca8e4d1de5ac94cfcc80d9b7622.jpg', '1176641565fb23d9af9153d77eb7e19e.jpg', 8, '2020-01-30', 1),
(373, 3, 'Baby Boy', '20200130-373', '6m 12m 18m 24m', 'ffaf50de5ba168fc9ddf1e2649b1bd83.jpg', 'a03036a54a0edc689c910dc1efe67405.jpg', 8, '2020-01-30', 1),
(374, 4, 'Baby Girl', '20200201-374', '6m 12m 18m 24m', 'a961c215f558e7459122ca59894e4e8e.jpg', '9a4cbfcb4b40d9daef0590e0aa480fe8.jpg', 8, '2020-02-01', 1),
(375, 4, 'Baby Girl', '20200201-375', '6m 12m 18m 24m', '26e758a367bac644ba343236d77ac0ad.jpg', '56124d61cc6aa72a88c641f857ba3595.jpg', 8, '2020-02-01', 2),
(376, 3, 'Baby Boy', '20200201-376', '6m 12m 18m 24m', '036736ceb0333b9aa88289ff1640b3f1.jpg', 'e64ba387ed9343cd3f265dbc4702293d.jpg', 8, '2020-02-01', 1),
(377, 4, 'Baby Girl', '20200201-377', '6m 12m 18m 24m', 'dd1f84444485966710ba868f8eb13bc7.jpg', '698998d8582fe824ca7dc4704ee6ac98.jpg', 8, '2020-02-01', 1),
(378, 4, 'Baby Girl', '20200201-378', 'Free size', '18001c43fd87d7180ca26ba8c2b1ccca.jpg', '7cae12aa20e2519f854df2fe6ca7355c.jpg', 8, '2020-02-01', 1),
(379, 3, 'Baby Boy', '20200201-379', 'Free size', 'e51b96ce69e656f57211d06e12d79d43.jpg', '1f5722bd0dfd19ba982df7943cd9af48.jpg', 8, '2020-02-01', 1),
(380, 3, 'Baby Boy', '20200201-380', '6m 12m 18m 24m', '8667a4328e3a567e3e2ae196327f7188.jpg', 'ca9d362199d88fe54178e1caec057e1b.jpg', 8, '2020-02-01', 2),
(381, 6, 'Man', '20200213-381', 'S.M.L.XL.XXL', 'ddcdf59645a0174419044570ec98fd7e.jpg', '8355c04d0b4774ff1882b97f3321b135.jpg', 8, '2020-02-13', 2),
(382, 1, 'Boys', '20200216-382', '2 4 6 8 10 12 14', '3975cd4f378ca7af411e80fb6f476c48.jpg', '3dcd33a99a0a2ea2bb40733561402613.jpg', 8, '2020-02-16', 1),
(383, 1, 'Boys', '20200216-383', '2 4 6 8 10 12 14', 'cc0aa70868065425705b22d6ef04fcc0.jpg', '7d3cbad07363bfa04e5da5633081a16b.jpg', 8, '2020-02-16', 1),
(384, 1, 'Boys', '20200216-384', '2 4 6 8 10 12 14', '9f5a25dc5297070f2cc3b081ad298879.jpg', '78dacbb2ae14a074ac0998c0cc7973ba.jpg', 8, '2020-02-16', 1),
(385, 2, 'Girls', '20200216-385', '2 4 6 8 10 12 14', 'b91e02ff3b0cd2af923a5945dbef800a.jpg', 'ac408720ce3054dedff9423b58fa44cf.jpg', 8, '2020-02-16', 1),
(386, 1, 'Boys', '20200221-386', '2 4 6 8 10 12 14', 'dfa818102106944ec3fcbf55d4216736.jpg', '5af19f0f211377209a918745fd92e3d4.jpg', 8, '2020-02-21', 1),
(387, 7, 'Woman', '20200223-387', 'S.M.L.XL.XXL', '122f7190719e2600206c07b7b124ae78.jpg', '8bcbc016f0c7de3a8237c5839c621823.jpg', 8, '2020-02-23', 1),
(388, 7, 'Woman', '20200223-388', 'S.M.L.XL.XXL', '9acdc6194c4660641bb62bb920edb4eb.jpg', '94e4ed0db6583939a7ad79783a757888.jpg', 8, '2020-02-23', 1),
(389, 7, 'Woman', '20200223-389', 'S.M.L.XL.XXL', '849198945a5f5d82b579db9588fea9eb.jpg', '4571b09a5e9f759a1e81fb71d0f9e66e.jpg', 8, '2020-02-23', 2),
(390, 7, 'Woman', '20200223-390', 'S.M.L.XL.XXL', 'dd2576fc27459b7fb4c94fc7e70c5de4.jpg', '19b025ab5986fcb902dcb76f6541f5ea.jpg', 8, '2020-02-23', 1),
(391, 7, 'Woman', '20200223-391', 'S.M.L.XL.XXL', 'a3851e563b6ebcada9132b4668b03904.jpg', '2c1b64183cbd2d897567595031b9889c.jpg', 8, '2020-02-23', 2),
(392, 1, 'Boys', '20200229-392', '2 4 6 8 10 12 14', '1f1fc1f5694fd4e02380854ea8ae0ae8.jpg', 'dafccb75a7a50068840e972778ce9be2.jpg', 8, '2020-02-29', 2),
(393, 1, 'Boys', '20200229-393', '2 4 6 8 10 12 14', '0513e5a75cf0341980da43a70c3c8d3a.jpg', '2efb58d13f9b30ad0dd649ae3f5b51cb.jpg', 8, '2020-02-29', 2),
(394, 1, 'Boys', '20200229-394', '2 4 6 8 10 12 14', '43350df13013fcf1d20ae1a54705e3b5.jpg', 'b5d199e283ff5b39c94be1431a591448.jpg', 8, '2020-02-29', 2),
(395, 6, 'Man', '20200229-395', 'S.M.L.XL.XXL', '1d545523f9dcbfd50baf039e7a7ca52f.jpg', '9856309ab01e77b9a905bfb4bd165af3.jpg', 8, '2020-02-29', 1),
(396, 6, 'Man', '20200229-396', 'S.M.L.XL.XXL', 'b803d75131d0cd151531a7a78c06fdb7.jpg', 'b4aa90e106765c6058093ccfd431f626.jpg', 8, '2020-02-29', 1),
(397, 6, 'Man', '20200229-397', 'S.M.L.XL.XXL', 'db0d3e74a574075fff73ef68f02b453e.jpg', 'b18684213935d0e5911caacee1417c4f.jpg', 8, '2020-02-29', 2),
(398, 6, 'Man', '20200308-398', 'S.M.L.XL.XXL', 'a4fa73e02364c24000428a4543b2b868.jpg', '6df5313f5a93cd50a98cfe91ffddb249.jpg', 8, '2020-03-08', 2),
(399, 6, 'Man', '20200427-399', 'S.M.L.XL.XXL', 'a3234d4e64298b0e0aa7bbcd3672c444.jpg', '685368bc068a518ab75ecb642afedfb5.jpg', 8, '2020-04-27', 2),
(400, 6, 'Man', '20200427-400', 'S.M.L.XL.XXL', 'dcca0a08ac182b4f39e5afba62c5f23a.jpg', 'e841942345662683283d8359786186da.jpg', 8, '2020-04-27', 2),
(401, 1, 'Boys', '20200517-401', '2 4 6 8 10 12 14', '3ad25bdb6095d66cc7148f984b63df75.jpg', '45215e3119054acd73564d980bf0f4d7.jpg', 8, '2020-05-17', 2),
(402, 1, 'Boys', '20200517-402', '2 4 6 8 10 12 14', '53cd3cb18dd4e1cabb189326fbdf44ce.jpg', '50c059f95766721bf6b044d100b0412e.jpg', 8, '2020-05-17', 2),
(403, 1, 'Boys', '20200517-403', '2 4 6 8 10 12 14', 'dbdfb4b5fdb3cc1756fe9fb8bac66d0b.jpg', '384f9fa08a94a1f1d8c252dabee70921.jpg', 8, '2020-05-17', 1),
(404, 1, 'Boys', '20200517-404', '2 4 6 8 10 12 14', '8df960a2bb993099bc5b6095047868b0.jpg', 'febbcef7d30ca5a7b472dd9a041dc992.jpg', 8, '2020-05-17', 2),
(405, 2, 'Girls', '20200517-405', '2 4 6 8 10 12 14', '30ec79c7671771e6362e83745b36690e.jpg', '5c214232bea7de4b9478811a86487ca5.jpg', 8, '2020-05-17', 2),
(406, 2, 'Girls', '20200517-406', '2 4 6 8 10 12 14', 'd89dee031b86b73560810f1534a52499.jpg', 'ddd98845d5c9baea5a36b0e87b50f13a.jpg', 8, '2020-05-17', 2),
(407, 2, 'Girls', '20200517-407', '2 4 6 8 10 12 14', 'effb3e64515cbd42c01db51910d57541.jpg', '2d19028d300a524f2af65351d7d58c87.jpg', 8, '2020-05-17', 2),
(408, 6, 'Man', '20200517-408', 'S.M.L.XL.XXL', '3e4f7d378d99d69920467d6f371a30af.jpg', 'cadba56076c036a518e20a4b2aec6d0a.jpg', 8, '2020-05-17', 2),
(409, 6, 'Man', '20200517-409', 'S.M.L.XL.XXL', '45139703110384232ed455592ece0836.jpg', 'cc389cc2e5ce323dbea26153b0e2d84b.jpg', 8, '2020-05-17', 2),
(410, 6, 'Man', '20200520-410', 'S.M.L.XL.XXL', '82e05c414de4ce01a4a54f7ba6d0eedd.jpg', '6b81ca9ddef627c37c9c2032fe7108f4.jpg', 8, '2020-05-20', 2),
(411, 6, 'Man', '20200520-411', 'S.M.L.XL.XXL', '7e6e64b833497074e9a12e237e6b5c27.jpg', '05742fd5e4c1bebe439f2b6c96f58cdc.jpg', 8, '2020-05-20', 2),
(412, 6, 'Man', '20200520-412', 'S.M.L.XL.XXL', '8f3616c58abf6817a79571d73d46d2f1.jpg', '8c6a3100be20be34eaf134972d4301b5.jpg', 8, '2020-05-20', 2),
(413, 1, 'Boys', '20200619-413', '2 4 6 8 10 12 14', '282f192b8cd3eda4f57b10294527d9df.jpg', '71d1400a71dc35bfc5ceb27476aea8f2.jpg', 8, '2020-06-19', 1),
(414, 1, 'Boys', '20210325-414', '2 4 6 8 10 12 14', 'b024e68f6587300449db05b10137674e.jpg', 'ab688a607ebded05c8e791361b7c809b.jpg', 8, '2021-03-25', 2),
(415, 1, 'Boys', '20210325-415', '2 4 6 8 10 12 14', 'd45522a421c11e24bcb15b21e25241a0.jpg', '813e79b11aa5ad4cd4975bbee7575c4b.jpg', 8, '2021-03-25', 1),
(416, 1, 'Boys', '20210325-416', '2 4 6 8 10 12 14', '23180664069d693be73f4637bdc87cb8.jpg', '96db325ec75d8adc748057c48443a44c.jpg', 8, '2021-03-25', 2),
(417, 1, 'Boys', '20210325-417', '2 4 6 8 10 12 14', 'a3df7f94a85b2a2f52811aa8fe5277cd.jpg', '5bc608cfad981a719ac243244055a789.jpg', 8, '2021-03-25', 1),
(418, 1, 'Boys', '20210325-418', '2 4 6 8 10 12 14', 'c0ea492c596bfd03a0168c0fec13de3c.jpg', 'f5f8a8a98ab6092b7544399d1b2087ce.jpg', 8, '2021-03-25', 2),
(419, 1, 'Boys', '20210325-419', '2 4 6 8 10 12 14', '10ccf3ff3c9182d0c479a2354676f2df.jpg', '2833eb17b55aa7c4508c91e0d6200b5b.jpg', 8, '2021-03-25', 1),
(420, 1, 'Boys', '20210325-420', '2 4 6 8 10 12 14', '07a5bc6ec5f19c4112eb7ffabf40438b.jpg', '5a2ef2480e8e027f5b523dc54d6b6955.jpg', 8, '2021-03-25', 1),
(421, 1, 'Boys', '20210325-421', '2 4 6 8 10 12 14', '57a1523df21cbcd2f21f79fbff95cdc1.jpg', '5e2911cc96d92f4144d654278f1885db.jpg', 8, '2021-03-25', 2),
(422, 1, 'Boys', '20210325-422', '2 4 6 8 10 12 14', 'feaa8aa5ed8b47716dc2494e3dd8798f.jpg', '62db498fb1c3ab3fb6f24dca5ae48040.jpg', 8, '2021-03-25', 1),
(423, 1, 'Boys', '20210325-423', '2 4 6 8 10 12 14', '0a2a1e4edcdffa416bcc6b51c715b687.jpg', 'bbe616976a651e106aa6d45ae7fa30e5.jpg', 8, '2021-03-25', 2),
(424, 1, 'Boys', '20210325-424', '2 4 6 8 10 12 14', '24d556d2ea5d963fed11a369c06c6718.jpg', '53602b44cfcc5a4e876b112326355191.jpg', 8, '2021-03-25', 2),
(425, 1, 'Boys', '20210325-425', '2 4 6 8 10 12 14', '425ec3a6f6f56f7d1e0f2a87ed34d111.jpg', 'a6c2c73f0fa4e448d9a1ffa9c2a31339.jpg', 8, '2021-03-25', 1),
(426, 1, 'Boys', '20210325-426', '2 4 6 8 10 12 14', 'b3cbe2142c40058f7d7932a760255203.jpg', 'cb481960668d2a517713f20a6aa9d8c9.jpg', 8, '2021-03-25', 2),
(427, 1, 'Boys', '20210325-427', '2 4 6 8 10 12 14', 'a8cdca1ad7fd006ad3764fa669b2da10.jpg', '326f05c9d184e3b42b39dd47ed010971.jpg', 8, '2021-03-25', 1),
(428, 1, 'Boys', '20210325-428', '2 4 6 8 10 12 14', '77fbc480ffa467e0b04cfd7ab6303f71.jpg', 'dbfaa394ecb65eacb32ed584d35c4208.jpg', 8, '2021-03-25', 1),
(429, 1, 'Boys', '20210325-429', '2 4 6 8 10 12 14', 'cf01350772084e027f0587d59dfd594e.jpg', '92a1006e57c911111c9edfecb8d216d1.jpg', 8, '2021-03-25', 1),
(430, 1, 'Boys', '20210325-430', '2 4 6 8 10 12 14', '7daa790df0e0d5d4c28ad653c3ced99f.jpg', 'e4b42ed6c7164f632cac42e4a6462bac.jpg', 8, '2021-03-25', 1),
(431, 1, 'Boys', '20210325-431', '2 4 6 8 10 12 14', 'c58c358ce0d78143f4ef02862f41e74d.jpg', '76e6df9b81ebe418efd0f8bffa50e8ef.jpg', 8, '2021-03-25', 2),
(432, 1, 'Boys', '20210325-432', '2 4 6 8 10 12 14 16', 'f108703df7d2d77ab7001737651bed88.jpg', '5948906864c43df9d853ab9743291026.jpg', 8, '2021-03-25', 1),
(433, 1, 'Boys', '20210325-433', '2 4 6 8 10 12 14 16', '8bb195e3bf13298048805d7f5283febc.jpg', '8914f2cc52d297cf80c926c84ad68126.jpg', 8, '2021-03-25', 2),
(434, 1, 'Boys', '20210325-434', '2 4 6 8 10 12 14 16', '9474dc3648dda74dbab8fb1d83a5391b.jpg', '4d96f4c4671e4a0f5d3ccc18308540ce.jpg', 8, '2021-03-25', 2),
(435, 1, 'Boys', '20210325-435', '2 4 6 8 10 12 14 16', '4b6f393253d9f999feaf12fef4fa024d.jpg', '41d7ff9ead8284def3b7327255f9f1b0.jpg', 8, '2021-03-25', 1),
(436, 1, 'Boys', '20210325-436', '2 4 6 8 10 12 14 16', '462c7f108ccbb07d373f9ac8ace99ebe.jpg', 'd988e08fe8a5e82aac95af0b575bad09.jpg', 8, '2021-03-25', 1),
(437, 1, 'Boys', '20210325-437', '2 4 6 8 10 12 14 16', 'ede43b1a72b205843540302f72f6f2de.jpg', '29b9ee80011829caf5ebea39ddacb7eb.jpg', 8, '2021-03-25', 1),
(438, 1, 'Boys', '20210325-438', '2 4 6 8 10 12 14 16', '96c6307ede4ca09acdb9b4cf102cc99e.jpg', '5bd7953965a51ebdc0053b398b0da837.jpg', 8, '2021-03-25', 1),
(439, 1, 'Boys', '20210325-439', '2 4 6 8 10 12 14 16', '95ca3ba9fb9c392760dbd6fcae59cb79.jpg', '0c5a047ff9cc1cc95c2b179046147861.jpg', 8, '2021-03-25', 1),
(440, 1, 'Boys', '20210325-440', '2 4 6 8 10 12 14 16', 'f770431523befa704b07728dfc224652.jpg', 'ba3c77adfebe0380e8f5d73282491ad4.jpg', 8, '2021-03-25', 1),
(441, 1, 'Boys', '20210325-441', '2 4 6 8 10 12 14 16', '170a6a50a147788397dc2899b32f604e.jpg', '5b7adc4f1e66f9e6c9b3c3e1c729ccad.jpg', 8, '2021-03-25', 1),
(442, 1, 'Boys', '20210325-442', '2 4 6 8 10 12 14 16', '991bd762c51eac43efdf7e0732a84b0b.jpg', '8e912d6e47a6a003ad37b355bb4591da.jpg', 8, '2021-03-25', 1),
(443, 1, 'Boys', '20210325-443', '2 4 6 8 10 12 14 16', 'afdf850a7468f98b1304621c04e0f77c.jpg', '77bd067e5161d52df1f7d1abf35c3ee4.jpg', 8, '2021-03-25', 1),
(444, 1, 'Boys', '20210325-444', '2 4 6 8 10 12 14 16', 'dbeb17a7873fd834d6792f068e283ad9.jpg', '64f2377074f8f15ea0cca7d3ae272c01.jpg', 8, '2021-03-25', 2),
(445, 1, 'Boys', '20210325-445', '2 4 6 8 10 12 14 16', '90e10c6050059bf50a6c9a8a309c17b3.jpg', '9af04386c1061212e9d11015fa307108.jpg', 8, '2021-03-25', 1),
(446, 1, 'Boys', '20210325-446', '2 4 6 8 10 12 14 16', '07d10f8f1db6cdc8a903fd146a1f5b07.jpg', '7c7d62d79bac6f12b78ae3f1381a76f4.jpg', 8, '2021-03-25', 1),
(447, 1, 'Boys', '20210325-447', '2 4 6 8 10 12 14 16', '6291cd619477e6b939e7b6997e27e849.jpg', '4500c4105d8d2bbc4b46c19ab72de378.jpg', 8, '2021-03-25', 2),
(448, 1, 'Boys', '20210325-448', '2 4 6 8 10 12', '35b37c6ce15a56931d8ef3afefd1bb2b.jpg', 'c76783cbb13a376c8d0881cd4c0c086d.jpg', 8, '2021-03-25', 2),
(449, 1, 'Boys', '20210325-449', '2 4 6 8 10 12', 'e0434be5af3570aa65db39385df730bf.jpg', '76ca94b20291f01989cc4f8e94ebcfab.jpg', 8, '2021-03-25', 2),
(450, 1, 'Boys', '20210325-450', '2 4 6 8 10 12', '568e530dbfbd2c968bfc43877ed728d8.jpg', 'c281f85a03e80786fed8a7f244ff73c8.jpg', 8, '2021-03-25', 2),
(451, 1, 'Boys', '20210325-451', '2 4 6 8 10 12', '4a3e9fb8e349a4e363b7f6cb56fcb44a.jpg', 'f1bbcb469e24169ae0f3c22f2e3ede9b.jpg', 8, '2021-03-25', 2),
(452, 1, 'Boys', '20210325-452', '2 4 6 8 10 12', '40d787792c016171eebd32169320074f.jpg', '2f29486569f633f0c36202d8ff916c73.jpg', 8, '2021-03-25', 2),
(453, 1, 'Boys', '20210325-453', '2 4 6 8 10 12', '44f0cb0a3e0d10a45c7e407e433d0d5f.jpg', 'ee9367f8143783e10925fedb14e3bc7a.jpg', 8, '2021-03-25', 2),
(454, 1, 'Boys', '20210325-454', '2 4 6 8 10 12', 'cef24b22ef4671bfc2db33b18d25a0f0.jpg', 'd5c155cd30bb9e2e5c7ffa35fda274b6.jpg', 8, '2021-03-25', 2),
(455, 2, 'Girls', '20210325-455', '2 4 6 8 10 12 14', 'c92f436e643f17c84080eb911fe5d48e.jpg', '74bf1284633907b7e46a0e99881756f2.jpg', 8, '2021-03-25', 1),
(456, 2, 'Girls', '20210325-456', '2 4 6 8 10 12 14', '56ef4ab8f0017afd916b957d7adbd87c.jpg', '9b85436f0aa02e24e9ef1e226208519d.jpg', 8, '2021-03-25', 1),
(457, 2, 'Girls', '20210325-457', '2 4 6 8 10 12 14', '7f51f1b3638bd3d2a534c71c0b8e244e.jpg', '0af3bc6432ed346e5afa4a08d74186f2.jpg', 8, '2021-03-25', 2),
(458, 2, 'Girls', '20210325-458', '2 4 6 8 10 12 14', 'a4c66f5ff68485715a8c115500b8ae94.jpg', 'cc71ce6a1f84b842ce32e44cdd8426a7.jpg', 8, '2021-03-25', 2),
(459, 2, 'Girls', '20210325-459', '2 4 6 8 10 12 14', 'c2cc3a6bb4a64b8b97f8d8f4f143fd86.jpg', '3aa099b1e935546ea41c42623d143f04.jpg', 8, '2021-03-25', 2),
(460, 1, 'Girls', '20210325-460', '2 4 6 8 10 12 14', '155afe07f392ea036019cfb16dcbbc6e.jpg', '085f96f63d843cfc6a7383c3d7739caf.jpg', 8, '2021-03-25', 2),
(461, 2, 'Girls', '20210325-461', '2 4 6 8 10 12 14', 'ff30dbfd52461a9b9931d34374db2030.jpg', 'bc8eb0e41db51c9035b05694bf8400ab.jpg', 8, '2021-03-25', 2),
(462, 2, 'Girls', '20210325-462', '2 4 6 8 10 12 14', '68b62aab8c9b1aea9248d0c51e67da78.jpg', 'f97cd151e076e8a6a261a273501bb076.jpg', 8, '2021-03-25', 1),
(463, 2, 'Girls', '20210325-463', '2 4 6 8 10 12 14', '86d6a2216bc4c75ea13c67d0e2ff2433.jpg', 'a71d793182a9c781e02d4e6fdfad6be9.jpg', 8, '2021-03-25', 1),
(464, 2, 'Girls', '20210325-464', '2 4 6 8 10 12 14', '6c5f76c8badd0ec29e32f8798f1eebd5.jpg', 'b585908575c37a920b9868aa3520a7e6.jpg', 8, '2021-03-25', 1),
(465, 2, 'Girls', '20210325-465', '2 4 6 8 10 12 14', '626c05547eb34f8efaaa308e75ae47c0.jpg', '88ea65041d70030e4225b5cbfa6f9d2c.jpg', 8, '2021-03-25', 1),
(466, 2, 'Girls', '20210325-466', '2 4 6 8 10 12 14', 'cf6b1da9585b35dbba0e38044186c805.jpg', 'fe56249dd4cd28c8f30a1f90c29871ad.jpg', 8, '2021-03-25', 1),
(467, 2, 'Girls', '20210325-467', '2 4 6 8 10 12 14', '435a00927031425476238fa7cca7b913.jpg', '2afdb8bfe69113cdfb622429c19c8607.jpg', 8, '2021-03-25', 2),
(468, 2, 'Girls', '20210325-468', '2 4 6 8 10 12 14', '43fedf664660cff0473dcacd556b53fa.jpg', 'a366215aa15ecac401739fc0a3ae4437.jpg', 8, '2021-03-25', 2),
(469, 2, 'Girls', '20210325-469', '2 4 6 8 10 12 14', 'd0042c64e35aeb09db72f884ba8e1a82.jpg', 'd7b77fbad87c78b51ed796a0929da40f.jpg', 8, '2021-03-25', 2),
(470, 2, 'Girls', '20210325-470', '2 4 6 8 10 12 14 16', '59e6c50d1f1fa3e9cfa600332f766208.jpg', 'bc25ad1810f4ec646ae0b9d328734538.jpg', 8, '2021-03-25', 2),
(471, 2, 'Girls', '20210325-471', '2 4 6 8 10 12 14', 'd9d2f8588e6113690cb404ed8fac81fc.jpg', '415633d2b7d0afeeaf1881b7ee37f030.jpg', 8, '2021-03-25', 1),
(472, 2, 'Girls', '20210325-472', '2 4 6 8 10 12', 'b11e1ddbecab46b7fd51fbf40ed0278f.jpg', '75ad2ff95cdff5d0384b4272173459bc.jpg', 8, '2021-03-25', 1),
(473, 2, 'Girls', '20210325-473', '2 4 6 8 10 12', '6695175f2705d7d73258454b9180b784.jpg', '76a340d365029b87c4beef3d162c21ef.jpg', 8, '2021-03-25', 2),
(474, 2, 'Girls', '20210325-474', '2 4 6 8 10 12', 'd4d6ec94145f01563ceb135f68d027cc.jpg', '691d817f4b2ae66207cb15e8c0a16795.jpg', 8, '2021-03-25', 2),
(475, 2, 'Girls', '20210325-475', '2 4 6 8 10 12', 'd3eec6c641d1fde56aca6ee1167e8547.jpg', 'ace35f6312d5af7a448b54500375544f.jpg', 8, '2021-03-25', 2),
(476, 2, 'Girls', '20210325-476', '2 4 6 8 10 12', 'fdeb5d5c31b54ec8b822c8839d024fa4.jpg', '2da1a5be8ba5fa2c771b6fc145b9791a.jpg', 8, '2021-03-25', 2),
(477, 1, 'Girls', '20210325-477', '2 4 6 8 10 12', 'b18a3b779602da5aa0673f35718de926.jpg', 'bbf44e9806cd708c580ed56538ec5018.jpg', 8, '2021-03-25', 2),
(478, 2, 'Girls', '20210325-478', '2 4 6 8 10 12', '9a1b2cfeb16693042d234071c6b0dbdd.jpg', '685a82b5c0b46996da73bf800865b5d1.jpg', 8, '2021-03-25', 2),
(479, 1, 'Boys', '20210325-479', '2 4 6 8 10 12', '087e4496506f0b2e9a26f821c138ed3e.jpg', 'f93161f6dcc776ab8a72a5e87907852d.jpg', 8, '2021-03-25', 2),
(480, 2, 'Girls', '20210325-480', '2 4 6 8 10 12', '2b03d3fa599dae1c3be9ea7ce1d484f6.jpg', 'efcf4978ee3a8a480cb28bd43717521e.jpg', 8, '2021-03-25', 1),
(481, 2, 'Girls', '20210325-481', '2 4 6 8 10 12', '50b7e0f1a64414994015e952eca5253c.jpg', '001c4b6a72fee546dc41b5a751247ec2.jpg', 8, '2021-03-25', 2),
(482, 2, 'Girls', '20210325-482', '2 4 6 8 10 12', '50819ea9e18fcc247dd2997b9ae5e51b.jpg', 'a1192ec1af34b5d2b19a7c62c573e66c.jpg', 8, '2021-03-25', 2),
(483, 2, 'Girls', '20210325-483', '2 4 6 8 10 12', '91af02449ed9250d28df9640a212293a.jpg', 'edd6ab44ce99c5e9203f13f05d48a16b.jpg', 8, '2021-03-25', 2),
(484, 2, 'Girls', '20210325-484', '2 4 6 8 10 12', '26f7995df805f95c7f6f375990a28da0.jpg', '92fa07720cd62e9ab1452e6b97b49354.jpg', 8, '2021-03-25', 2),
(485, 1, 'Boys', '20211210-485', 'SIZE-2 4 6 8 10 12 14 16', '6bdb2c8a81ed53294d570fd210c62752.jpg', '06b6d9581572548ffe1f7412534b74b8.jpg', 8, '2021-12-10', 1),
(486, 1, 'Boys', '20211210-486', 'SIZE-2 4 6 8 10 12 14 16', '0f8f88a91e8cfad05c339cf95dfbfd98.jpg', '567fcccecc8a8165b8321506edf5f75b.jpg', 8, '2021-12-10', 1),
(487, 1, 'Boys', '20211210-487', 'SIZE-2 4 6 8 10 12 14 16', 'ff34e9136910c31c23490469b9ab84c5.jpg', '91215167923afd52335b46dc4cd31999.jpg', 8, '2021-12-10', 1),
(488, 1, 'Boys', '20211210-488', 'SIZE-2 4 6 8 10 12 14 16', '77f61e9a096ce1a037756a592a5519d4.jpg', 'c96d51f5b741dd9e263525a1cb84151e.jpg', 8, '2021-12-10', 1),
(489, 1, 'Boys', '20211210-489', 'SIZE-2 4 6 8 10 12 14 16', '7832c1a6cf09550df733363fd3bfea7b.jpg', '2f0cc1d4a22cf12102c9bf3fdb2f85e8.jpg', 8, '2021-12-10', 1),
(490, 1, 'Boys', '20211210-490', 'SIZE-2 4 6 8 10 12 14 16', '74d7cfd354578169e4426cc7c7e6f684.jpg', 'a2932c489ca05dfcdd23d24f5f12d14a.jpg', 8, '2021-12-10', 1),
(491, 1, 'Boys', '20211210-491', 'SIZE-2 4 6 8 10 12 14 16', '88e8541855d1b6d0a8d7415b015b8d29.jpg', 'fa733632e86970c677fe617ae993589e.jpg', 8, '2021-12-10', 1),
(492, 1, 'Boys', '20211210-492', 'SIZE-2 4 6 8 10 12 14 16', 'e4e282b5f6a6d5215e0b53b930a7c1d9.jpg', 'ceb5539645b2fdb3beb05b96d7b5b9ff.jpg', 8, '2021-12-10', 2),
(493, 1, 'Boys', '20211210-493', 'SIZE-2 4 6 8 10 12 14 16', 'c6af8d3540d5bcce91fe6d7932309d48.jpg', '899e45b7499d01fc68d92cfcf4e06294.jpg', 8, '2021-12-10', 1),
(494, 1, 'Boys', '20211210-494', 'SIZE-2 4 6 8 10 12 14 16', '8ef7349d359f71d8f7eda9b246d8b13a.jpg', '5be4e7def0fc26ec71bc9baaa3423bbe.jpg', 8, '2021-12-10', 1),
(495, 1, 'Boys', '20211210-495', 'SIZE-2 4 6 8 10 12 14 16', '8780f2f86bf800f2f86d0f5de631d243.jpg', 'c7deb67ffe026297a7f8e42b744e00b8.jpg', 8, '2021-12-10', 2),
(496, 1, 'Boys', '20211210-496', 'SIZE-2 4 6 8 10 12 14 16', 'dc073e1572db0dbd0e1d9f7a707f7aae.jpg', '46d27b7c2dbd4dba7c183f8029c5caf6.jpg', 8, '2021-12-10', 1),
(497, 1, 'Boys', '20211210-497', 'SIZE-2 4 6 8 10 12 14 16', '19a2d608d92990eca89669b8ed739fb1.jpg', 'e7a196252d32db6e811df31562805bb1.jpg', 8, '2021-12-10', 2),
(498, 1, 'Boys', '20211210-498', 'SIZE-2 4 6 8 10 12 14 16', '861fe42262146db05a273987924fd1d9.jpg', 'd39ce1c749d977f6f299e02e2a31c742.jpg', 8, '2021-12-10', 2),
(499, 1, 'Boys', '20211210-499', 'SIZE-2 4 6 8 10 12 14 16', '00851461295e0c152ac9ff62207913bc.jpg', '6d483b1e4565d73784c59ee26be589c6.jpg', 8, '2021-12-10', 2),
(500, 1, 'Boys', '20211210-500', 'SIZE-2 4 6 8 10 12 14 16', 'fba2746f1fd477fcc507c75c6892851a.jpg', 'bd055fda7d7a2a7fce60fad26ff07d27.jpg', 8, '2021-12-10', 2),
(501, 1, 'Boys', '20211210-501', 'SIZE-2 4 6 8 10 12 14 16', '04e0eee607b4aee97415317a6f6bd75e.jpg', '2fe7a88b60329b09e163f5a9b64c5ce8.jpg', 8, '2021-12-10', 1),
(502, 1, 'Boys', '20211210-502', 'SIZE-2 4 6 8 10 12 14 16', '9357f7187d5c62e6f9de4cf57e709bda.jpg', '1814ab15bd8f8af636d677d327fdc6c7.jpg', 8, '2021-12-10', 2),
(503, 1, 'Boys', '20211210-503', 'SIZE-2 4 6 8 10 12 14 16', '9aa4b1f21c5760e49df8877e921d1eb3.jpg', 'ec4a8165be0341300b77f3780b992a63.jpg', 8, '2021-12-10', 1),
(504, 1, 'Boys', '20211210-504', 'SIZE-2 4 6 8 10 12 14 16', '847a877729b3e609d6d19101e96ab112.jpg', '2cea8b687589840711d2c8c0073cd916.jpg', 8, '2021-12-10', 2),
(505, 1, 'Boys', '20211210-505', 'SIZE-2 4 6 8 10 12 14 16', '0057d0217c66eac32d44d3c864b264f2.jpg', 'c4c389dbc6739f5eba591c1db33e62f5.jpg', 8, '2021-12-10', 1),
(506, 1, 'Boys', '20211210-506', 'SIZE-2 4 6 8 10 12 14 16', 'b344cd111c3570b091dbf39c272a13dc.jpg', 'ac7d131faa59925c6c943a24ba9f1f1a.jpg', 8, '2021-12-10', 2),
(507, 1, 'Boys', '20211210-507', 'SIZE-2 4 6 8 10 12 14 16', 'ae1337712a5226a34749643a534695ff.jpg', '9fa9780d0aae2f5eea288a534e359657.jpg', 8, '2021-12-10', 1),
(508, 1, 'Boys', '20211210-508', 'SIZE-2 4 6 8 10 12 14 16', 'a5098fe736f01586596e6e0b06344e9f.jpg', '54c0b817fe55ace7f8e64cab36183440.jpg', 8, '2021-12-10', 2),
(509, 1, 'Boys', '20211210-509', 'SIZE-2 4 6 8 10 12 14 16', '229cf0a529d8af1f84d8bf6b5584ab75.jpg', '47778214976a1fce594e6c8e98ab9a6f.jpg', 8, '2021-12-10', 1),
(510, 1, 'Boys', '20211210-510', 'SIZE-2 4 6 8 10 12 14 16', '349255302b81f044428e6151f8cbe1a5.jpg', '883a497fbfd4181e1be425e964739c4e.jpg', 8, '2021-12-10', 1),
(511, 1, 'Boys', '20211210-511', 'SIZE-2 4 6 8 10 12 14 16', 'f89a6220f0c3a1cde3ca38f9202280d5.jpg', '47d50ca2f4d5b3b3f6824ba6ece27b67.jpg', 8, '2021-12-10', 1),
(512, 1, 'Boys', '20211210-512', 'SIZE-2 4 6 8 10 12 14 16', '4d882183beaf17dd5e7ee5a6bcf3e80d.jpg', 'f241a991bd00b41a2e5be76bfe7ff962.jpg', 8, '2021-12-10', 1),
(513, 1, 'Boys', '20211210-513', 'SIZE-2 4 6 8 10 12 14 16', '2e9304ec405071a29e6906b10cebee7a.jpg', '4fcc058bd306cf7dab0967666ef14191.jpg', 8, '2021-12-10', 1),
(514, 1, 'Boys', '20211210-514', 'SIZE-2 4 6 8 10 12 14 16', 'dae1267be9e8fd071eccb7ddad47f8a2.jpg', '7c22d439d7f721695a574cb4e8f33e28.jpg', 8, '2021-12-10', 1),
(515, 1, 'Boys', '20211210-515', 'SIZE-2 4 6 8 10 12 14 16', 'd7d641c2e2543bc5e89a8da5c5c97ae6.jpg', 'f227eb1fc324d7a40e238374f6b215f0.jpg', 8, '2021-12-10', 1),
(516, 1, 'Boys', '20211210-516', 'SIZE-2 4 6 8 10 12 14 16', 'f716a15cdd1a03636a5f402c47bb59d8.jpg', '593fc87566787654b0a360e4f69aaba5.jpg', 8, '2021-12-10', 1),
(517, 1, 'Boys', '20211210-517', 'SIZE-2 4 6 8 10 12 14 16', '6e251d0681c9bd257180c10af6ab7334.jpg', '4829ca43ba79b3ce908c259c9b19344e.jpg', 8, '2021-12-10', 2),
(518, 1, 'Boys', '20211210-518', 'SIZE-2 4 6 8 10 12 14 16', 'd80c1698ab32114335f98612bc938b0f.jpg', '43b260a901b94a37ec5e086b630443a1.jpg', 8, '2021-12-10', 1),
(519, 1, 'Boys', '20211210-519', 'SIZE-2 4 6 8 10 12 14 16', '829e8acb7f96b2673a31bb7604ed299d.jpg', '43127b5ae1114b9f05fdbb5227e0c810.jpg', 8, '2021-12-10', 1),
(520, 1, 'Boys', '20211210-520', 'SIZE-2 4 6 8 10 12 14 16', '93a9d507ba619235da0109f233a86355.jpg', '5f9987462bccf3fd695223ca3b22ee19.jpg', 8, '2021-12-10', 2),
(521, 1, 'Boys', '20211210-521', 'SIZE-2 4 6 8 10 12 14 16', '0ecea2f480e1f2b66b8e3dacb0605c4d.jpg', '0cbe7898d2967bdaf9e0f0fab65c85bb.jpg', 8, '2021-12-10', 1),
(522, 1, 'Boys', '20211210-522', 'SIZE-2 4 6 8 10 12 14 16', '631397de873d4eb82d54deed9d349d06.jpg', 'b5627cb100c0e6fd1a5235911676db54.jpg', 8, '2021-12-10', 1),
(523, 1, 'Boys', '20211210-523', 'SIZE-2 4 6 8 10 12 14 16', '0ab312495873fc99a8e98e5032bd208c.jpg', '7c419a91575285c89343c08989720bf0.jpg', 8, '2021-12-10', 2),
(524, 1, 'Boys', '20211210-524', 'SIZE-2 4 6 8 10 12 14 16', '8b58a54e3516b85e73e64f6a75916ab9.jpg', 'f6f38bbb8daf58de1786ea4bbb229cf0.jpg', 8, '2021-12-10', 1),
(525, 1, 'Boys', '20211210-525', 'SIZE-2 4 6 8 10 12 14 16', '80beb7e3ba4df3f28923b26dc9973f82.jpg', 'cbfe9707309298f669e5f53430786805.jpg', 8, '2021-12-10', 2),
(526, 1, 'Boys', '20211210-526', 'SIZE-2 4 6 8 10 12 14 16', '0e0b4ec1e94fec63a44b98501fdd57de.jpg', '8798070b39a93d364a1c4e829250ffd8.jpg', 8, '2021-12-10', 2),
(527, 1, 'Boys', '20211210-527', 'SIZE-2 4 6 8 10 12 14 16', '5caa2fa494163e51aae397b0391f0756.jpg', '6114a84ebd8243997cbfa4f924a554cc.jpg', 8, '2021-12-10', 1),
(528, 1, 'Boys', '20211210-528', 'SIZE-2 4 6 8 10 12 14 16', 'b3cf0c6f8908028e60517db3141576d2.jpg', '7a583970d81959a4899be68400eb3855.jpg', 8, '2021-12-10', 1),
(529, 1, 'Boys', '20211210-529', 'SIZE-2 4 6 8 10 12 14 16', 'e6baf2dfc5d64df7b0081700c9789adb.jpg', 'bde937b7a98d9f753dee1b1593d3e34f.jpg', 8, '2021-12-10', 1),
(530, 1, 'Boys', '20211210-530', 'SIZE-2 4 6 8 10 12 14 16', '5ad85df7d162feb4bddd72b0270c6cda.jpg', 'b16e581da377ba54a48032328453b54c.jpg', 8, '2021-12-10', 1),
(531, 1, 'Boys', '20211210-531', 'SIZE-2 4 6 8 10 12 14 16', '86e0d9ba6b2c5fd7da951e83daeebd02.jpg', 'e078079783979f2cbd78a958becabb92.jpg', 8, '2021-12-10', 2),
(532, 1, 'Boys', '20211210-532', 'SIZE-2 4 6 8 10 12 14 16', 'e37b6b767ece9e56c5ba1441921a9fa0.jpg', '696370343eca35833ee06ce963b2bb02.jpg', 8, '2021-12-10', 2),
(533, 1, 'Boys', '20211210-533', 'SIZE-2 4 6 8 10 12 14 16', '6d1f01fb216b330a6b9cf73b12c4d425.jpg', '4955d816a83416926871ff469ede31fb.jpg', 8, '2021-12-10', 1),
(534, 1, 'Boys', '20211210-534', 'SIZE-2 4 6 8 10 12 14 16', '106598a72e1745dd0221191d7cbb6fd7.jpg', '72139c4021a208e525b96591acdb4f97.jpg', 8, '2021-12-10', 1),
(535, 1, 'Boys', '20211210-535', 'SIZE-2 4 6 8 10 12 14 16', '2589f438cb6fa4543bf3055279d4d3aa.jpg', '37d851c5d31ab36492f2c617f994a655.jpg', 8, '2021-12-10', 1),
(536, 1, 'Boys', '20211210-536', 'SIZE-2 4 6 8 10 12 14 16', 'd10dbea39ff9cf26cd4adf1243498295.jpg', 'a62a48c932e55aac7f39c9fb51280d7f.jpg', 8, '2021-12-10', 1),
(537, 1, 'Boys', '20211210-537', 'SIZE-2 4 6 8 10 12 14 16', '3c963a2607184404c2cd65601de78fe0.jpg', 'd8f0246c6ba274f45baf4b33ece51654.jpg', 8, '2021-12-10', 1),
(538, 1, 'Boys', '20211210-538', 'SIZE-2 4 6 8 10 12 14 16', '795257e369e2c21d7ab404fef19c5e34.jpg', '6d1ab7e5390816c2d87d9f41657ed149.jpg', 8, '2021-12-10', 1),
(539, 1, 'Boys', '20211210-539', 'SIZE-2 4 6 8 10 12 14 16', '14349e13bceeaac131f7d0d127607b9e.jpg', '096672e234f790786da72ad92b863715.jpg', 8, '2021-12-10', 1),
(540, 1, 'Boys', '20211210-540', 'SIZE-2 4 6 8 10 12 14 16', 'fece0acdbd06c18d60656c1783d54bb1.jpg', '7a20286c3b6f1299bd9392fa7009f0c9.jpg', 8, '2021-12-10', 2),
(541, 1, 'Boys', '20211210-541', 'SIZE-2 4 6 8 10 12 14 16', 'eb0e3ace2957dbc29035fb8be6c5be7b.jpg', '2f74ff35d24a0a754dbd3b107a80c026.jpg', 8, '2021-12-10', 2),
(542, 1, 'Boys', '20211210-542', 'SIZE-2 4 6 8 10 12 14 16', '10d696795f71eef4578845d5cbb3582b.jpg', '8a8489b6fec47383bde56e8af1b1de9e.jpg', 8, '2021-12-10', 2),
(543, 1, 'Boys', '20211210-543', 'SIZE-2 4 6 8 10 12 14 16', '52e7931331c72875e09508eb6393a044.jpg', '3e6c31687a3e6a9bc5929348526e763f.jpg', 8, '2021-12-10', 2),
(544, 1, 'Boys', '20211210-544', 'SIZE-2 4 6 8 10 12 14 16', 'fda9578143329941b0237c65d36841c0.jpg', 'f90fa27a1227b0e648f9f2e93cfa6571.jpg', 8, '2021-12-10', 2),
(545, 1, 'Boys', '20211210-545', 'SIZE-2 4 6 8 10 12 14 16', '9ced0505a91e10c2df4b752f9e6dff5f.jpg', 'accc47d11ed72b1802da00d02b8daed4.jpg', 8, '2021-12-10', 2),
(546, 1, 'Boys', '20211210-546', 'SIZE-2 4 6 8 10 12 14 16', '5b31e0db73525235e7035c4a6a279f54.jpg', '0207a312e4058141fc763bc142fd5415.jpg', 8, '2021-12-10', 2),
(547, 1, 'Boys', '20211210-547', 'SIZE-2 4 6 8 10 12 14 16', '9e1b92af8128b934b9f7c300bf884761.jpg', '621762e6300e0dbc0ad847e701101385.jpg', 8, '2021-12-10', 1),
(548, 1, 'Boys', '20211210-548', 'SIZE-2 4 6 8 10 12 14 16', '7bc2b82bf5a164c02e91d6ef8d5f20c8.jpg', '4bf6d850e808ca5395fc51eda843d6be.jpg', 8, '2021-12-10', 1),
(549, 1, 'Boys', '20211210-549', 'SIZE-2 4 6 8 10 12 14 16', 'e27cbf4fd3387259770ecd4afafc7ebb.jpg', 'f0322121379544b9eb1c8a01256a54f5.jpg', 8, '2021-12-10', 1),
(550, 3, 'Boys', '20211210-550', 'SIZE- 12M 18M 24M', '8812e12a796fb80ee2e28449f3038c09.jpeg', 'a8012adbdf05a3286d5abc936257d159.jpeg', 9, '2021-12-10', 1),
(551, 2, 'Girls', '20211211-551', 'SIZE-2 4 6 8 10 12 14 16', 'eed6799683e341549aa98ffc837eda6b.jpg', '60d3b6dfdb9fa43818e7f3239fedccbc.jpg', 8, '2021-12-11', 2),
(552, 2, 'Girls', '20211211-552', 'SIZE-2 4 6 8 10 12 14 16', '07b1f8716feea5fa9912c8df4e299fa1.jpg', '2cefa812a1e4dc5c681ab9e9f604a7ff.jpg', 8, '2021-12-11', 2),
(553, 2, 'Girls', '20211211-553', 'SIZE-2 4 6 8 10 12 14 16', '98fd3270e0b9844f6c922e338960975a.jpg', '0c6b30d023a30eb840418ec535e75a7a.jpg', 8, '2021-12-11', 1),
(554, 2, 'Girls', '20211211-554', 'SIZE-2 4 6 8 10 12 14 16', 'a9f43eb66ffb57216961cc701b87c294.jpg', '2d29921f4276f9498c2a680d9064ede9.jpg', 8, '2021-12-11', 1),
(555, 2, 'Girls', '20211211-555', 'SIZE-2 4 6 8 10 12 14 16', 'f7eaed4d76a7c248b9f15c6ccb69ae72.jpg', '14e5023de3f9447b7b44cc8abc044957.jpg', 8, '2021-12-11', 2),
(556, 2, 'Girls', '20211211-556', 'SIZE-2 4 6 8 10 12 14 16', '5ffa1a2ab836e8456d217125cfcba73e.jpg', '00e0cfd10cecc0637fb440c64a0b6e20.jpg', 8, '2021-12-11', 2),
(557, 2, 'Girls', '20211211-557', 'SIZE-2 4 6 8 10 12 14 16', '3ebb852fbecfdd458df355ad6dd812a7.jpg', '11c70eed594266bf0a1c584d324f8361.jpg', 8, '2021-12-11', 2),
(558, 2, 'Girls', '20211211-558', 'SIZE-2 4 6 8 10 12 14 16', 'b99c88274418994c3773fc0997b62389.jpg', 'd94ae6cfc6054991b3e6ebdcf0e09f98.jpg', 8, '2021-12-11', 2),
(559, 2, 'Girls', '20211211-559', 'SIZE-2 4 6 8 10 12 14 16', '01d48b124c7ae3633f0a01ffb0d11ae2.jpg', '0a3dfac4469855aebb634ade53110dea.jpg', 8, '2021-12-11', 2),
(560, 2, 'Girls', '20211211-560', 'SIZE-2 4 6 8 10 12 14 16', '093935e29a6758fa7dd71f55f2dc6100.jpg', '2938fd4298baec2e0f79699e0f72f8fd.jpg', 8, '2021-12-11', 2),
(561, 2, 'Girls', '20211211-561', 'SIZE-2 4 6 8 10 12 14 16', '07cef8938a1e41adebb64649b4f430ef.jpg', '0ddef418a5925c33f468c5bfe6a4fb00.jpg', 8, '2021-12-11', 1),
(562, 2, 'Girls', '20211211-562', 'SIZE-2 4 6 8 10 12 14 16', '7150a2ac8c9faf4377756c9de8c0bf94.jpg', '3a10b7b0786319bba9fec475b4a732b7.jpg', 8, '2021-12-11', 2),
(563, 2, 'Girls', '20211211-563', 'SIZE-2 4 6 8 10 12 14 16', '1b57eae7ae0fcffabcafca3a4d953414.jpg', 'e549a9e20e2a56aa9fd96b666d08f1c6.jpg', 8, '2021-12-11', 1),
(564, 2, 'Girls', '20211211-564', 'SIZE-2 4 6 8 10 12 14 16', '9d5851939520de6c5a8b646bf59941da.jpg', 'da86c19334c2826776803af05cdd11ab.jpg', 8, '2021-12-11', 1),
(565, 2, 'Girls', '20211211-565', 'SIZE-2 4 6 8 10 12 14 16', '7fd90df852ca0cd041c2781230f6a265.jpg', '9428a6ed2c26fc01aa6a1fe5cc1257e6.jpg', 8, '2021-12-11', 2),
(566, 2, 'Girls', '20211211-566', 'SIZE-2 4 6 8 10 12 14 16', '0b1797eb9abe8d85bb853532dff7d49a.jpg', '5f4bbcbf869a2c60887ecda71756504e.jpg', 8, '2021-12-11', 2),
(567, 2, 'Girls', '20211211-567', 'SIZE-2 4 6 8 10 12 14 16', '6139634515d585a549063182bec8458a.jpg', 'bc750b99b4b0874adab791cbf702363f.jpg', 8, '2021-12-11', 2),
(568, 2, 'Girls', '20211211-568', 'SIZE-2 4 6 8 10 12 14 16', '9f85b905ee061b583d9720162ae6747c.jpg', 'a34fd64f63ec4b2054710c34cd6b514e.jpg', 8, '2021-12-11', 1),
(569, 2, 'Girls', '20211211-569', 'SIZE-2 4 6 8 10 12 14 16', 'c4ca52fa4c89edff8240d960245be9ee.jpg', 'e9e0b0279821789e94d969afaf540f4b.jpg', 8, '2021-12-11', 1),
(570, 2, 'Girls', '20211211-570', 'SIZE-2 4 6 8 10 12 14 16', 'e6fd5e576b6683ae13193ecf1ee89e80.jpg', '4bdcc81caeef96a422f5bfab6b86c784.jpg', 8, '2021-12-11', 1),
(571, 2, 'Girls', '20211211-571', 'SIZE-2 4 6 8 10 12 14 16', 'e8a3b6a2eaa3a69877bdfb0de1b851cd.jpg', '54beaacd3e3801786ca7ac21d22d418d.jpg', 8, '2021-12-11', 1),
(572, 2, 'Girls', '20211211-572', 'SIZE-2 4 6 8 10 12 14 16', 'c34664c096cf55029bf11bf8ec39dfdc.jpg', '600e6365cd4f2aa3f4c91758d3a4ff0b.jpg', 8, '2021-12-11', 2),
(573, 2, 'Girls', '20211211-573', 'SIZE-2 4 6 8 10 12 14 16', '2c842cf82da001d96ffb2386b7ede3b4.jpg', 'f32d866c71575364c19d6ed1916f40ee.jpg', 8, '2021-12-11', 2),
(574, 2, 'Girls', '20211211-574', 'SIZE-2 4 6 8 10 12 14 16', 'b8e3ec2c74dee7bb761a8fb6a5fdc40d.jpg', '3022630efdb26cfbb74d62c50ef46cb3.jpg', 8, '2021-12-11', 2),
(575, 2, 'Girls', '20211211-575', 'SIZE-2 4 6 8 10 12 14 16', 'de13fbd33a73ca18bd3092d076682b50.jpg', '95bde01952607a00145c71fc8e0e76aa.jpg', 8, '2021-12-11', 2),
(576, 2, 'Girls', '20211211-576', 'SIZE-2 4 6 8 10 12 14 16', '58905604db61b6385aea01a8c4207f3d.jpg', '7dca85d252ff84cfa1d65ce9bf68cb6b.jpg', 8, '2021-12-11', 2),
(577, 2, 'Girls', '20211211-577', 'SIZE-2 4 6 8 10 12 14 16', '5d68c8eb5a3fed9af782c59d0dad7bf6.jpg', 'bbce53d61caa94bfe6bf354928164b71.jpg', 8, '2021-12-11', 1),
(578, 2, 'Girls', '20211211-578', 'SIZE-2 4 6 8 10 12 14 16', 'e4ed91350f18cb91bb2497e5a4d3e011.jpg', '2573ce441e6f8f9ce8f67f30c1cb1c2c.jpg', 8, '2021-12-11', 2),
(579, 2, 'Girls', '20211211-579', 'SIZE-2 4 6 8 10 12 14 16', '12af7235a382f382fe7eba130043c84f.jpg', '690f7013850214f46036ed219002a37d.jpg', 8, '2021-12-11', 1),
(580, 2, 'Girls', '20211211-580', 'SIZE-2 4 6 8 10 12 14 16', '114248c41a2fffdc8bab574fbcfc6a55.jpg', 'a8318c952db971f1768991659108f8b5.jpg', 8, '2021-12-11', 1),
(581, 2, 'Girls', '20211211-581', 'SIZE-2 4 6 8 10 12 14 16', '2d9fd7b7b64ceefde51a30fc8f1a2459.jpg', '513c0b2a2dc3edc86e2dc068ab6077d0.jpg', 8, '2021-12-11', 1),
(582, 2, 'Girls', '20211211-582', 'SIZE-2 4 6 8 10 12 14 16', '3f36e7f26ca6405b50e8f8245242571e.jpg', '8d42b059cc8ef94eebc4dcdae1cf9d02.jpg', 8, '2021-12-11', 1),
(583, 2, 'Girls', '20211211-583', 'SIZE-2 4 6 8 10 12 14 16', 'f71d44e9ee4c2a517e9e56fbd62de42d.jpg', '8a9eab7229e168b0688e64f3cb9eb410.jpg', 8, '2021-12-11', 1),
(584, 2, 'Girls', '20211211-584', 'SIZE-2 4 6 8 10 12 14 16', 'b6cd42327c616deeba271de6e95dd4ab.jpg', 'a051d0f1931eedcd3a71a17960eba938.jpg', 8, '2021-12-11', 2),
(585, 2, 'Girls', '20211211-585', 'SIZE-2 4 6 8 10 12 14 16', 'd7fc329f442f9f04977dbfc2673d293c.jpg', 'f3fdac903027d637a39a33a63749400b.jpg', 8, '2021-12-11', 2),
(586, 2, 'Girls', '20211211-586', 'SIZE-2 4 6 8 10 12 14 16', '205075b281a8f45d13b47bc19e320e23.jpg', 'a63d9fc0c55b1f330c8d1d656b955d17.jpg', 8, '2021-12-11', 2),
(587, 2, 'Girls', '20211211-587', 'SIZE-2 4 6 8 10 12 14 16', '29704bf22e8cde8bb2261789a93f6c62.jpg', '55c67677884cc2526071e35f24d3db85.jpg', 8, '2021-12-11', 1),
(588, 2, 'Girls', '20211211-588', 'SIZE-2 4 6 8 10 12 14 16', 'b4e62117ad6e29747117354437cf902c.jpg', '57efe7f087ffb6eb6ba8b70ebd3d789b.jpg', 8, '2021-12-11', 1),
(589, 2, 'Girls', '20211211-589', 'SIZE-2 4 6 8 10 12 14 16', '6070e97286df7ad2b4ecfd8c9e28c5d6.jpg', '6376f35052e2ec6e0d9e87f81ed81397.jpg', 8, '2021-12-11', 2),
(590, 2, 'Girls', '20211211-590', 'SIZE-2 4 6 8 10 12 14 16', '263058d6ef358e6bc39ee5c7f6b43389.jpg', 'ef24c172a5bb16aa05aa2deead7e22bf.jpg', 8, '2021-12-11', 1),
(591, 2, 'Girls', '20211211-591', 'SIZE-2 4 6 8 10 12 14 16', 'ae5ec5850b982f2c5a15c8d43056dfbf.jpg', '53b32a7e46199da583bec5a0e4e09899.jpg', 8, '2021-12-11', 1),
(592, 2, 'Girls', '20211211-592', 'SIZE-2 4 6 8 10 12 14 16', '1bddc64ce95db60068cab5407a83d73c.jpg', '1a3b530b900f375af06fdef151cdd41b.jpg', 8, '2021-12-11', 2),
(593, 2, 'Girls', '20211211-593', 'SIZE-2 4 6 8 10 12 14 16', '7a632fb972360b743c81070370612f9b.jpg', '1068c7e0f2165a7ab534d418e3648ad7.jpg', 8, '2021-12-11', 2),
(594, 2, 'Girls', '20211211-594', 'SIZE-2 4 6 8 10 12 14 16', 'e3043044d4e0bc065664f22881236b85.jpg', '2b62794c4a1da33903bf782281e9f32e.jpg', 8, '2021-12-11', 1),
(595, 2, 'Girls', '20211211-595', 'SIZE-2 4 6 8 10 12 14 16', '73b8de0d3f325ec9145707ee7ea7d2b9.jpg', 'dbc94bce4031796da96372a164df9de7.jpg', 8, '2021-12-11', 1),
(596, 2, 'Girls', '20211211-596', 'SIZE-2 4 6 8 10 12 14 16', '1f9ea9829e97b59ce464c2a64d405432.jpg', '13a9e6c5b90d793b82b369b69855ce58.jpg', 8, '2021-12-11', 2),
(597, 2, 'Girls', '20211211-597', 'SIZE-2 4 6 8 10 12 14 16', 'b49714d3b6ecf9a680258bbc89c51e5a.jpg', 'b4474501bc23537d5626c6cc25a0d890.jpg', 8, '2021-12-11', 2),
(598, 2, 'Girls', '20211211-598', 'SIZE-2 4 6 8 10 12 14 16', '0258e8045c2187bc96db973a4ea2fa2f.jpg', 'bf843cdf7252935ceb8a77c1cbbd58f5.jpg', 8, '2021-12-11', 2),
(599, 2, 'Girls', '20211211-599', 'SIZE-2 4 6 8 10 12 14 16', '8f74276d6d411397e6e0d21c26b99061.jpg', '7ec43b282e9ba02e036046b326edaf43.jpg', 8, '2021-12-11', 2),
(600, 2, 'Girls', '20211211-600', 'SIZE-2 4 6 8 10 12 14 16', 'da52b29fd240e6ab2ee82eb25f79b120.jpg', 'd99438275b0c9fe8b1f23105b81d4760.jpg', 8, '2021-12-11', 2),
(601, 2, 'Girls', '20211211-601', 'SIZE-2 4 6 8 10 12 14 16', '3f53f69540fc3d82f0d5312102824279.jpg', 'b43622e501f2547460c9fbd61842af7d.jpg', 8, '2021-12-11', 2),
(602, 2, 'Girls', '20211211-602', 'SIZE-2 4 6 8 10 12 14 16', '5057126451b0176e86baf05fd2002ecf.jpg', '87e7f00d2faf26e56d5f3b5476ef4f82.jpg', 8, '2021-12-11', 2),
(603, 2, 'Girls', '20211211-603', 'SIZE-2 4 6 8 10 12 14 16', 'f6e5226e967e65f23ac5a2ca48e2a096.jpg', '5c75410b4588b7918f75d20947458c0c.jpg', 8, '2021-12-11', 1),
(604, 2, 'Girls', '20211211-604', 'SIZE-2 4 6 8 10 12 14 16', '68effff619611bc5e501ba683100d196.jpg', 'f952d498af61e69047ec6a26f37b7598.jpg', 8, '2021-12-11', 2),
(605, 3, 'Baby Boy', '20211216-605', 'SIZE-12M.18M.24M', 'ac1e4d3a82f74687026229fdee8266f8.jpg', '7b5cc227b44a7faa599218736d3bc1dc.jpg', 8, '2021-12-16', 1),
(606, 3, 'Baby Boy', '20211216-606', 'SIZE-12M.18M.24M', 'c964f2ba7050f22df3c66e57e59b3c49.jpg', 'd94dccc1766382932d96eddac48b1654.jpg', 8, '2021-12-16', 1),
(607, 3, 'Baby Boy', '20211216-607', 'SIZE-12M.18M.24M', '837cc1e88ee61318857c833ff3eccf67.jpg', '9fce7ee79aae1750f735f6ffecd12fe7.jpg', 8, '2021-12-16', 1),
(608, 3, 'Baby Boy', '20211216-608', 'SIZE-12M.18M.24M', '0ae7c6991402b179812c3c937f43a4b3.jpg', '73e07d0130f6c056cc33994bc0fc2e6a.jpg', 8, '2021-12-16', 1),
(609, 3, 'Baby Boy', '20211216-609', 'SIZE-12M.18M.24M', '3dff323bc5fdee8e3c9495e827d375a4.jpg', 'efbe9db8c66fc8ec0a8a001dd7821291.jpg', 8, '2021-12-16', 1),
(610, 3, 'Baby Boy', '20211216-610', 'SIZE-12M.18M.24M', '159ba732500bb27804b9c1140ea30dbd.jpg', '1d0dc958e1a8f02aeb801cef0530f432.jpg', 8, '2021-12-16', 1),
(611, 3, 'Baby Boy', '20211216-611', 'SIZE-12M.18M.24M', 'e2168fd3cd78105d4f7836846eee1bb3.jpg', 'd1bff7e4d7cab5574d293ae31468260a.jpg', 8, '2021-12-16', 2),
(612, 3, 'Baby Boy', '20211216-612', 'SIZE-12M.18M.24M', 'ab7f005c97086937bc3838097b6d724a.jpg', '1ac0e42fac572bb54fad064c9ddc2272.jpg', 8, '2021-12-16', 1),
(613, 3, 'Baby Boy', '20211216-613', 'SIZE-12M.18M.24M', 'fe2372b748730db6419004d161045b7b.jpg', '9cf9f87382efec297740895a3a152e96.jpg', 8, '2021-12-16', 1),
(614, 3, 'Baby Boy', '20211216-614', 'SIZE-12M.18M.24M', 'c0145eca0b66a4817f96d1ee493de281.jpg', '016af665d3d3fcd552841123f54efefa.jpg', 8, '2021-12-16', 1),
(615, 1, 'Boys', '20211219-615', 'SIZE-2 4 6 8 10 12', '31ffbb18b6d40e952ba3e9ddd8b9b34e.jpg', '3f6ae5b29b9a85d87109c01b035d3f18.jpg', 8, '2021-12-19', 2),
(616, 1, 'Boys', '20211219-616', 'SIZE-2 4 6 8 10 12', 'd64d3a1260fbd08e46e92325760092a7.jpg', '27956b479b0cde309ea652271c20353c.jpg', 8, '2021-12-19', 2),
(617, 1, 'Boys', '20211219-617', 'SIZE-2 4 6 8 10 12', '85d3cc31dafb8d85112f7242691bcea6.jpg', '3a3d92b3cfcfac43a5eeb28c35e4eb79.jpg', 8, '2021-12-19', 2),
(618, 1, 'Boys', '20211219-618', 'SIZE-2 4 6 8 10 12', '791a4a05b69b5432a85324912fc51d34.jpg', '0eea15506aa3ded31b5bf8f7467f2c27.jpg', 8, '2021-12-19', 2),
(619, 2, 'Girls', '20211219-619', 'SIZE-2 4 6 8 10 12', '403b05e1c857efa8c9a90a05b9c0d560.jpg', '73a5b62f9bc912c4b5be35b3b24ae404.jpg', 8, '2021-12-19', 2),
(620, 2, 'Girls', '20211219-620', 'SIZE-2 4 6 8 10 12', '7cc1c3e453f0612bceedef8036382a38.jpg', '46df50adf41a6bc7d2807f956717c22d.jpg', 8, '2021-12-19', 2),
(621, 1, 'Boys', '20211219-621', 'SIZE-12M.18M.24M', 'f71af307cc07795175fd8a7428d6a05e.jpg', 'bdf57ba28c513f6960a77152e42c9bb1.jpg', 8, '2021-12-19', 1),
(622, 3, 'Baby Boy', '20211219-622', 'SIZE-12M.18M.24M', 'ade5e0469492c9d546bd5f28ac69a8c8.jpg', '78ebb5f222c0f4e8c6ad451be594e1ea.jpg', 8, '2021-12-19', 1),
(623, 3, 'Baby Boy', '20211219-623', 'SIZE-12M.18M.24M', 'cbf28b4528580def4e1c628928ebd042.jpg', '6db1c8044b7ffb5280d7831f1a2ccbf2.jpg', 8, '2021-12-19', 1),
(624, 3, 'Baby Boy', '20211219-624', 'Size= 0-3', '6cee4956ceb86994e18c4915faa37a0a.jpg', 'cfb79a5c8b6aa62887e2c848012e7bec.jpg', 8, '2021-12-19', 1),
(625, 3, 'Baby Boy', '20211219-625', 'Size= 0-3', 'a4630efca7b92698373dc334e0bfc0a2.jpg', '826f87f53c9dbd0347e52ce02a90858a.jpg', 8, '2021-12-19', 1),
(626, 3, 'Baby Boy', '20211219-626', 'Size= 0-3', 'f88c6690933ef97019ce6a005c26af63.jpg', '7ef0f8a433f614c37898a2783646bf4d.jpg', 8, '2021-12-19', 1),
(627, 3, 'Baby Boy', '20211219-627', 'Size= 0-3', '34e03675d195f3e922e3d6b6d5c587a3.jpg', '874a3a69f13725b334aa88195c85085a.jpg', 8, '2021-12-19', 1),
(628, 3, 'Baby Boy', '20211219-628', 'Size= 0-3', '124a0c82ba62a78301a1ad6d11ce5df1.jpg', '06b23fd6fc2eb222176459e52997920d.jpg', 8, '2021-12-19', 1),
(629, 3, 'Baby Boy', '20211219-629', 'Size= 0-3', '16dae888012a8865cf5a22ac5792008f.jpg', '17464459a064983d5d20fa00d8761d06.jpg', 8, '2021-12-19', 1),
(630, 3, 'Baby Boy', '20211219-630', 'Size= 0-3', 'c0ad41c758df5e080941f6b3198bb64a.jpg', '29d08e4c36893f970753e9933b73f8a0.jpg', 8, '2021-12-19', 1),
(631, 3, 'Baby Boy', '20211219-631', 'Size= 0-3', '736ee63a7f553f7f0b3fd9611b28eb76.jpg', 'c17c70771ebee1869d0102a18cfca38c.jpg', 8, '2021-12-19', 1),
(632, 4, 'Baby Girl', '20211226-632', 'SIZE-12M.18M.24M', 'd27735d45e05254664f811eabc837d7e.jpg', '2e2dd1d52ad85a16c7e9ee80ead1334e.jpg', 8, '2021-12-26', 1),
(633, 4, 'Baby Girl', '20211226-633', 'SIZE-12M.18M.24M', '724df091f0f7a84d091fb0f9aad18103.jpg', '31f29a16d7e675b2515be0c9745afe71.jpg', 8, '2021-12-26', 1),
(634, 4, 'Baby Girl', '20211226-634', 'SIZE-12M.18M.24M', 'f9b6e54feb3dbf83da9518512bea505d.jpg', '45fdae70ba01548488f4b0fc789c2990.jpg', 8, '2021-12-26', 1),
(635, 4, 'Baby Girl', '20211226-635', 'SIZE-12M.18M.24M', 'e09349ac71b152c3a38b350f056f0d1e.jpg', '35daa9072b8ec6e4be47df6971f333b4.jpg', 8, '2021-12-26', 1),
(636, 4, 'Baby Girl', '20211226-636', 'SIZE-12M.18M.24M', '1a1e3b36b807ffac3c9edb7ab1c2022d.jpg', 'cfba506e6a63ee4a6304a67b47b741b5.jpg', 8, '2021-12-26', 1),
(637, 1, 'Boys', '20211226-637', 'SIZE-2 4 6 8 10 12', '3031b3c0c674bfe11590c17ebab59175.jpg', 'f4a63e3112eb406711b3f14993330acc.jpg', 8, '2021-12-26', 2),
(638, 1, 'Boys', '20211226-638', 'SIZE-2 4 6 8 10 12', '76d7eb7dc30ed8d3990f850089a5371e.jpg', '90700de2eda4970c84cb97746decad61.jpg', 8, '2021-12-26', 2),
(639, 1, 'Boys', '20211226-639', 'SIZE-2 4 6 8 10 12', 'fb5097ec77e4ac7e3489ed9880625618.jpg', 'b8cec9d6102949046649a5a02d2645f6.jpg', 8, '2021-12-26', 2),
(640, 2, 'Girls', '20211226-640', 'SIZE-2 4 6 8 10 12', '4d6d01f8c45701f4dbbac0cc7339fbfc.jpg', '8eec6ae234794e49863ce0a60dd892f1.jpg', 8, '2021-12-26', 2),
(641, 2, 'Girls', '20211226-641', 'SIZE-2 4 6 8 10 12', 'b201848855dc9f1c88d9850a0bdf745e.jpg', 'aa55255e3a48af39ea5b84dbfd679aa8.jpg', 8, '2021-12-26', 2),
(642, 4, 'Baby Girl', '20220103-642', 'SIZE-12M.18M.24M', '32ee4d97ac8bc9bb47cd45ee735b5f6a.jpg', 'fa6f6496b8350dcaa130d610f422c19a.jpg', 8, '2022-01-03', 1),
(643, 4, 'Baby Girl', '20220103-643', '0 -3', '38be6b8f0e3514cc5990cf7da34f18d4.jpg', '02180b0d39d091cd4f8a86a957517868.jpg', 8, '2022-01-03', 1),
(644, 4, 'Baby Girl', '20220103-644', '0 -3', '0d138bfcc49e1d93b37bb4b9c5cbb36c.jpg', '3d6b99c98823188f23a615b46c1c2580.jpg', 8, '2022-01-03', 1),
(645, 4, 'Baby Girl', '20220103-645', '0 -3', '58fbe08a86af2765f42137310e84a8c1.jpg', 'eab6a97ee6b4aea984fc45eeed6ae2eb.jpg', 8, '2022-01-03', 1),
(646, 4, 'Baby Girl', '20220103-646', '0 -3', '127a24bfdaf7443889b702979e05dc9b.jpg', '10181113f003abd7bd4ddfa5104423c2.jpg', 8, '2022-01-03', 1),
(647, 4, 'Baby Girl', '20220103-647', '0 -3', 'd16b72acc75a4d859058626552e04562.jpg', '09d840fe051536027c0754b6909cf8e7.jpg', 8, '2022-01-03', 1),
(648, 4, 'Baby Girl', '20220103-648', '0 -3', '2c24187ffce847e78f0206c01db15d19.jpg', 'af8bc1bdfe651fc0ea6ebaacf7fa8e48.jpg', 8, '2022-01-03', 1),
(649, 4, 'Baby Girl', '20220103-649', '0 -3', 'f4802da23e8a0bc36e915b606cfd6ccb.jpg', 'e51d86bfeaaa8f967f535ee296a2d163.jpg', 8, '2022-01-03', 1),
(650, 4, 'Baby Girl', '20220103-650', '0 -3', 'e3109b1bd1f92b5170f3657f29398143.jpg', '22a41b6867014e1fb25d383875161e5a.jpg', 8, '2022-01-03', 1),
(651, 4, 'Baby Girl', '20220103-651', '0 -3', 'd09f191aef0c11fc6ef4b4de6ea8d744.jpg', '510e6db561bb5f752981ad19d4e27716.jpg', 8, '2022-01-03', 1);
INSERT INTO `product_info` (`product_id`, `category_id`, `product_name`, `product_code`, `product_size`, `product_thumb`, `product_img`, `user_id`, `create_date`, `status`) VALUES
(652, 4, 'Baby Girl', '20220103-652', '0 -3', 'c6680a32e6d8d6390f1d6c120093c34f.jpg', '095b459e68e5a3bf8a228745a3839d6b.jpg', 8, '2022-01-03', 1),
(653, 4, 'Baby Girl', '20220103-653', '0 -3', '14b783a1dcf287a0f44fe35e5cec2e1d.jpg', '6feda51121f356abe0968ac8497c2d04.jpg', 8, '2022-01-03', 1),
(654, 4, 'Baby Girl', '20220103-654', '0 -3', '9b34b05a5e50f20f016e2e83e7bff23a.jpg', '8c7029fc82d38dd55c2386da0e90998b.jpg', 8, '2022-01-03', 1),
(655, 4, 'Baby Girl', '20220103-655', '0 -3', '4b2b78b3bb81d7333187a99360462111.jpg', '9dbe2d34b638d85ba0b30bc6990ced81.jpg', 8, '2022-01-03', 1),
(656, 4, 'Baby Girl', '20220103-656', '0 -3', '073c489d6fb715b736ef1ad05818c2b7.jpg', 'c3f3cbeca12de6c6515360334229fcee.jpg', 8, '2022-01-03', 1),
(657, 4, 'Baby Girl', '20220103-657', '0 -3', '9e42142921fde9fc6867c8553137d65c.jpg', '795bb8864f6adde283b9fe863d7ccaa3.jpg', 8, '2022-01-03', 1),
(658, 4, 'Baby Girl', '20220103-658', '0 -3', 'd8dd30c1581529b28200063435fd5be6.jpg', '823b33ecd4e070bce2dfa6a59df44a12.jpg', 8, '2022-01-03', 1),
(659, 4, 'Baby Girl', '20220103-659', '0 -3', '778320419797981d334cf142a4f47eae.jpg', 'fb74c2eb78a1e9372d685c6368da1016.jpg', 8, '2022-01-03', 1),
(660, 4, 'Baby Girl', '20220103-660', '0 -3', '63db27fa7d15fd91756569a920cf5a39.jpg', '45cfa8531f9afa41761d69fbdb9c01f7.jpg', 8, '2022-01-03', 1),
(661, 4, 'Baby Girl', '20220103-661', '0 -3', '9f8ad18ae1c491b1e7f7de7fce3382a2.jpg', '54304e279072dc14c241d66c5ea2e5a5.jpg', 8, '2022-01-03', 1),
(662, 12, 'Baby changing Bag', '20220103-662', 'Free size', '9199bfb61b976005cb716d560b56f12f.jpg', '920e951649576c39750817a851954ebf.jpg', 8, '2022-01-03', 1),
(663, 12, 'Baby changing Bag', '20220103-663', 'Free size', '59a7c048a9672a848a08467b86e1e2a5.jpg', 'c6688e04a4fef01c568bfe0e1d90cb98.jpg', 8, '2022-01-03', 1),
(664, 12, 'Baby changing Bag', '20220103-664', 'Free size', '99574e5e6a436e0f11c9b51948ed5fd6.jpg', 'a287c31fada5ce92267604a2127299f4.jpg', 8, '2022-01-03', 1),
(665, 12, 'Baby changing Bag', '20220103-665', 'Free size', '23336d218aab2e1b08584eceadff65ec.jpg', 'b6fb61a1116d704f7f8c022bc78d5c1b.jpg', 8, '2022-01-03', 1),
(666, 12, 'Baby changing Bag', '20220103-666', 'Free size', '3a4d4e704d7ce798f0dd34332991233b.jpg', '5c9cecab8fb9e2e3a97416aebd0ee373.jpg', 8, '2022-01-03', 1),
(667, 12, 'Baby changing Bag', '20220103-667', 'Free size', 'a30bd374b138364868bf81cd8c385f99.jpg', '9225cfe4ac6beadfbb049faf11849e63.jpg', 8, '2022-01-03', 1),
(668, 12, 'Baby changing Bag', '20220103-668', 'Free size', '9a40055b0ed81519e1b7be2669e11cf9.jpg', 'bb7abe732c892a98203f526af18b4412.jpg', 8, '2022-01-03', 1),
(669, 12, 'Baby changing Bag', '20220103-669', 'Free size', '2473505749fca6938f4f7cc643c80555.jpg', '6f604abaa8122935dd2ebfae13b6f093.jpg', 8, '2022-01-03', 1),
(670, 1, 'Boys', '20220106-670', 'SIZE-2 4 6 8 10 12 14 16', '143c2ddad3a2c171112e612b2a84ac64.jpg', '503418216fdeb3e734ee6522e6b48d92.jpg', 8, '2022-01-06', 1),
(671, 1, 'Boys', '20220106-671', 'SIZE-2 4 6 8 10 12 14 16', '9984ffd2fce52aa893342a66004aec02.jpg', 'ad5c519a8d90470d5050c812971ef80d.jpg', 8, '2022-01-06', 1),
(672, 1, 'Boys', '20220106-672', 'SIZE-2 4 6 8 10 12 14 16', 'b311626900a83018a422a3b6cf095a97.jpg', '5015b7eecead106506942b8b76f1d6c4.jpg', 8, '2022-01-06', 2),
(673, 3, 'Baby Boy', '20220106-673', 'SIZE-12M.18M.24M', 'ec6c8aa7d56b4c2f2261abe1ade6bd0e.jpg', '09c3905d4b1bcf6de0b9fb60d4b004c4.jpg', 8, '2022-01-06', 1),
(674, 3, 'Baby Boy', '20220106-674', 'SIZE-12M.18M.24M', '04edfb174184ae7361493a891bee17e9.jpg', '658c0a8f87fe2fa2051da885babeb59f.jpg', 8, '2022-01-06', 1),
(675, 3, 'Baby Boy', '20220106-675', 'SIZE-12M.18M.24M', '172c24114342a5e0b2b10598716bc364.jpg', '3c320a5211f535f718cbea4f5598128a.jpg', 8, '2022-01-06', 1),
(676, 3, 'Baby Boy', '20220125-676', '0 -3', 'b34d177ad5ab54c6bbd4c4a70bf1cb05.jpg', '72055d631b0321822f9d7326685a4633.jpg', 8, '2022-01-25', 1),
(677, 4, 'Baby Girl', '20220125-677', '0 -3', '4f9d42756e717f6c43a2f0bf1079aaca.jpg', 'd64a879ed186529e56a1da8df7d87984.jpg', 8, '2022-01-25', 1),
(678, 1, 'Boys', '20220130-678', 'SIZE-2 4 6 8 10 12 14 16 18', '5a61b8306f237899c0954721936d93ec.png', '148946c4ff28f46db2d81e054fe37bd3.png', 8, '2022-01-30', 2),
(679, 1, 'Boys', '20220130-679', 'SIZE-2 4 6 8 10 12 14 16.18', '2f9e87f5cbfffa54f3d168554007ef6e.png', '6629b7a612fc96ae219f7d10c0a59641.png', 8, '2022-01-30', 1),
(680, 1, 'Boys', '20220130-680', 'SIZE-2 4 6 8 10 12 14 16 18', 'f95d1282ae20af910f742214ce5d95e1.png', 'c8a72dd31524bc267ecf559de0e42c91.png', 8, '2022-01-30', 1),
(681, 1, 'Boys', '20220130-681', 'SIZE-2 4 6 8 10 12 14 16 18', 'b2a5e7775199976ac50b2753c616aa45.png', 'fc7ff2335bc1c22cd60c2d1e34627c74.png', 8, '2022-01-30', 1),
(682, 1, 'Boys', '20220130-682', 'SIZE-2 4 6 8 10 12 14 16 18', 'e1b6ad128d3a1fb468e1f0cc8c318d58.png', '34042607ecbe273fd8519f1667366cea.png', 8, '2022-01-30', 1),
(683, 3, 'Baby Boy', '20220130-683', 'SIZE-12M.18M.24M', 'cea56dd528369979950565cc41079e03.png', 'cc5b2a9d9c41ac3184c19a52e11d0676.png', 8, '2022-01-30', 2),
(684, 3, 'Baby Boy', '20220130-684', 'SIZE-12M.18M.24M', '9beeb095a09c04f413e51e59e54d7d7c.png', '6dfc7cb9f32b2c822395fd385c230925.png', 8, '2022-01-30', 1),
(685, 3, 'Baby Boy', '20220130-685', 'SIZE-12M.18M.24M', '39f85f0ad5610c302ba0b84885ccbe9c.png', '04b1f0ebd10d7b9c977f15ac0bf3b303.png', 8, '2022-01-30', 1),
(686, 3, 'Baby Boy', '20220130-686', 'SIZE-12M.18M.24M', '8e9cae94ac0926a630dfe65df465c4f3.png', '6b15f082d51ecfe71dcc6daa05bf3e9d.png', 8, '2022-01-30', 1),
(687, 3, 'Baby Boy', '20220130-687', 'SIZE-12M.18M.24M', 'edfa244d41a2924698f20fa90e416c34.png', '889087905283da2aa8b09d713920d5b8.png', 8, '2022-01-30', 1),
(688, 12, 'Baby changing Bag', '20220217-688', 'Free size', '90fcda0a0bb3ae5f56a9eea8cf3b20bc.jpg', 'b759f8275d27ebd4d0493f35e8f4ccdf.jpg', 8, '2022-02-17', 1),
(689, 12, 'Baby changing Bag', '20220217-689', 'Free size', 'ad406d060bc4b3db77412fa0ea4583bd.jpg', 'ea7aba9345a535c0aa4b1606b6307363.jpg', 8, '2022-02-17', 1),
(690, 12, 'Baby changing Bag', '20220217-690', 'Free size', 'f9b117d19e602e90fa3f5b3c3285b4ab.jpg', 'fdf95fa7dc6400e8cd672295e39fa5b9.jpg', 8, '2022-02-17', 1),
(691, 12, 'Baby changing Bag', '20220217-691', 'Free size', '633d6c5ec5a6b448b97d3676dcf0a5f6.jpg', '4f865c6fccb16288d83ab90807cd09b3.jpg', 8, '2022-02-17', 2),
(692, 12, 'Baby changing Bag', '20220217-692', 'Free size', '22946cb31c65560e151929e9797af119.jpg', '448103c1f4b56aa34b8b688907f43d01.jpg', 8, '2022-02-17', 1),
(693, 7, 'Women', '20220217-693', 'Size S.M.L.XL', '842b64ca1012c45726a60ff7ef2b8027.jpg', 'e4b618e9c1f66d291d0b36a7ed1be75b.jpg', 8, '2022-02-17', 2),
(694, 7, 'Women', '20220217-694', 'Size-S.M L.XL', 'ff5aea76fc2bf6b1f56e611af6a1b956.jpg', '2caac309163cf6428060778e13a3e127.jpg', 8, '2022-02-17', 2),
(695, 7, 'Women', '20220217-695', 'Size-S.M L.XL', '30c6086c331127dcff97394ab012fe48.jpg', '0ff1ae7e523206bf8ac2a2cc4872a24d.jpg', 8, '2022-02-17', 2),
(696, 7, 'Women', '20220217-696', 'Size-S.M L.XL', 'c497139ffcbc43f7b13d9f2155921944.jpg', '37da6955ae9cde3146923dac0f8d37c6.jpg', 8, '2022-02-17', 2),
(697, 7, 'Women', '20220217-697', 'Size-S.M L.XL', '4e0be44b1b6f400d19b0c8d6fa7afde8.jpg', 'e5b54c6fa22b6e7af912a774f20aa034.jpg', 8, '2022-02-17', 2),
(698, 7, 'Women', '20220217-698', 'Size-S.M L.XL', '2530712da759675dd497a938b8223bf9.jpg', '1ab20f8a00e87510d973f05f01f29c6d.jpg', 8, '2022-02-17', 2),
(699, 7, 'Women', '20220217-699', 'Size-S.M L.XL', '0a93fa79f61e5ce92d2d679493c26822.jpg', '70fe29d4d7ee39d4ae64b774a405bac4.jpg', 8, '2022-02-17', 2),
(700, 7, 'Women', '20220217-700', 'Size-S.M L.XL', 'e5f38e50128c88acd020050e6a189d9c.jpg', '1b28b65f04efbe39c426847b28014bfe.jpg', 8, '2022-02-17', 2),
(701, 7, 'Women', '20220217-701', 'Size-S.M L.XL', 'b6ca6b3829e9daa1c6458751c623d5d8.jpg', 'b5548d9c248207fbf3be9f46d7ce0ec1.jpg', 8, '2022-02-17', 2),
(702, 7, 'Women', '20220217-702', 'Size-S.M L.XL', '5e9475209335fa62fc065208fd0f2efc.jpg', '1723cba47060e4fa94562ef6d94a3670.jpg', 8, '2022-02-17', 2),
(703, 7, 'Women', '20220217-703', 'Size-S.M L.XL', 'f977694d74ebebb3f8006fb0f11913d3.jpg', 'd60d36eb38b481b2417955570f7b00ad.jpg', 8, '2022-02-17', 2),
(704, 14, 'Adult shoes', '20220217-704', 'Size-38.39.40.41.42.43', 'cd48ce3814f227b04216c85463b26075.jpg', 'fbf07c09b6781cbefcb5265b4672c47e.jpg', 8, '2022-02-17', 1),
(705, 14, 'Adult shoes', '20220217-705', 'Size-38.39.40.41.42.43', 'cc387933654d4d390f19ab3f6b21b1c0.jpg', '9517f2e515f16c322e2f184f5c33470f.jpg', 8, '2022-02-17', 1),
(706, 14, 'Adult shoes', '20220217-706', 'Size-38.39.40.41.42.43', '7a82a594e4483d39a1d5993c2bb68434.jpg', '76f6d5862c9297f115803bf1fd520ae7.jpg', 8, '2022-02-17', 1),
(707, 14, 'Adult shoes', '20220217-707', 'Size-38.39.40.41.42.43', 'f71dd6286cb88c3f12179ab71bf2abff.jpg', '2a36ebbe8bae06df83e1957196a1efae.jpg', 8, '2022-02-17', 1),
(708, 14, 'Adult shoes', '20220217-708', 'Size-38.39.40.41.42.43', 'a95e30eacb3fb9b679df4636dba995aa.jpg', '03c882ca874048f5d7c352bb2f38adbc.jpg', 8, '2022-02-17', 1),
(709, 14, 'Adult shoes', '20220217-709', 'Size-38.39.40.41.42.43', 'ddb0ec5f31e80cdfdcdaf042283b92a1.jpg', '0a1aac1e60ad5fc51ef9641a855538ee.jpg', 8, '2022-02-17', 1),
(710, 14, 'Adult shoes', '20220217-710', 'Size-38.39.40.41.42.43', '0939f374c554a16f3e8c19ab69f0c84f.jpg', 'a02d5ab6f0eef2cd0436d27b0bc723e5.jpg', 8, '2022-02-17', 1),
(711, 14, 'Adult shoes', '20220217-711', 'Size-38.39.40.41.42.43', '27e2cec5409d45fe98d42ee17bd1d193.jpg', 'd0596c2307a048910e02308ab6c95415.jpg', 8, '2022-02-17', 1),
(712, 14, 'Adult shoes', '20220217-712', 'Size-38.39.40.41.42.43', 'da6e8cdea27e1bf30d4cd0d811faca3f.jpg', '3681ef99003a4803831036dfe8cae7cb.jpg', 8, '2022-02-17', 1),
(713, 14, 'Shoes', '20220217-713', 'Size-38.39.40.41.42.43', 'fefd1454096f27aa0ef3ca52e6e87f78.jpg', '16ecc44510bad404797b54fd8dee0942.jpg', 8, '2022-02-17', 1),
(714, 14, 'Adult shoes', '20220217-714', 'Size-38.39.40.41.42.43', '5134405b0d09c919191bae619917a8f0.jpg', '05f7b8499e77f2f9a1d4daae475ad36b.jpg', 8, '2022-02-17', 1),
(715, 14, 'Adult shoes', '20220217-715', 'Size-38.39.40.41.42.43', '684f1b989a4337934246966008972763.jpg', '4a0e32172d80d7acc6de11c2438d73a0.jpg', 8, '2022-02-17', 1),
(716, 14, 'Adult shoes', '20220217-716', 'Size-38.39.40.41.42.43', '683c54113225cbc6eb704c4218a96c18.jpg', 'cf102a9f0a9daec05c5a7a24d8119320.jpg', 8, '2022-02-17', 1),
(717, 11, 'Baby shoes', '20220219-717', '26 27 28 29 30 31 32 33 34 35 36', '0f2b3729669966d39b39b45c413cd19c.jpg', '7d1bc9a67f3cf991d3c321aeb6f8c1a2.jpg', 8, '2022-02-19', 2),
(718, 11, 'Baby shoes', '20220219-718', '26 27 28 29 30 31 32 33 34 35 36', 'ec6124cf58373ec6d3527a5921a52e76.jpg', 'a59ca048ad8590548fe17c0e30f7aef6.jpg', 8, '2022-02-19', 1),
(719, 11, 'Baby shoes', '20220219-719', '26 27 28 29 30 31 32 33 34 35 36', '05b7c9a9e1214826f9281fee4f405404.jpg', 'eddd63454230f8e3260ad7a86bf9477d.jpg', 8, '2022-02-19', 1),
(720, 11, 'Baby shoes', '20220219-720', '26 27 28 29 30 31 32 33 34 35 36', 'e114cd41495566583f3d967360990700.jpg', 'abef77d26e935dcdf4f81517886a86c4.jpg', 8, '2022-02-19', 2),
(721, 11, 'Baby shoes', '20220219-721', '26 27 28 29 30 31 32 33 34 35 36', '9b0280c55d37182452eb649f30cc26fa.jpg', '07d228258ef18d9acd33e94d4631f9ca.jpg', 8, '2022-02-19', 1),
(722, 11, 'Baby shoes', '20220219-722', '26 27 28 29 30 31 32 33 34 35 36', '00d4a08dee0f954aa3c2e14e1b5c800d.jpg', '14ff6d84f7c0c0988fbf325572c424c1.jpg', 8, '2022-02-19', 1),
(723, 11, 'Baby shoes', '20220219-723', '26 27 28 29 30 31 32 33 34 35 36', 'be3674adaa5e89e01a711de3262224f0.jpg', 'e943247e3b424079c2a5df53d3ebe609.jpg', 8, '2022-02-19', 2),
(724, 11, 'Baby shoes', '20220219-724', '26 27 28 29 30 31 32 33 34 35 36', 'd4cdfef6a2a5cc9f468f44fb118afcbf.jpg', '7e48d3bd4e07ac3ed85274cdda347faf.jpg', 8, '2022-02-19', 2),
(725, 11, 'Baby shoes', '20220219-725', '26 27 28 29 30 31 32 33 34 35 36', 'e4ba65da975ec756116ef7134a79e5d9.jpg', '6c74e0e06c0dc3aa29e08a2eb24243c1.jpg', 8, '2022-02-19', 2),
(726, 11, 'Baby shoes', '20220219-726', '26 27 28 29 30 31 32 33 34 35 36', '9798cc91f233c612745d5c6e3d99edc0.jpg', '956d0bf29b4db6f53b564c09f80232ac.jpg', 8, '2022-02-19', 2),
(727, 11, 'Baby shoes', '20220219-727', '26 27 28 29 30 31 32 33 34 35 36', 'af4bcb35a4472d75abacea1b0d483244.jpg', 'b8cba5124e09ae5d402f6e9716c5082c.jpg', 8, '2022-02-19', 2),
(728, 11, 'Baby shoes', '20220219-728', '26 27 28 29 30 31 32 33 34 35 36', '5fc0d86697c3700078e16dbb984fd825.jpg', '55298eec51bfd9d9162ae11800fd4865.jpg', 8, '2022-02-19', 2),
(729, 11, 'Baby shoes', '20220219-729', '26 27 28 29 30 31 32 33 34 35 36', 'bfdbd8e4cca671216c3c80a99c8dc2c4.jpg', '612f88b829cb8010fd31b0c5b76f78bb.jpg', 8, '2022-02-19', 1),
(730, 11, 'Baby shoes', '20220219-730', '26 27 28 29 30 31 32 33 34 35 36', '543b0e6c82018e057a9b63b86b71f886.jpg', '120b1e82a51cce20e69c43e5261a645a.jpg', 8, '2022-02-19', 2),
(731, 11, 'Baby shoes', '20220219-731', '26 27 28 29 30 31 32 33 34 35 36', '281815c44f2f166b42f07deafe18350d.jpg', '618c982df65e0fcccdebddd4d7f43d9d.jpg', 8, '2022-02-19', 2),
(732, 11, 'Baby shoes', '20220219-732', '26 27 28 29 30 31 32 33 34 35 36', 'c82575a5b0ae132abac4129e3068d4a5.jpg', 'e6d4f54b2bf2cafdbc2853b496906294.jpg', 8, '2022-02-19', 2),
(733, 11, 'Baby shoes', '20220219-733', '26 27 28 29 30 31 32 33 34 35 36', 'c116972a81c188e2cc973f90e965bf4b.jpg', 'adb165e624eb727e704ebe0dcac312e0.jpg', 8, '2022-02-19', 1),
(734, 11, 'Baby shoes', '20220219-734', '26 27 28 29 30 31 32 33 34 35 36', '1cd562e076b0015e7c0d68849310edff.jpg', '849ce63175e34e89d51de1c2bcf42148.jpg', 8, '2022-02-19', 2),
(735, 11, 'Baby shoes', '20220219-735', '26 27 28 29 30 31 32 33 34 35 36', 'feba86a26becf67bc1a9e91fc6dcb274.jpg', '1083022ec12959fdb0754154deb1c89c.jpg', 8, '2022-02-19', 1),
(736, 1, 'Boys', '20220304-736', 'SIZE-2 4 6 8 10 12', '04ff16f0b1a202b043ced5256af6cb79.jpg', 'a564848a627b63d3cd7ad3a47091b0e3.jpg', 8, '2022-03-04', 2),
(737, 1, 'Boys', '20220304-737', 'SIZE-2 4 6 8 10 12', '392569df0307aea81674dce30583340c.jpg', 'bb51fa7038de4376b058be177226ed25.jpg', 8, '2022-03-04', 2),
(738, 1, 'Boys', '20220304-738', 'SIZE-2 4 6 8 10 12', '2ea269b812a1ed93cd8e4f5e869d7d1a.jpg', 'd0c2be1218d697825bc9db9b4619c1b0.jpg', 8, '2022-03-04', 2),
(739, 1, 'Boys', '20220304-739', 'SIZE-2 4 6 8 10 12', '325a588e194eb9918bb7d22c05d8ef4c.jpg', 'cabfd15f3d100aa1d1cf8b9b8d30c40d.jpg', 8, '2022-03-04', 2),
(740, 2, 'Girls', '20220304-740', 'SIZE-2 4 6 8 10 12', 'e0b0be7368fda904b42e1de51d3b9ca9.jpg', '086aaeb2e940037a6b70bb3494ffb6b6.jpg', 8, '2022-03-04', 2),
(741, 2, 'Girls', '20220304-741', 'SIZE-2 4 6 8 10 12', '085fe448df744d6f1f7444fe22f7675b.jpg', '73d5e2d81203cc8498e0077f8b34f33f.jpg', 8, '2022-03-04', 2),
(742, 2, 'Girls', '20220304-742', 'SIZE-2 4 6 8 10 12', 'a109904f44b038d2e00150f5570424b0.jpg', 'e145e93b16b41b9ccd25ba48f318a6da.jpg', 8, '2022-03-04', 2),
(743, 2, 'Girls', '20220304-743', 'SIZE-2 4 6 8 10 12', '6133976a9dc55dffa0addb092af6305e.jpg', '4a8788be3ca76952f8fceee0858a787d.jpg', 8, '2022-03-04', 2),
(744, 2, 'Girls', '20220304-744', 'SIZE-2 4 6 8 10 12', '524821c89d06786518cc332675979fea.jpg', '049fa5929cc883eb7f2a90972caf8b54.jpg', 8, '2022-03-04', 2),
(745, 1, 'Boys', '20220319-745', 'SIZE-2 4 6 8 10 12', '18f8b5ddde813cccf7ba1fd318e37c76.jpg', '7f9c4631a593703fef9bbf0e1c005c65.jpg', 8, '2022-03-19', 2),
(746, 1, 'Boys', '20220319-746', 'SIZE-2 4 6 8 10 12', '0e2126fdd332476d079af35e1c1660b8.jpg', 'b58bb815ecf4243db13bf51c4de07705.jpg', 8, '2022-03-19', 2),
(747, 1, 'Boys', '20220319-747', 'SIZE-2 4 6 8 10 12', '29e65aff7d739957ceb4a862fa911392.jpg', '80b9e1195c292fe4112cda67beb9fc64.jpg', 8, '2022-03-19', 2),
(748, 1, 'Boys', '20220319-748', 'SIZE-2 4 6 8 10 12', 'c69ea8229ecf381f869712a035923186.jpg', '60f75f66e8ad4d0af1b0d45a2b3cbe2f.jpg', 8, '2022-03-19', 2),
(749, 1, 'Boys', '20220319-749', 'SIZE-2 4 6 8 10 12', 'd4ddb583eb78cd3faef63362ef679671.jpg', '57dd151f73935c3e01417f6dcbb3abf5.jpg', 8, '2022-03-19', 2),
(750, 1, 'Boys', '20220319-750', 'SIZE-2 4 6 8 10 12', '6504a6033f809ffa6451fbe390566796.jpg', 'a476b3ca3a1e3453638e37f13b1befc5.jpg', 8, '2022-03-19', 1),
(751, 2, 'Girls', '20220319-751', 'SIZE-2 4 6 8 10 12', '51388cae6b18f9fc9f83e77d47951db2.jpg', '70009b9d4a55ecc195af0bc2b2bb6048.jpg', 8, '2022-03-19', 2),
(752, 2, 'Girls', '20220319-752', 'SIZE-2 4 6 8 10 12', '3f7c409deba8fcbdca4a722b98161996.jpg', '523d716e04f3700d72bf80d6338df69a.jpg', 8, '2022-03-19', 2),
(753, 2, 'Girls', '20220319-753', 'SIZE-2 4 6 8 10 12', '570fd6fe5a16895911b8570d936ee1c1.jpg', 'be748f8ea159481a2034de4cb5b108ee.jpg', 8, '2022-03-19', 2),
(754, 2, 'Girls', '20220319-754', 'SIZE-2 4 6 8 10 12', '518a8b7dc1e192321ce275f7920da321.jpg', '6e409e053e4830049d92323912960d2e.jpg', 8, '2022-03-19', 2),
(755, 2, 'Girls', '20220405-755', 'SIZE-2 4 6 8 10 12 14 16', '02f0fcb2ec8a8a1b69c87907dd4a95fd.jpg', '59d6a7259c18078975622edd776a95a7.jpg', 8, '2022-04-05', 1),
(756, 1, 'Boys', '20220405-756', 'SIZE-2 4 6 8 10 12 14 16 18', 'da27e40987909c433439f540eac9abec.jpg', '6815cfaa39973f1e998f2751e16844f6.jpg', 8, '2022-04-05', 1),
(757, 1, 'Boys', '20220405-757', 'SIZE-2 4 6 8 10 12 14 16 18', '3c653d1adfa8d2dcc61ef508c3d6894c.jpg', '726d523c11187518cc45987083b1c490.jpg', 8, '2022-04-05', 1),
(758, 1, 'Boys', '20220405-758', 'SIZE-2 4 6 8 10 12 14 16 18', '8a60a88b1901cdce518abbee30205915.jpg', '435b0b1620887532e5f67b707ef351d4.jpg', 8, '2022-04-05', 1),
(759, 1, 'Boys', '20220405-759', 'SIZE-2 4 6 8 10 12 14 16 18', 'a7fd4e81f94571253bc172f23e863855.jpg', '69e39d7712d969c110049ced8c1ffe46.jpg', 8, '2022-04-05', 2),
(760, 1, 'Boys', '20220405-760', 'SIZE-2 4 6 8 10 12 14 16 18', '8f9c3dbd0da878b2afbb79b2e61f3dd8.jpg', '6b74ad6dbb98d99fcedf988dd70ba7b2.jpg', 8, '2022-04-05', 1),
(761, 1, 'Boys', '20220405-761', 'SIZE-2 4 6 8 10 12 14 16 18', '4872ae2e05543f512b934f67bb51c51a.jpg', '5c5132180f117d1afc2f7034b9c4df06.jpg', 8, '2022-04-05', 1),
(762, 3, 'Baby Boy', '20220405-762', 'SIZE-12M.18M.24M', '52dc0b2e5aecd5520ed14ea58d892a9b.jpg', 'dfbf368d1d8ce2054693aaf3ef26aa22.jpg', 8, '2022-04-05', 1),
(763, 3, 'Baby Boy', '20220405-763', 'SIZE-12M.18M.24M', '6e4456c077aeee3e690e4bd151dd0286.jpg', 'eb46f3684cdea388070b28954ba4e867.jpg', 8, '2022-04-05', 1),
(764, 3, 'Baby Boy', '20220405-764', 'SIZE-12M.18M.24M', 'a4626648f0cdd23c34eb6b4772bdd2b5.jpg', '7d2de00cbb738d76d156e6454fc58c16.jpg', 8, '2022-04-05', 1),
(765, 3, 'Baby Boy', '20220405-765', 'SIZE-12M.18M.24M', 'e1ae05607fd6583458bc07ab945e8ef8.jpg', 'e3a87fa9ce35b019dc03f952ec8c1544.jpg', 8, '2022-04-05', 1),
(766, 3, 'Baby Boy', '20220405-766', 'SIZE-12M.18M.24M', '5b34dfe92de32f92ebcc863c7dd09f41.jpg', '97592f6c3691a58497f693329652932a.jpg', 8, '2022-04-05', 1),
(767, 3, 'Baby Boy', '20220405-767', 'SIZE-12M.18M.24M', '191bb66b9c890442ee5fa3e9c47cff45.jpg', 'f27bbdb7e7c1b473eda4d8fec1890139.jpg', 8, '2022-04-05', 1),
(768, 1, 'Boys', '20220407-768', 'SIZE-2 4 6 8 10 12', 'bebaed34e1ce2ee9efdf1ff9acfa1845.jpg', '56531dc7c3fccaf475522a72215e9c1d.jpg', 8, '2022-04-07', 2),
(769, 1, 'Boys', '20220407-769', 'SIZE-2 4 6 8 10 12', 'fe85549901f208c0b6d8ce43698351e4.jpg', 'af3f75d13947222fd8c7ac7f9ea06691.jpg', 8, '2022-04-07', 2),
(770, 1, 'Boys', '20220407-770', 'SIZE-2 4 6 8 10 12', '4dd0632fc860bf116207f0c22d848a5d.jpg', 'ca018589d40b390856f9a7b86b5d71bb.jpg', 8, '2022-04-07', 2),
(771, 2, 'Girls', '20220407-771', 'SIZE-2 4 6 8 10 12', '0313eb343229f3ef58cae84bb791707d.jpg', '4e5257315dc71066c7a2617ba8b99d98.jpg', 8, '2022-04-07', 2),
(772, 2, 'Girls', '20220407-772', 'SIZE-2 4 6 8 10 12', '1619cf571eb6f87b4e7cc70133c1a99a.jpg', '2c15badb201a3d44e227dc7cf7fe3fd5.jpg', 8, '2022-04-07', 1),
(773, 2, 'Girls', '20220407-773', 'SIZE-2 4 6 8 10 12', '9b463382c945081210af352511ce25cd.jpg', '26a840e6f8e8ef69a81b62aad93acad9.jpg', 8, '2022-04-07', 1),
(774, 2, 'Girls', '20220407-774', 'SIZE-2 4 6 8 10 12', 'a3c7df061d380962b399dda6d36b3168.jpg', '4bcd259a74367e63a011f4253bf78387.jpg', 8, '2022-04-07', 2),
(775, 2, 'Girls', '20220407-775', 'SIZE-2 4 6 8 10 12', '9e179f5ad4900a73a98cdaa4b453bd12.jpg', '4a480f32cd32225513495f06a751a3a3.jpg', 8, '2022-04-07', 2),
(776, 2, 'Girls', '20220407-776', 'SIZE-2 4 6 8 10 12', '2051a24cebd032f18c44557b7e2fdd5c.jpg', '2907598137ee136541510215d265b4d4.jpg', 8, '2022-04-07', 2),
(777, 2, 'Girls', '20220407-777', 'SIZE-2 4 6 8 10 12', 'b8e8790c330feae1aecc5458128cfbf8.jpg', '64125712e94c8c2f6a755b182ef3a7dd.jpg', 8, '2022-04-07', 2),
(778, 4, 'Baby Girl', '20220407-778', 'SIZE-12M.18M.24M', '6d4b755060f36a13ddbaccdf2f2167be.jpg', '6ad4ad92f5056a8a3ef2a7b644700754.jpg', 8, '2022-04-07', 2),
(779, 4, 'Baby Girl', '20220407-779', 'SIZE-12M.18M.24M', '6bca1041801b2b754053443c0ad4d417.jpg', '4b38e73c01aeb39e779fbe7df5169345.jpg', 8, '2022-04-07', 2),
(780, 4, 'Baby Girl', '20220407-780', 'SIZE-12M.18M.24M', '57df7a2a4a8b600ff7170721f9b86fca.jpg', 'a31cb4deaa62831c0cdb97c5e0307ce9.jpg', 8, '2022-04-07', 2),
(781, 8, 'WOMEN', '20220408-781', 'Size-S.M L.XL.XXL', 'fe1477314bb1a8405ed1886f96885f93.jpg', 'c4f56835114d3e16ce1997728f235db7.jpg', 8, '2022-04-08', 1),
(782, 7, 'WOMEN', '20220408-782', 'Size-S.M L.XL.XXL', '240d184216e429850226814b5cd73775.jpg', '05deaa344f1771f922259eb3d391f0e6.jpg', 8, '2022-04-08', 2),
(783, 7, 'WOMEN', '20220408-783', 'Size-S.M L.XL.XXL', 'baeb24692a65f26c1f7d8507e5bceb8e.jpg', '3e1df38a482a21a79cd73fb351a370d1.jpg', 8, '2022-04-08', 2),
(784, 7, 'WOMEN', '20220408-784', 'Size-S.M L.XL.XXL', '3757f94e3b99187d302af1db78196196.jpg', '48093d5032975d87062197d393ddb1d2.jpg', 8, '2022-04-08', 2),
(785, 7, 'WOMEN', '20220408-785', 'Size-S.M L.XL.XXL', 'd00189d928a44dc77f5316e36c5946be.jpg', '5b035b269421e3883dc6099e91c56c96.jpg', 8, '2022-04-08', 1),
(786, 7, 'WOMEN', '20220408-786', 'Size-S.M L.XL.XXL', '3bbc131578a2e8f68be2e3d037cb55dc.jpg', '58f16be63262cec87b66467f3749b552.jpg', 8, '2022-04-08', 2),
(787, 7, 'WOMEN', '20220408-787', 'Size-S.M L.XL.XXL', '2cea2849b9db5c6b18635c2d6cade830.jpg', 'ae883811e72f1c853699a13b1b689721.jpg', 8, '2022-04-08', 2),
(788, 7, 'WOMEN', '20220408-788', 'Size-S.M L.XL.XXL', '8bf8085e8b84cecd47ac43e2c15ceaed.jpg', 'fd20e5aa697a1c8c9af46b9228fd4ffc.jpg', 8, '2022-04-08', 2),
(789, 7, 'WOMEN', '20220408-789', 'Size-S.M L.XL.XXL', '78a3c2e76e7567525ae6a0277533b66e.jpg', '43e9e924641f43a73478ffae6489789b.jpg', 8, '2022-04-08', 2),
(790, 7, 'WOMEN', '20220408-790', 'Size-S.M L.XL.XXL', 'ba0f305dee89e439b8799a86933c668a.jpg', 'ddd8ad78921eca95484dd4cd0e8c7308.jpg', 8, '2022-04-08', 2),
(791, 7, 'WOMEN', '20220408-791', 'Size-S.M L.XL.XXL', 'c3ef30b33f51e354a8a86ddf78eed4a2.jpg', '3f1203c05e3369cbb0593620d5e09a3b.jpg', 8, '2022-04-08', 2),
(792, 1, 'Boys', '20220418-792', '2 4 6 8 10 12', 'f8cfd77c1398c21f3d536b79a56462e3.jpg', '23b6ae2ac1140383855a290ceaa3a027.jpg', 8, '2022-04-18', 2),
(793, 1, 'Boys', '20220418-793', '2 4 6 8 10 12', '1504162403c3d027a164d092150300f3.jpg', '209cb450fdbb3befee4dbc305eb67068.jpg', 8, '2022-04-18', 2),
(794, 1, 'Boys', '20220418-794', '2 4 6 8 10 12', 'b0a0b84d33e8ea2feb983dee39cb5e30.jpg', '770c66b0fb1750f3ba32a4ba537e951e.jpg', 8, '2022-04-18', 2),
(795, 2, 'Girls', '20220418-795', '2 4 6 8 10 12', '69a514f3a845f2af5f3c23a311b5e2a5.jpg', 'e42813420d4771608cd9b3444235fd81.jpg', 8, '2022-04-18', 1),
(796, 2, 'Girls', '20220418-796', '2 4 6 8 10 12', '4d1f40d32f5661b06f970138074171a4.jpg', '7bd6205fe1f855608f1c851f77424a91.jpg', 8, '2022-04-18', 1),
(797, 2, 'Girls', '20220418-797', '2 4 6 8 10 12', 'c0dc83f369bf30709b536917e106ad85.jpg', 'f2981d9467376aef0b0b8c0f8c4054be.jpg', 8, '2022-04-18', 2),
(798, 2, 'Girls', '20220418-798', '2 4 6 8 10 12', '853226a9b80a623e148c47ddf5698e5a.jpg', '7213cc8afb64c447b83e2a63f50d92d9.jpg', 8, '2022-04-18', 1),
(799, 2, 'Girls', '20220418-799', '2 4 6 8 10 12', '8bb9e35d60beba2e994680680e1914a5.jpg', '8688358c08a720b976115f390f6e9820.jpg', 8, '2022-04-18', 2),
(800, 4, 'Baby Girl', '20220418-800', 'SIZE-6M.12M.18M.24M', '534664c882849e00f5447e3ade2c1c3f.jpg', '558411b1abf2291fe2852c97fed31ad9.jpg', 8, '2022-04-18', 1),
(801, 4, 'Baby Girl', '20220418-801', 'SIZE-6M.12M.18M.24M', '38cf49f6ee6819bb6a944dd691b26ab6.jpg', 'e06d298ff68aa1be406edf53e9c019b8.jpg', 8, '2022-04-18', 1),
(802, 4, 'Baby Girl', '20220418-802', 'SIZE-6M.12M.18M.24M', 'bacd41d86fd2227d9b03da3aa4f7a802.jpg', 'c4f84f26637723c9e40b94c948435136.jpg', 8, '2022-04-18', 1),
(803, 4, 'Baby Girl', '20220418-803', 'SIZE-6M.12M.18M.24M', '4c2ec6569191aeb50ea989c3a282f166.jpg', 'c7cfde182280d1f7bcaf2da4c918f920.jpg', 8, '2022-04-18', 1),
(804, 1, 'Boys', '20220427-804', 'SIZE-2 4 6 8 10 12 14 16 18', 'e8468fdff2b908947aa5fe8385ab2feb.jpg', 'f730ad32e609b80a74a4683feaacec6c.jpg', 8, '2022-04-27', 2),
(805, 1, 'Boys', '20220427-805', 'SIZE-2 4 6 8 10 12 14 16.18', 'dc964d3a22aa0ea589bcc0a61f6f9b4c.jpg', '66448e0ab727f8c83a90d2f83a5fc15c.jpg', 8, '2022-04-27', 1),
(806, 1, 'Boys', '20220427-806', 'SIZE-2 4 6 8 10 12 14 16', '3cd0bc9474173dd731e78bae5cb2bc97.jpg', '437794dcee72d0ec32a02c6d10c0ca2f.jpg', 8, '2022-04-27', 1),
(807, 1, 'Boys', '20220427-807', 'SIZE-2 4 6 8 10 12 14 16.18', 'dd09f825ffe7443c13ef1f68111cb9e7.jpg', '7052fb8473e0ca6aa6505b45a6f5bcfb.jpg', 8, '2022-04-27', 1),
(808, 2, 'Girls', '20220427-808', 'SIZE-2 4 6 8 10 12 14 16 18', '0eb368129c41506e926b5b04f06b6d12.jpg', '283fd1a9c7e9a7de9142740c9fd156b5.jpg', 8, '2022-04-27', 1),
(809, 2, 'Girls', '20220427-809', 'SIZE-2 4 6 8 10 12 14 16 18', '5d9d1dc1755cd0de225326e1be36d858.jpg', 'f05076ece2751e026a0f907cdeda5005.jpg', 8, '2022-04-27', 1),
(810, 3, 'Baby Boy', '20220427-810', 'SIZE-12M.18M.24M', '98b3ca199edc33cec011f944c3c9bcca.jpg', 'e82a70ca01ecbccca73dafaf0b01c960.jpg', 8, '2022-04-27', 1),
(811, 3, 'Baby Boy', '20220427-811', 'SIZE-12M.18M.24M', 'ced6085c3e9f2ca2758d10a172a5edf0.jpg', '1794fb1a6f05f7ad377327d42b99c4fe.jpg', 8, '2022-04-27', 1),
(812, 4, 'Baby Girl', '20220427-812', 'SIZE-12M.18M.24M', '27442f6cc75a18482c8fd96cfc0d5ac9.jpg', '6c66aac79379e7c886b80b233ff7842e.jpg', 8, '2022-04-27', 1),
(813, 4, 'Baby Girl', '20220427-813', 'SIZE-12M.18M.24M', '01a46a257698e6359615245646e54409.jpg', '2b71e719cdddfff73dd8e677c0ff69bb.jpg', 8, '2022-04-27', 1),
(814, 1, 'Boys', '20220429-814', 'SIZE-2 4 6 8 10 12 14 16 18', '6208783155426b355ec4f531d71d2909.jpg', 'f423ee47f5f2f115308ee857448ad0f1.jpg', 8, '2022-04-29', 1),
(815, 1, 'Boys', '20220429-815', 'SIZE-2 4 6 8 10 12 14 16 18', 'aea7b02d09f801ba61347029a01eda9e.jpg', '64cc36ae7d5e048edc999e2a21ac8c84.jpg', 8, '2022-04-29', 1),
(816, 1, 'Boys', '20220429-816', 'SIZE-2 4 6 8 10 12 14 16 18', '01475d2df98f985c53a706f713336af5.jpg', '67f5d818ee1d39ac6c3ce919c97048b3.jpg', 8, '2022-04-29', 1),
(817, 1, 'Boys', '20220429-817', 'SIZE-2 4 6 8 10 12 14 16 18', 'bbfe9a4e80d51ba78086d239cfc22fd0.jpg', 'b42966ed9a3ed8163a85a1b2cc75964d.jpg', 8, '2022-04-29', 1),
(818, 1, 'Boys', '20220429-818', 'SIZE-2 4 6 8 10 12 14 16 18', 'c88de3f00aedb717447fefed193f5aa7.jpg', '3a4a03d1d8f9f3d6a5901bdb223960b8.jpg', 8, '2022-04-29', 1),
(819, 1, 'Boys', '20220429-819', 'SIZE-2 4 6 8 10 12 14 16 18', '42873bf8d83a0e8d57a7b1d4651c1dd4.jpg', '65fed701e2a08edaf292db6bc5889e8f.jpg', 8, '2022-04-29', 1),
(820, 1, 'Boys', '20220429-820', 'SIZE-2 4 6 8 10 12 14 16 18', '5af5e819c99b2c479f23292ed9c1696c.jpg', '894f6ad5dc5f9b54f7f0cf7e5e52e86d.jpg', 8, '2022-04-29', 2),
(821, 1, 'Boys', '20220429-821', 'SIZE-2 4 6 8 10 12 14 16 18', 'dc0deb51c5cee032d859be75c0db79ef.jpg', '9fe2c0bff07c7baa8dc0f5763ab834ea.jpg', 8, '2022-04-29', 1),
(822, 2, 'Girls', '20220429-822', 'SIZE-2 4 6 8 10 12 14 16.18', 'cef69baafb1e9b035e9cc0ad6f2b3e0e.jpg', 'fa02c64dc5c5dc574c22b2df6e665210.jpg', 8, '2022-04-29', 1),
(823, 2, 'Girls', '20220429-823', 'SIZE-2 4 6 8 10 12 14 16.18', '998dd48c6dff34a9f5b6b44b852a80ce.jpg', 'fd666bd4066ca0676bc00d9494437f07.jpg', 8, '2022-04-29', 1),
(824, 2, 'Girls', '20220429-824', 'SIZE-2 4 6 8 10 12 14 16.18', 'a65c5f49b137200202c011ffc3e1e7e2.jpg', 'af1889909d5fc07b206dcae4a75e173c.jpg', 8, '2022-04-29', 1),
(825, 2, 'Girls', '20220429-825', 'SIZE-2 4 6 8 10 12 14 16.18', '99b253add9b2ad91225f5c00d8ff0b79.jpg', '0ae7c33c45dee239725ae4936baf84be.jpg', 8, '2022-04-29', 2),
(826, 3, 'Baby Boy', '20220429-826', 'SIZE-12M.18M.24M', '33659dda446110dd23aed431acf7ce53.jpg', '8b3d803a3e85faf45ab90ee320c005d9.jpg', 8, '2022-04-29', 1),
(827, 3, 'Baby Boy', '20220429-827', 'SIZE-12M.18M.24M', 'c55f4c6494caef8523d552b16fffc6fd.jpg', '34c888ec23f308f39c1e2d5b18da6ad9.jpg', 8, '2022-04-29', 1),
(828, 3, 'Baby Boy', '20220429-828', 'SIZE-12M.18M.24M', 'cbeceaf8f8af32e201c986a7588b2ce0.jpg', '6f23c210d9d38fcc839f17a2dda256f7.jpg', 8, '2022-04-29', 1),
(829, 4, 'Baby Girl', '20220429-829', 'SIZE-12M.18M.24M', 'a0aa3512561a3c6e8c9c23da070dfa4c.jpg', '3a08cb2269d3776e6ecd3127a35fc19c.jpg', 8, '2022-04-29', 1),
(830, 1, 'Boys', '20220505-830', 'SIZE-2 4 6 8 10 12', '0c04a4d0bfc34647a6a90b3a7ebc226a.jpg', '5404d49fb884feec714c7a8b69736b21.jpg', 8, '2022-05-05', 2),
(831, 1, 'Boys', '20220505-831', 'SIZE-2 4 6 8 10 12', '4b5cc871b772eb5d46d5db5711b2badd.jpg', '80e417c28a7ca44103e60a3e43da2f81.jpg', 8, '2022-05-05', 2),
(832, 1, 'Boys', '20220505-832', 'SIZE-2 4 6 8 10 12', 'd3f8e236f2e77b4450c4610945633243.jpg', '591586116fbb4007eb51745ac8cd4ce9.jpg', 8, '2022-05-05', 2),
(833, 1, 'Boys', '20220505-833', 'SIZE-2 4 6 8 10 12', 'a0b2ea2dedc3038b69bf454c6dfbd4e3.jpg', '15a401fd7532b939d20696a6797498c6.jpg', 8, '2022-05-05', 2),
(834, 1, 'Boys', '20220505-834', 'SIZE-2 4 6 8 10 12', 'b35733aa274aa1d03d9cb1bb191ec17b.jpg', 'f81d35508619d5f25448f86aff3b414f.jpg', 8, '2022-05-05', 2),
(835, 2, 'Girls', '20220505-835', 'SIZE-2 4 6 8 10 12', '83314c52a6fe81ec23fd405ef6517361.jpg', 'c5cbcd6251d6020520066d5fb51970ba.jpg', 8, '2022-05-05', 2),
(836, 2, 'Girls', '20220505-836', 'SIZE-2 4 6 8 10 12', '364d915ddc2513a4303eedd7239c5229.jpg', 'cc8c4399bc802e66b9b265d81226b9bf.jpg', 8, '2022-05-05', 2),
(837, 2, 'Girls', '20220505-837', 'SIZE-2 4 6 8 10 12', '998655c13d36e649278f905126b39b3b.jpg', 'ae11b1191d118ebc8e1dc64ad65a9df3.jpg', 8, '2022-05-05', 2),
(838, 2, 'Girls', '20220505-838', 'SIZE-2 4 6 8 10 12', '1b791ffddef55c98838cf17bed55db19.jpg', '4f43614a70bc797428f8fe58ed3f8e79.jpg', 8, '2022-05-05', 2),
(839, 2, 'Girls', '20220505-839', 'SIZE-2 4 6 8 10 12', '8b9f59dfeaa678a1858563217191f029.jpg', 'ce029682524297318e8f96e04e6275bc.jpg', 8, '2022-05-05', 1),
(840, 2, 'Girls', '20220505-840', 'SIZE-2 4 6 8 10 12', 'f0e9eda3ec920ec6d25ceb2557927d38.jpg', 'ec134d97a851c6d5a97b5b0dd23e96e6.jpg', 8, '2022-05-05', 2),
(841, 2, 'Girls', '20220505-841', 'SIZE-2 4 6 8 10 12', '16f330ddd64e36b2f06884fc3a663443.jpg', '94f1b6897d3365b2286397b202e643c3.jpg', 8, '2022-05-05', 2),
(842, 2, 'Girls', '20220505-842', 'SIZE-2 4 6 8 10 12', 'f03d8cb7d5a42169b6794fdf00331198.jpg', '98485f8f4673530d435390802ddf5f13.jpg', 8, '2022-05-05', 2),
(843, 2, 'Girls', '20220505-843', 'SIZE-2 4 6 8 10 12', 'f6bc4e7c998432bbeb8abe0246699b31.jpg', '2d2bc36b46249a6ed2b5135cc28a6a6f.jpg', 8, '2022-05-05', 2),
(844, 2, 'Girls', '20220505-844', 'SIZE-2 4 6 8 10 12', 'b77fdc5ef75fb5103f71f950971b1df1.jpg', 'f89d57ad006329cca7e64de305996e9d.jpg', 8, '2022-05-05', 2),
(845, 1, 'Boys', '20220519-845', 'SIZE-2 4 6 8 10 12 14 16.18', 'f95ed0245bba8d519195f69bde59c409.jpg', '63171ac5045d002ecb5f6d803c018289.jpg', 8, '2022-05-19', 1),
(846, 1, 'Boys', '20220519-846', 'SIZE-2 4 6 8 10 12 14 16.18', '39307e3c2349ebc6cb7f7a54d87a9d12.jpg', 'd534155153d71cc0664c44f530482fab.jpg', 8, '2022-05-19', 2),
(847, 1, 'Boys', '20220519-847', 'SIZE-2 4 6 8 10 12 14 16.18', '1389c0a846f039b6ac58b650ab6119e0.jpg', 'a698144b57801d5229904a63f44b42cb.jpg', 8, '2022-05-19', 1),
(848, 3, 'Baby Boy', '20220519-848', 'SIZE-12M.18M.24M', 'a388dfce65d194c647379b2a2778fe1f.jpg', '280e5c67db139eb4eed1c02209667552.jpg', 8, '2022-05-19', 1),
(849, 3, 'Baby Boy', '20220519-849', 'SIZE-12M.18M.24M', '8f233a85877cdfaf24960b668a425dd2.jpg', '26d76eb002323ffc77a373242b6648af.jpg', 8, '2022-05-19', 2),
(850, 3, 'Baby Boy', '20220519-850', 'SIZE-2 4 6 8 10 12 14 16.18', '4ef43009905a970d416afc15c86dcf2b.jpg', '576789f413af120bd31ea436d998683d.jpg', 8, '2022-05-19', 1),
(851, 2, 'Girls', '20220519-851', 'SIZE-2 4 6 8 10 12 14 16.18', '13daf25c8a8807249bf0e8809d01ab54.jpg', '30fbe7f4b098d38dffd7d52450ac2271.jpg', 8, '2022-05-19', 1),
(852, 4, 'Baby Girl', '20220519-852', 'SIZE-12M.18M.24M', '3ff17ab4a0cbc0374d4f5dd68994f588.jpg', '4b7a233d7be60b744fc7ba1aa7bfd890.jpg', 8, '2022-05-19', 1),
(853, 1, 'Boys', '20220601-853', 'SIZE-2 4 6 8 10 12', '31ba268c326c39db15922797eca180eb.jpg', '5605ee8d82e056885475c9a3e55dca76.jpg', 8, '2022-06-01', 2),
(854, 1, 'Boys', '20220601-854', 'SIZE-2 4 6 8 10 12', '78240158170e7e955745aab896ff6ef6.jpg', '63b312ffd483d95553690e402d393acb.jpg', 8, '2022-06-01', 2),
(855, 1, 'Boys', '20220601-855', 'SIZE-2 4 6 8 10 12', '1bcddbc5affd8fb5246de890b6f34cbf.jpg', '95b08278599ac2815c47ee8851332df1.jpg', 8, '2022-06-01', 2),
(856, 1, 'Boys', '20220601-856', 'SIZE-2 4 6 8 10 12', 'ec448df50afd8e2684bd23dec940ec67.jpg', '48cce1c899fc44b577f768e127c378e6.jpg', 8, '2022-06-01', 2),
(857, 1, 'Boys', '20220601-857', 'SIZE-2 4 6 8 10 12', '00d7a5e0d3ba2bf64f9c32408a628bcb.jpg', '740b0f0411dc65a58d5e55badd1018d2.jpg', 8, '2022-06-01', 2),
(858, 2, 'Girls', '20220601-858', 'SIZE-2 4 6 8 10 12', '66ec5f190a0dcfcd9905e48448c440aa.jpg', '6a6929286ac31dfd25f9d3b696abad58.jpg', 8, '2022-06-01', 1),
(859, 2, 'Girls', '20220601-859', 'SIZE-2 4 6 8 10 12', 'cd4668f0cdbc7b145a1195b27cabc70d.jpg', '93897bd4c7e191dce066d473a630ad7d.jpg', 8, '2022-06-01', 1),
(860, 2, 'Girls', '20220601-860', 'SIZE-2 4 6 8 10 12', '4366be0348c13c0bf75c8eb6f6fcf0d3.jpg', '98d9687550c64e1286cbc325a4c0e997.jpg', 8, '2022-06-01', 2),
(861, 2, 'Girls', '20220601-861', 'SIZE-2 4 6 8 10 12', 'bd73df91bc70e157abaa3e51663f5287.jpg', '785cc71f4a0e68df9f54ee7ef70c3b0e.jpg', 8, '2022-06-01', 2),
(862, 2, 'Girls', '20220601-862', 'SIZE-2 4 6 8 10 12', '03778ef089310fb858ada692b77cb6a5.jpg', '9adbea40d4e2ebdf3a2cf494441bdf26.jpg', 8, '2022-06-01', 2),
(863, 2, 'Girls', '20220601-863', 'SIZE-2 4 6 8 10 12', 'b32fa34994b921673ed6ed627e8b3afc.jpg', '64cfdb5adaf6b4d950fc5b81f0ee3c62.jpg', 8, '2022-06-01', 1),
(864, 2, 'Girls', '20220601-864', 'SIZE-2 4 6 8 10 12', 'cf3af454227ab356f18c203fe43f4520.jpg', 'c3d0ab3c928f673b44f08d54ccbf5963.jpg', 8, '2022-06-01', 2),
(865, 4, 'Baby Girl', '20220601-865', 'SIZE-12M.18M.24M', '9753be7fd26c1c919799d81adad72d31.jpg', 'ba8a35d399a304f9df7f974e6959e228.jpg', 8, '2022-06-01', 1),
(866, 1, 'Boys', '20220615-866', 'SIZE-2 4 6 8 10 12', 'f592e95c78f36279b8589d1e5cc38412.jpg', 'c8041aa658ec133cd6e8cb24b5a6cfa0.jpg', 8, '2022-06-15', 2),
(867, 2, 'Girls', '20220615-867', 'SIZE-2 4 6 8 10 12', '26b7b3de5f50a5a386270f6b02c4792f.jpg', '9b9615ac4249c40226d2112519b289c1.jpg', 8, '2022-06-15', 1),
(868, 2, 'Girls', '20220615-868', 'SIZE-2 4 6 8 10 12', 'e2d7f826b3c8b39214b4b742fee7a4f6.jpg', 'b9cddcecd8304f78e858330d89dc2614.jpg', 8, '2022-06-15', 2),
(869, 4, 'Girls', '20220615-869', 'SIZE-12M.18M.24M', 'a44533e922ea89e44563298a80b00b1e.jpg', '62e7b61ffdb0a0f629970ebd6bc223e8.jpg', 8, '2022-06-15', 2),
(870, 11, 'Baby shoes', '20220615-870', '26 27 28 29 30 31 32 33 34 35 36', '69e38f3911e3867cbf87669a0de0b037.jpg', '056b7e9621a218fc8fddc315ffbb64d9.jpg', 8, '2022-06-15', 1),
(871, 11, 'Baby shoes', '20220615-871', '26 27 28 29 30 31 32 33 34 35 36', 'ac2138a178306617c024d65a99e3d14b.jpg', 'da30b83d3fc3d066766952b6e516ac54.jpg', 8, '2022-06-15', 1),
(872, 11, 'Baby shoes', '20220615-872', '26 27 28 29 30 31 32 33 34 35 36', 'fb61a07503f7f4860fd770902bf3d453.jpg', 'cff77da299467b37a9935329c02c3f18.jpg', 8, '2022-06-15', 2),
(873, 11, 'Baby shoes', '20220615-873', '26 27 28 29 30 31 32 33 34 35 36', 'eaf8c8a39f43e1df74b48671488fdf8a.jpg', '820f6bb20d2a4d99efde1a592d60d479.jpg', 8, '2022-06-15', 1),
(874, 11, 'Baby shoes', '20220615-874', '26 27 28 29 30 31 32 33 34 35 36', '7ad53b563e7f02592487eea940b2a9af.jpg', '30b86919cdbb62e311b9a6f6f555b192.jpg', 8, '2022-06-15', 2),
(875, 11, 'Baby shoes', '20220615-875', '26 27 28 29 30 31 32 33 34 35 36', '52f5376fd04e52f4c074f3a73385053a.jpg', '6e3b9380e8270f5571b99c4fe6197a73.jpg', 8, '2022-06-15', 2),
(876, 11, 'Baby shoes', '20220615-876', '26 27 28 29 30 31 32 33 34 35 36', '5d9fe3b93db093e1940d1cf549f60e11.jpg', '2f725d6f9bf02a2861c2bf8206913239.jpg', 8, '2022-06-15', 2),
(877, 11, 'Baby shoes', '20220615-877', '26 27 28 29 30 31 32 33 34 35 36', '000a06cbe79626659cec6ed16073c559.jpg', '17c8fccb6d5027ec4be890008d4765c6.jpg', 8, '2022-06-15', 2),
(878, 11, 'Baby shoes', '20220615-878', '26 27 28 29 30 31 32 33 34 35 36', 'b58d5d5afd343ebd56c0b8f8e09b1970.jpg', '722d4dc0ad843451f0442b5be65bf593.jpg', 8, '2022-06-15', 2),
(879, 11, 'Baby shoes', '20220615-879', '26 27 28 29 30 31 32 33 34 35 36', '31666c0479df286dc50f7faee58b00f2.jpg', '012cdaceb2b929bf193e0782ee06f81a.jpg', 8, '2022-06-15', 2),
(880, 1, 'Boys', '20220618-880', 'SIZE-2 4 6 8 10 12 14 16 18', 'e458b4a92782b12905283ffe5f51b4b2.jpg', 'b4898ce4bbb391bcdc32d7961b8c83ad.jpg', 8, '2022-06-18', 1),
(881, 1, 'Boys', '20220618-881', 'SIZE-2 4 6 8 10 12 14 16 18', '9810767f99883aee168cea92ecf02d13.jpg', '9e0eb0f48b77ea5461ffb02ad6abb621.jpg', 8, '2022-06-18', 1),
(882, 1, 'Boys', '20220618-882', 'SIZE-2 4 6 8 10 12 14 16 18', '90c049cfcd5d861afd947a7f00e40aa7.jpg', 'ada40de07b7ac9d597549910130e2428.jpg', 8, '2022-06-18', 1),
(883, 1, 'Boys', '20220618-883', 'SIZE-2 4 6 8 10 12 14 16', '5f0189f9d82c949868802308688ec6cb.jpg', '1f63f332019de0bdf2c237afe063fe39.jpg', 8, '2022-06-18', 1),
(884, 1, 'Boys', '20220618-884', 'SIZE-2 4 6 8 10 12 14 16 18', '70ba2e58c33062cd86c949af9c8364c7.jpg', '7865f6cb49312c6a6d10c74ffc731c16.jpg', 8, '2022-06-18', 1),
(885, 3, 'Baby Boy', '20220618-885', 'SIZE-12M.18M.24M', 'af07a134421dee82452f8a470ab1a1c3.jpg', '9b3969cd7730b449727fb53555f7e1a6.jpg', 8, '2022-06-18', 1),
(886, 3, 'Baby Boy', '20220618-886', 'SIZE-12M.18M.24M', 'bd994727b5ae48fa3be54036b765de27.jpg', '861cc195b486490bef98f98b6a09a833.jpg', 8, '2022-06-18', 1),
(887, 3, 'Baby Boy', '20220618-887', 'SIZE-12M.18M.24M', '3863473251e9d709b63ea134a4407ee1.jpg', '18be57b192667582f1caaa54b421520d.jpg', 8, '2022-06-18', 1),
(888, 11, 'Baby’s shoes', '20220722-888', 'Size-26 27 28 29 30 31 32 33 34 35 36 37', '274ae173abe4f2fcd7965eb5f5008d7f.jpeg', 'a8399a38aea472b14480c4f38771f76c.jpeg', 8, '2022-07-22', 1),
(889, 11, 'Baby shoes', '20220722-889', 'Size-26 27 28 29 30 31 32 33 34 35 36 37', '767054e4f3851c7752693db585d5b7ed.jpeg', '42e1482a47145866d5b325383201f971.jpeg', 8, '2022-07-22', 1),
(890, 11, 'Baby shoes', '20220722-890', 'Size-26 27 28 29 30 31 32 33 34 35 36 37', '6d278ac848b90ce199f0c66e80e0d0ca.jpeg', 'b79a128b718f262a9f2d62b98518e18e.jpeg', 8, '2022-07-22', 1),
(891, 11, 'Baby shoes', '20220722-891', 'Size-26.27.28.29.30.31.32.33.34.35.36.37', '9163a2af4a8b5e38b5f2e86ee71e35b6.jpeg', '6c4b1f48dd86f28dd7971f200d57ea6f.jpeg', 8, '2022-07-22', 2),
(892, 11, 'Baby shoes', '20220722-892', 'Size-26.27.28.29.30.31.32.33.34.35.36.37', '17216a8c537ba377671f67d2dee8b6f5.jpeg', '5110f171ed113e975d5d357a54cf2fd9.jpeg', 8, '2022-07-22', 1),
(893, 11, 'Baby shoes', '20220722-893', 'Size-26.27.28.29.30.31.32.33.34.35.36.37', '2ba2908ca67507c94321fc4c1a88c706.jpeg', 'ac59a1233640adecb0a45ec7dc41be88.jpeg', 8, '2022-07-22', 1),
(894, 11, 'Baby shoes', '20220722-894', 'Size-26.27.28.29.30.31.32', '9ffdb2f574c6a17c71d4965d92f09c72.jpeg', '773b9952ae98e0fc1ea21e576a19b9be.jpeg', 8, '2022-07-22', 1),
(895, 1, 'Boys', '20220723-895', 'Size-2.4.6.8.10.12', '39f24b685c7f2537c0512bed0308b648.jpeg', '5a8b96609147d3351c0e243f2e045c26.jpeg', 8, '2022-07-23', 2),
(896, 1, 'Boys', '20220723-896', 'Size-2.4.6.8.10.12', 'fb6b4b8e177c02fad53a3cabc04ac46e.jpeg', '2ca2c85f7251d0be8e8ceba83b1f5e30.jpeg', 8, '2022-07-23', 2),
(897, 1, 'Boys', '20220723-897', 'Size-2.4.6.8.10.12', 'bb356a6782ae63c6085b1bdcbfafcdd3.jpeg', '196967933bd0de7ea392016d0069e9df.jpeg', 8, '2022-07-23', 1),
(898, 1, 'Boys', '20220723-898', 'Size-2.4.6.8.10.12', '21355e596cfe4e297446b934c5189be0.jpeg', '3d7d1a9955507ba4cfd9bb273d1c4988.jpeg', 8, '2022-07-23', 2),
(899, 1, 'Boys', '20220723-899', 'Size-2.4.6.8.10.12', 'e0494dafaed0fd8a034cfbc2811922a5.jpeg', '369807c9c5de2d33d6747f3219a287f5.jpeg', 8, '2022-07-23', 2),
(900, 2, 'Girls', '20220723-900', 'Size-2.4.6.8.10.12', 'bc7ec59548a3098b6f79c5d6a07a7beb.jpeg', '40b41a7b3ccd5b8a2f5c5e9c905d41ec.jpeg', 8, '2022-07-23', 2),
(901, 2, 'Girls', '20220723-901', 'Size-2.4.6.8.10.12', '1749b46c566b083ceb957addd7427a7d.jpeg', 'b31fb9376ad056610b38713cb5880cd4.jpeg', 8, '2022-07-23', 2),
(902, 2, 'Girls', '20220723-902', 'Size-2.4.6.8.10.12', '80c28b9350af6f855dee3d78c1df7286.jpeg', 'c3354ed56cf31f6220fbefda2a1f12b1.jpeg', 8, '2022-07-23', 2),
(903, 2, 'Girls', '20220723-903', 'Size-2.4.6.8.10.12', '26ee5c20c31118b2673542aedee2dd5a.jpeg', 'ebf959c744719aa0071aa5dd3ef8823b.jpeg', 8, '2022-07-23', 1),
(904, 2, 'Girls', '20220802-904', 'Size-2.4.6.8.10.12.14.16.18', 'bc669c75dd09719cbf7dd81317c30e10.jpeg', '73965084fef56cc64b3de8a7a75b702b.jpeg', 8, '2022-08-02', 1),
(905, 2, 'Girls', '20220802-905', 'Size-2.4.6.8.10.12.14.16', '242434898002281f9354150f1b8abea4.jpeg', '4538ff79bccc7702f6c698d56c1136bb.jpeg', 8, '2022-08-02', 1),
(906, 2, 'Girls', '20220802-906', 'Size-2.4.6.8.10.12.14.16.18', '78f80942952763d403c4e8e78c94706e.jpeg', 'ca84bb6c68037877ebeeeb5bce0214f2.jpeg', 8, '2022-08-02', 1),
(907, 1, 'Boys', '20220802-907', 'Size-2.4.6.8.10.12.14.16.18', 'add7c8e270209fdc6e93cf50d95eb9bc.jpeg', '7bddc33964ab68760fa3879618860ccd.jpeg', 8, '2022-08-02', 1),
(908, 2, 'Girls', '20220802-908', 'Size-2.4.6.8.10.12.14.16.18', 'bc5b271bbe7326e9a3f8ba0e10d0da2f.jpeg', '016bc14de011cb12726b59eb2007a84d.jpeg', 8, '2022-08-02', 1),
(909, 1, 'Boys', '20220811-909', 'Size-2.4.6.8.10.12', '0fbe74ac3a7316c326b8768ffa325aa5.jpeg', '82d52cb9eabe2fc9b01d10720926a31f.jpeg', 8, '2022-08-11', 2),
(910, 1, 'Boys', '20220811-910', 'Size-2.4.6.8.10.12', 'bc61c27e5839599d49d24f04098318aa.jpeg', '4e76ebb0183d567df2e6adc9257a81c9.jpeg', 8, '2022-08-11', 2),
(911, 1, 'Boys', '20220811-911', 'Size-2.4.6.8.10.12', '7ecae858905bbaee67a59804bb8e3190.jpeg', 'e05d4d3e61dcee6eca90e7d261a30815.jpeg', 8, '2022-08-11', 2),
(912, 1, 'Boys', '20220811-912', 'Size-2.4.6.8.10.12', 'ac49dde5c5273c57c2e80d33284f68b9.jpeg', 'c3a1a86fd551a4a2887981789194c5ba.jpeg', 8, '2022-08-11', 2),
(913, 2, 'Girls', '20220811-913', 'Size-2.4.6.8.10.12', '0ead7c2c0e50b8230b1fd7c8852caa9f.jpeg', 'fa8636b60c7502b1be633552fd186621.jpeg', 8, '2022-08-11', 1),
(914, 2, 'Girls', '20220811-914', 'Size-2.4.6.8.10.12', '43acef143a8d81196b71188e6f143d0c.jpeg', 'c0106317b959ca7c1f694f0b754c8d3f.jpeg', 8, '2022-08-11', 2),
(915, 2, 'Girls', '20220811-915', 'Size-2.4.6.8.10.12', 'a76868e0e9a82a9e3c5711866b2f8c6d.jpeg', '9a2c23e69d63ae1f0bc0c61fb7fa38be.jpeg', 8, '2022-08-11', 2),
(916, 1, 'Boys', '20220823-916', 'Size-2.4.6.8.10.12.14.16.18', '208229445d3ee1a6c69d5d14dba5871b.jpeg', '788df018550d4f5b9e8cde9659ca0197.jpeg', 8, '2022-08-23', 1),
(917, 1, 'Boys', '20220823-917', 'Size-2.4.6.8.10.12.14.16.18', '0eb4ce9c6a5eb058c9230305cc9d4f5f.jpeg', 'fab973187066357183fcc296e6605c03.jpeg', 8, '2022-08-23', 1),
(918, 1, 'Boys', '20220823-918', 'Size-2.4.6.8.10.12.14.16.18', '6eb75833162481da11185e6b314664f8.jpeg', '0ac5f606116f0515d803f0a076bd8e85.jpeg', 8, '2022-08-23', 1),
(919, 2, 'Girls', '20220823-919', 'Size-2.4.6.8.10.12.14.16.18', '2c3e5f66034136b9244ae6a96d8986a3.jpeg', '43abe68e7d1c265186ea58bfdce9283a.jpeg', 8, '2022-08-23', 1),
(920, 1, 'Boys', '20220823-920', 'Size-2.4.6.8.10.12.14.16.18', '96007ed824af39011ef36b539b1ec9e4.jpeg', '7d543338ffe6688e41164af1a1a73535.jpeg', 8, '2022-08-23', 1),
(921, 3, 'Baby Boy', '20220823-921', 'Size-12m.18m.24m', '2cb8f68ab7fddc3e1984bddec18b2235.jpeg', '1da0f71ab51b34b41e7e8dac89619d93.jpeg', 8, '2022-08-23', 1),
(922, 4, 'Baby Girl', '20220823-922', 'Size-12m.18m.24m', 'f8dd92c33c11fdb9d2edd730c0042e67.jpeg', '170e4bacfdbf771f81597ad41a424106.jpeg', 8, '2022-08-23', 1),
(923, 1, 'Boys', '20221001-923', 'SIZE-2 4 6 8 10 12 14 16 18', 'cab5ed517d8a7ca9e8cdeeb56e066ce9.jpg', '336980a46a84eaed37b529e67864abb7.jpg', 8, '2022-10-01', 1),
(924, 1, 'Boys', '20221001-924', 'SIZE-2 4 6 8 10 12 14 16 18', 'bff91e32c21a98249dc8138d453d51c5.jpg', 'ed1753bcb0f024210bc3203e976e69e1.jpg', 8, '2022-10-01', 1),
(925, 1, 'Boys', '20221001-925', 'SIZE-2 4 6 8 10 12 14 16 18', 'e5ae8c1548888076f1051ecf63549848.jpg', '176e331b2ff6ae875005d44e38a1d760.jpg', 8, '2022-10-01', 1),
(926, 3, 'Baby Boy', '20221001-926', 'SIZE-12M.18M.24M', '8ddd5228d150e01fc216c0b8aaf722c7.jpg', 'b997ced9f9a1861f94628bf97e9d4821.jpg', 8, '2022-10-01', 1),
(927, 3, 'Baby Boy', '20221001-927', 'SIZE-12M.18M.24M', '60244601dadadd35b642dd71f0e667d9.jpg', 'a7b81fada403de2e834812855bf3a9bd.jpg', 8, '2022-10-01', 1),
(928, 3, 'Baby Boy', '20221001-928', 'SIZE-12M.18M.24M', '40bec49c75b21aba0e20ffdc6d7d80c8.jpg', '765df1f40dc2f9a5058318e10035b8ec.jpg', 8, '2022-10-01', 1),
(929, 1, 'Boys', '20221020-929', 'SIZE-2 4 6 8 10 12 14 16 18', '63b1e5d3b436af36dad0a5313f12315c.png', '26fd8efae486d0a9d87a6d7083fa1a12.png', 8, '2022-10-20', 2),
(930, 1, 'Boys', '20221020-930', 'SIZE-2 4 6 8 10 12 14 16 18', '887f230c0ca14fb07e264003f869700a.png', '54288d3fe85707ccd5641a05e92d8b2d.png', 8, '2022-10-20', 1),
(931, 1, 'Boys', '20221020-931', 'SIZE-2 4 6 8 10 12 14 16 18', '01150aa98116b2d1d87725d20a1dad7f.png', '44ca0bfeea263ad0bcbc3aef3b65ef7a.png', 8, '2022-10-20', 1),
(932, 3, 'Baby Boy', '20221020-932', 'SIZE-12M.18M.24M', '651e5a1f461a8f9926c4686b04558e92.png', 'd638b78666fd837b2dc19daf3ecb137d.png', 8, '2022-10-20', 1),
(933, 3, 'Baby Boy', '20221020-933', 'SIZE-12M.18M.24M', 'f68ab9c7efbedf893e5f64ed0e25add0.png', 'eb57a22c7b6b11bd18fde861af6b7903.png', 8, '2022-10-20', 1),
(934, 3, 'Baby Boy', '20221020-934', 'SIZE-12M.18M.24M', '7343a6e1d96c7a53559030be0e821c88.png', '34f0fe0a7c9d4add2ee7c4dd3bd0e504.png', 8, '2022-10-20', 1),
(935, 2, 'Girls', '20221020-935', 'SIZE-2 4 6 8 10 12 14 16 18', 'cfaa3aa17a0e1143c20c54c980df0a57.png', 'aca03c414b79948ed6757c3b20507b44.png', 8, '2022-10-20', 1),
(936, 2, 'Girls', '20221020-936', 'SIZE-2 4 6 8 10 12 14 16 18', 'd6f4ce21b49ca61bbaebcb34b294028b.png', '3804a6245065753582393cfafc134a23.png', 8, '2022-10-20', 1),
(937, 4, 'Baby Girl', '20221020-937', 'SIZE-12M.18M.24M', '7c765a6b77fd5cb71ea7156ee65b2a35.png', '65520fe753f9a2032a244f968c3689bf.png', 8, '2022-10-20', 1),
(938, 4, 'Baby Girl', '20221020-938', 'SIZE-12M.18M.24M', '34325037d1f44841c50cefdb47324f9c.png', 'a2af50ac90c16d6fd911e84a5ef16dee.png', 8, '2022-10-20', 2),
(939, 4, 'Baby Girl', '20221020-939', 'SIZE-12M.18M.24M', 'df505ef6dd26b90b9599e198e0af668b.png', 'fa61b82ef0221c37bee6be573bc2d4d7.png', 8, '2022-10-20', 1),
(940, 1, 'Boys', '20221024-940', 'SIZE-2 4 6 8 10 12', 'c396a0d63ecd7a2f1fc1e2b75d585ecb.jpg', '7418519f81c373d164406f54392b85db.jpg', 8, '2022-10-24', 2),
(941, 1, 'Boys', '20221024-941', 'SIZE-2 4 6 8 10 12', '16bdac89b10c27bc48ce7dcc8c456626.jpg', '8f02c037e57f73bbabab7d351dd58621.jpg', 8, '2022-10-24', 1),
(942, 1, 'Boys', '20221024-942', 'SIZE-2 4 6 8 10 12', 'cb3ba89c04aeec0bfbc956e285a89b0f.jpg', '0afa0e052acf1ca13e52d5bed1b595a7.jpg', 8, '2022-10-24', 1),
(943, 1, 'Boys', '20221024-943', 'SIZE-2 4 6 8 10 12', 'e563ff7c865b54cffa4f659464683660.jpg', 'dcf96ce18272f8ef8b3a762e2a0f179a.jpg', 8, '2022-10-24', 2),
(944, 1, 'Boys', '20221024-944', 'SIZE-2 4 6 8 10 12', '9db08439b3d647f08a0ff3f3b9d5c2fe.jpg', 'f8e1df433d1fae47433cff5a97f917ff.jpg', 8, '2022-10-24', 1),
(945, 1, 'Boys', '20221024-945', 'SIZE-2 4 6 8 10 12', '5daf7394c2244907478e652732d7fe07.jpg', 'd2ffaa98da69b86033c310d03214099e.jpg', 8, '2022-10-24', 2),
(946, 1, 'Boys', '20221024-946', 'SIZE-2 4 6 8 10 12', '26e32be843af6c5126ddac7c85c2788c.jpg', 'e8b3670cbce0b7eec875de0039a5d224.jpg', 8, '2022-10-24', 2),
(947, 2, 'Girls', '20221024-947', 'SIZE-2 4 6 8 10 12', 'c4672b908e276420fae4f883a2bea285.jpg', '714dec641ac17d99ef49b4e63e68e04e.jpg', 8, '2022-10-24', 2),
(948, 2, 'Girls', '20221024-948', 'SIZE-2 4 6 8 10 12', '6d9eb6dac62cc1c3cdbb2ef7ac56c778.jpg', 'ecad37601a35be62d674a74347c88f61.jpg', 8, '2022-10-24', 1),
(949, 2, 'Girls', '20221024-949', 'SIZE-2 4 6 8 10 12', 'cc667e60f609481d21619fffbbca6f0a.jpg', 'bb94a1082e4dd8c366d513d1824e4062.jpg', 8, '2022-10-24', 2),
(950, 2, 'Girls', '20221024-950', 'SIZE-2 4 6 8 10 12', '2854d2583ed91c39b22dbfd93621a1e4.jpg', 'f10f4c8f78e8e90c7fe005d7fb5ec51e.jpg', 8, '2022-10-24', 2),
(951, 1, 'Boys', '20221029-951', 'SIZE-2 4 6 8 10 12 14 16 18', '148bb08e4972c12251efc3191f8ea3ef.png', '9c284ab9a80fd6ce619cbbb3f4d59cf6.png', 8, '2022-10-29', 1),
(952, 1, 'Boys', '20221029-952', 'SIZE-2 4 6 8 10 12 14 16 18', '6643ae7539ace3fca02c11d682e906f9.png', '8e8c9f67c970040a5da23ebd75799f46.png', 8, '2022-10-29', 1),
(953, 2, 'Girls', '20221029-953', 'SIZE-2 4 6 8 10 12 14 16 18', '2d6e17f0433190076c43a3877998b939.png', '386b7551e5a2d546ffc69e5fe07ea122.png', 8, '2022-10-29', 1),
(954, 3, 'Baby Boy', '20221029-954', 'SIZE-12M.18M.24M', '0a6c76102815fce4f1f787067c7e719c.png', 'a1b09f2beb9a2c1b85da1fe8aa1aa589.png', 8, '2022-10-29', 1),
(955, 3, 'Baby Boy', '20221029-955', 'SIZE-12M.18M.24M', '5ebd6b94ae71bb1b014a313045bd8f3b.png', 'b370dae8b06bd59465377560b9a893ff.png', 8, '2022-10-29', 1),
(956, 4, 'Baby Girl', '20221029-956', 'SIZE-12M.18M.24M', 'c6a7d27f3b8f0318fb5bd771d97de356.png', '1dcdd3cac43d2cd5bbeec6b2e0ce5c5e.png', 8, '2022-10-29', 1),
(957, 1, 'Boys', '20221110-957', 'SIZE-2 4 6 8 10 12', '673befb0f4237bfe126cb488108ad625.jpg', '7135ec765bc5a3f20a3c05cba7504a7d.jpg', 8, '2022-11-10', 2),
(958, 1, 'Boys', '20221110-958', 'SIZE-2 4 6 8 10 12', '95c99811d804a629593a13742aa82241.jpg', '058b08e12dd0bade8c4a2caf0cfe3bf8.jpg', 8, '2022-11-10', 2),
(959, 1, 'Boys', '20221110-959', 'SIZE-2 4 6 8 10 12', '028e8bfa9b4685d523c0599ec4371117.jpg', 'ce0631eb67216514fd5921196fd930d0.jpg', 8, '2022-11-10', 2),
(960, 1, 'Boys', '20221110-960', 'SIZE-2 4 6 8 10 12', '52d0f9bd818f2cb85fcb16ed83fdb03b.jpg', 'f3507ba3809bc8837499febda24302aa.jpg', 8, '2022-11-10', 2),
(961, 2, 'Girls', '20221110-961', 'SIZE-2 4 6 8 10 12', '4253bfceb5860e538e3af1488c6e7821.jpg', '7716d3999ace7b7ec3cd26e01b4e4d68.jpg', 8, '2022-11-10', 2),
(962, 2, 'Girls', '20221110-962', 'SIZE-2 4 6 8 10 12', 'cb116bf4884c3bfef3152eb03bbb2888.jpg', '3d097fb1091391d1298bd458475387bd.jpg', 8, '2022-11-10', 2),
(963, 2, 'Girls', '20221110-963', 'SIZE-2 4 6 8 10 12', '9aa3566e80477f82fe791a9955c2a1f0.jpg', 'a3163607eb79c82bd3498a0ede54c800.jpg', 8, '2022-11-10', 2);
INSERT INTO `product_info` (`product_id`, `category_id`, `product_name`, `product_code`, `product_size`, `product_thumb`, `product_img`, `user_id`, `create_date`, `status`) VALUES
(964, 1, 'Boys', '20221112-964', 'SIZE-2 4 6 8 10 12 14 16 18', '962ebf25a7ce6ddfa4a61ef9a50885b5.jpg', '97cc95c6aef71d43cd5574a231ef55de.jpg', 8, '2022-11-12', 1),
(965, 1, 'Boys', '20221112-965', 'SIZE-2 4 6 8 10 12 14 16 18', '1d677670ff13f1ae3028f20537c00f2d.jpg', '61a55cda1b6e27fb2ea79a782cb81edb.jpg', 8, '2022-11-12', 1),
(966, 1, 'Boys', '20221112-966', 'SIZE-2 4 6 8 10 12 14 16 18', 'b0f0c526b330cfc379e2961f62478fe5.jpg', '031e6bda7b6b98460c737a0a443a9a59.jpg', 8, '2022-11-12', 2),
(967, 1, 'Boys', '20221112-967', 'SIZE-2 4 6 8 10 12 14 16 18', '5b2fffd95e779a8f4ed0dd3ae5b10bf9.jpg', 'e03748607a28835723ddea8f4c3cb55d.jpg', 8, '2022-11-12', 1),
(968, 1, 'Boys', '20221112-968', 'SIZE-2 4 6 8 10 12 14 16 18', 'afb41ab1f5879761bb13a477e0a10b40.jpg', '4ea3f34feb147660691fcae542434e95.jpg', 8, '2022-11-12', 1),
(969, 2, 'Girls', '20221112-969', 'SIZE-2 4 6 8 10 12 14 16 18', '557f003d4c49b4e5b9304ad8b3a5917b.jpg', '45aa7b0f69534f6f8c72d11cb00a6b1d.jpg', 8, '2022-11-12', 1),
(970, 4, 'Baby Girl', '20221112-970', 'SIZE-12M.18M.24M', 'a2da65965e9bcd18a1df18f68b74ad69.jpg', '8978301298d75eb2c34e78ffeee6074a.jpg', 8, '2022-11-12', 1),
(971, 3, 'Baby Boy', '20221112-971', 'SIZE-12M.18M.24M', '7e954b899a50ec9421b6d7fd3672adb5.jpg', '715b32a3a12311bcf849135585d80bc7.jpg', 8, '2022-11-12', 1),
(972, 3, 'Baby Boy', '20221112-972', 'SIZE-12M.18M.24M', '9e7f71def539f69258899d9dbad3665b.jpg', '7711a7deb237d74d46546b9d6ab5fb30.jpg', 8, '2022-11-12', 1),
(973, 3, 'Baby Boy', '20221112-973', 'SIZE-12M.18M.24M', '66c4af1ba9e2af3d413e68bb1d809ecb.jpg', 'c9232c6b75bdbb3f6c111475a3622654.jpg', 8, '2022-11-12', 1),
(974, 1, 'Boys', '20221210-974', 'SIZE-2 4 6 8 10 12 14 16 18', '4d82d5b5c45c9c90f0203c7bb58fa256.jpg', '5c0cfaf60e98792e5a2670c82415f161.jpg', 8, '2022-12-10', 1),
(975, 1, 'Boys', '20221210-975', 'SIZE-2 4 6 8 10 12 14 16 18', '407debcc31d2dfab2827657b08b27930.png', 'e2ea07160c7696a70a8fd2fba076c139.png', 8, '2022-12-10', 1),
(976, 2, 'Girls', '20221210-976', 'SIZE-2 4 6 8 10 12 14 16 18', 'ca8fac05dc1e101386f25ed29b02467e.png', '2faa7ed31cb68e88830a3ef29b7d80b0.png', 8, '2022-12-10', 1),
(977, 1, 'Boys', '20221214-977', 'Size-2.4.6.8.10.12.14.16.18', '5b3e80cf21147457a8bc3c211d417f1a.jpg', 'c09602796674dd77b6d63917757bba82.jpg', 8, '2022-12-14', 2),
(978, 1, 'Boys', '20221214-978', 'Size-2.4.6.8.10.12.14.16.18', '1fc64540795bb98fa675600b8e74fe9e.png', '5abea449d38f5a76d040c872900b1304.png', 8, '2022-12-14', 1),
(979, 1, 'Boys', '20221214-979', 'Size-2.4.6.8.10.12.14.16.18', 'cf25b02d460e5147ede48778f6f998ed.png', 'b8e6a5681c8d2f65eb816937eaa8bfca.png', 8, '2022-12-14', 1),
(980, 2, 'Girls', '20221214-980', 'Size-2.4.6.8.10.12.14.16.18', '84c19fc8ef14d1bbf27ad3f67673e547.png', '3bec816f2db941e88bfc0c36393a731b.png', 8, '2022-12-14', 1),
(981, 2, 'Girls', '20221214-981', 'Size-2.4.6.8.10.12.14.16.18', '66f55243fb4bd73089fb9283576f1c5e.png', '073bebb80c988751e52f780f19a2a657.png', 8, '2022-12-14', 1),
(982, 1, 'Boys', '20230108-982', 'Size-2.4.6.8.10.12.14.16.18', '855dd7ac259332473b7da5a51ea6fe16.jpg', 'b5d2535ee09535559bb55a58734dc9ed.jpg', 8, '2023-01-08', 1),
(983, 1, 'Boys', '20230108-983', 'Size-2.4.6.8.10.12.14.16.18', '49489afd6b241e6af54029c6f3e74cd0.jpg', '2d5e76d02df60647888ad0125bf88d40.jpg', 8, '2023-01-08', 1),
(984, 1, 'Boys', '20230108-984', 'Size-2.4.6.8.10.12.14.16.18', '0f14b9af1e1011285876549af01302ea.jpg', '12f1bc68e69f70819be25a9b91dd32ac.jpg', 8, '2023-01-08', 1),
(985, 1, 'Boys', '20230108-985', 'Size-2.4.6.8.10.12.14.16.18', 'b74a171d1c90a82b3812e9ba8d424ede.jpg', '9e5a3eb32083fa2efe9029dc165c2aed.jpg', 8, '2023-01-08', 1),
(986, 3, 'Baby Boy', '20230108-986', 'Size-12m.18m.24m', '5ad2a044188e8883b296f8c741fdad05.jpg', '2277003fe7f1f220d0cf6fb487ddf346.jpg', 8, '2023-01-08', 1),
(987, 3, 'Baby Boy', '20230108-987', 'Size-12m.18m.24m', '3b9d0b0a7c815f4c99951f30f0089d06.jpg', 'e8fd760b7fd5e12df6bad83c12f0e644.jpg', 8, '2023-01-08', 1),
(988, 3, 'Baby Boy', '20230108-988', 'Size-12m.18m.24m', '0122457b956e32cf951e2a2cbb95c9d6.jpg', '5ffc1088de9afa1843325b7feee2ea75.jpg', 8, '2023-01-08', 2),
(989, 3, 'Baby Boy', '20230108-989', 'Size-12m.18m.24m', 'eaee61d3acaab4c69aa606c5ce50a581.jpg', '99e8e395b8349f78e35c78d01f5a87a2.jpg', 8, '2023-01-08', 1),
(990, 3, 'Baby Boy', '20230108-990', 'Size-12m.18m.24m', '5e835bb03b4e3ed087271f0f2b4e3d6d.jpg', '0770a2c1609c51ec582dc9f4aa7278d8.jpg', 8, '2023-01-08', 1),
(991, 1, 'Boys', '20230127-991', 'Size-2.4.6.8.10.12.14.16.18', '1df032525d400fc32d95bad6aa133c75.jpg', '9d1aa338934954be43428554d18b6945.jpg', 8, '2023-01-27', 1),
(992, 1, 'Boys', '20230127-992', 'Size-2.4.6.8.10.12.14.16.18', '77aa7dfbef7d228af2bc0bd3b0daa40f.jpg', '4c4c53e45f73e188ba81e714efed263f.jpg', 8, '2023-01-27', 1),
(993, 1, 'Boys', '20230127-993', 'Size-2.4.6.8.10.12.14.16.18', '36ff69e19b921ae35cbfe9de8e5442f3.png', '3915400a9ed87505250208594f9dd7b6.png', 8, '2023-01-27', 1),
(994, 1, 'Boys', '20230127-994', 'Size-2.4.6.8.10.12.14.16.18', 'a2edc6d29afda4f54f013208a20f87e6.png', 'f81b40e7bbf191017eafd08d8dbe8c7d.png', 8, '2023-01-27', 1),
(995, 1, 'Boys', '20230127-995', 'Size-2.4.6.8.10.12.14.16.18', '6d861c816c7db84b2ce552ba48357234.png', 'da6bbb184c06b7bbcfb6fd96b7b574cd.png', 8, '2023-01-27', 1),
(996, 3, 'Baby Boy', '20230127-996', 'Size-12m.18m.24m', '6ae3aefbf7a1e52dc90f5323db5a196d.png', '317d586d5089758d62ec876e53d3789b.png', 8, '2023-01-27', 1),
(997, 3, 'Baby Boy', '20230127-997', 'Size-12m.18m.24m', 'd11fc09f26e67da39088ac269f29b32a.png', '744b3770994210df9f2951d1d4f0038a.png', 8, '2023-01-27', 1),
(998, 3, 'Baby Boy', '20230127-998', 'Size-12m.18m.24m', '5522b88f173d69dba91b3dd48cf9f29d.png', '8adaab353610578d241996542b54d8cb.png', 8, '2023-01-27', 1),
(999, 3, 'Baby Boy', '20230127-999', 'Size-12m.18m.24m', '22a62bca19b229da3809bfa1d057b262.png', 'a49f85094b8a4cde3f82de15ab91740d.png', 8, '2023-01-27', 1),
(1000, 3, 'Baby Boy', '20230127-1000', 'Size-12m.18m.24m', 'fc848a44f6b1a8195c91e98def9d4748.png', '071f7320f6d5070ccc5720694f5147c7.png', 8, '2023-01-27', 1),
(1001, 7, 'Women', '20230128-1001', 'M,L,XL,XXL', '8ddbbbfdfbb858ca427f8b8197588395.jpg', 'e5dd3b25134e178d1785bab06fe60b0d.jpg', 8, '2023-01-28', 2),
(1002, 7, 'Women', '20230128-1002', 'M,L,XL,XXL', 'c865cb4942ab04ec001e36fd39c0ccfc.jpg', 'e0299bb9a4af0a3a3799bec0d0f537d7.jpg', 8, '2023-01-28', 2),
(1003, 8, 'Women', '20230128-1003', 'M,L,XL,XXL', '735c31971005bc0546002a783b995031.jpg', 'fe5470f1bfbd2fd126ce875a0c768a63.jpg', 8, '2023-01-28', 2),
(1004, 7, 'Women', '20230128-1004', 'M,L,XL,XXL', 'e4516645705a06a2a2153cfe41501e3c.jpg', '0ce2263b88458a22710b7c89b46e4068.jpg', 8, '2023-01-28', 2),
(1005, 7, 'Women', '20230128-1005', 'M,L,XL,XXL', '736c48a037a3e870a5daff9681ff0855.jpg', '8f249c245fdede729ea4eb83ed880467.jpg', 8, '2023-01-28', 2),
(1006, 7, 'Women', '20230128-1006', 'M,L,XL,XXL', 'ef6dc4453bc53b3347eee7b5c33ec093.jpg', '61abb5c3bfd35bbbc6fcb7a58569c728.jpg', 8, '2023-01-28', 2),
(1007, 6, 'Man', '20230128-1007', 'M,L,XL,XXL', '7e997a431c8ff5c16e1ad6421fd1c92b.jpg', 'e1d8b0bae831f3d25a78be42a99f9279.jpg', 8, '2023-01-28', 2),
(1008, 6, 'Man', '20230128-1008', 'M,L,XL,XXL', '6d22d23f4d65fc7a13022c9eddc00eac.jpg', '5b5fc6fa1220857f1b5e00bc8fe6b345.jpg', 8, '2023-01-28', 2),
(1009, 6, 'Man', '20230128-1009', 'M,L,XL,XXL', 'e78da97e556a95b3c1ce47a6f4d95624.jpg', 'da9853289082f8e9a3ca070872b5d127.jpg', 8, '2023-01-28', 2),
(1010, 6, 'Man', '20230128-1010', 'M,L,XL,XXL', '94104c58c7aae94cf26078b18bf3300e.jpg', '8d1fca12a43bcadd499df7cce19c048d.jpg', 8, '2023-01-28', 2),
(1011, 14, 'Adult shoes', '20230203-1011', 'Size-37,38,39,40,41,42,43,44,45,46,47,48,', '3ab86fc78b6cf45f610a26765ce5c398.jpg', '9aa3b3dcdb8614f10dcc5edcb25295b5.jpg', 8, '2023-02-03', 1),
(1012, 14, 'Adult shoes', '20230203-1012', 'Size-37,38,39,40,41,42,43,44,45,46,47,48,', '93486dd17a255abef799437deae6ed31.jpg', '8fe0c2be11e58c9a661f80464df7cf9b.jpg', 8, '2023-02-03', 1),
(1013, 14, 'Adult shoes', '20230203-1013', 'Size-37,38,39,40,41,42,43,44,45,46,47,48,', '21797b75f616231beb5fadf57f5ae9a3.jpg', 'f441ec9d517206fb2f35fd4b382fd781.jpg', 8, '2023-02-03', 1),
(1014, 14, 'Adult shoes', '20230203-1014', 'Size-37,38,39,40,41,42,43,44,45,46,47,48,', '44dd300bc486fdfe18715b0475a827c8.jpg', '7402218ed9e0d8109738b0866f834836.jpg', 8, '2023-02-03', 1),
(1015, 14, 'Adult shoes', '20230203-1015', 'Size-37,38,39,40,41,42,43,44,45,46,47,48,', '3e64348f7c2f3845a711071fd9fcc81b.jpg', '52d99c61a5007e64aacfc04e7083a558.jpg', 8, '2023-02-03', 1),
(1016, 14, 'Adult shoes', '20230203-1016', 'Size-37,38,39,40,41,42,43,44,45,46,47,48,', 'e35806c3c287e5f2082c81dce23569ec.jpg', '8f49820738087932fff169ea0771b969.jpg', 8, '2023-02-03', 1),
(1017, 14, 'Adult shoes', '20230203-1017', 'Size-37,38,39,40,41,42,43,44,45,46,47,48,', '7eceb3fbd4234f0747d83066552569f1.jpg', 'f4c228ae15921a2f8f076051075bad5b.jpg', 8, '2023-02-03', 1),
(1018, 14, 'Adult shoes', '20230203-1018', 'Size-37,38,39,40,41,42,43,44,45,46,47,48,', 'bafd4f657658331a505825035ffac203.jpg', 'b4cf8f0f8d7cce0d0027221b556b8783.jpg', 8, '2023-02-03', 1),
(1019, 14, 'Adult shoes', '20230203-1019', 'Size-37,38,39,40,41,42,43,44,45,46,47,48,', '977a0703026c5a3324da1e9d0c5a892b.jpg', 'ad71c0051cffae4a9d5aca412c0cefdc.jpg', 8, '2023-02-03', 1),
(1020, 14, 'Adult shoes', '20230203-1020', 'Size-37,38,39,40,41,42,43,44,45,46,47,48,', '2ca0fabc688ade5b48ec03dc39ace8ae.jpg', 'da5e91f32f67ac509fc95669bffaabfe.jpg', 8, '2023-02-03', 1),
(1021, 14, 'Adult shoes', '20230203-1021', 'Size-37,38,39,40,41,42,43,44,45,46,47,48,', 'c9abe5f8a4f9793b7a3d61938c3c8501.jpg', '7fd0366500e0b3a00a0fbe65978e5afd.jpg', 8, '2023-02-03', 1),
(1022, 1, 'Boys', '20230211-1022', 'Size-2.4.6.8.10.12', '0b629522ead3adddefa399c5014f349c.png', 'd910ec3585a6e8b0be32ce8776828df1.png', 8, '2023-02-11', 2),
(1023, 1, 'Boys', '20230211-1023', 'Size-2.4.6.8.10.12', '538514f0cfe2f2ee1f2c55f09ff441be.png', '9e7951f1072ff0256fa441244fad189e.png', 8, '2023-02-11', 2),
(1024, 2, 'Girls', '20230211-1024', 'Size-2.4.6.8.10.12', 'ee81288b57a40370ea757d795b9d5829.jpg', 'f9b07d5b917b26ac8e72de59c4949326.jpg', 8, '2023-02-11', 2),
(1025, 2, 'Girls', '20230211-1025', 'Size-2.4.6.8.10.12', 'be149ddfbf167322b321e521db7f165b.png', '7f179ffe5b9aa0f93cabac7aa2436d46.png', 8, '2023-02-11', 2),
(1026, 2, 'Girls', '20230211-1026', 'Size-2.4.6.8.10.12', '88ceb6560963b429282c160c90e026ba.png', 'be3cf4821267be4956cad18c6aaa509f.png', 8, '2023-02-11', 2),
(1027, 2, 'Girls', '20230211-1027', 'Size-2.4.6.8.10.12', '5e6e742f47da53d7552b931aa8a1aef5.png', '7e1ccad211a02c2efa012d5e4a37204d.png', 8, '2023-02-11', 2),
(1028, 2, 'Girls', '20230211-1028', 'Size-2.4.6.8.10.12', '50c47ecb63f44abf1f5a6840b6f9d28c.png', '9b1f84e7fdf03665ed5ef00c11198d81.png', 8, '2023-02-11', 2),
(1029, 11, 'Baby shoes', '20230211-1029', 'Size-26.27.28.29.30.31.32.33.34.35.', 'b66ba9a446f6b0d5b3045d2ed023356c.png', 'a8e0506eedb51585283185d3b134c42c.png', 8, '2023-02-11', 1),
(1030, 11, 'Baby shoes', '20230211-1030', 'Size-26.27.28.29.30.31.32.33.34.35.', 'd55683edfba141205ad0bad7174bc34e.png', 'af1d53ced1990522ab326b6173f4ae07.png', 8, '2023-02-11', 1),
(1031, 2, 'Girls', '20230211-1031', 'Size-2.4.6.8.10.12', 'd7573e518f0bf4441f5635daeb61586f.png', '88758d1e84103390f5529c1e439a2e05.png', 8, '2023-02-11', 2),
(1032, 2, 'Girls', '20230212-1032', 'Size-2.4.6.8.10.12', 'da027cb6a90c07442a3308b61a1a7ab4.jpg', 'dbf966529ff63eb3c748bdefd606d8c5.jpg', 8, '2023-02-12', 2),
(1033, 2, 'Girls', '20230212-1033', 'Size-2.4.6.8.10.12', '690fb468baac8a7c8c410e03661d0cf5.jpg', '08444e092e443028e553f6e3f76ec4d1.jpg', 8, '2023-02-12', 2),
(1034, 2, 'Girls', '20230226-1034', 'Size-2.4.6.8.10.12', '7c4d5fc4e4fd58ea46680e1e6d594073.jpg', 'b3fca88ce093ac55182d1e718e680af4.jpg', 8, '2023-02-26', 2),
(1035, 2, 'Girls', '20230226-1035', 'Size-2.4.6.8.10.12', 'e98889ad52eb76a76f2eed0d4aa7a543.jpg', '2b591046e0f1bbeda770f4235ff873ef.jpg', 8, '2023-02-26', 2),
(1036, 1, 'Boys', '20230228-1036', 'Size-2.4.6.8.10.12.14.16.18', '3ab8670be427e041f11ab87729ff379a.png', '2774a65975976d213398b825af353ee7.png', 8, '2023-02-28', 2),
(1037, 1, 'Boys', '20230228-1037', 'Size-2.4.6.8.10.12.14.16.18', '66d2b793e91827a66d2df36c7debf40d.png', '6e0a29ab345b4d8c1ff16d326179785b.png', 8, '2023-02-28', 2),
(1038, 1, 'Boys', '20230228-1038', 'Size-2.4.6.8.10.12.14.16.18', '6644df9f28c6661310c6d60b977c8677.png', '43130804c8c58ac206f90794a9af916e.png', 8, '2023-02-28', 1),
(1039, 1, 'Boys', '20230228-1039', 'Size-2.4.6.8.10.12.14.16.18', '966e3d08c1d969cb23a230aeb956b353.png', 'c6874ba042c52d1151a6c17f36775378.png', 8, '2023-02-28', 1),
(1040, 1, 'Boys', '20230228-1040', 'Size-2.4.6.8.10.12.14.16.18', '936167c313e0cbf4159b477c381b4348.png', '1fb230ed257f0bc03ee8ebdeba282970.png', 8, '2023-02-28', 1),
(1041, 1, 'Boys', '20230228-1041', 'Size-2.4.6.8.10.12.14.16.18', 'b2146e12eb55c4b04a620fa7a246d3fb.png', '1ceb6050e02ed377d3246bb9fa5b7664.png', 8, '2023-02-28', 1),
(1042, 2, 'Girls', '20230228-1042', 'Size-2.4.6.8.10.12.14.16.18', '0c8ddb8afb392e14479ce1152505d5d9.png', '8f90f146c64a714fae3715e53b2bacb5.png', 8, '2023-02-28', 2),
(1043, 2, 'Girls', '20230228-1043', 'Size-2.4.6.8.10.12.14.16.18', '301384f48c077d2bdc397c3641d7c93c.png', '86d72449aabf0c9e7c2794ba45321473.png', 8, '2023-02-28', 1),
(1044, 2, 'Girls', '20230228-1044', 'Size-2.4.6.8.10.12.14.16.18', '00252c0c45b8d553053b6dff2aa0aa59.jpg', 'd7428e7a21fc216a0c34e76f20a2c462.jpg', 8, '2023-02-28', 1),
(1045, 1, 'Boys', '20230228-1045', 'Size-2.4.6.8.10.12.14.16.18', 'abf771e1ddd866bfe0f5257de274d3d8.jpg', 'f01e4fe113c4576680922d3ec3eff4eb.jpg', 8, '2023-02-28', 1),
(1046, 1, 'Boys', '20230302-1046', 'Size-2.4.6.8.10.12', 'e685b7a62ba32f88e8fef261853f46be.jpg', '7ffe3f50be94961843263f275908fb38.jpg', 8, '2023-03-02', 2),
(1047, 1, 'Boys', '20230302-1047', 'Size-2.4.6.8.10.12', 'abe6767e15d84b7482d0596d64577e0c.jpg', 'ec5bb1743c9cea40c40cad2692c5c679.jpg', 8, '2023-03-02', 2),
(1048, 1, 'Boys', '20230302-1048', 'Size-2.4.6.8.10.12', '34d587fe932087359004f92bedaffd92.jpg', '027ea4bd86c38d747823cb15257424e8.jpg', 8, '2023-03-02', 2),
(1049, 1, 'Boys', '20230302-1049', 'Size-2.4.6.8.10.12', 'c1c31922393782a44ed1bceb6cf614b1.jpg', '21c71cb836e6f2f77f51a8d2dae6f6cc.jpg', 8, '2023-03-02', 1),
(1050, 1, 'Boys', '20230302-1050', 'Size-2.4.6.8.10.12', '6957d46d05dcd119fb9a0cb29d7ca5f3.jpg', '698fde3c37ffa27fa2188dbfc40b90a7.jpg', 8, '2023-03-02', 1),
(1051, 2, 'Girls', '20230302-1051', 'Size-2.4.6.8.10.12', '4f0dcc259b9bc6cad10d2a8ca48f1fbc.jpg', 'd4accbb6e5c0ff4e49786361fadd1e9a.jpg', 8, '2023-03-02', 2),
(1052, 2, 'Girls', '20230302-1052', 'Size-2.4.6.8.10.12', '6d2782178f480c4ff8f813b9ea2888b4.jpg', '5ded0e6a613ffa588e7f587df6fef717.jpg', 8, '2023-03-02', 2),
(1053, 2, 'Girls', '20230302-1053', 'Size-2.4.6.8.10.12', '5872b527c707aa78f1e66acfd3faca34.jpg', 'f94de89013e381e7c94bed293619e1df.jpg', 8, '2023-03-02', 2),
(1054, 2, 'Girls', '20230302-1054', 'Size-2.4.6.8.10.12', 'ef9d4ec71fbb3a94161611cb0ba410dc.jpg', '917853abb9b6d275300cb0bd0ef0fd06.jpg', 8, '2023-03-02', 1),
(1055, 1, 'Boys', '20230309-1055', 'Size-2.4.6.8.10.12', '400383499b8a93d5dd76b2d5fc6488c1.jpg', '39c66d3e145ab9de853c95e83f978628.jpg', 8, '2023-03-09', 2),
(1056, 1, 'Boys', '20230309-1056', 'Size-2.4.6.8.10.12', '04cd115de366986f33594ecbbe381533.jpg', '0bcab830c3fafb5c6b58bd290be98857.jpg', 8, '2023-03-09', 2),
(1057, 1, 'Boys', '20230309-1057', 'Size-2.4.6.8.10.12', '18147d27c4a0d796f2b9b49e44e50cf2.jpg', '1b05a2c9840760534db76d3938a6cdf2.jpg', 8, '2023-03-09', 2),
(1058, 2, 'Girls', '20230309-1058', 'Size-2.4.6.8.10.12', '10eb95cb2edd4324b3c6574b1c4d9cbe.jpg', 'dbfb0ac6a98ca1e9bbb769531ca0c3c9.jpg', 8, '2023-03-09', 1),
(1059, 2, 'Girls', '20230309-1059', 'Size-2.4.6.8.10.12', 'dea858faf11e454ae65867d1c867f25c.jpg', '437a70ca317d0175497c8dd2fad34587.jpg', 8, '2023-03-09', 2),
(1060, 2, 'Girls', '20230309-1060', 'Size-2.4.6.8.10.12', '1671b016f4dcb645f821ce4a9b42736d.jpg', '323f712b1495db88bf881a58a4000230.jpg', 8, '2023-03-09', 1),
(1061, 4, 'Baby Girl', '20230309-1061', 'Size-12m.18m.24m', '85d4f3a539c52c5755c40ea8dfb26c70.jpg', '7dae50c8e3523da87d68bf990b3a6090.jpg', 8, '2023-03-09', 2),
(1062, 4, 'Baby Girl', '20230309-1062', 'Size-12m.18m.24m', '8889879be0d2e42c617aa725f0e59ff3.jpg', 'ea284eaeed95a3fb250452867c3c4bd9.jpg', 8, '2023-03-09', 1),
(1063, 1, 'Boys', '20230315-1063', 'Size-2.4.6.8.10.12', '94df346c1817ccff6fabc07a3b069921.jpg', '16a91341440c3289fa4ea99aaebc3607.jpg', 8, '2023-03-15', 2),
(1064, 1, 'Boys', '20230315-1064', 'Size-2.4.6.8.10.12', 'b792ed70cd8135dad25cf22a3d8eca45.jpg', 'cc6bff60c209c5086219fde79c6c3531.jpg', 8, '2023-03-15', 2),
(1065, 2, 'Girls', '20230315-1065', 'Size-2.4.6.8.10.12', '183188f2dd352c6a1158a6a951b9a863.jpg', 'cd455d987c870d29429be4fc08b204ad.jpg', 8, '2023-03-15', 2),
(1066, 2, 'Girls', '20230315-1066', 'Size-2.4.6.8.10.12', 'dd4ef1342f66d98b75c9c5944ea9f001.jpg', 'cfbc6c063dbcd440b362d8589b27b348.jpg', 8, '2023-03-15', 2),
(1067, 2, 'Girls', '20230315-1067', 'Size-2.4.6.8.10.12', '3ed3203ec85c52e0ea1116b60ae020ba.jpg', '7712f5793b6e16417986427b1f56fdef.jpg', 8, '2023-03-15', 2),
(1068, 2, 'Girls', '20230315-1068', 'Size-2.4.6.8.10.12', 'e39dcbb05ad8676d08529abc2562aee5.jpg', 'e222fb552cecb55b2d14b5fab2d8cc67.jpg', 8, '2023-03-15', 2),
(1069, 2, 'Girls', '20230315-1069', 'Size-2.4.6.8.10.12', 'b5ca5502a63df85004d69a10401fe5b6.jpg', '37f89a448412b30f18fd48ba92cd8f71.jpg', 8, '2023-03-15', 2),
(1070, 1, 'Boys', '20230318-1070', 'Size-2.4.6.8.10.12', '8794f704580dfc3b39c2182319e6b8df.jpg', 'f9da9db896b3e65a91f76a8b93f28387.jpg', 8, '2023-03-18', 2),
(1071, 1, 'Boys', '20230318-1071', 'Size-2.4.6.8.10.12', 'dfa919e28e0969e62b0909e434c1ab57.jpg', '5920532ab1b937074ac8a26eb6b3695a.jpg', 8, '2023-03-18', 2),
(1072, 1, 'Boys', '20230318-1072', 'Size-2.4.6.8.10.12', '7d0610e797dc38383482dfe5ab3d487a.jpg', '18d3c477ef681ebb2985c95b72dc0436.jpg', 8, '2023-03-18', 2),
(1073, 2, 'Girls', '20230318-1073', 'Size-2.4.6.8.10.12', '1a5c6667f592d80eb637075a892fb1d8.jpg', 'bafccfc47883e0bfc8c38e68ec68167e.jpg', 8, '2023-03-18', 1),
(1074, 2, 'Girls', '20230318-1074', 'Size-2.4.6.8.10.12', 'd18e18780f0d0a06518274d58b598605.jpg', 'c7a006342f78e89e90fe0c400ae97e79.jpg', 8, '2023-03-18', 2),
(1075, 2, 'Girls', '20230318-1075', 'Size-2.4.6.8.10.12', '89216b5722ded608b7e217585d718b60.jpg', '559ba4f08b496d707eb3fe8fb83e4d28.jpg', 8, '2023-03-18', 2),
(1076, 4, 'Baby Girl', '20230318-1076', 'Size-12m.18m.24m', 'a9ec904a73441dc642859f8c94855f5e.jpg', 'c61e9a34de737f47f83418f9a054a297.jpg', 8, '2023-03-18', 2),
(1077, 2, 'Girls', '20230324-1077', 'Size-2.4.6.8.10.12.14.16.18', '1c6d63fca0c2d9a635490334830d92ad.png', '0e696e231aa0b661d46f78d9305bf2c1.png', 8, '2023-03-24', 1),
(1078, 4, 'Baby Girl', '20230324-1078', 'Size-12m.18m.24m', '520de282e10ed0fd3f0ed245db10bf87.png', 'aa1cd629bac33c91dafc40a5770f267c.png', 8, '2023-03-24', 1),
(1079, 1, 'Boys', '20230326-1079', 'Size-2.4.6.8.10.12', '615d54b69363a8bdf2cb52d2f11058ac.jpg', 'ceb8e261f3cdd00d811befad1c99a32f.jpg', 8, '2023-03-26', 2),
(1080, 1, 'Boys', '20230326-1080', 'Size-2.4.6.8.10.12', '7a96fe9ad073060f9abbe19d879986eb.jpg', '8f4c318aef30c02ee5a40180392e480c.jpg', 8, '2023-03-26', 2),
(1081, 1, 'Boys', '20230326-1081', 'Size-2.4.6.8.10.12', '006316c2092744c1bb545d0deb25c80d.jpg', 'dced4d8792943842121c33f37f3dc658.jpg', 8, '2023-03-26', 2),
(1082, 1, 'Boys', '20230326-1082', 'Size-2.4.6.8.10.12', '5249ccb5ad1bf77c2bbec29fe69a3326.jpg', '64c5a76e2cb8727e8bda5d8a7479f2c7.jpg', 8, '2023-03-26', 2),
(1083, 2, 'Girls', '20230326-1083', 'Size-2.4.6.8.10.12', '517a69753c78efe4c66c441b5b40ecfe.jpg', '3585c442023432228939bc0d6ffedfec.jpg', 8, '2023-03-26', 1),
(1084, 2, 'Girls', '20230326-1084', 'Size-2.4.6.8.10.12', '96918201821da1c790b08a33f454c67a.jpg', 'b311f39e98459903bd87bd83447cc5b6.jpg', 8, '2023-03-26', 2),
(1085, 2, 'Girls', '20230326-1085', 'Size-2.4.6.8.10.12', 'd6b1a35f7195ad7e1dc944ff66921022.jpg', 'e120a8487be255ba7ec3d64c8474de0c.jpg', 8, '2023-03-26', 2),
(1086, 2, 'Girls', '20230326-1086', 'Size-2.4.6.8.10.12', '4bd40552399a9fa35ccb4ee4e65ea411.png', '7580f7772e53bcd7fe1e1710515b8a9a.png', 8, '2023-03-26', 1),
(1087, 2, 'Girls', '20230326-1087', 'Size-2.4.6.8.10.12', '2a6c1bf9e502f5962e700a17a913313c.png', '8b166de2a68fac51e02a797579607cdd.png', 8, '2023-03-26', 1),
(1088, 2, 'Girls', '20230330-1088', 'Size-2.4.6.8.10.12', '731b369585fcdf0e61c74b3b7827bc62.png', '8d3f7e36ed6be34ccf381cdadcb2feba.png', 8, '2023-03-30', 1),
(1089, 2, 'Girls', '20230330-1089', 'Size-2.4.6.8.10.12', '501ab0e540f9f46890bee060c0d638c1.jpg', '2fa91aacf9e12d94de9a49b0a385720f.jpg', 8, '2023-03-30', 2),
(1090, 8, 'Women', '20230331-1090', 'M,L,XL,XXL', 'fbdb147cf4b4d36915ab49f84e0a6758.jpg', '026284e05bc673d3d5d1b80093328131.jpg', 8, '2023-03-31', 2),
(1091, 7, 'Women', '20230331-1091', 'SIZE-S . M. L. XL', '7e954aaada975414924c39409e0bfdd6.jpg', 'e6fafb900917f1b9cd796ffed5eb0c98.jpg', 8, '2023-03-31', 1),
(1092, 7, 'Women', '20230331-1092', 'SIZE-S . M. L. XL', '54cff5efdcd4bdb273bde415f141200c.jpg', '23290d1ffb792ec16f86d6c7896808f1.jpg', 8, '2023-03-31', 1),
(1093, 7, 'Women', '20230331-1093', 'SIZE-S . M. L. XL', '1e5be00e82c92fa95edc309b106216f8.jpg', '7900de1304e7b4a87c9b01f7bd132047.jpg', 8, '2023-03-31', 2),
(1094, 7, 'Women', '20230331-1094', 'SIZE-S . M. L. XL', '0905d5e43e772fbd29a2612cf0a33cc5.jpg', '339df5e5dc35d011c27e0bda75001446.jpg', 8, '2023-03-31', 1),
(1095, 7, 'Women', '20230331-1095', 'SIZE-S . M. L. XL', '1c10f7240eb8f9ae89f72017b1d8ec37.jpg', '4ff4af13e6ad28f8c26db94a5bde7ec5.jpg', 8, '2023-03-31', 1),
(1096, 7, 'Women', '20230331-1096', 'SIZE-S . M. L. XL', '2e73defe54d4b0000c46fcdb6f3a20c7.jpg', '696fa1c8e14e9d31d22dd6ea49370fc1.jpg', 8, '2023-03-31', 1),
(1097, 7, 'Women', '20230331-1097', 'SIZE-S . M. L. XL', '50667532cc4466fb25fb5628a3121528.jpg', '70ce476f34b1c7569111bcc899f7d715.jpg', 8, '2023-03-31', 1),
(1098, 7, 'Women', '20230331-1098', 'SIZE-S . M. L. XL', 'ddb7aa3c8f0f7aee7e95f6768bfb3f50.jpg', '9d3ac7c860d9ae60b0dbdd3d0a2bb791.jpg', 8, '2023-03-31', 1),
(1099, 7, 'Women', '20230331-1099', 'SIZE-S . M. L. XL', '48cc1957e81b94866d6991311545119b.jpg', 'af7c87cbbd3b5889984850aa904d2071.jpg', 8, '2023-03-31', 2),
(1100, 8, 'Women', '20230331-1100', 'SIZE-S . M. L. XL', '9a5766b1279629b62f6e0c3a75165383.jpg', '0e066596b02ed99502b43f2a4f49b22a.jpg', 8, '2023-03-31', 1),
(1101, 7, 'Women', '20230331-1101', 'SIZE-S . M. L. XL', '9f191cf7c4748230a9db1e6c9674bcc7.jpg', '7e1ad087d0c9a553dbc660a93df7f58d.jpg', 8, '2023-03-31', 1),
(1102, 7, 'Women', '20230331-1102', 'SIZE-S . M. L. XL', '2319344821adc172bb00943a1bd03272.jpg', '8f85e554273a0017f4e68d2395a91001.jpg', 8, '2023-03-31', 1),
(1103, 7, 'Women', '20230331-1103', 'SIZE-S . M. L. XL', '3e71a3754dbfc129d4c5663c10a5071f.jpg', '3ccf47e4c4a10ac8ba7f6b4f7a85b421.jpg', 8, '2023-03-31', 2),
(1104, 7, 'Women', '20230331-1104', 'SIZE-S . M. L. XL', 'c28281c74b4ac177494395aa3b1da97f.jpg', '330a1673521e40f994427145e8a94b54.jpg', 8, '2023-03-31', 1),
(1105, 8, 'Women', '20230331-1105', 'SIZE-S . M. L. XL', '55e74dbc0cf71fb13aadb578e6da1129.jpg', '2f50259b95d31d3d52be98c7eaa22cd8.jpg', 8, '2023-03-31', 1),
(1106, 8, 'Women', '20230331-1106', 'SIZE-S . M. L. XL', '52da13dc1b70966ca792a79a37b55454.jpg', '7e138bad346aa77daa8f7242e0fb3746.jpg', 8, '2023-03-31', 1),
(1107, 1, 'Boys', '20230403-1107', 'Size-2.4.6.8.10.12', '79c832ea5bf04d995768eecd06cb38d5.jpg', '8528d55eb685858ac04032edcb487d5d.jpg', 8, '2023-04-03', 2),
(1108, 1, 'Boys', '20230403-1108', 'Size-2.4.6.8.10.12', 'f2ed6b451470ec9c290f43fcb8047564.jpg', '852f381480b0b42808eeb637160aa9fb.jpg', 8, '2023-04-03', 2),
(1109, 1, 'Boys', '20230403-1109', 'Size-2.4.6.8.10.12', 'df893e533caf802e83dfed9343b8290f.jpg', '1728579443d60651eabc7a54004d8058.jpg', 8, '2023-04-03', 2),
(1110, 2, 'Girls', '20230403-1110', 'Size-2.4.6.8.10.12', '88dfbefe5ba1d72e39bd96971c909c25.jpg', 'c727de3ef22ed69f163ab484a790d70d.jpg', 8, '2023-04-03', 2),
(1111, 2, 'Girls', '20230403-1111', 'Size-2.4.6.8.10.12', '6fa212ceee93847fe07982197232c0f5.jpg', '51cb27ef5f324adfe654f2a501ee3efc.jpg', 8, '2023-04-03', 1),
(1112, 2, 'Girls', '20230403-1112', 'Size-2.4.6.8.10.12', '5135f18ccd44f4ebfd1008a0c2075f6c.jpg', 'b9d8d71711f3f65537b797cef05e5377.jpg', 8, '2023-04-03', 1),
(1113, 2, 'Girls', '20230403-1113', 'Size-2.4.6.8.10.12', '148026914355e6b7a034567851e2c06a.jpg', '5c2705362bfd9c77f91d5c318b4b49f2.jpg', 8, '2023-04-03', 1),
(1114, 1, 'Boys', '20230410-1114', 'Size-2.4.6.8.10.12', '192096f729bb1e310374229a8c2ac502.jpg', 'c6b51c1db7b2d47cfe47dbcc2e6053fc.jpg', 8, '2023-04-10', 2),
(1115, 1, 'Boys', '20230410-1115', 'Size-2.4.6.8.10.12', 'e1fe19b1b005879252754d2f44faebb6.jpg', '71c38d0c6e098f7348c3be262d43e921.jpg', 8, '2023-04-10', 2),
(1116, 1, 'Boys', '20230410-1116', 'Size-2.4.6.8.10.12', '862664ee48d205c3d7e7f7759e563fe1.jpg', 'd1b430695e54972b84ca08451759fbba.jpg', 8, '2023-04-10', 2),
(1117, 2, 'Girls', '20230410-1117', 'Size-2.4.6.8.10.12', '178f9f1d22c2264e44d78d7f806075c8.png', '98bdfe7e06cc9a33b29594258aef21a0.png', 8, '2023-04-10', 1),
(1118, 2, 'Girls', '20230410-1118', 'Size-2.4.6.8.10.12', 'b5662f0ef70e029212c9da19992db987.jpg', 'fc938bbedcddb1b0f484f58e02c71175.jpg', 8, '2023-04-10', 2),
(1119, 2, 'Girls', '20230410-1119', 'Size-2.4.6.8.10.12', 'd186376c3ce4d432589f17fa1f362f1d.jpg', '4c8f4167c92e4f397e02fc8328329876.jpg', 8, '2023-04-10', 1),
(1120, 7, 'Women', '20230415-1120', 'SIZE-S . M. L. XL', '6a349007e11c411c5b07a3afb772c99b.jpg', 'a41a88bdc4f520689ffa6ca36ff19542.jpg', 8, '2023-04-15', 1),
(1121, 7, 'Women', '20230415-1121', 'SIZE-S . M. L. XL', '8a6416256ece9deecff85b06b0781e88.jpg', '4db79da2c4a580017b3fe10b4f617415.jpg', 8, '2023-04-15', 1),
(1122, 7, 'Women', '20230415-1122', 'SIZE-S . M. L. XL', '1ea34cd84ef4539ca9f0eb13571a3b08.jpg', '047810a6a0cbd25863a503aaadb84370.jpg', 8, '2023-04-15', 1),
(1123, 7, 'Women', '20230415-1123', 'SIZE-S . M. L. XL', 'a9547ced95c38aa428384aa7d6d42ecd.png', '066f19aacdf8a4da82e208b81bd14264.png', 8, '2023-04-15', 1),
(1124, 7, 'Women', '20230415-1124', 'SIZE-S . M. L. XL', '214bd597a2154abf3f552f807978af14.png', '54c1d8d71993279ec5c9c23cbff39199.png', 8, '2023-04-15', 2),
(1125, 7, 'Women', '20230415-1125', 'SIZE-S . M. L. XL', 'c5f4c56f02c49adfbaf09b9c5a776b5a.png', '6bfc27536c576dc02521eca8e52e561e.png', 8, '2023-04-15', 1),
(1126, 7, 'Women', '20230415-1126', 'SIZE-S . M. L. XL', 'd79791bf0bf5e0bd51b2da5760da8f52.png', '7739de899a92a44d9afdd899171134c2.png', 8, '2023-04-15', 2),
(1127, 7, 'Women', '20230415-1127', 'SIZE-S . M. L. XL', 'a48005be0445b6fbf1d14c2f86c13c55.jpg', '5ce7a03c0006ab5cd5a5fcd80320f2ee.jpg', 8, '2023-04-15', 2),
(1128, 7, 'Women', '20230415-1128', 'SIZE-S . M. L. XL', 'ee8605fc63f42083e28fc2c3fa7687ae.jpg', 'bb2473fd3fded12f66bf1e8e2afbb843.jpg', 8, '2023-04-15', 1),
(1129, 7, 'Women', '20230415-1129', 'SIZE-S . M. L. XL. XXL', '12a002180156e196622d335fa08bed9d.jpg', 'e34cdc9ba05a8a9b99bafe0b6a9f5d38.jpg', 8, '2023-04-15', 1),
(1130, 7, 'Women', '20230415-1130', 'SIZE-S . M. L. XL .XXL', 'b46e4bf23005e9f5d57a6ce155b3844b.jpg', 'dc0e4ae440e39ab1fcc1becf2f7bdbc1.jpg', 8, '2023-04-15', 1),
(1131, 7, 'Women', '20230415-1131', 'SIZE-S . M. L. XL .XXL', 'f38db57c04d147c858bc7e1508817018.jpg', 'a4703c7f235dafe9c85e186707e70ab5.jpg', 8, '2023-04-15', 2),
(1132, 7, 'Women', '20230415-1132', 'SIZE-S . M. L. XL .XXL', '4b758be8c1a998029797c1f448d45016.jpg', 'b245a958b9c76634bbca612a40501198.jpg', 8, '2023-04-15', 2),
(1133, 7, 'Women', '20230415-1133', 'SIZE-S . M. L. XL. XXL', '2255be8ead8b71fb23d16d9d67396fa0.jpg', 'ed15036e75d4d9c34494656ff53f8824.jpg', 8, '2023-04-15', 1),
(1134, 7, 'Women', '20230415-1134', 'SIZE-S . M. L. XL .XXL', 'c41b7eb7ad68456359e7a2f8c53f5f51.jpg', 'aa27209940aa2ce1a4dd0ff7d873740c.jpg', 8, '2023-04-15', 1),
(1135, 2, 'Girls', '20230417-1135', 'Size-2.4.6.8.10.12', '5daf6698c026e934770f1564787dec5b.png', '9fbba300d315c950348f6d9694f96fdb.png', 8, '2023-04-17', 1),
(1136, 2, 'Girls', '20230417-1136', 'Size-2.4.6.8.10.12', '3598b6b12d379ea84329935cec1277aa.jpg', '4340dea67acc9fee9cf771492bb56759.jpg', 8, '2023-04-17', 1),
(1137, 2, 'Girls', '20230417-1137', 'Size-2.4.6.8.10.12', '67da2a0a558da99bcb2801ac8722ae3a.jpg', '2d93247e9bffb314f9de315c5861b4e0.jpg', 8, '2023-04-17', 2),
(1138, 2, 'Girls', '20230417-1138', 'Size-2.4.6.8.10.12', '5623271d1934e8a38c56bce0fffc5558.jpg', '7180a1bf84308e17e8fc3d7360f3c84b.jpg', 8, '2023-04-17', 2),
(1139, 1, 'Boys', '20230417-1139', 'Size-2.4.6.8.10.12', '82eb4a2476db598f70b3193e0ac36542.jpg', 'a5f4986ddc6796715b407f4c5f4b3c4a.jpg', 8, '2023-04-17', 2),
(1140, 1, 'Boys', '20230417-1140', 'Size-2.4.6.8.10.12', 'c67712b6eceffe9bc61dd3d1c6b18902.jpg', '775ef03e571680ec2b72c0afd6920bc9.jpg', 8, '2023-04-17', 2),
(1141, 1, 'Boys', '20230417-1141', 'Size-2.4.6.8.10.12', '6467b1eb19341de45653ca5407b9e829.jpg', '80a0f35340768863ca9563154b2abc91.jpg', 8, '2023-04-17', 2),
(1142, 1, 'Boys', '20230417-1142', 'Size-2.4.6.8.10.12', '685471e9aa6fe8c019a5a609c14e7c30.jpg', '345df4b86755506eca8a95eb7e707bd3.jpg', 8, '2023-04-17', 2),
(1143, 1, 'Boys', '20230417-1143', 'Size-2.4.6.8.10.12', '1d76e75d13d21dc426be61b03bf6d7e3.jpg', '44dd0d8abf48dc3832d4144ca742e597.jpg', 8, '2023-04-17', 2),
(1144, 7, 'Women', '20230424-1144', 'SIZE-S . M. L. XL', '45e2c83982d7cb0db46b52857edf108c.jpg', 'c13089e8db44a34f742f1d4bf067c6fe.jpg', 8, '2023-04-24', 1),
(1145, 7, 'Women', '20230424-1145', 'SIZE-S . M. L. XL', 'b6b24343f24fbb8be478df3462bbdd28.png', 'b15885720cc002f8c6715f0108f648d7.png', 8, '2023-04-24', 1),
(1146, 7, 'Women', '20230424-1146', 'SIZE-S . M. L. XL', 'cd5768832e96e7881e23dceba598dafa.jpg', '674f9191300c4a382979dec182a9eb5f.jpg', 8, '2023-04-24', 1),
(1147, 2, 'Girls', '20230509-1147', 'Size-2.4.6.8.10.12', '7545f5b1c17b8e516a4f07b87e52057d.jpg', 'c1dbbb3e2e3f07dbfdb68202440baae0.jpg', 8, '2023-05-09', 2),
(1148, 2, 'Girls', '20230509-1148', 'Size-2.4.6.8.10.12', '3f998b5f5b61c08b6ef706a582e104aa.jpg', '4cf68d418c8de720bbd27218faa3c3fa.jpg', 8, '2023-05-09', 2),
(1149, 2, 'Girls', '20230509-1149', 'Size-2.4.6.8.10.12', '5703828ffec5f2bbc47ae11de23e4c7b.jpg', '21c6101349010d84ad3a326fd565a03a.jpg', 8, '2023-05-09', 2),
(1150, 2, 'Girls', '20230509-1150', 'Size-2.4.6.8.10.12', 'c6b9b3b1701d1baac02d8492e57fbaa5.jpg', '54bfdc9060d4e22636322967e5f43636.jpg', 8, '2023-05-09', 1),
(1151, 2, 'Girls', '20230509-1151', 'Size-2.4.6.8.10.12', '8066473ac9a980991acd26fd4929c62b.jpg', '8f7419dde864af2cae3f9eb1b76d4a6d.jpg', 8, '2023-05-09', 2),
(1152, 2, 'Girls', '20230509-1152', 'Size-2.4.6.8.10.12', 'b68a97656758f5fe66e8a248aa63a884.jpg', '89f673a087acfa55fb8199f6b789bbd4.jpg', 8, '2023-05-09', 1),
(1153, 2, 'Girls', '20230509-1153', 'Size-2.4.6.8.10.12', '7021c959018122c635c9891c01377ed0.jpg', '75d2b8a482a2b3a3a2443c3e53fa0eaa.jpg', 8, '2023-05-09', 2),
(1154, 2, 'Girls', '20230509-1154', 'Size-2.4.6.8.10.12', '425832f29f20b8255ad9f930fae69bf5.jpg', '631ff2a4ac8e6d559cc11849f5d2d7ac.jpg', 8, '2023-05-09', 1),
(1155, 11, 'Baby shoes', '20230509-1155', 'Size -26,27,28,29,30,31,32,33,34,35', '4335c01018cd8aa722c7118c01d54d27.jpg', '01ce811eec3adb76004f2e0ba1de7277.jpg', 8, '2023-05-09', 1),
(1156, 11, 'Baby shoes', '20230509-1156', 'Size -26,27,28,29,30,31,32,33,34,35', '85b9bc5a96b93b6edeb05f034138dae4.jpg', '1d7f2a727a76391f5483e08e17c45fc0.jpg', 8, '2023-05-09', 1),
(1157, 6, 'Man', '20230510-1157', 'SIZE-S . M. L. XL', 'c1107920a06b941980ac7e8d24a9a81c.jpg', 'cc5495433dfb9c01674e72fd37eb1198.jpg', 8, '2023-05-10', 2),
(1158, 6, 'Man', '20230510-1158', 'SIZE-S . M. L. XL', '984780489e104184a24f5ae818736468.jpg', 'fa333f7e3ec0c61fcd12cc78e8f3d78f.jpg', 8, '2023-05-10', 2),
(1159, 6, 'Man', '20230510-1159', 'SIZE-S . M. L. XL', '45a4e2620158441d56c4e4b4f155ce56.jpg', '6f9ddc310dfa0d73770fd4b67d438018.jpg', 8, '2023-05-10', 1),
(1160, 6, 'Man', '20230510-1160', 'SIZE-S . M. L. XL', '114cf3191a34a7601e38fd8e25f1260b.jpg', '42dd73fca1230ab690b3b00ede00966c.jpg', 8, '2023-05-10', 2),
(1161, 6, 'Man', '20230510-1161', 'SIZE-S . M. L. XL', '24a93099a5b665a42a5ad952d96eb2cd.jpg', '003a6f76299a7ba07e8b66776ee6f9d6.jpg', 8, '2023-05-10', 2),
(1162, 6, 'Man', '20230510-1162', 'SIZE-S . M. L. XL', '1745b8a970b6b5eba3db944688dd74d4.jpg', '20a005500057bc801005c1a0523cae17.jpg', 8, '2023-05-10', 1),
(1163, 6, 'Man', '20230510-1163', 'SIZE-S . M. L. XL', 'eb124486ef0870b8c5d3ed3243fe74c6.jpg', '8a818b14b557bf93a7138c8155505ab3.jpg', 8, '2023-05-10', 1),
(1164, 6, 'Man', '20230510-1164', 'SIZE-S . M. L. XL', 'a7f2fc30002a93429e4a757c692cbf1f.jpg', 'a908c044f33f23c2ee1f92fd9e16ca28.jpg', 8, '2023-05-10', 2),
(1165, 7, 'Women', '20230510-1165', 'SIZE-S . M. L. XL', 'd88f7c0e2cea93310deddcf1b6d7ec4a.jpg', '1177c7cb59a91cd46abc2335200a91b2.jpg', 8, '2023-05-10', 1),
(1166, 7, 'Women', '20230510-1166', 'SIZE-S . M. L. XL', 'fffb83319733663e6641a64a48534fc8.jpg', '2a81421491e9fdabb2cc7cbc2697667c.jpg', 8, '2023-05-10', 1),
(1167, 7, 'Women', '20230510-1167', 'SIZE-S . M. L. XL', '592583fd125fbd193e7ab81009711d37.jpg', 'a19f642933301e8f53e7ce516c9a4b13.jpg', 8, '2023-05-10', 1),
(1168, 7, 'Women', '20230510-1168', 'SIZE-S . M. L. XL', '9f2c8cc3d68ec947922c95af5e132063.jpg', 'e552c6e633511c95e658fef11b6ae6bb.jpg', 8, '2023-05-10', 2),
(1169, 7, 'Women', '20230510-1169', 'SIZE-S . M. L. XL', '5017f4d94b543655292071be3d8b89a9.jpg', '1e718688d9871f380a9ebc43fc7f0a3f.jpg', 8, '2023-05-10', 1),
(1170, 7, 'Women', '20230517-1170', 'Free size', '5b7091a5e0b91ac6acd74afdf20b4b5e.jpg', 'b862e797ce2bc43a324abb1c4a77905d.jpg', 8, '2023-05-17', 1),
(1171, 7, 'Women', '20230517-1171', 'Free size', 'e97f7d1fcb8cc06b479dcc42e921ba96.jpg', '960dd00d4b4eb2980fe1e4d3be04b658.jpg', 8, '2023-05-17', 1),
(1172, 7, 'Women', '20230517-1172', 'Free size', '25d11daa05a84904f8d1f47596829eeb.jpg', 'd2ae8fdcf16b1a6794d3c7dca658bf72.jpg', 8, '2023-05-17', 1),
(1173, 7, 'Women', '20230517-1173', 'Free size', 'aab72ec7d6707411dc86e37c7453c7ce.jpg', '1eba16341322334824932b9e0ba26fb0.jpg', 8, '2023-05-17', 1),
(1174, 7, 'Women', '20230517-1174', 'Free size', '018231d8d33d5f78db5065a12dcc1a28.jpg', 'c8b0488923584350949cac76767d4922.jpg', 8, '2023-05-17', 1),
(1175, 1, 'Boys', '20230522-1175', 'Size-2.4.6.8.10.12.14.16.18', 'c4dc5de2d51649ec631b0965dc5af89f.png', 'f0f110c177fba0bdd0b3e31df0e29d1a.png', 8, '2023-05-22', 1),
(1176, 1, 'Boys', '20230522-1176', 'Size-2.4.6.8.10.12.14.16.18', 'a22be9728f89f6f8f4a793808ca97f9d.png', 'e5e25d948f3d4ade7a26d7b7f89159df.png', 8, '2023-05-22', 2),
(1177, 1, 'Boys', '20230522-1177', 'Size-2.4.6.8.10.12.14.16.18', '9facbc455faf7f5c53c3e3da5af71d7b.png', 'b9540e180d480f70f6304b0d27440525.png', 8, '2023-05-22', 1),
(1178, 1, 'Boys', '20230522-1178', 'Size-2.4.6.8.10.12.14.16.18', '7946fe00dc9550cc1658143f80eb19ad.png', '367911a7ebebda96375b13cd608350fe.png', 8, '2023-05-22', 1),
(1179, 1, 'Boys', '20230522-1179', 'Size-2.4.6.8.10.12.14.16.18', '71f1907d21af1057934a00dd882a9743.png', 'f361c57a7ea33dc87b0575dba65ad72b.png', 8, '2023-05-22', 1),
(1180, 2, 'Girls', '20230522-1180', 'Size-2.4.6.8.10.12.14.16.18', 'd7e9999d340a8ef3eaab52e67978200b.png', 'e47511adef6de7611fb4aa007e5c2586.png', 8, '2023-05-22', 1),
(1181, 1, 'Boys', '20230526-1181', 'Size-2.4.6.8.10.12', 'e9cabc042e08bfb7c50732601a1e463e.jpg', 'a3d9ead3f048de5456057c5ffebc15ed.jpg', 8, '2023-05-26', 2),
(1182, 1, 'Boys', '20230526-1182', 'Size-2.4.6.8.10.12', '87920c14275910ff752191c77a485ded.jpg', '0b3f1f8b3f3bf0424f97eeefb5a398aa.jpg', 8, '2023-05-26', 2),
(1183, 2, 'Girls', '20230526-1183', 'Size-2.4.6.8.10.12', '232e5ea216ad86e12bd2bbf776e38f4e.jpg', '4e20d7b60a9ff7aea877d8bab4f0700e.jpg', 8, '2023-05-26', 1),
(1184, 2, 'Girls', '20230526-1184', 'Size-2.4.6.8.10.12', 'ce65100a5cdfbcc9b9ca20fa67beb41e.jpg', '10bf31c41b3c9d8e2512bf7de9291896.jpg', 8, '2023-05-26', 1),
(1185, 6, 'Man', '20230526-1185', 'SIZE-S . M. L. XL', 'e11ca82ec9a5a4fb464502a8a264bd8f.jpg', '3c94ae6d8d5317413652ebf40995f263.jpg', 8, '2023-05-26', 1),
(1186, 6, 'Man', '20230526-1186', 'SIZE-S . M. L. XL', '07fe89a26f439e3a447e81d875cdd886.jpg', 'a15fa4ee63bf791242067dbced2b19f9.jpg', 8, '2023-05-26', 1),
(1187, 6, 'Man', '20230526-1187', 'SIZE-S . M. L. XL', '6ec66355f06f3ae0bce66f8bdb783ae1.jpg', 'f3ea8b05090fb45738fa9cfaeed88feb.jpg', 8, '2023-05-26', 1),
(1188, 6, 'Man', '20230526-1188', 'SIZE-S . M. L. XL', 'a559f9797647d01ff5885753a4338ea3.jpg', '86fd26fcada882caf89aa3cd25fde012.jpg', 8, '2023-05-26', 1),
(1189, 6, 'Man', '20230526-1189', 'SIZE-S . M. L. XL', 'c6f75f06395c3945be1878c97dc6d959.jpg', '29d40e68216e4d2c1404c77442961e7e.jpg', 8, '2023-05-26', 1),
(1190, 6, 'Man', '20230526-1190', 'SIZE-S . M. L. XL', '441f1a850f4c9db5c0361dbb60b27a9b.jpg', 'd2d251d27379586efb134ce795728adb.jpg', 8, '2023-05-26', 1),
(1191, 7, 'Women', '20230526-1191', 'SIZE-S . M. L. XL', '4e26e9550b5136f9c3fbe1439e7e2f72.jpg', '30bfbb156db520a605ef56a42277353e.jpg', 8, '2023-05-26', 1),
(1192, 7, 'Women', '20230526-1192', 'SIZE-S . M. L. XL', '496529e143384c860fe15cabe9519bae.jpg', '1a413efe55db6f63a5ab162ba8e76f7e.jpg', 8, '2023-05-26', 2),
(1193, 7, 'Women', '20230526-1193', 'SIZE-S . M. L. XL', '859b940422324555ff338f6f7b2a468d.jpg', 'b79d9befeb2c50797848dd5ebbe429fc.jpg', 8, '2023-05-26', 1),
(1194, 7, 'Women', '20230526-1194', 'SIZE-S . M. L. XL', 'ee8aff231aa625c1e23397bd9af7e713.jpg', '447f3477b669142ba790e77ce610e580.jpg', 8, '2023-05-26', 1),
(1195, 7, 'Women', '20230526-1195', 'SIZE-S . M. L. XL', 'e3a1f0c51be09f9d2a59eac8a9f471cc.jpg', '0c39e7762fd6bda1e10f894b47e2d8d4.jpg', 8, '2023-05-26', 1),
(1196, 7, 'Women', '20230526-1196', 'SIZE-S . M. L. XL', 'b3f51bb30c8f04f633c7a8b105ad1474.jpg', '047b02af50cdb9c4eef11c9659c8b4ba.jpg', 8, '2023-05-26', 1),
(1197, 1, 'Boys', '20230529-1197', 'Size-2.4.6.8.10.12', '6bbcc52d91ab828440a601b049950761.jpg', 'f30257b95d26d78fbe11bb024fa9e507.jpg', 8, '2023-05-29', 2),
(1198, 1, 'Boys', '20230529-1198', 'Size-2.4.6.8.10.12', '74ae4c457f0c0e56c89c80b87cd12963.jpg', '912b4eb0020d465459499434ac875cd1.jpg', 8, '2023-05-29', 1),
(1199, 1, 'Boys', '20230529-1199', 'Size-2.4.6.8.10.12', '6c7a8286425664d6f753f91889b6e465.jpg', '724ea64f226b60cbd10cf2889675e8ae.jpg', 8, '2023-05-29', 2),
(1200, 1, 'Boys', '20230529-1200', 'Size-2.4.6.8.10.12', 'a2866dd2dbe813e69dac9eddc0480290.jpg', '69eb00ae783e22c5a1bd82cfbbb2c008.jpg', 8, '2023-05-29', 1),
(1201, 1, 'Boys', '20230529-1201', 'Size-2.4.6.8.10.12', '82fbaab341fec5a94059ba6f851def89.jpg', '6e728447f5639c42296f2c8745c01388.jpg', 8, '2023-05-29', 2),
(1202, 1, 'Boys', '20230529-1202', 'Size-2.4.6.8.10.12', '1551941ac141ae9633fcd9de24bb6ef3.jpg', 'be9a80485f6f8f077cd17b5c61c4a87d.jpg', 8, '2023-05-29', 1),
(1203, 2, 'Girls', '20230529-1203', 'Size-2.4.6.8.10.12', '3007d9fab378093ea86621f0d275a5b0.jpg', '48154404c7913cfdad755bfa8b968658.jpg', 8, '2023-05-29', 1),
(1204, 2, 'Girls', '20230529-1204', 'Size-2.4.6.8.10.12', 'aa066dfdf01f915f05672fc6d65d2db1.jpg', 'c6c45f45716fc47b75151ff61963e2bc.jpg', 8, '2023-05-29', 1),
(1205, 7, 'Women', '20230603-1205', 'SIZE-S . M. L. XL', '5705c580bbe85495edb439531285d112.jpg', 'c6f7cf51023b243f27998aed26752c70.jpg', 8, '2023-06-03', 1),
(1206, 7, 'Women', '20230606-1206', 'SIZE-S . M. L. XL', '6c47549cb7a1683af88e45431e650720.jpg', 'a070812d0267f4d28ff199ed9bfa0312.jpg', 8, '2023-06-06', 1),
(1207, 7, 'Women', '20230606-1207', 'SIZE-S . M. L. XL', 'c4392e34e5d8348078b2a6d7227291a1.jpg', 'e2cba45a1266b7669588f702a0d2e59e.jpg', 8, '2023-06-06', 1),
(1208, 8, 'Women', '20230606-1208', 'SIZE-S . M. L. XL', 'b4fe240701e44718f8c361d2065d02b8.jpg', '963849611f996084317c73145544d6b9.jpg', 8, '2023-06-06', 1),
(1209, 7, 'Women', '20230606-1209', 'SIZE-S . M. L. XL', '3147b2a4bca3078ba35a176de4bbb56c.jpg', 'c4d564cbcb9e1006705a925e3a8cb613.jpg', 8, '2023-06-06', 1),
(1210, 8, 'Women', '20230606-1210', 'SIZE-S . M. L. XL', '7cb6141c35183e177da6e5278750fe9c.jpg', '54454a0e7eba9688025671c741cf9401.jpg', 8, '2023-06-06', 1),
(1211, 7, 'Women', '20230606-1211', 'SIZE-S . M. L. XL', '5fea39ee8b1cde8064cd32f9275f7f2c.jpg', '9bae32d3f02e960c48cda92d83796a2a.jpg', 8, '2023-06-06', 1),
(1212, 7, 'Women', '20230606-1212', 'SIZE-S . M. L. XL', 'd6c97118e4cff4deef58b21b100671ea.jpg', '55845a03ded56a82f8d9b267c67ecb93.jpg', 8, '2023-06-06', 1),
(1213, 8, 'Women', '20230606-1213', 'SIZE-S . M. L. XL', 'bbe51068ccd00b9d994d4ac349879a53.jpg', 'aaffde0b27a7b64b0e5b0dea30529fb1.jpg', 8, '2023-06-06', 1),
(1214, 7, 'Women', '20230606-1214', 'SIZE-S . M. L. XL', '3efabab2aae6ccc82439866fa086e30d.jpg', '0b0fb35b86dbf7d5563ee0a029fb2f29.jpg', 8, '2023-06-06', 1),
(1215, 7, 'Women', '20230606-1215', 'SIZE-S . M. L. XL', 'f4d8c15e2074c0ff3f39730fba3871f0.jpg', 'f93c96fc04a4dc27f906ec37a8426c4a.jpg', 8, '2023-06-06', 1),
(1216, 8, 'Women', '20230606-1216', 'SIZE-S . M. L. XL', '084d64752d9ee10cb8ab3bad61b2eb96.jpg', 'c30e031b7be686c45f3e9215cdbf947e.jpg', 8, '2023-06-06', 1),
(1217, 8, 'Women', '20230606-1217', 'SIZE-S . M. L. XL', '3a9c8b657897e793b41d3770405eb8b3.jpg', '2df590ec8763666f7152a6b2bdf8567e.jpg', 8, '2023-06-06', 1),
(1218, 9, 'Women', '20230606-1218', 'SIZE-S . M. L. XL', '72baaafd05803ac647167756307c5c9a.jpg', '9701e7bb672a380f60dcc1c642d7d7b4.jpg', 8, '2023-06-06', 1),
(1219, 1, 'Boys', '20230611-1219', 'Size-2.4.6.8.10.12', '9524c95199ab23fad9368910969a2827.jpg', 'babcbacbaa4950eaa507ddbae2b07eb3.jpg', 8, '2023-06-11', 2),
(1220, 1, 'Boys', '20230611-1220', 'Size-2.4.6.8.10.12', '3c037af1c7dac71b4edff7240dcfbba4.jpg', '9d31e6711990fa9e65c2be2a410b1d8d.jpg', 8, '2023-06-11', 2),
(1221, 1, 'Boys', '20230611-1221', 'Size-2.4.6.8.10.12', '0f086d9f0733ddfd2b31d9a50848ce10.jpg', '5f7af1a725f2ce88fd77365302379bf0.jpg', 8, '2023-06-11', 1),
(1222, 1, 'Boys', '20230611-1222', 'Size-2.4.6.8.10.12', '371d9d3a11b87a71102b492d3bd39b97.jpg', '191b1713e8daa36c5e35e6c5efef332f.jpg', 8, '2023-06-11', 1),
(1223, 1, 'Boys', '20230611-1223', 'Size-2.4.6.8.10.12', '6c0f55773d9af53dc5a7820f95b9b2af.jpg', '970a672c9c9928836e45344d9b24348b.jpg', 8, '2023-06-11', 1),
(1224, 1, 'Boys', '20230611-1224', 'Size-2.4.6.8.10.12', '77809186b279b885beb0d64dfba85401.jpg', '1825de8999881c21eba0109878c08a8b.jpg', 8, '2023-06-11', 1),
(1225, 1, 'Boys', '20230611-1225', 'Size-2.4.6.8.10.12', '7752ca170abec57a00de0bb0d55def54.jpg', 'b9f99d22a79387e320d03689faed5095.jpg', 8, '2023-06-11', 2),
(1226, 7, 'Women', '20230611-1226', 'SIZE-S . M. L. XL', '9117b3ed3d7bc98887da69bd18d266fd.jpg', '2c85790674cb9e9b9938ada42c95a181.jpg', 8, '2023-06-11', 1),
(1227, 8, 'Women', '20230611-1227', 'SIZE-S . M. L. XL', 'b89a1c2063285cd1c94e7494866a92a2.jpg', '475350fe9b821644762e3e5384878ae1.jpg', 8, '2023-06-11', 1),
(1228, 8, 'Women', '20230611-1228', 'SIZE-S . M. L. XL', '8b42e120e4de002624d72086ebdf8d6e.jpg', 'cf5b41dc6af201f007f97e4985aa0ebb.jpg', 8, '2023-06-11', 1),
(1229, 3, 'Baby Boy', '20230611-1229', 'Size-12m.18m.24m', '799f2c85fc8b134045085f80009c84ef.jpg', '5aa41f7c489bdd7509b7f40a4cb38c18.jpg', 8, '2023-06-11', 1),
(1230, 4, 'Baby Girl', '20230611-1230', 'Size-12m.18m.24m', '64599662af55e33fc6779bb3920ca8c1.jpg', 'f67cab751ba10748462022fb641c51fd.jpg', 8, '2023-06-11', 2),
(1231, 1, 'Boys', '20230615-1231', 'Size-2.4.6.8.10.12', 'f259040365bbb2cafc5a487c9e9a79f1.jpg', '5a33a7081fb90b3448c2d21d06b24e70.jpg', 8, '2023-06-15', 1),
(1232, 1, 'Boys', '20230615-1232', 'Size-2.4.6.8.10.12', '694c87fd91fb36d2fcf13cb7cd9e4e8e.jpg', '48f77c0e42ada4823b1fa6a34b51b235.jpg', 8, '2023-06-15', 1),
(1233, 1, 'Boys', '20230615-1233', 'Size-2.4.6.8.10.12', '6bba88d6af97aa4c4c711b984688c767.jpg', '70b003a23476444b3a51b5b29eaae0d2.jpg', 8, '2023-06-15', 1),
(1234, 1, 'Boys', '20230621-1234', 'Size-2.4.6.8.10.12', 'a453b50abc1c3e0d6190244706da7041.jpg', '700b0eee933b3f3fbbf66e2f00f557a7.jpg', 8, '2023-06-21', 2),
(1235, 1, 'Boys', '20230621-1235', 'Size-2.4.6.8.10.12', '818ad95e02bb85ed8a34ac23c0f06f7b.jpg', '01725ecbea516a7dfe5640437d720635.jpg', 8, '2023-06-21', 1),
(1236, 1, 'Boys', '20230621-1236', 'Size-2.4.6.8.10.12', 'daed42eb2cf4d3f41ae940791ef38bde.jpg', 'c612e2f58f4f62d7dcac30f2d624c105.jpg', 8, '2023-06-21', 1),
(1237, 2, 'Girls', '20230621-1237', 'Size-2.4.6.8.10.12', '114b87c9ebfc9dc1ca044b846743c310.jpg', 'e4f0b3b0242985281b3f635452610cf8.jpg', 8, '2023-06-21', 1),
(1238, 2, 'Girls', '20230621-1238', 'Size-2.4.6.8.10.12', '86a2fd17afad60b736ba9f8bcce81a63.jpg', 'b6b8bdfa05ef892bc1c02eb3b0e9340b.jpg', 8, '2023-06-21', 1),
(1239, 2, 'Girls', '20230621-1239', 'Size-2.4.6.8.10.12', 'ccecea9528f76eea1b275f9861b6b0de.jpg', '884e113495f7435ccc8566fd8ca51e74.jpg', 8, '2023-06-21', 2),
(1240, 2, 'Girls', '20230621-1240', 'Size-2.4.6.8.10.12', 'b74b1497ce48ea01cbfb99d512487c11.jpg', '828fd45dd0910286c79f3694ec85a539.jpg', 8, '2023-06-21', 1),
(1241, 1, 'Boys', '20230622-1241', 'Size-2.4.6.8.10.12', '8b4ef10682238e99f6f1d3a08d45cc78.jpg', 'd939728a6e7f16f3732dd3e3c52cf0d3.jpg', 8, '2023-06-22', 1),
(1242, 2, 'Girls', '20230622-1242', 'Size-2.4.6.8.10.12', 'ae6ec0d20736f697d865f2aa472c6934.jpg', 'd3d3c5d9502b4c6e6aa856720d24b8f7.jpg', 8, '2023-06-22', 2),
(1243, 2, 'Girls', '20230622-1243', 'Size-2.4.6.8.10.12', 'a640f925accb38c05ceccca0e409dab8.jpg', '39e4560de457ee7613f1b9fd8e514293.jpg', 8, '2023-06-22', 1),
(1244, 2, 'Girls', '20230622-1244', 'Size-2.4.6.8.10.12', '1e8ddc1c582ef449c4c72445d85924bb.jpg', '8b80c9127ea7c1e8787a88d81d47cf62.jpg', 8, '2023-06-22', 1),
(1245, 2, 'Girls', '20230622-1245', 'Size-2.4.6.8.10.12', '27d6d699bf8e64600777179514338e0e.jpg', 'ec9f42d085e00e6610c6020f73864722.jpg', 8, '2023-06-22', 2),
(1246, 2, 'Girls', '20230622-1246', 'Size-2.4.6.8.10.12', '610d44b1a2d324b3e587e20bf515e125.jpg', '4daa9f60bc082f9075600160eb686dbd.jpg', 8, '2023-06-22', 1),
(1247, 2, 'Girls', '20230622-1247', 'Size-2.4.6.8.10.12', '43a145acd7adb35a4e19f46a9e125981.jpg', '3f37c75bae75c960a188864e387111c5.jpg', 8, '2023-06-22', 1),
(1248, 1, 'Boys', '20230627-1248', 'Size-2.4.6.8.10.12', '39162b0327836af97744fbca27659349.jpg', '99dfe60bc5adc629a4e38784b15c09b9.jpg', 8, '2023-06-27', 1),
(1249, 1, 'Boys', '20230627-1249', 'Size-2.4.6.8.10.12', 'e40e5cfc63e26a2012ad02272153c0e5.jpg', '17e19e3617239c830c13c47a46ee6ff2.jpg', 8, '2023-06-27', 1),
(1250, 1, 'Boys', '20230706-1250', 'Size-2.4.6.8.10.12.14.16.18', 'c93e6bc376386e5c872677ac66a9999a.png', 'ab6bab8f28d7652c1e828617ffbadde5.png', 8, '2023-07-06', 1),
(1251, 1, 'Boys', '20230706-1251', 'Size-2.4.6.8.10.12.14.16.18', '4f551afe9c509eb18b342664d091a164.png', '8b2347752c08a52b0401c768d7e0f6ab.png', 8, '2023-07-06', 1),
(1252, 2, 'Girls', '20230706-1252', 'Size-2.4.6.8.10.12.14.16.18', 'ca3a82e17f0d71f15140d35a6141c437.png', '0e40798dc9ed1f1af62baadbc77b2afa.png', 8, '2023-07-06', 1),
(1253, 2, 'Girls', '20230706-1253', 'Size-2.4.6.8.10.12.14.16.18', '6ce771d9b7463fc8c723e5e7446eb317.png', '06ce926a6f245dd133a7996374555133.png', 8, '2023-07-06', 1),
(1254, 1, 'Boys', '20230711-1254', 'Size-2.4.6.8.10.12', '0ae36f7facc70427a5c34aa1be7b6a93.jpg', 'f2fa87f04aea4216561301016d3fab23.jpg', 8, '2023-07-11', 2),
(1255, 1, 'Boys', '20230711-1255', 'Size-2.4.6.8.10.12', 'b1f0a3e556a8c55acb91b03546aa1d48.jpg', '9de9c137b4def4ca0e7bd3bc98b4b7f3.jpg', 8, '2023-07-11', 2),
(1256, 2, 'Girls', '20230711-1256', 'Size-2.4.6.8.10.12', 'c274c6e77398ece4328253ff3194c9da.jpg', '9fc2541d141dc79823134a8f5ca0a749.jpg', 8, '2023-07-11', 1),
(1257, 2, 'Girls', '20230711-1257', 'Size-2.4.6.8.10.12', '24bcfedb7f69eddac8340d60e871cef3.jpg', 'd774573edcd52f37a4aa5c85dad3f514.jpg', 8, '2023-07-11', 1),
(1258, 2, 'Girls', '20230711-1258', 'Size-2.4.6.8.10.12', 'e48522fdb0e60b05bc5678244a5e3ae0.jpg', '254e14737c2e4dda50a792a996cdafd1.jpg', 8, '2023-07-11', 1),
(1259, 2, 'Girls', '20230711-1259', 'Size-2.4.6.8.10.12', '8ab4576cb3ca1e60d7b73b138cd328ca.jpg', '3bf7ac28de7a3797113b9290c51f9c1f.jpg', 8, '2023-07-11', 1),
(1260, 2, 'Girls', '20230711-1260', 'Size-2.4.6.8.10.12', '0445523968179731c9fb4e11dc30e1a8.jpg', '4c90ec465e1b04ebc83af4cf6e0ec423.jpg', 8, '2023-07-11', 1),
(1261, 1, 'Boys', '20230726-1261', 'Size-2.4.6.8.10.12', 'd22e78ae8afa4174175b56672eaf49ca.jpg', 'b3d642b9969f71715b0ff8b30f0ca6e8.jpg', 8, '2023-07-26', 1),
(1262, 1, 'Boys', '20230726-1262', 'Size-2.4.6.8.10.12', '6016df09b448b1596330441e870cbd5c.jpg', '70335c1c729b8c8eb90f4f1f29254ac7.jpg', 8, '2023-07-26', 1),
(1263, 1, 'Boys', '20230726-1263', 'Size-2.4.6.8.10.12', 'af3f68ff64ae18c5688ccfd9553d3140.jpg', '8b66f77524e6c73a5a974024ab783875.jpg', 8, '2023-07-26', 1),
(1264, 1, 'Boys', '20230726-1264', 'Size-2.4.6.8.10.12', '52a0ca2fb510a62f03071c77fbdfbb0f.jpg', '238b622993d72cff02a75d0a8d6f2cdd.jpg', 8, '2023-07-26', 1),
(1265, 1, 'Boys', '20230726-1265', 'Size-2.4.6.8.10.12', 'f1100e023db1a5375d6abd6cd4ce2b54.jpg', 'f22a504dead23f3890e6aef6a20369ce.jpg', 8, '2023-07-26', 1),
(1266, 2, 'Girls', '20230726-1266', 'Size-2.4.6.8.10.12', 'df5bf74eab85abd120f66915e21b8e2f.jpg', '2e75739d71c4f634515751a28c3b8d91.jpg', 8, '2023-07-26', 1),
(1267, 2, 'Girls', '20230726-1267', 'Size-2.4.6.8.10.12', '0d4a76bf0f9f166caef6cc848d99630d.jpg', 'd6c81200d00cf1ee4c759ccda1e355e1.jpg', 8, '2023-07-26', 1),
(1268, 2, 'Girls', '20230726-1268', 'Size-2.4.6.8.10.12', '05530a2e1da9a9c951cca4fd2f17aef7.jpg', '3e727528330550199922a5b20c1d773f.jpg', 8, '2023-07-26', 1),
(1269, 2, 'Girls', '20230726-1269', 'Size-2.4.6.8.10.12', 'b6218027790616a0ac9c288ff0595398.jpg', '3b91804963068f11846e02e16a94c45f.jpg', 8, '2023-07-26', 1),
(1270, 1, 'Boys', '20230726-1270', 'Size-2.4.6.8.10.12', 'c72a4c33cac9a23add22dfc7bab3b2a2.jpg', 'cb01d02494a4aa7ac5984a833fcf919f.jpg', 8, '2023-07-26', 1),
(1271, 1, 'Boys', '20230726-1271', 'Size-2.4.6.8.10.12', 'c7186bbc81a1566e0189d26c12ce63d9.jpg', '4baefa5595dc26c5212053afa19fb714.jpg', 8, '2023-07-26', 1),
(1272, 2, 'Girls', '20230726-1272', 'Size-2.4.6.8.10.12', 'd5fd2b9778700a1cd294e00792d09a06.jpg', '471f1581d773c68490ab3c42dc23da0c.jpg', 8, '2023-07-26', 1),
(1273, 2, 'Girls', '20230726-1273', 'Size-2.4.6.8.10.12', '252c485ae3da65f8cb8d5dc38171bf6c.jpg', '2eb157f05c131e7cf7f93bc7eb9ff3f9.jpg', 8, '2023-07-26', 1),
(1274, 6, 'Man', '20230726-1274', 'M,L,XL,XXL', '8f12bf71d749acc761d14e0384398ac6.jpg', 'b7e3570d5591b8b4a397c6d03b2dcdb4.jpg', 8, '2023-07-26', 1),
(1275, 10, 'Man', '20230726-1275', 'SIZE-S . M. L. XL. XXL', '5d8b146d9c44853e3478bb3c05046fc9.jpg', 'e3ece187697feb43c4c3b1b1674ce16e.jpg', 8, '2023-07-26', 1),
(1276, 6, 'Man', '20230726-1276', 'SIZE-S . M. L. XL .XXL', 'f9c6b001706a82269e2ba77452d38139.jpg', 'a38401ace75c524cd1e8385eaa77af47.jpg', 8, '2023-07-26', 1),
(1277, 6, 'Man', '20230726-1277', 'SIZE-S . M. L. XL .XXL', '29b472c896060ab58dc03b2b13502234.jpg', '9939271bb157b2d89c89dcb22b0283cc.jpg', 8, '2023-07-26', 1);
INSERT INTO `product_info` (`product_id`, `category_id`, `product_name`, `product_code`, `product_size`, `product_thumb`, `product_img`, `user_id`, `create_date`, `status`) VALUES
(1278, 6, 'Man', '20230726-1278', 'SIZE-S . M. L. XL .XXL', '06b3cd42450f2076566c2ab535c2e438.jpg', '74f78e405bb063b28a8fb207d5e61a6e.jpg', 8, '2023-07-26', 1),
(1279, 6, 'Man', '20230726-1279', 'SIZE-S . M. L. XL .XXL', '93bd809065380d5debc7a73ed077d55c.jpg', '587c9a52035eb6a36a839ab92b2438b0.jpg', 8, '2023-07-26', 1),
(1280, 6, 'Man', '20230726-1280', 'SIZE-S . M. L. XL .XXL', '11cf410b4710ebc8b78af69748f0fb79.jpg', 'f607631fca53da8d97634af421fde6f6.jpg', 8, '2023-07-26', 1),
(1281, 6, 'Man', '20230726-1281', 'SIZE-S . M. L. XL .XXL', 'fe50e42a1fa6c4fbbd53bf356397eddf.jpg', '59549590f2361058afbd62a6a158851e.jpg', 8, '2023-07-26', 1),
(1282, 6, 'Man', '20230726-1282', 'SIZE-S . M. L. XL .XXL', '901087c16d1971821d6ff974e16e7fce.jpg', 'b7780431005a7aed2766a05a6cb2a8a3.jpg', 8, '2023-07-26', 1),
(1283, 6, 'Man', '20230726-1283', 'SIZE-S . M. L. XL .XXL', '4620fdc9e88646b47bd3133ba9748dfc.jpg', 'ef21bdcfb1e146e14ba9f6e6065f5f78.jpg', 8, '2023-07-26', 1),
(1284, 6, 'Man', '20230726-1284', 'SIZE-S . M. L. XL .XXL', 'cfed25c66f1406d1e673c575bce5e5c8.jpg', '339f825b5e5925c1eda088d028b8358e.jpg', 8, '2023-07-26', 1),
(1285, 6, 'Man', '20230726-1285', 'SIZE-S . M. L. XL .XXL', '609fc9c4a77e536616f5591422ce5074.jpg', 'a7eec2f5455568b58faa1e8cc60a8646.jpg', 8, '2023-07-26', 1),
(1286, 6, 'Man', '20230726-1286', 'SIZE-S . M. L. XL .XXL', 'b3e680013b2caba2d9d9040bed9e3ed7.jpg', '3f27f2551eba2a060326317d590c5cfb.jpg', 8, '2023-07-26', 1),
(1287, 1, 'Boys', '20230803-1287', 'Size-2.4.6.8.10.12.14.16.18', 'a03bb9583ecaf4f361a143ac2a53fb8e.jpg', '0271d8b3529c61e0f61281179430bdc7.jpg', 8, '2023-08-03', 1),
(1288, 1, 'Boys', '20230803-1288', 'Size-2.4.6.8.10.12.14.16.18', '18e72fb2546e29fbbd3c8b9a2d4cc13a.png', 'f5ee663c7abe2f4761c38de3f9c8bae8.png', 8, '2023-08-03', 1),
(1289, 1, 'Boys', '20230803-1289', 'Size-2.4.6.8.10.12.14.16.18', 'a11396fcedf6d459a2c3ace5e70ebee9.png', '8a5e39446e11662d5c12ee81bd49d1eb.png', 8, '2023-08-03', 1),
(1290, 1, 'Boys', '20230803-1290', 'Size-2.4.6.8.10.12.14.16.18', 'c49a4f864839455f6860d9eca5e08fe4.png', 'ceffc654e5c00714e3cc0dcc2422ca02.png', 8, '2023-08-03', 1),
(1291, 1, 'Boys', '20230803-1291', 'Size-2.4.6.8.10.12.14.16.18', '752acd801a439aef897d1fb7f85aa8a2.png', 'd01e2a212353e24f1e99a00c1cbc8537.png', 8, '2023-08-03', 1),
(1292, 1, 'Boys', '20230803-1292', 'Size-2.4.6.8.10.12.14.16.18', '75ec3799d6ad3b9632fa413d39cae94b.png', '03c22b8f9b3b38602b58cecbbb2b43ce.png', 8, '2023-08-03', 1),
(1293, 2, 'Girls', '20230803-1293', 'Size-2.4.6.8.10.12.14.16.18', 'da6dd33380e27a0fe7ace8d583c3a035.png', '3c82bcabe3a40d39e8d685d52d09b5f2.png', 8, '2023-08-03', 1),
(1294, 1, 'Boys', '20230803-1294', 'Size-2.4.6.8.10.12.14.16.18', '218dd58fe2aa2e56868ebd38f253fb35.png', '7c226d03b84c326c83296dabc8e128d9.png', 8, '2023-08-03', 1),
(1295, 2, 'Girls', '20230809-1295', 'Size-2.4.6.8.10.12', '341a7d6f152daecec2d6c3d089b1a5b3.jpg', 'b96fec8c570612e67726433702ceeab2.jpg', 8, '2023-08-09', 1),
(1296, 2, 'Girls', '20230809-1296', 'Size-2.4.6.8.10.12', '0fc59f8543a3b021f92fe1e060b87b83.jpg', 'ce38c2885dbd2b776738da951771cb7f.jpg', 8, '2023-08-09', 1),
(1297, 2, 'Girls', '20230809-1297', 'Size-2.4.6.8.10.12', 'fc904626425965a52ffd985c0a4571f1.jpg', '72cc84739f4050f5fdd80bdb979f6851.jpg', 8, '2023-08-09', 1),
(1298, 1, 'Boys', '20230815-1298', 'Size-2.4.6.8.10.12', '24c91db1b25137cf7bbc9e3ca8a14fb8.jpg', '884ef175cc5658b77041df5faf83e4a7.jpg', 8, '2023-08-15', 1),
(1299, 1, 'Boys', '20230815-1299', 'Size-2.4.6.8.10.12', '70b1fcc7d8974d8bfcdbf414315985c7.jpg', 'fd2c9d1476e50c3952ebf59fa8ab3e82.jpg', 8, '2023-08-15', 1),
(1300, 1, 'Boys', '20230815-1300', 'Size-2.4.6.8.10.12', '349f048fb4986c8bcb8b6cf7e2c90340.jpg', 'c7519e2ba7890a9b3fb7ca8d27130738.jpg', 8, '2023-08-15', 1),
(1301, 1, 'Boys', '20230815-1301', 'Size-2.4.6.8.10.12', 'e20ea83fa5358fe30063184064f85f6b.jpg', '48356c38fa4aa5906fb77219d7f41f44.jpg', 8, '2023-08-15', 1),
(1302, 1, 'Boys', '20230815-1302', 'Size-2.4.6.8.10.12', '6460e60e9eba34b6fe3298dedcbc7979.jpg', '0a0800f70487169330e95a2d6e7e4490.jpg', 8, '2023-08-15', 1),
(1303, 1, 'Boys', '20230815-1303', 'Size-2.4.6.8.10.12', 'f453193644f87facd307b3e10f3eb806.jpg', '9c1d0ba3f7f4b85edf98ca8885eeb4b6.jpg', 8, '2023-08-15', 1),
(1304, 1, 'Boys', '20230815-1304', 'Size-2.4.6.8.10.12', 'cc70c21f3d7348306898e4ce17d79302.jpg', '0f02e328cf6ed5538829c31345a6cc2a.jpg', 8, '2023-08-15', 1),
(1305, 1, 'Boys', '20230815-1305', 'Size-2.4.6.8.10.12', 'df682b2af47f9dccafdf7370ec3ee293.jpg', '41481cbfc4445830580d96e1c39be87f.jpg', 8, '2023-08-15', 1),
(1306, 1, 'Boys', '20230815-1306', 'Size-2.4.6.8.10.12', '20d5f6e731d803ecbc96487fe60ae336.jpg', '01e935f337e40a864e3a7c510d0eda67.jpg', 8, '2023-08-15', 1),
(1307, 2, 'Girls', '20230815-1307', 'Size-2.4.6.8.10.12', 'e15fee18bd136ee44222bfd0120fea56.jpg', '96660c6c8f28fd890218caa6200802c5.jpg', 8, '2023-08-15', 1),
(1308, 7, 'Women', '20230824-1308', 'SIZE-S . M. L. XL', '78c28b87e916da2eceff54709dfe6147.jpg', '3499923e3ac9efc4e5e54c85e1112f5b.jpg', 8, '2023-08-24', 1),
(1309, 7, 'Women', '20230824-1309', 'SIZE-S . M. L. XL', '70ec809b757c42970e308319937da53a.jpg', '28dd28be7cd01ecc922e1256fc9e228a.jpg', 8, '2023-08-24', 1),
(1310, 7, 'Women', '20230824-1310', 'SIZE-S . M. L. XL', '2f8563df3c0ef40ad1912b5cdbd67d5e.jpg', 'e7d8faf98a038f54aea1588ed44dc7b5.jpg', 8, '2023-08-24', 1),
(1311, 8, 'Women', '20230824-1311', 'SIZE-S . M. L. XL', '93d38d63fa622d350151e002461c86ba.jpg', 'a30dcb40a6896cddc8f6091737b2768d.jpg', 8, '2023-08-24', 2),
(1312, 8, 'Women', '20230824-1312', 'SIZE-S . M. L. XL', '036083abdccd920e643045172f873a24.jpg', '775acfe57b4fae19354097b57e237084.jpg', 8, '2023-08-24', 1),
(1313, 8, 'Women', '20230824-1313', 'SIZE-S . M. L. XL', 'f98c8321551103b5546440b92767d921.jpg', 'e2f94c63cfc082456c1752ec1803b45e.jpg', 8, '2023-08-24', 1),
(1314, 1, 'Boys', '20230901-1314', 'Size-2.4.6.8.10.12.14.16.18', '6e494b4724771eb380b1e849b57753e1.jpg', '62750cfe7b068202c9a5bee5fbc484ac.jpg', 8, '2023-09-01', 1),
(1315, 1, 'Boys', '20230901-1315', 'Size-2.4.6.8.10.12.14.16.18', '264181d2cc75935cbb432450fe2a766e.png', 'bfd6690bee146002e100a4f63c40af8c.png', 8, '2023-09-01', 1),
(1316, 1, 'Boys', '20230901-1316', 'Size-2.4.6.8.10.12.14.16.18', '83f48352c3c4bee645878fc524539ec7.png', '14274a2e0d512ffc56c487f9b94fb2fd.png', 8, '2023-09-01', 1),
(1317, 1, 'Boys', '20230901-1317', 'Size-2.4.6.8.10.12.14.16.18', 'bb4a3a84b61d08ca0631d79a1684736f.jpg', '962ac129680d33530cef52afb1bc1a1b.jpg', 8, '2023-09-01', 1),
(1318, 1, 'Boys', '20230901-1318', 'Size-2.4.6.8.10.12.14.16.18', '64188404aa3b2a0fe1b82d69be127c81.png', '2a0f85ef1e0a12de88b1efe91f3b1dcb.png', 8, '2023-09-01', 1),
(1319, 1, 'Boys', '20230901-1319', 'Size-2.4.6.8.10.12.14.16.18', '59d70937642f48bed25e0e37ba3f7956.png', 'aa0ddc42a2a75096fde111ddb3c85228.png', 8, '2023-09-01', 1),
(1320, 3, 'Baby Boy', '20230914-1320', 'Size -0-3, 3-6', 'db21eca62a01282c6776cfcc9febda36.jpg', 'ef26b4652f7923b6767c841c2ca5bd2e.jpg', 8, '2023-09-14', 1),
(1321, 3, 'Baby Boy', '20230914-1321', 'Size= 0-3, 3-6', 'c0ff4ed3137b390b0c4a3d6ee3e6ca0f.jpg', '2b6bfef088188e64d8df5316cfc98eff.jpg', 8, '2023-09-14', 1),
(1322, 4, 'Baby Girl', '20230914-1322', 'Size - 0-3, 3-6', '1e75342dffac1e4240b8f803e569f38c.jpg', '697c465421742b48086a23200b58bef6.jpg', 8, '2023-09-14', 1),
(1323, 4, 'Baby Girl', '20230914-1323', 'Size=0-3 , 3-6', 'c3a6f053fd6b0d0105c9ee16d7b572f9.jpg', 'c40aef6bdcfc2d70a082756f4ae92fbc.jpg', 8, '2023-09-14', 1),
(1324, 4, 'Baby Girl', '20230914-1324', 'Size - 0-3, 3-6', '59c4d2f11d166eb77d0738e46b7a785d.jpg', '111992a5117f6fc1196b79cb82955acb.jpg', 8, '2023-09-14', 1),
(1325, 1, 'Boys', '20230915-1325', 'Size-2.4.6.8.10.12.14.16.18', '5f5117c8f494f4cdb63cbebfd023013e.png', '9fb658610c7f80939ff73b1c31c7622b.png', 8, '2023-09-15', 1),
(1326, 1, 'Boys', '20230915-1326', 'Size-2.4.6.8.10.12.14.16.18', 'f49d55f181ad9f67e5d6e57924de2d48.png', '6115aa456221a59fdeb4c57f4af80997.png', 8, '2023-09-15', 1),
(1327, 1, 'Boys', '20230915-1327', 'Size-2.4.6.8.10.12.14.16.18', '859acd095cbf544ae2495cb7734d3ab6.jpg', '6ac78d7304865e8fbbf7d2060a303166.jpg', 8, '2023-09-15', 1),
(1328, 1, 'Boys', '20231002-1328', 'Size-2.4.6.8.10.12', '7fa84eb5e5a7529f0a1e92907e222efd.jpg', '4209b73b2542184d9d4e56cab51f938c.jpg', 8, '2023-10-02', 1),
(1329, 1, 'Boys', '20231002-1329', 'Size-2.4.6.8.10.12', '55b44dac2fa187cb09fb7f40600cc886.jpg', '802c80d033e4672560ff2b7057093823.jpg', 8, '2023-10-02', 1),
(1330, 1, 'Boys', '20231002-1330', 'Size-2.4.6.8.10.12', '34b70cca368075f40632e8eaf8964765.jpg', '16e14d6972011f8212216830ff5d5bf5.jpg', 8, '2023-10-02', 1),
(1331, 2, 'Girls', '20231002-1331', 'Size-2.4.6.8.10.12', 'fe0b2aaef36490e01af532f5abe1701f.jpg', '7ae5097d68a39757c4a71aa449a34a8b.jpg', 8, '2023-10-02', 1),
(1332, 2, 'Girls', '20231002-1332', 'Size-2.4.6.8.10.12', '6db9ce4ed6859d76aec34564bb98148f.jpg', '7baaef65451d3b23236a1288d3c0ee59.jpg', 8, '2023-10-02', 1),
(1333, 2, 'Girls', '20231002-1333', 'Size-2.4.6.8.10.12', 'f76536acf1380604ca61808d3c56bd21.jpg', 'c6cd1f5ca8a6942775d88f71c1247c71.jpg', 8, '2023-10-02', 1),
(1334, 4, 'Baby Girl', '20231002-1334', 'Size-12m.18m.24m', '26dc510b5ac5e272dccf6c1562e70966.jpg', 'f50008356ba98a66ed2ad11e38177e9e.jpg', 8, '2023-10-02', 1),
(1335, 3, 'Baby Boy', '20231004-1335', 'Free size', '2c781adb14491253d0020482c4d8746e.jpg', '41a7dc651076e94e86c0c52bab618b83.jpg', 8, '2023-10-04', 1),
(1336, 3, 'Baby Boy', '20231004-1336', 'Free size', 'c0648d8b23ae64d02feda4409e536e2e.jpg', '3d034dc8f76463d8343f210877e1fc65.jpg', 8, '2023-10-04', 1),
(1337, 4, 'Baby Girl', '20231004-1337', 'Free size', '40b9a71758b6f71ea1c5ee32da9cf461.jpg', '07081dad3e5f79272e25e39b504db027.jpg', 8, '2023-10-04', 1),
(1338, 3, 'Baby Boy', '20231004-1338', 'Free size', '5ce3ad1a8ada7e1e9944749b645585ad.jpg', '21b21e3bf5d84e0dacbdd69cd785541d.jpg', 8, '2023-10-04', 1),
(1339, 12, 'Baby Changing Bag', '20231004-1339', 'Free size', '20529f86c6b7a89d362c4b0d125acd37.jpg', 'b7b608f32984cad12ca2071d51694526.jpg', 8, '2023-10-04', 1),
(1340, 1, 'Boys', '20231027-1340', 'Size-2.4.6.8.10.12', '0de7fd15c80207b117df5e63d6752854.jpg', 'b5a1ba2e8bf590a0dd273921287f97c1.jpg', 8, '2023-10-27', 1),
(1341, 1, 'Boys', '20231027-1341', 'Size-2.4.6.8.10.12', 'e9d4ac041494e1a4ccdcbfd3928b3679.jpg', '87b70cc0e182d372d0b66e9a9e7e91e2.jpg', 8, '2023-10-27', 1),
(1342, 1, 'Boys', '20231027-1342', 'Size-2.4.6.8.10.12', '7b328d2d519d7229895e3f727dd571d2.jpg', '5687c7d8052935e1d09a35e2a1b53754.jpg', 8, '2023-10-27', 1),
(1343, 1, 'Boys', '20231027-1343', 'Size-2.4.6.8.10.12', 'da76a5306fbc9d82a6f6a29c81ec75b9.jpg', '761863e0e3ad8fb320bc4bc029aac76a.jpg', 8, '2023-10-27', 1),
(1344, 1, 'Boys', '20231027-1344', 'Size-2.4.6.8.10.12', '690f457ba85d441f99f6e798154f68f7.jpg', 'd3f547b78d675551e7a0efc79948a253.jpg', 8, '2023-10-27', 1),
(1345, 1, 'Boys', '20231027-1345', 'Size-2.4.6.8.10.12', 'e500fa3872591cc27abe13a56f993e39.jpg', '3f858be6fac53afd6cd5d9a241658cd2.jpg', 8, '2023-10-27', 1),
(1346, 1, 'Boys', '20231027-1346', 'Size-2.4.6.8.10.12', 'd7e091a90637801873670f4334ef6061.jpg', 'f8b5259aae9842e5f88d46c583d528df.jpg', 8, '2023-10-27', 2),
(1347, 2, 'Girls', '20231027-1347', 'Size-2.4.6.8.10.12', '7b24d1d543b2966e34ab4699ed413564.jpg', '3ba0eedf5c1d03110615f26f93a4ec52.jpg', 8, '2023-10-27', 1),
(1348, 2, 'Girls', '20231027-1348', 'Size-2.4.6.8.10.12', '81b72af261813e6d24c790e2c90c9dd3.jpg', '2631e9bd9cb456188086e0c2668df053.jpg', 8, '2023-10-27', 1),
(1349, 2, 'Girls', '20231027-1349', 'Size-2.4.6.8.10.12', 'fb43a9d6964d963f16ed5b4de049ea49.jpg', 'ee6ea35235152b5cdc3d0f52a124e74a.jpg', 8, '2023-10-27', 1),
(1350, 3, 'Baby Boy', '20231027-1350', 'Free size', '25e95272e74b9a6dcfa49441f212f1bd.jpg', 'a07ff9ffa807c5f45fde1ae0853ba1e2.jpg', 8, '2023-10-27', 1),
(1351, 3, 'Baby Boy', '20231027-1351', 'Free size', '72fdc5429b2e8e98f1d4b4ef770af5b2.jpg', 'aec8afcacd7215feeaa5400328ea158b.jpg', 8, '2023-10-27', 1),
(1352, 3, 'Baby Boy', '20231027-1352', 'Free size', '0554b127386587347b45e64aeca8175b.jpg', 'e8c49c36341443e3e164b207533ea0f8.jpg', 8, '2023-10-27', 1),
(1353, 3, 'Baby Boy', '20231027-1353', 'Free size', '15ba61f1677768ad8c6c709c87e7adb1.jpg', '130007daf85bf5060c2b9b6533a1b407.jpg', 8, '2023-10-27', 1),
(1354, 3, 'Baby Boy', '20231027-1354', 'Free size', '5c19500c68f2661b8a7de349219fd467.jpg', '07baebb4b228b625e6c75197159050e0.jpg', 8, '2023-10-27', 1),
(1355, 3, 'Baby Boy', '20231027-1355', 'Free size', '6561f822d709f499ec44069a355031df.jpg', 'be8322cf750dc9ee68d689331b38db9d.jpg', 8, '2023-10-27', 1),
(1356, 4, 'Baby Girl', '20231027-1356', 'Free size', 'e01064711d9a1a534950d194f8769a1f.jpg', '0360e36f58d9e6abaaefc1d85b2bba2b.jpg', 8, '2023-10-27', 1),
(1357, 4, 'Baby Girl', '20231027-1357', 'Free size', '535f712de622aec112c058e8f978b330.jpg', 'a567d5c453a2297ec08b8460487ecf71.jpg', 8, '2023-10-27', 1),
(1358, 7, 'Women', '20231028-1358', 'SIZE-S . M. L. XL', '352c6056402901643a36733a0bef5dfd.jpg', 'e01a62c9c6f9c6dea2fff355662f5031.jpg', 8, '2023-10-28', 1),
(1359, 7, 'Women', '20231028-1359', 'SIZE-S . M. L. XL', '12fcfde24963b687166bfb0bc9aff263.jpg', 'e3f44a396a008b7e775a1d28f09c6768.jpg', 8, '2023-10-28', 1),
(1360, 7, 'Women', '20231028-1360', 'SIZE-S . M. L. XL', '2ea65f61297198092f084aafea835a2d.jpg', '9a55768ddcd96ce0d6ceec1d2c056f0f.jpg', 8, '2023-10-28', 1);

-- --------------------------------------------------------

--
-- Table structure for table `sub_category_info`
--

CREATE TABLE `sub_category_info` (
  `sub_category_id` int(11) NOT NULL,
  `category_id` int(11) NOT NULL,
  `sub_category_name` varchar(255) NOT NULL
) ENGINE=InnoDB DEFAULT CHARSET=utf8 COLLATE=utf8_general_ci;

-- --------------------------------------------------------

--
-- Table structure for table `sys_menu`
--

CREATE TABLE `sys_menu` (
  `menu_id` int(11) NOT NULL,
  `menu_label` varchar(255) NOT NULL,
  `link` varchar(255) NOT NULL,
  `icon` varchar(255) NOT NULL,
  `parent` int(11) NOT NULL DEFAULT 0,
  `sort` int(11) NOT NULL,
  `head_office` tinyint(4) NOT NULL DEFAULT 0
) ENGINE=InnoDB DEFAULT CHARSET=utf8 COLLATE=utf8_general_ci;

--
-- Dumping data for table `sys_menu`
--

INSERT INTO `sys_menu` (`menu_id`, `menu_label`, `link`, `icon`, `parent`, `sort`, `head_office`) VALUES
(1, 'Summary', 'dashboard', 'fa fa-dashboard', 0, 1, 0),
(69, 'Configuration', '#', 'fa fa-gears', 0, 12, 0),
(70, 'Update Company Info', 'configcontroller/changeCompanyInfo', 'fa fa-external-link-square', 69, 11, 0),
(71, 'Manage User', 'configcontroller/userList', 'fa fa-external-link-square', 69, 10, 0),
(72, 'Change Password', 'configcontroller/changePassword', 'fa fa-external-link-square', 0, 13, 0),
(79, 'Category Info', 'category/lists', 'fa fa-arrows-h', 69, 3, 0),
(83, 'Manage Products', 'products/lists', 'fa fa-paste', 0, 2, 0);

-- --------------------------------------------------------

--
-- Table structure for table `sys_user_role`
--

CREATE TABLE `sys_user_role` (
  `user_role_id` int(11) NOT NULL,
  `user_id` int(11) NOT NULL,
  `menu_id` int(11) NOT NULL
) ENGINE=InnoDB DEFAULT CHARSET=utf8 COLLATE=utf8_general_ci;

-- --------------------------------------------------------

--
-- Table structure for table `user`
--

CREATE TABLE `user` (
  `id` int(11) NOT NULL,
  `status` varchar(255) NOT NULL DEFAULT 'ACTIVE',
  `user_name` varchar(255) DEFAULT NULL,
  `email_address` varchar(255) DEFAULT NULL,
  `mobile` varchar(255) DEFAULT NULL,
  `password` varchar(255) DEFAULT NULL,
  `org_id` int(11) NOT NULL DEFAULT 0,
  `post_id` tinyint(4) NOT NULL,
  `role` varchar(255) DEFAULT NULL,
  `super_user` tinyint(4) NOT NULL DEFAULT 0,
  `photo` varchar(255) NOT NULL,
  `update` varchar(255) NOT NULL,
  `delete` varchar(255) NOT NULL
) ENGINE=InnoDB DEFAULT CHARSET=utf8 COLLATE=utf8_general_ci;

--
-- Dumping data for table `user`
--

INSERT INTO `user` (`id`, `status`, `user_name`, `email_address`, `mobile`, `password`, `org_id`, `post_id`, `role`, `super_user`, `photo`, `update`, `delete`) VALUES
(8, 'ACTIVE', 'Shahed', 'shahed500.msh@gmail.com', '66666', 'e10adc3949ba59abbe56e057f20f883e', 1, 2, '1', 1, 'avatar5.png', 'YES', 'YES'),
(9, 'ACTIVE', 'Shahed', 'golam.mostofa58@gmail.com', '66666', 'e10adc3949ba59abbe56e057f20f883e', 1, 2, '1', 1, 'avatar5.png', 'YES', 'YES');

--
-- Indexes for dumped tables
--

--
-- Indexes for table `category_info`
--
ALTER TABLE `category_info`
  ADD PRIMARY KEY (`category_id`);

--
-- Indexes for table `company_info`
--
ALTER TABLE `company_info`
  ADD PRIMARY KEY (`id`);

--
-- Indexes for table `customer_info`
--
ALTER TABLE `customer_info`
  ADD PRIMARY KEY (`customer_id`);

--
-- Indexes for table `department_info`
--
ALTER TABLE `department_info`
  ADD PRIMARY KEY (`department_id`);

--
-- Indexes for table `org_info`
--
ALTER TABLE `org_info`
  ADD PRIMARY KEY (`org_id`);

--
-- Indexes for table `post`
--
ALTER TABLE `post`
  ADD PRIMARY KEY (`post_id`);

--
-- Indexes for table `product_info`
--
ALTER TABLE `product_info`
  ADD PRIMARY KEY (`product_id`);

--
-- Indexes for table `sub_category_info`
--
ALTER TABLE `sub_category_info`
  ADD PRIMARY KEY (`sub_category_id`);

--
-- Indexes for table `sys_menu`
--
ALTER TABLE `sys_menu`
  ADD PRIMARY KEY (`menu_id`);

--
-- Indexes for table `sys_user_role`
--
ALTER TABLE `sys_user_role`
  ADD PRIMARY KEY (`user_role_id`);

--
-- Indexes for table `user`
--
ALTER TABLE `user`
  ADD PRIMARY KEY (`id`);

--
-- AUTO_INCREMENT for dumped tables
--

--
-- AUTO_INCREMENT for table `category_info`
--
ALTER TABLE `category_info`
  MODIFY `category_id` int(11) NOT NULL AUTO_INCREMENT, AUTO_INCREMENT=24;

--
-- AUTO_INCREMENT for table `company_info`
--
ALTER TABLE `company_info`
  MODIFY `id` bigint(20) NOT NULL AUTO_INCREMENT, AUTO_INCREMENT=2;

--
-- AUTO_INCREMENT for table `customer_info`
--
ALTER TABLE `customer_info`
  MODIFY `customer_id` int(11) NOT NULL AUTO_INCREMENT, AUTO_INCREMENT=3;

--
-- AUTO_INCREMENT for table `department_info`
--
ALTER TABLE `department_info`
  MODIFY `department_id` int(11) NOT NULL AUTO_INCREMENT, AUTO_INCREMENT=9;

--
-- AUTO_INCREMENT for table `org_info`
--
ALTER TABLE `org_info`
  MODIFY `org_id` tinyint(4) NOT NULL AUTO_INCREMENT, AUTO_INCREMENT=2;

--
-- AUTO_INCREMENT for table `post`
--
ALTER TABLE `post`
  MODIFY `post_id` smallint(6) NOT NULL AUTO_INCREMENT, AUTO_INCREMENT=15;

--
-- AUTO_INCREMENT for table `product_info`
--
ALTER TABLE `product_info`
  MODIFY `product_id` int(11) NOT NULL AUTO_INCREMENT, AUTO_INCREMENT=1361;

--
-- AUTO_INCREMENT for table `sub_category_info`
--
ALTER TABLE `sub_category_info`
  MODIFY `sub_category_id` int(11) NOT NULL AUTO_INCREMENT;

--
-- AUTO_INCREMENT for table `sys_menu`
--
ALTER TABLE `sys_menu`
  MODIFY `menu_id` int(11) NOT NULL AUTO_INCREMENT, AUTO_INCREMENT=84;

--
-- AUTO_INCREMENT for table `sys_user_role`
--
ALTER TABLE `sys_user_role`
  MODIFY `user_role_id` int(11) NOT NULL AUTO_INCREMENT;

--
-- AUTO_INCREMENT for table `user`
--
ALTER TABLE `user`
  MODIFY `id` int(11) NOT NULL AUTO_INCREMENT, AUTO_INCREMENT=10;
COMMIT;

