-- https://www.phpmyadmin.net/
--

START TRANSACTION;



--
-- Database: `anjapexx_restpos`
--

-- --------------------------------------------------------

--
-- Table structure for table `tbl_access`
--

CREATE TABLE `tbl_access` (
  `id` int(11) NOT NULL,
  `module_name` varchar(100) DEFAULT NULL,
  `function_name` varchar(100) DEFAULT NULL,
  `label_name` varchar(100) DEFAULT NULL,
  `parent_id` int(11) NOT NULL DEFAULT 0,
  `main_module_id` int(11) DEFAULT NULL,
  `del_status` varchar(15) DEFAULT 'Live'
) ENGINE=InnoDB DEFAULT CHARSET=utf8 COLLATE=utf8_general_ci;

--
-- Dumping data for table `tbl_access`
--

INSERT INTO `tbl_access` (`id`, `module_name`, `function_name`, `label_name`, `parent_id`, `main_module_id`, `del_status`) VALUES
(1, 'dashboard', '', 'dashboard', 0, 1, 'Live'),
(2, '', 'view', 'view', 1, NULL, 'Live'),
(3, 'SaaS', '', 'Saas', 0, 2, 'Live'),
(4, '', 'view', 'view', 3, NULL, 'Live'),
(5, '', 'update', 'update', 3, NULL, 'Live'),
(6, 'Site Setting', '', 'site_setting', 0, 2, 'Live'),
(7, '', 'view', 'view', 6, NULL, 'Deleted'),
(8, '', 'update', 'update', 6, NULL, 'Live'),
(9, 'Email Setting', '', 'email_setting', 0, 2, 'Live'),
(10, '', 'view', 'view', 9, NULL, 'Live'),
(11, '', 'update', 'update', 9, NULL, 'Live'),
(12, 'Payment Setting', '', 'Payment_Setting', 0, 2, 'Live'),
(13, '', 'view', 'view', 12, NULL, 'Live'),
(14, '', 'update', 'update', 12, NULL, 'Live'),
(15, 'Companies', '', 'companies', 0, 2, 'Live'),
(16, '', 'add', 'add', 15, NULL, 'Live'),
(17, '', 'update', 'update', 15, NULL, 'Live'),
(18, '', 'view', 'view', 15, NULL, 'Live'),
(19, '', 'delete', 'delete', 15, NULL, 'Live'),
(20, '', 'show_outlets', 'show_outlets', 15, NULL, 'Live'),
(21, '', 'block_all_user', 'block_all_user', 15, NULL, 'Live'),
(22, 'Payment History', '', 'payment_history', 0, 2, 'Live'),
(23, '', 'add', 'add', 22, NULL, 'Live'),
(24, '', 'view', 'view', 22, NULL, 'Live'),
(25, '', 'delete', 'delete', 22, NULL, 'Live'),
(26, 'Pricing Plans', '', 'Pricing_Plans', 0, 2, 'Live'),
(27, '', 'add', 'add', 26, NULL, 'Live'),
(28, '', 'update', 'update', 26, NULL, 'Live'),
(29, '', 'view', 'view', 26, NULL, 'Live'),
(30, '', 'delete', 'delete', 26, NULL, 'Live'),
(31, 'Setting', '', 'setting', 0, 3, 'Live'),
(32, '', 'view', 'view', 31, NULL, 'Live'),
(33, '', 'update', 'update', 31, NULL, 'Live'),
(34, 'Printer Settings', '', 'Printer_Settings', 0, 3, 'Deleted'),
(35, 'Printers', '', 'Printers', 0, 3, 'Live'),
(36, '', 'add', 'add', 35, NULL, 'Live'),
(37, '', 'update', 'update', 35, NULL, 'Live'),
(38, '', 'view', 'view', 35, NULL, 'Live'),
(39, '', 'delete', 'delete', 35, NULL, 'Live'),
(40, 'Invoice Printer Setting', '', 'invoice_printer_setting', 0, 3, 'Live'),
(41, '', 'view', 'view', 40, NULL, 'Deleted'),
(42, '', 'update', 'update', 40, NULL, 'Live'),
(43, 'Bill Printer Setting', '', 'bill_printer_setting', 0, 3, 'Live'),
(44, '', 'view', 'view', 43, NULL, 'Deleted'),
(45, '', 'update', 'update', 43, NULL, 'Live'),
(46, 'KOT Printer Setting', '', 'kot_printer_setting', 0, 3, 'Live'),
(47, '', 'view', 'view', 46, NULL, 'Deleted'),
(48, '', 'update', 'update', 46, NULL, 'Live'),
(49, 'White Label', '', 'whitelabel', 0, 3, 'Live'),
(50, '', 'view', 'view', 49, NULL, 'Deleted'),
(51, '', 'update', 'update', 49, NULL, 'Live'),
(52, 'Tax Setting', '', 'Tax_Setting', 0, 3, 'Live'),
(53, '', 'view', 'view', 52, NULL, 'Deleted'),
(54, '', 'update_tax', 'update', 52, NULL, 'Live'),
(55, 'Manage Multiple Currencies', '', 'MultipleCurrencies_btn', 0, 3, 'Live'),
(56, '', 'add', 'add', 55, NULL, 'Live'),
(57, '', 'update', 'update', 55, NULL, 'Live'),
(58, '', 'view', 'view', 55, NULL, 'Live'),
(59, '', 'delete', 'delete', 55, NULL, 'Live'),
(60, 'Software Update', '', 'software_update', 0, 3, 'Live'),
(61, '', 'update', 'update', 60, NULL, 'Live'),
(62, 'License Uninstall', '', 'Uninstall_License', 0, 3, 'Live'),
(63, '', 'uninstall', 'uninstall', 62, NULL, 'Live'),
(64, 'Self Order Setting', '', 'sos_Self_Order_Setting', 0, 3, 'Live'),
(65, '', 'view', 'view', 64, NULL, 'Deleted'),
(66, '', 'update', 'update', 64, NULL, 'Live'),
(67, 'Outlets', '', 'outlets', 0, 1, 'Live'),
(68, '', 'add', 'add', 67, NULL, 'Live'),
(69, '', 'update', 'update', 67, NULL, 'Live'),
(70, '', 'view', 'view', 67, NULL, 'Live'),
(71, '', 'delete', 'delete', 67, NULL, 'Live'),
(72, '', 'enter', 'enter', 67, NULL, 'Live'),
(73, 'pos', '', 'pos', 0, 4, 'Live'),
(74, '', 'pos_1', 'place_order', 73, NULL, 'Live'),
(75, '', 'pos_2', 'cancel_order', 73, NULL, 'Live'),
(76, '', 'pos_3', 'modify_order_', 73, NULL, 'Live'),
(77, '', 'pos_4', 'Provide_Discount', 73, NULL, 'Live'),
(78, '', 'pos_5', 'Modify_Service_Delivery_Charge', 73, NULL, 'Live'),
(79, '', 'pos_6', 'Enter_Tips', 73, NULL, 'Live'),
(80, '', 'pos_7', 'Delete_Item_From_Cart_When_Modifying_Order', 73, NULL, 'Live'),
(81, '', 'pos_8', 'add_customer', 73, NULL, 'Live'),
(82, '', 'pos_9', 'edit_customer', 73, NULL, 'Live'),
(83, '', 'pos_10', 'kot_tooltip', 73, NULL, 'Live'),
(84, '', 'pos_11', 'create_invoice', 73, NULL, 'Live'),
(85, '', 'pos_12', 'Print_Bill', 73, NULL, 'Live'),
(86, '', 'pos_13', 'print_last_invoice', 73, NULL, 'Live'),
(87, '', 'pos_14', 'Delete_Recent_Sales', 73, NULL, 'Live'),
(88, '', 'pos_15', 'Modify_Future_Sale', 73, NULL, 'Live'),
(89, '', 'pos_16', 'Set_as_Running_Order_in_Future_Sale', 73, NULL, 'Live'),
(90, '', 'pos_17', 'Accept_SelfOrder', 73, NULL, 'Live'),
(91, '', 'pos_18', 'DeclineSelfOrder', 73, NULL, 'Live'),
(92, '', 'pos_19', 'ModifySelfOrder', 73, NULL, 'Live'),
(93, '', 'pos_20', 'RemoveKitchenNotification', 73, NULL, 'Live'),
(94, '', 'pos_21', 'close_register', 73, NULL, 'Live'),
(95, '', 'pos_22', 'GotoDashboard', 73, NULL, 'Live'),
(96, '', 'pos_23', 'main_menu', 73, NULL, 'Live'),
(97, '', 'pos_24', 'direct_invoice', 73, NULL, 'Deleted'),
(98, 'kitchens', '', 'kitchens', 0, 4, 'Live'),
(99, '', 'add', 'add', 98, NULL, 'Live'),
(100, '', 'update', 'update', 98, NULL, 'Live'),
(101, '', 'view', 'view', 98, NULL, 'Live'),
(102, '', 'delete', 'delete', 98, NULL, 'Live'),
(103, '', 'enter', 'enter', 98, NULL, 'Live'),
(104, 'waiter', '', 'waiter', 0, 4, 'Live'),
(105, '', 'view', 'view', 104, NULL, 'Live'),
(106, 'purchase', '', 'purchase', 0, 5, 'Live'),
(107, '', 'add', 'add', 106, NULL, 'Live'),
(108, '', 'update', 'update', 106, NULL, 'Live'),
(109, '', 'view', 'view', 106, NULL, 'Live'),
(110, '', 'delete', 'delete', 106, NULL, 'Live'),
(111, '', 'view_details', 'view_details', 106, NULL, 'Live'),
(112, 'transfer', '', 'transfer', 0, 1, 'Live'),
(113, '', 'add', 'add', 112, NULL, 'Live'),
(114, '', 'update', 'update', 112, NULL, 'Live'),
(115, '', 'view', 'view', 112, NULL, 'Live'),
(116, '', 'delete', 'delete', 112, NULL, 'Live'),
(117, '', 'view_details', 'view_details', 112, NULL, 'Live'),
(118, 'promotion', '', 'promotion', 0, 1, 'Live'),
(119, '', 'add', 'add', 118, NULL, 'Live'),
(120, '', 'update', 'update', 118, NULL, 'Live'),
(121, '', 'view', 'view', 118, NULL, 'Live'),
(122, '', 'delete', 'delete', 118, NULL, 'Live'),
(123, 'sale', '', 'sale', 0, 6, 'Live'),
(124, '', 'view', 'view', 123, NULL, 'Live'),
(125, '', 'refund', 'refund', 123, NULL, 'Live'),
(126, '', 'view_invoice', 'view_invoice', 123, NULL, 'Live'),
(127, '', 'change_date', 'change_date', 123, NULL, 'Deleted'),
(128, '', 'delete', 'delete', 123, NULL, 'Live'),
(129, 'inventory', '', 'inventory', 0, 1, 'Live'),
(130, '', 'view', 'view', 129, NULL, 'Live'),
(131, 'inventory_Adjustments', '', 'inventory_Adjustments', 0, 1, 'Live'),
(132, '', 'add', 'add', 131, NULL, 'Live'),
(133, '', 'update', 'update', 131, NULL, 'Live'),
(134, '', 'view', 'view', 131, NULL, 'Live'),
(135, '', 'delete', 'delete', 131, NULL, 'Live'),
(136, '', 'view_details', 'view_details', 131, NULL, 'Live'),
(137, 'waste', '', 'waste', 0, 1, 'Live'),
(138, '', 'add', 'add', 137, NULL, 'Live'),
(139, '', 'view', 'view', 137, NULL, 'Live'),
(140, '', 'delete', 'delete', 137, NULL, 'Live'),
(141, '', 'view_details', 'view_details', 137, NULL, 'Live'),
(142, 'expense', '', 'expense', 0, 7, 'Live'),
(143, '', 'add', 'add', 142, NULL, 'Live'),
(144, '', 'update', 'update', 142, NULL, 'Live'),
(145, '', 'view', 'view', 142, NULL, 'Live'),
(146, '', 'delete', 'delete', 142, NULL, 'Live'),
(147, 'supplier_due_payment', '', 'supplier_due_payment', 0, 1, 'Live'),
(148, '', 'add', 'add', 147, NULL, 'Live'),
(149, '', 'view', 'view', 147, NULL, 'Live'),
(150, '', 'delete', 'delete', 147, NULL, 'Live'),
(151, 'customer_due_receive', '', 'customer_due_receive', 0, 1, 'Live'),
(152, '', 'add', 'add', 151, NULL, 'Live'),
(153, '', 'view', 'view', 151, NULL, 'Live'),
(154, '', 'delete', 'delete', 151, NULL, 'Live'),
(155, 'attendance', '', 'attendance', 0, 1, 'Live'),
(156, '', 'add', 'add', 155, NULL, 'Live'),
(157, '', 'view', 'view', 155, NULL, 'Live'),
(158, '', 'delete', 'delete', 155, NULL, 'Live'),
(159, 'register_report', '', 'register_report', 0, 8, 'Live'),
(160, '', 'view', 'view', 159, NULL, 'Live'),
(161, 'daily_summary_report', '', 'daily_summary_report', 0, 8, 'Live'),
(162, '', 'view', 'view', 161, NULL, 'Live'),
(163, 'food_sales_report', '', 'food_sales_report', 0, 8, 'Live'),
(164, '', 'view', 'view', 163, NULL, 'Live'),
(165, 'daily_sale_report', '', 'daily_sale_report', 0, 8, 'Live'),
(166, '', 'view', 'view', 165, NULL, 'Live'),
(167, 'detailed_sale_report', '', 'detailed_sale_report', 0, 8, 'Live'),
(168, '', 'view', 'view', 167, NULL, 'Live'),
(169, 'consumption_report', '', 'consumption_report', 0, 8, 'Live'),
(170, '', 'view', 'view', 169, NULL, 'Live'),
(171, 'inventory_report', '', 'inventory_report', 0, 8, 'Live'),
(172, '', 'view', 'view', 171, NULL, 'Live'),
(173, 'Alert_Inventory', '', 'Alert_Inventory', 0, 8, 'Live'),
(174, '', 'view', 'view', 173, NULL, 'Live'),
(175, 'profit_loss_report', '', 'profit_loss_report', 0, 8, 'Live'),
(176, '', 'view', 'view', 175, NULL, 'Live'),
(177, 'daily_sale_report', '', 'daily_sale_report', 0, 8, 'Deleted'),
(178, '', 'view', 'view', 177, NULL, 'Deleted'),
(179, 'attendance_report', '', 'attendance_report', 0, 8, 'Live'),
(180, '', 'view', 'view', 179, NULL, 'Live'),
(181, 'supplier_ledger_report', '', 'supplier_ledger_report', 0, 8, 'Live'),
(182, '', 'view', 'view', 181, NULL, 'Live'),
(183, 'supplier_due_report', '', 'supplier_due_report', 0, 8, 'Live'),
(184, '', 'view', 'view', 183, NULL, 'Live'),
(185, 'customer_due_report', '', 'customer_due_report', 0, 8, 'Live'),
(186, '', 'view', 'view', 185, NULL, 'Live'),
(187, 'customer_ledger', '', 'customer_ledger', 0, 8, 'Live'),
(188, '', 'view', 'view', 187, NULL, 'Live'),
(189, 'purchase_report', '', 'purchase_report', 0, 8, 'Live'),
(190, '', 'view', 'view', 189, NULL, 'Live'),
(191, 'expense_report', '', 'expense_report', 0, 8, 'Live'),
(192, '', 'view', 'view', 191, NULL, 'Live'),
(193, 'waste_report', '', 'waste_report', 0, 8, 'Live'),
(194, '', 'view', 'view', 193, NULL, 'Live'),
(195, 'vat_report', '', 'vat_report', 0, 8, 'Live'),
(196, '', 'view', 'view', 195, NULL, 'Live'),
(197, 'foodMenuSaleByCategories', '', 'foodMenuSaleByCategories', 0, 8, 'Live'),
(198, '', 'view', 'view', 197, NULL, 'Live'),
(199, 'tips_report', '', 'tips_report', 0, 8, 'Live'),
(200, '', 'view', 'view', 199, NULL, 'Live'),
(201, 'auditLogReport', '', 'auditLogReport', 0, 8, 'Live'),
(202, '', 'view', 'view', 201, NULL, 'Live'),
(203, 'usage_loyalty_point_report', '', 'usage_loyalty_point_report', 0, 8, 'Live'),
(204, '', 'view', 'view', 203, NULL, 'Live'),
(205, 'loyalty_point_report', '', 'loyalty_point_report', 0, 8, 'Live'),
(206, '', 'view', 'view', 205, NULL, 'Live'),
(207, 'ingredient_category', '', 'ingredient_category', 0, 9, 'Live'),
(208, '', 'add', 'add', 207, NULL, 'Live'),
(209, '', 'update', 'update', 207, NULL, 'Live'),
(210, '', 'view', 'view', 207, NULL, 'Live'),
(211, '', 'delete', 'delete', 207, NULL, 'Live'),
(212, 'ingredient_units', '', 'ingredient_units', 0, 9, 'Live'),
(213, '', 'add', 'add', 212, NULL, 'Live'),
(214, '', 'update', 'update', 212, NULL, 'Live'),
(215, '', 'view', 'view', 212, NULL, 'Live'),
(216, '', 'delete', 'delete', 212, NULL, 'Live'),
(217, 'ingredients', '', 'ingredients', 0, 9, 'Live'),
(218, '', 'add', 'add', 217, NULL, 'Live'),
(219, '', 'update', 'update', 217, NULL, 'Live'),
(220, '', 'view', 'view', 217, NULL, 'Live'),
(221, '', 'delete', 'delete', 217, NULL, 'Live'),
(222, '', 'upload_ingredient', 'upload_ingredient', 217, NULL, 'Live'),
(223, 'modifiers', '', 'modifiers', 0, 9, 'Live'),
(224, '', 'add', 'add', 223, NULL, 'Live'),
(225, '', 'update', 'update', 223, NULL, 'Live'),
(226, '', 'view', 'view', 223, NULL, 'Live'),
(227, '', 'delete', 'delete', 223, NULL, 'Live'),
(228, '', 'view_details', 'view_details', 223, NULL, 'Live'),
(229, 'food_menu_category', '', 'food_menu_category', 0, 9, 'Live'),
(230, '', 'add', 'add', 229, NULL, 'Live'),
(231, '', 'update', 'update', 229, NULL, 'Live'),
(232, '', 'view', 'view', 229, NULL, 'Live'),
(233, '', 'delete', 'delete', 229, NULL, 'Live'),
(234, 'food_menus', '', 'food_menus', 0, 9, 'Live'),
(235, '', 'add', 'add', 234, NULL, 'Live'),
(236, '', 'update', 'update', 234, NULL, 'Live'),
(237, '', 'view', 'view', 234, NULL, 'Live'),
(238, '', 'delete', 'delete', 234, NULL, 'Live'),
(239, '', 'view_details', 'view_details', 234, NULL, 'Live'),
(240, '', 'assign_modifier', 'assign_modifier', 234, NULL, 'Live'),
(241, '', 'upload_food_menu', 'upload_food_menu', 234, NULL, 'Live'),
(242, '', 'upload_food_menu_ingredients', 'upload_food_menu_ingredients', 234, NULL, 'Live'),
(243, '', 'item_barcode', 'item_barcode', 234, NULL, 'Live'),
(244, 'suppliers', '', 'suppliers', 0, 5, 'Live'),
(245, '', 'add', 'add', 244, NULL, 'Live'),
(246, '', 'update', 'update', 244, NULL, 'Live'),
(247, '', 'view', 'view', 244, NULL, 'Live'),
(248, '', 'delete', 'delete', 244, NULL, 'Live'),
(249, 'customers', '', 'customers', 0, 6, 'Live'),
(250, '', 'add', 'add', 249, NULL, 'Live'),
(251, '', 'update', 'update', 249, NULL, 'Live'),
(252, '', 'view', 'view', 249, NULL, 'Live'),
(253, '', 'delete', 'delete', 249, NULL, 'Live'),
(254, '', 'upload_customer', 'upload_customer', 249, NULL, 'Live'),
(255, 'expense_items', '', 'expense_items', 0, 7, 'Live'),
(256, '', 'add', 'add', 255, NULL, 'Live'),
(257, '', 'update', 'update', 255, NULL, 'Live'),
(258, '', 'view', 'view', 255, NULL, 'Live'),
(259, '', 'delete', 'delete', 255, NULL, 'Live'),
(260, 'payment_methods', '', 'payment_methods', 0, 3, 'Live'),
(261, '', 'add', 'add', 260, NULL, 'Live'),
(262, '', 'update', 'update', 260, NULL, 'Live'),
(263, '', 'view', 'view', 260, NULL, 'Live'),
(264, '', 'delete', 'delete', 260, NULL, 'Live'),
(265, 'denominations', '', 'denominations', 0, 3, 'Live'),
(266, '', 'add', 'add', 265, NULL, 'Live'),
(267, '', 'update', 'update', 265, NULL, 'Live'),
(268, '', 'view', 'view', 265, NULL, 'Live'),
(269, '', 'delete', 'delete', 265, NULL, 'Live'),
(270, 'deliveryPartners', '', 'deliveryPartners', 0, 3, 'Live'),
(271, '', 'add', 'add', 270, NULL, 'Live'),
(272, '', 'update', 'update', 270, NULL, 'Live'),
(273, '', 'view', 'view', 270, NULL, 'Live'),
(274, '', 'delete', 'delete', 270, NULL, 'Live'),
(275, 'areas', '', 'areas', 0, 3, 'Live'),
(276, '', 'add', 'add', 275, NULL, 'Live'),
(277, '', 'update', 'update', 275, NULL, 'Live'),
(278, '', 'view', 'view', 275, NULL, 'Live'),
(279, '', 'delete', 'delete', 275, NULL, 'Live'),
(280, 'tables', '', 'tables', 0, 3, 'Live'),
(281, '', 'add', 'add', 280, NULL, 'Live'),
(282, '', 'update', 'update', 280, NULL, 'Live'),
(283, '', 'view', 'view', 280, NULL, 'Live'),
(284, '', 'delete', 'delete', 280, NULL, 'Live'),
(285, 'roles', '', 'roles', 0, 10, 'Live'),
(286, '', 'add', 'add', 285, NULL, 'Live'),
(287, '', 'update', 'update', 285, NULL, 'Live'),
(288, '', 'view', 'view', 285, NULL, 'Live'),
(289, '', 'delete', 'delete', 285, NULL, 'Live'),
(290, '', 'copy', 'copy', 285, NULL, 'Live'),
(291, 'users', '', 'users', 0, 10, 'Live'),
(292, '', 'add', 'add', 291, NULL, 'Live'),
(293, '', 'update', 'update', 291, NULL, 'Live'),
(294, '', 'view', 'view', 291, NULL, 'Live'),
(295, '', 'delete', 'delete', 291, NULL, 'Live'),
(296, '', 'activate', 'activate', 291, NULL, 'Live'),
(297, '', 'deactivate', 'deactivate', 291, NULL, 'Live'),
(298, 'change_profile', '', 'change_profile', 0, 10, 'Live'),
(299, '', 'update', 'update', 298, NULL, 'Live'),
(300, 'change_password', '', 'change_password', 0, 10, 'Live'),
(301, '', 'update', 'update', 300, NULL, 'Live'),
(302, 'SetSecurityQuestion', '', 'SetSecurityQuestion', 0, 10, 'Live'),
(303, '', 'update', 'update', 302, NULL, 'Live'),
(304, '', 'change_delivery_address', 'change_delivery_address', 123, NULL, 'Live'),
(305, '', 'exportDailySales', 'exportDailySales', 123, NULL, 'Live'),
(306, '', 'resetDailySales', 'resetDailySales', 123, NULL, 'Live'),
(307, 'transferReport', '', 'transferReport', 0, 8, 'Live'),
(308, '', 'view', 'view', 307, NULL, 'Live'),
(309, '', 'sorting', 'sorting', 260, NULL, 'Live'),
(310, 'check_in_check_out', '', 'check_in_check_out', 0, 1, 'Live'),
(311, '', 'check_in', 'check_in', 310, NULL, 'Live'),
(312, '', 'check_out', 'check_out', 310, NULL, 'Live'),
(313, '', 'view', 'view', 310, NULL, 'Live'),
(314, 'z_report', '', 'z_report', 0, 8, 'Live'),
(315, '', 'view', 'view', 314, NULL, 'Live'),
(316, 'plugins', '', 'plugins', 0, 1, 'Live'),
(317, '', 'view', 'view', 316, NULL, 'Live'),
(318, '', 'delete', 'delete', 316, NULL, 'Live'),
(319, '', 'activate', 'activate', 316, NULL, 'Live'),
(320, '', 'deactivate', 'deactivate', 316, NULL, 'Live'),
(321, 'send_sms', '', 'send_sms', 0, 1, 'Live'),
(322, '', 'view', 'view', 321, NULL, 'Live'),
(325, 'premade_food', '', 'premade_food', 0, 9, 'Live'),
(326, '', 'add', 'add', 325, NULL, 'Live'),
(327, '', 'update', 'update', 325, NULL, 'Live'),
(328, '', 'view', 'view', 325, NULL, 'Live'),
(329, '', 'delete', 'delete', 325, NULL, 'Live'),
(330, 'change_pin', '', 'change_pin', 0, 10, 'Live'),
(331, '', 'update', 'update', 330, NULL, 'Live'),
(332, 'productAnalysisReport', '', 'productAnalysisReport', 0, 8, 'Live'),
(333, '', 'view', 'view', 332, NULL, 'Live'),
(334, 'Online Order Setting', '', 'sos_online_order_setting', 0, 3, 'Live'),
(336, '', 'update', 'update', 334, NULL, 'Live'),
(337, 'productionReport', '', 'productionReport', 0, 8, 'Live'),
(338, '', 'view', 'view', 337, NULL, 'Live'),
(339, '', 'sortingForPOS', 'ordering_for_pos', 229, NULL, 'Live'),
(340, 'production', '', 'production', 0, 5, 'Live'),
(341, '', 'add', 'add', 340, NULL, 'Live'),
(342, '', 'update', 'update', 340, NULL, 'Live'),
(343, '', 'view', 'view', 340, NULL, 'Live'),
(344, '', 'delete', 'delete', 340, NULL, 'Live'),
(345, '', 'view_details', 'view_details', 340, NULL, 'Live'),
(346, 'inventory_food_menu', '', 'inventory_food_menu', 0, 8, 'Live'),
(347, '', 'view', 'view', 346, NULL, 'Live'),
(348, 'database_backup', '', 'database_backup', 0, 3, 'Live'),
(349, '', 'backup', 'Backup', 348, NULL, 'Live'),
(350, 'reset_transactional_data', '', 'reset_transactional_data', 0, 3, 'Live'),
(351, '', 'reset', 'Reset', 350, NULL, 'Live'),
(352, '', 'pos_25', 'direct_invoice', 73, NULL, 'Live');

-- --------------------------------------------------------

--
-- Table structure for table `tbl_amount_encrypt`
--

CREATE TABLE `tbl_amount_encrypt` (
  `id` bigint(20) NOT NULL,
  `sale_no` varchar(250) DEFAULT NULL,
  `total_amount` varchar(100) DEFAULT NULL,
  `saleamountencrypt` varchar(200) DEFAULT NULL,
  `datetime` varchar(50) DEFAULT NULL,
  `company_id` int(11) DEFAULT NULL,
  `del_status` varchar(50) DEFAULT 'Live'
) ENGINE=InnoDB DEFAULT CHARSET=utf8 COLLATE=utf8_general_ci;

--
-- Dumping data for table `tbl_amount_encrypt`
--

INSERT INTO `tbl_amount_encrypt` (`id`, `sale_no`, `total_amount`, `saleamountencrypt`, `datetime`, `company_id`, `del_status`) VALUES
(1, NULL, NULL, 'yvCwLkyfHkgtslixK8kTSFJFOWRLMVZGYVgyRmVvaHJNczhMZ3c9PQ==', '2024-02-01T15:53:28', 1, 'Live'),
(2, 'aDM240201-034', NULL, 'r35/aThRYoz1iZI4YVmOIm9NNE1tUzRmTTR4eUcxM1g3bXNsZHc9PQ==', '2024-02-01T15:57:18', 1, 'Live'),
(3, 'aWE240131-004', NULL, 'PT0r/iARxBpxp4b6K7oxnVRVdklodFNWWGxWYS9tSkN5RWEra0E9PQ==', '2024-02-01T16:52:04', 1, 'Live'),
(4, 'aOB240203-009', NULL, 'h2J4rQh6+Wqz9WRDDi2EgVp3Q3kwZ3NjKy80MmN4d1M4Y2V4M0E9PQ==', '2024-02-03T10:53:41', 1, 'Live'),
(5, 'aLS240203-003', NULL, 'MHio2lNfaF4CG3bF7d/Dl2pLUHNhN2llQVhHTFRUSldQNmVWQXc9PQ==', '2024-02-03T11:02:02', 1, 'Live'),
(6, 'aMT240203-010', NULL, '0QdkON+w9rXxBMX2HKIYmDNzY1lBMmFZNGg3akhLZU1kSEZYbUE9PQ==', '2024-02-03T11:04:17', 1, 'Live'),
(7, 'aVF240203-011', NULL, 'G9HMpqCznRMcBPNXLYIeP0g1ZVJmeWZ5VkVma0VoVDN2TzhOdUE9PQ==', '2024-02-03T11:06:47', 1, 'Live'),
(8, 'aWH240203-012', NULL, 'ZXTf1hgoPjYHqmo7111N8lZMQWtnREhFMy9WL0RFL0ZTTHdQS3c9PQ==', '2024-02-03T11:07:23', 1, 'Live'),
(9, 'aLS240203-002', NULL, 'CR3l7bHjERFMAOWBnDw30HBITTdhdURFbUg0YkxNRHVUd0RBZWc9PQ==', '2024-02-08T08:17:58', 1, 'Live'),
(10, 'aLS240203-001', NULL, 'FFDTeQBv4TR51aaMNs/AtDRnTWI0VkVUK3FnYm1GQ2JRS3F0OFE9PQ==', '2024-02-08T08:21:15', 1, 'Live'),
(11, 'aVF240201-036', NULL, 't4+I6un6xecq2Yf81KGYwStYRCtGWWs2V2JGanRJWXgrUkptWkE9PQ==', '2024-02-08T08:27:57', 1, 'Live'),
(12, 'aZP240228-001', NULL, 'XdrOYB9zrT4E8l05oxYmh2VuRkRXUTRCaWo0dHd5OWlReE1kMnc9PQ==', '2024-02-28T11:23:47', 1, 'Live'),
(13, 'aEC240228-004', NULL, 'Nc9PmCY8STOMIEFEiuJrandJV2RJcVBKazFtNTRsWEhmZFNVWGc9PQ==', '2024-02-28T11:32:16', 1, 'Live'),
(14, 'aEC240228-002', NULL, 'amzY9cjDNizDIvrfE9/t9GZkK0pxd0xTck1DMFNESmp0TlBZaXc9PQ==', '2024-02-28T11:32:27', 1, 'Live'),
(15, 'aOZ240228-003', NULL, '+aFabmCo/CSu/Bof2gAtLCt6RTE3R2RERFd1cmU0elYxazBVeUE9PQ==', '2024-02-28T11:32:53', 1, 'Live'),
(16, 'aBU240228-006', NULL, 'zLC0YYKxi4Cq07F6MQPMFEZlWG5BNnpCcnpyZ0h6UWlUQmJ5cmc9PQ==', '2024-02-28T11:49:58', 1, 'Live'),
(17, 'aHG240228-005', NULL, 'hPJ7Y96CGSXymb8a9tKqBkJyY2VRbXBmMWx4T2E5S0lpQXdieVE9PQ==', '2024-02-28T11:50:10', 1, 'Live'),
(18, 'aBU240228-007', NULL, 'U+yl1P6zhpNGis2TRT+H6nNBZ2FiT3AzdnJCM0RpVkZnNFg1VFE9PQ==', '2024-02-28T11:52:55', 1, 'Live'),
(19, 'aBF240228-008', NULL, '7/byO9Zqfz84q5PQXWQyKDlsaVdLT3JTaW14WkFxL2N4amVjT2c9PQ==', '2024-02-28T11:55:50', 1, 'Live'),
(20, 'aKU240228-009', NULL, 'iBM2iUM8FbQeu7dFszgx7DB0OHhTQ3B5dExRN2VleHBlUU1hY2c9PQ==', '2024-02-28T12:04:51', 1, 'Live'),
(21, 'aCI240228-010', NULL, 'i0Yd5GdpqNvfnpFwn56MwlgwZ05FeXk2a2dXTFppV0ZEWWNFR1E9PQ==', '2024-02-28T12:06:11', 1, 'Live'),
(22, 'aOR240228-011', NULL, 'Ul0uZufKTsvfw/5+CkaK/3pMdmo0eDF1Sll0QVBMTk9JZmpKMnc9PQ==', '2024-02-28T12:06:29', 1, 'Live'),
(23, 'aOR240228-012', NULL, 'EPVvrsAuPXjuAvljkvG5ukRoM3JjNUNhSDNBZGlMZ1MweFZ6Q0E9PQ==', '2024-02-28T12:07:51', 1, 'Live'),
(24, 'aTD240228-014', NULL, 'P7HEaF2VggKOpgifCYrqynRrTTB0dXMwYzVGT0NUY1JPem11VVE9PQ==', '2024-02-28T12:10:31', 1, 'Live'),
(25, 'aIB240228-013', NULL, 'D9HHn1RZ/EznMOb9Mzba2TFodzB5WE1WT21HNHpIaUpqVGhydEE9PQ==', '2024-02-28T12:12:24', 1, 'Live'),
(26, 'aDS240228-016', NULL, '6Q3v44bWTiboBUHvHBwoPmdHUjRTS045MXFWeUFxekVQeEFaRlE9PQ==', '2024-02-28T12:13:25', 1, 'Live'),
(27, 'aZJ240228-019', NULL, 'qRYx1gCySgxl3HpmR9YAHFdPeWJrT1U4Yi9QUHhSS2xTUlIzckE9PQ==', '2024-02-28T12:14:42', 1, 'Live'),
(28, 'aZJ240228-018', NULL, 'c0MnmsFIWrXxBHBsdDN3YXRHeFhuM1VnQ09Kd3kwOXdmcWhud1E9PQ==', '2024-02-28T12:14:52', 1, 'Live'),
(29, 'aJE240228-021', NULL, '1knQ3/WCYYhezKZdqsb1+GtweWF2Y1hTOGN5Tzg5K0gvWjNJd1E9PQ==', '2024-02-28T12:23:32', 1, 'Live'),
(30, 'aNG240228-023', NULL, 'zRLA77Uzg7JLALi3d5GJBTA1b1gwb0VoV0pGRnBaaWk1bXhKK0E9PQ==', '2024-02-28T12:27:26', 1, 'Live'),
(31, 'aXH240306-001', NULL, 'CYXCHq9aLYw8tkMX58mBUG8zL1NnQ1ZRRUt4RVo0TVVMYS9mNHc9PQ==', '2024-03-06T10:27:45', 1, 'Live');

-- --------------------------------------------------------

--
-- Table structure for table `tbl_areas`
--

CREATE TABLE `tbl_areas` (
  `id` int(11) NOT NULL,
  `outlet_id` int(11) NOT NULL DEFAULT 0,
  `area_name` varchar(250) DEFAULT NULL,
  `description` varchar(100) DEFAULT NULL,
  `company_id` int(11) DEFAULT NULL,
  `del_status` varchar(50) DEFAULT 'Live'
) ENGINE=InnoDB DEFAULT CHARSET=utf8 COLLATE=utf8_general_ci;

--
-- Dumping data for table `tbl_areas`
--

INSERT INTO `tbl_areas` (`id`, `outlet_id`, `area_name`, `description`, `company_id`, `del_status`) VALUES
(1, 1, 'Dar zitoun', '', 1, 'Live'),
(2, 1, 'inside', '', 1, 'Live'),
(3, 1, 'outside', '', 1, 'Live');

-- --------------------------------------------------------

--
-- Table structure for table `tbl_attendance`
--

CREATE TABLE `tbl_attendance` (
  `id` int(11) NOT NULL,
  `reference_no` varchar(50) DEFAULT NULL,
  `employee_id` int(11) DEFAULT NULL,
  `date` date DEFAULT NULL,
  `in_time` time DEFAULT NULL,
  `out_time` time DEFAULT NULL,
  `note` varchar(200) DEFAULT NULL,
  `user_id` int(11) DEFAULT NULL,
  `company_id` int(11) DEFAULT NULL,
  `del_status` varchar(50) DEFAULT 'Live',
  `is_closed` int(11) NOT NULL DEFAULT 2
) ENGINE=InnoDB DEFAULT CHARSET=utf8 COLLATE=utf8_general_ci;

--
-- Dumping data for table `tbl_attendance`
--

INSERT INTO `tbl_attendance` (`id`, `reference_no`, `employee_id`, `date`, `in_time`, `out_time`, `note`, `user_id`, `company_id`, `del_status`, `is_closed`) VALUES
(1, '000001', 1, '2023-08-22', '14:57:56', '15:12:34', NULL, 1, 1, 'Live', 2),
(2, '000002', 1, '2023-08-23', '12:39:40', '16:18:25', NULL, 1, 1, 'Live', 2),
(3, '000003', 1, '2023-08-24', '08:23:34', '08:30:45', NULL, 1, 1, 'Live', 2),
(4, '000004', 1, '2023-08-25', '22:43:09', '23:05:06', NULL, 1, 1, 'Live', 2),
(5, '000005', 1, '2023-08-27', '18:04:43', '00:00:00', NULL, 1, 1, 'Live', 2),
(6, '000006', 1, '2023-08-28', '11:51:25', '00:00:00', NULL, 1, 1, 'Live', 2),
(7, '000007', 1, '2023-08-29', '12:13:52', '00:00:00', NULL, 1, 1, 'Live', 2),
(8, '000008', 1, '2023-08-30', '10:18:52', '16:48:59', NULL, 1, 1, 'Live', 2),
(9, '000009', 1, '2023-08-31', '06:54:56', '10:11:08', NULL, 1, 1, 'Live', 2),
(10, '000010', 11, '2023-08-31', '07:02:43', '10:09:56', NULL, 11, 1, 'Live', 2),
(11, '000011', 1, '2023-09-03', '16:59:44', '00:00:00', NULL, 1, 1, 'Live', 2),
(12, '000012', 1, '2023-09-04', '04:05:10', '11:02:12', NULL, 1, 1, 'Live', 2),
(13, '000013', 11, '2023-09-04', '10:09:53', '11:01:33', NULL, 11, 1, 'Live', 2),
(14, '000014', 11, '2023-09-05', '12:27:45', '18:00:10', NULL, 11, 1, 'Live', 2),
(15, '000015', 1, '2023-09-05', '12:44:30', '15:35:35', NULL, 1, 1, 'Live', 2),
(16, '000016', 12, '2023-09-05', '18:00:20', '00:00:00', NULL, 12, 1, 'Live', 2),
(17, '000017', 1, '2023-09-06', '03:30:54', '10:36:04', NULL, 1, 1, 'Live', 2),
(18, '000018', 11, '2023-09-06', '09:52:19', '21:16:33', NULL, 11, 1, 'Live', 2),
(19, '000019', 1, '2023-09-08', '12:02:08', '15:57:24', NULL, 1, 1, 'Live', 2),
(20, '000020', 11, '2023-09-08', '12:14:00', '17:50:11', NULL, 11, 1, 'Live', 2),
(21, '000021', 1, '2023-09-09', '08:57:44', '11:00:18', NULL, 1, 1, 'Live', 2),
(22, '000022', 11, '2023-09-09', '09:03:34', '11:01:22', NULL, 11, 1, 'Live', 2),
(23, '000023', 12, '2023-09-09', '10:47:24', '10:47:38', NULL, 12, 1, 'Live', 2),
(24, '000024', 13, '2023-09-09', '10:51:29', '10:59:45', NULL, 13, 1, 'Live', 2),
(25, '000025', 11, '2023-09-10', '06:30:37', '06:41:31', NULL, 11, 1, 'Live', 2),
(26, '000026', 13, '2023-09-10', '06:39:40', '00:00:00', NULL, 13, 1, 'Live', 2),
(27, '000027', 1, '2023-09-11', '15:13:35', '16:13:37', NULL, 1, 1, 'Live', 2),
(28, '000028', 11, '2023-09-11', '15:17:11', '16:13:03', NULL, 11, 1, 'Live', 2),
(29, '000029', 14, '2023-09-11', '16:01:46', '16:37:02', NULL, 14, 1, 'Live', 2),
(30, '000030', 13, '2023-09-11', '16:13:45', '17:05:41', NULL, 13, 1, 'Live', 2),
(31, '000031', 1, '2023-09-12', '13:41:17', '14:05:03', NULL, 1, 1, 'Live', 2),
(32, '000032', 11, '2023-09-12', '13:43:58', '14:03:26', NULL, 11, 1, 'Live', 2),
(33, '000033', 13, '2023-09-12', '13:53:53', '14:08:22', NULL, 13, 1, 'Live', 2),
(34, '000034', 1, '2023-09-13', '15:03:25', '15:15:19', NULL, 1, 1, 'Live', 2),
(35, '000035', 11, '2023-09-13', '15:18:43', '15:22:23', NULL, 11, 1, 'Live', 2),
(36, '000036', 11, '2023-09-15', '16:51:14', '21:22:13', NULL, 11, 1, 'Live', 2),
(37, '000037', 1, '2023-09-15', '21:22:24', '21:32:03', NULL, 1, 1, 'Live', 2),
(38, '000038', 1, '2023-09-17', '04:46:12', '14:43:44', NULL, 1, 1, 'Live', 2),
(39, '000039', 11, '2023-09-17', '09:33:03', '09:33:17', NULL, 11, 1, 'Live', 2),
(40, '000040', 18, '2023-09-17', '22:36:11', '00:00:00', NULL, 18, 1, 'Live', 2),
(41, '000041', 1, '2023-09-18', '03:05:13', '10:35:58', NULL, 1, 1, 'Live', 2),
(42, '000042', 18, '2023-09-18', '03:14:01', '03:57:18', NULL, 18, 1, 'Live', 2),
(43, '000043', 11, '2023-09-18', '09:49:26', '21:24:06', NULL, 11, 1, 'Live', 2),
(44, '000044', 1, '2023-09-19', '23:48:44', '00:00:00', NULL, 1, 1, 'Live', 2),
(45, '000045', 18, '2023-09-19', '23:51:13', '00:00:00', NULL, 18, 1, 'Live', 2),
(46, '000046', 18, '2023-09-20', '00:04:52', '00:00:00', NULL, 18, 1, 'Live', 2),
(47, '000047', 1, '2023-09-20', '09:16:06', '10:00:52', NULL, 1, 1, 'Live', 2),
(48, '000048', 1, '2023-12-19', '11:06:28', '11:11:35', NULL, 1, 1, 'Live', 2),
(49, '000049', 1, '2023-12-28', '12:27:28', '12:37:37', NULL, 1, 1, 'Live', 2),
(50, '000050', 1, '2024-01-14', '10:42:12', '18:16:59', NULL, 1, 1, 'Live', 2),
(51, '000051', 1, '2024-01-15', '17:15:13', '19:09:55', NULL, 1, 1, 'Live', 2),
(52, '000052', 1, '2024-01-16', '17:11:06', '00:00:00', NULL, 1, 1, 'Live', 2),
(53, '000053', 1, '2024-01-20', '16:03:15', '00:00:00', NULL, 1, 1, 'Live', 2),
(54, '000054', 1, '2024-01-24', '16:52:40', '00:00:00', NULL, 1, 1, 'Live', 2),
(55, '000055', 1, '2024-01-25', '08:33:14', '22:11:21', NULL, 1, 1, 'Live', 2),
(56, '000056', 1, '2024-01-27', '08:42:38', '14:34:22', NULL, 1, 1, 'Live', 2),
(57, '000057', 1, '2024-01-28', '08:31:38', '00:00:00', NULL, 1, 1, 'Live', 2),
(58, '000058', 1, '2024-01-29', '08:32:46', '16:58:50', NULL, 1, 1, 'Live', 2),
(59, '000059', 1, '2024-01-30', '10:41:19', '11:02:55', NULL, 1, 1, 'Live', 2),
(60, '000060', 1, '2024-01-31', '16:55:42', '00:00:00', NULL, 1, 1, 'Live', 2),
(61, '000061', 1, '2024-02-01', '08:22:45', '00:00:00', NULL, 1, 1, 'Live', 2),
(62, '000062', 1, '2024-02-03', '10:15:28', '00:00:00', NULL, 1, 1, 'Live', 2),
(63, '000063', 1, '2024-02-05', '16:22:17', '00:00:00', NULL, 1, 1, 'Live', 2),
(64, '000064', 1, '2024-02-08', '08:13:59', '08:29:50', NULL, 1, 1, 'Live', 2),
(65, '000065', 1, '2024-02-28', '11:05:56', '12:29:38', NULL, 1, 1, 'Live', 2),
(66, '000066', 1, '2024-03-02', '09:46:43', '00:00:00', NULL, 1, 1, 'Live', 2),
(67, '000067', 1, '2024-03-06', '10:19:34', '00:00:00', NULL, 1, 1, 'Live', 2);

-- --------------------------------------------------------

--
-- Table structure for table `tbl_audit_logs`
--

CREATE TABLE `tbl_audit_logs` (
  `id` int(11) NOT NULL,
  `user_id` int(11) DEFAULT NULL,
  `event_title` varchar(100) DEFAULT NULL,
  `date_time` varchar(50) DEFAULT NULL,
  `details` text DEFAULT NULL,
  `date` varchar(20) DEFAULT NULL,
  `del_status` varchar(10) DEFAULT 'Live',
  `outlet_id` int(11) DEFAULT NULL
) ENGINE=InnoDB DEFAULT CHARSET=utf8 COLLATE=utf8_general_ci;

--
-- Dumping data for table `tbl_audit_logs`
--

INSERT INTO `tbl_audit_logs` (`id`, `user_id`, `event_title`, `date_time`, `details`, `date`, `del_status`, `outlet_id`) VALUES
(1, 1, 'Remove Item', '2023-08-29 13:00:06', '<b>Item remove from Sale No: aCN230829-001</b><br>PASTA PESTO(PASTA PESTO) - 2qty', '2023-08-29', 'Live', 1),
(2, 1, 'Remove Item', '2023-08-29 13:00:07', '<b>Item remove from Sale No: aCN230829-001</b><br>Burger(Burger) - 1qty', '2023-08-29', 'Live', 1),
(3, 1, 'Remove Item', '2023-08-29 13:00:16', '<b>Item remove from Sale No: aTU230827-001</b><br>PASTA PESTO(PASTA PESTO) - 2qty', '2023-08-29', 'Live', 1),
(4, 1, 'Remove Item', '2023-08-29 13:00:17', '<b>Item remove from Sale No: aTU230827-001</b><br>Burger(Burger) - 1qty', '2023-08-29', 'Live', 1),
(5, 11, 'Remove Item', '2023-09-05 12:32:12', '<b>Item remove from Sale No: dDD230905-001</b><br>beef barbecue(beef barbecue) - 1qty', '2023-09-05', 'Live', 1),
(6, 11, 'Remove Item', '2023-09-05 12:37:38', '<b>Item remove from Sale No: dDD230905-001</b><br>PASTA PESTO(PASTA PESTO) - 1qty', '2023-09-05', 'Live', 1),
(7, 11, 'Remove Item', '2023-09-05 12:37:39', '<b>Item remove from Sale No: dDD230905-001</b><br>beef barbecue(beef barbecue) - 1qty', '2023-09-05', 'Live', 1),
(8, 11, 'Remove Item', '2023-09-05 12:38:19', '<b>Item remove from Sale No: dDD230905-001</b><br>PASTA PESTO(PASTA PESTO) - 1qty', '2023-09-05', 'Live', 1),
(9, 11, 'Remove Item', '2023-09-05 13:07:53', '<b>Item remove from Sale No: dLQ230905-001</b><br>() - qty', '2023-09-05', 'Live', 1),
(10, 11, 'Remove Item', '2023-09-05 13:08:50', '<b>Item remove from Sale No: dLQ230905-001</b><br>() - qty', '2023-09-05', 'Live', 1),
(11, 11, 'Remove Item', '2023-09-05 13:09:48', '<b>Item remove from Sale No: dLQ230905-001</b><br>() - qty', '2023-09-05', 'Live', 1),
(12, 11, 'Remove Item', '2023-09-05 13:09:52', '<b>Item remove from Sale No: dLQ230905-001</b><br>() - qty', '2023-09-05', 'Live', 1),
(13, 11, 'Remove Item', '2023-09-05 13:10:19', '<b>Item remove from Sale No: dLQ230905-001</b><br>() - qty', '2023-09-05', 'Live', 1),
(14, 11, 'Remove Item', '2023-09-05 13:10:28', '<b>Item remove from Sale No: dLQ230905-001</b><br>() - qty', '2023-09-05', 'Live', 1),
(15, 11, 'Remove Item', '2023-09-05 13:13:38', '<b>Item remove from Sale No: dLQ230905-001</b><br>() - qty', '2023-09-05', 'Live', 1),
(16, 11, 'Remove Item', '2023-09-05 13:20:52', '<b>Item remove from Sale No: dLQ230905-001</b><br>() - qty', '2023-09-05', 'Live', 1),
(17, 11, 'Remove Item', '2023-09-05 13:21:46', '<b>Item remove from Sale No: dLQ230905-001</b><br>() - qty', '2023-09-05', 'Live', 1),
(18, 11, 'Remove Item', '2023-09-05 17:43:17', '<b>Item remove from Sale No: dMC230905-005</b><br>beef barbecue(beef barbecue) - 1qty', '2023-09-05', 'Live', 1),
(19, 11, 'Remove Item', '2023-09-05 17:43:21', '<b>Item remove from Sale No: dMC230905-005</b><br>Burger(Burger) - 1qty', '2023-09-05', 'Live', 1),
(20, 11, 'Remove Item', '2023-09-06 10:11:46', '<b>Item remove from Sale No: dDD230905-001</b><br>beef barbecue(beef barbecue) - 1qty', '2023-09-06', 'Live', 1),
(21, 11, 'Remove Item', '2023-09-06 10:11:48', '<b>Item remove from Sale No: dDD230905-001</b><br>PASTA PESTO(PASTA PESTO) - 1qty', '2023-09-06', 'Live', 1),
(22, 11, 'Remove Item', '2023-09-06 11:15:57', '<b>Item remove from Sale No: dYU230906-004</b><br>PASTA PESTO(PASTA PESTO) - 1qty', '2023-09-06', 'Live', 1),
(23, 11, 'Remove Item', '2023-09-06 11:29:42', '<b>Item remove from Sale No: dYU230906-004</b><br>beef barbecue(beef barbecue) - 1qty', '2023-09-06', 'Live', 1),
(24, 11, 'Remove Item', '2023-09-06 21:17:28', '<b>Item remove from Sale No: dDY230906-007</b><br>Burger(Burger) - 1qty', '2023-09-06', 'Live', 1),
(25, 11, 'Remove Item', '2023-09-08 17:04:55', '<b>Item remove from Sale No: dFC230908-003</b><br>beef barbecue(beef barbecue) - 1qty', '2023-09-08', 'Live', 1),
(26, 11, 'Remove Item', '2023-09-08 17:51:34', '<b>Item remove from Sale No: dFC230908-003</b><br>beef barbecue(beef barbecue) - 2qty', '2023-09-08', 'Live', 1),
(27, 11, 'Remove Item', '2023-09-08 18:09:20', '<b>Item remove from Sale No: dFC230908-003</b><br>beef barbecue(beef barbecue) - 2qty', '2023-09-08', 'Live', 1),
(28, 11, 'Remove Item', '2023-09-08 18:10:52', '<b>Item remove from Sale No: dFC230908-003</b><br>beef barbecue(beef barbecue) - 2qty', '2023-09-08', 'Live', 1),
(29, 11, 'Remove Item', '2023-09-08 18:12:40', '<b>Item remove from Sale No: dFC230908-003</b><br>beef barbecue(beef barbecue) - 2qty', '2023-09-08', 'Live', 1),
(30, 11, 'Remove Item', '2023-09-08 18:14:58', '<b>Item remove from Sale No: dFC230908-003</b><br>beef barbecue(beef barbecue) - 2qty', '2023-09-08', 'Live', 1),
(31, 11, 'Remove Item', '2023-09-08 18:20:31', '<b>Item remove from Sale No: dFC230908-003</b><br>beef barbecue(beef barbecue) - 2qty', '2023-09-08', 'Live', 1),
(32, 11, 'Remove Item', '2023-09-08 18:21:25', '<b>Item remove from Sale No: dFC230908-003</b><br>beef barbecue(beef barbecue) - 2qty', '2023-09-08', 'Live', 1),
(33, 11, 'Remove Item', '2023-09-08 18:23:05', '<b>Item remove from Sale No: dFC230908-003</b><br>beef barbecue(beef barbecue) - 2qty', '2023-09-08', 'Live', 1),
(34, 11, 'Remove Item', '2023-09-08 18:50:03', '<b>Item remove from Sale No: dFC230908-003</b><br>beef barbecue(beef barbecue) - 2qty', '2023-09-08', 'Live', 1),
(35, 11, 'Remove Item', '2023-09-08 18:51:16', '<b>Item remove from Sale No: dFC230908-003</b><br>beef barbecue(beef barbecue) - 2qty', '2023-09-08', 'Live', 1),
(36, 11, 'Remove Item', '2023-09-08 19:06:53', '<b>Item remove from Sale No: dFC230908-003</b><br>beef barbecue(beef barbecue) - 2qty', '2023-09-08', 'Live', 1),
(37, 11, 'Remove Item', '2023-09-08 19:16:46', '<b>Item remove from Sale No: dFC230908-003</b><br>beef barbecue(beef barbecue) - 2qty', '2023-09-08', 'Live', 1),
(38, 11, 'Remove Item', '2023-09-08 20:53:46', '<b>Item remove from Sale No: dFC230908-003</b><br>beef barbecue(beef barbecue) - 2qty', '2023-09-08', 'Live', 1),
(39, 11, 'Cancelled Sale', '2023-09-11 17:22:49', '<b>Reason: adsd</b><br>Sale No: dPH230911-010, Sale Date: 11/09/2023, Customer: Walk-in Customer - , VAT: 0.000,Discount: 0.000, Total Payable: 180.000<br><b>Items:</b><br>PASTA PESTO(1 X 90.000), beef barbecue(1 X 90.000)', '2023-09-11', 'Live', 1),
(40, 11, 'Cancelled Sale', '2023-09-11 17:28:11', '<b>Reason: asd</b><br>Sale No: dVD230911-011, Sale Date: 11/09/2023, Customer: Walk-in Customer - , VAT: 0.000,Discount: 0.000, Total Payable: 180.000<br><b>Items:</b><br>beef barbecue(1 X 90.000), PASTA PESTO(1 X 90.000)', '2023-09-11', 'Live', 1),
(41, 11, 'Cancelled Sale', '2023-09-11 17:30:31', '<b>Reason: asdd</b><br>Sale No: dPT230911-012, Sale Date: 11/09/2023, Customer: Walk-in Customer - , VAT: 0.000,Discount: 0.000, Total Payable: 115.000<br><b>Items:</b><br>Burger(1 X 25.000), PASTA PESTO(1 X 90.000)', '2023-09-11', 'Live', 1),
(42, 11, 'Cancelled Sale', '2023-09-11 17:33:02', '<b>Reason: 123456</b><br>Sale No: dRS230911-013, Sale Date: 11/09/2023, Customer: Walk-in Customer - , VAT: 0.000,Discount: 0.000, Total Payable: 180.000<br><b>Items:</b><br>PASTA PESTO(1 X 90.000), beef barbecue(1 X 90.000)', '2023-09-11', 'Live', 1),
(43, 11, 'Cancelled Sale', '2023-09-11 17:35:08', '<b>Reason: 123456</b><br>Sale No: dEG230911-014, Sale Date: 11/09/2023, Customer: Walk-in Customer - , VAT: 0.000,Discount: 0.000, Total Payable: 180.000<br><b>Items:</b><br>PASTA PESTO(1 X 90.000), beef barbecue(1 X 90.000)', '2023-09-11', 'Live', 1),
(44, 11, 'Remove Item', '2023-09-12 13:47:58', '<b>Item remove from Sale No: dNF230912-001</b><br>PASTA PESTO(PASTA PESTO) - 1qty', '2023-09-12', 'Live', 1),
(45, 18, 'Remove Item', '2023-09-17 22:51:32', '<b>Item remove from Sale No: aYL230917-004</b><br>Burger(Burger) - 1qty', '2023-09-17', 'Live', 1),
(46, 18, 'Cancelled Sale', '2023-09-19 23:58:33', '<b>Reason: D</b><br>Sale No: aBD230919-001, Sale Date: 19/09/2023, Customer: Walk-in Customer - , VAT: 0.000,Discount: 0.000, Total Payable: 310.000<br><b>Items:</b><br>chicken-fajitas(1 X 75.000), SMOTHIE MANGUE(1 X 45.000), PASTA PESTO(1 X 90.000), CREVETTE PILPIL(1 X 100.000)', '2023-09-19', 'Live', 1),
(47, 1, 'Remove Item', '2024-01-20 17:32:14', '<b>Item remove from Sale No: aUT240120-016</b><br>PASTA PESTO(PASTA PESTO) - 3qty', '2024-01-20', 'Live', 1),
(48, 1, 'Remove Item', '2024-01-20 17:32:15', '<b>Item remove from Sale No: aUT240120-016</b><br>CREVETTE PILPIL(CREVETTE PILPIL) - 2qty', '2024-01-20', 'Live', 1);

-- --------------------------------------------------------

--
-- Table structure for table `tbl_combo_food_menus`
--

CREATE TABLE `tbl_combo_food_menus` (
  `id` bigint(20) NOT NULL,
  `name` varchar(250) DEFAULT NULL,
  `quantity` float DEFAULT NULL,
  `food_menu_id` int(11) DEFAULT NULL,
  `added_food_menu_id` int(11) DEFAULT NULL,
  `user_id` int(11) DEFAULT NULL,
  `company_id` int(11) DEFAULT NULL,
  `del_status` varchar(10) DEFAULT 'Live'
) ENGINE=InnoDB DEFAULT CHARSET=utf8 COLLATE=utf8_general_ci;

-- --------------------------------------------------------

--
-- Table structure for table `tbl_companies`
--

CREATE TABLE `tbl_companies` (
  `id` int(11) NOT NULL,
  `business_name` varchar(50) DEFAULT NULL,
  `short_name` varchar(2) NOT NULL DEFAULT 'iR',
  `website` text DEFAULT NULL,
  `date_format` varchar(50) DEFAULT NULL,
  `zone_name` varchar(50) DEFAULT NULL,
  `currency` varchar(50) DEFAULT NULL,
  `currency_position` varchar(100) DEFAULT NULL,
  `precision` varchar(10) DEFAULT NULL,
  `default_customer` int(11) DEFAULT 1,
  `default_waiter` int(11) DEFAULT NULL,
  `default_payment` int(11) DEFAULT NULL,
  `payment_settings` text DEFAULT NULL,
  `address` varchar(100) DEFAULT NULL,
  `phone` varchar(50) DEFAULT NULL,
  `invoice_footer` varchar(500) DEFAULT NULL,
  `print_format_invoice` varchar(500) DEFAULT '80mm',
  `sms_setting_check` varchar(20) DEFAULT NULL,
  `invoice_logo` text DEFAULT NULL,
  `company_id` int(11) DEFAULT NULL,
  `collect_tax` varchar(50) DEFAULT NULL,
  `tax_title` varchar(100) DEFAULT NULL,
  `tax_registration_no` varchar(100) DEFAULT NULL,
  `tax_is_gst` varchar(50) DEFAULT NULL,
  `state_code` varchar(50) DEFAULT NULL,
  `tax_setting` text DEFAULT NULL,
  `tax_string` varchar(250) DEFAULT NULL,
  `outlet_qty` int(11) DEFAULT NULL,
  `sms_enable_status` int(11) DEFAULT NULL,
  `sms_details` text DEFAULT NULL,
  `custom_label` varchar(200) DEFAULT NULL,
  `custom_url` text DEFAULT NULL,
  `smtp_enable_status` int(11) DEFAULT NULL,
  `smtp_details` text DEFAULT NULL,
  `whatsapp_share_number` varchar(20) DEFAULT NULL,
  `language_manifesto` varchar(20) DEFAULT NULL,
  `white_label` text DEFAULT NULL,
  `company_id_xml` varchar(250) DEFAULT NULL,
  `tax_registration_number` varchar(250) DEFAULT NULL,
  `attendance_type` int(11) NOT NULL DEFAULT 2,
  `tax_accounting_basis` varchar(250) DEFAULT NULL,
  `created_date` timestamp NULL DEFAULT current_timestamp(),
  `plan_id` int(11) DEFAULT NULL,
  `monthly_cost` float DEFAULT NULL,
  `number_of_maximum_users` varchar(10) DEFAULT NULL,
  `number_of_maximum_outlets` varchar(10) DEFAULT NULL,
  `number_of_maximum_invoices` varchar(10) DEFAULT NULL,
  `access_day` varchar(10) DEFAULT NULL,
  `payment_clear` varchar(20) DEFAULT 'No',
  `is_block_all_user` varchar(10) DEFAULT 'No',
  `customer_reviewers` text DEFAULT NULL,
  `counter_details` text DEFAULT NULL,
  `social_link_details` text DEFAULT NULL,
  `email_settings` text DEFAULT NULL,
  `export_daily_sale` varchar(20) DEFAULT NULL,
  `printing_invoice` varchar(30) DEFAULT 'web_browser',
  `receipt_printer_invoice` int(11) DEFAULT NULL,
  `printing_bill` varchar(100) DEFAULT 'web_browser',
  `receipt_printer_bill` varchar(100) DEFAULT NULL,
  `print_format_bill` varchar(100) DEFAULT '80mm',
  `printing_kot` varchar(100) DEFAULT 'web_browser',
  `receipt_printer_kot` varchar(100) DEFAULT NULL,
  `print_format_kot` varchar(100) DEFAULT '80mm',
  `print_server_url_invoice` varchar(100) DEFAULT NULL,
  `print_server_url_bill` varchar(100) DEFAULT NULL,
  `languge_manifesto` varchar(50) DEFAULT NULL,
  `print_server_url_kot` varchar(100) DEFAULT NULL,
  `service_type` varchar(20) DEFAULT 'delivery',
  `service_amount` varchar(20) DEFAULT NULL,
  `delivery_type` varchar(20) DEFAULT NULL,
  `delivery_amount` varchar(20) DEFAULT NULL,
  `languagefcrt_manifesto` varchar(50) DEFAULT NULL,
  `active_code` varchar(20) DEFAULT NULL,
  `is_active` int(11) NOT NULL DEFAULT 1,
  `tax_type` int(11) NOT NULL DEFAULT 1,
  `decimals_separator` varchar(20) DEFAULT '.',
  `thousands_separator` varchar(20) DEFAULT '',
  `print_kot_when_placing_order` varchar(5) NOT NULL DEFAULT 'No',
  `open_cash_drawer_when_printing_invoice` varchar(5) DEFAULT 'No',
  `when_clicking_on_item_in_pos` varchar(20) DEFAULT '2',
  `default_order_type` int(11) DEFAULT NULL,
  `default_order_type_delivery_p` int(11) DEFAULT NULL,
  `is_rounding_enable` int(11) DEFAULT NULL,
  `is_loyalty_enable` varchar(20) NOT NULL DEFAULT 'Yes',
  `minimum_point_to_redeem` int(11) NOT NULL DEFAULT 0,
  `loyalty_rate` float DEFAULT NULL,
  `vat_rate` float NOT NULL DEFAULT 0,
  `del_status` varchar(10) DEFAULT 'Live',
  `sos_enable_self_order` varchar(20) NOT NULL DEFAULT 'No',
  `sos_enable_online_order` varchar(20) NOT NULL DEFAULT 'No',
  `split_bill` int(11) NOT NULL DEFAULT 1,
  `place_order_tooltip` varchar(20) NOT NULL DEFAULT 'show',
  `pre_or_post_payment` int(11) NOT NULL DEFAULT 1,
  `food_menu_tooltip` varchar(20) NOT NULL DEFAULT 'show',
  `reservation_times` text DEFAULT NULL,
  `reservation_status` varchar(20) NOT NULL DEFAULT 'enable',
  `price_interval` varchar(20) DEFAULT NULL,
  `sms_service_provider` int(11) NOT NULL DEFAULT 0,
  `sms_send_auto` int(11) NOT NULL DEFAULT 1,
  `saas_landing_page` int(11) NOT NULL DEFAULT 1
) ENGINE=InnoDB DEFAULT CHARSET=utf8 COLLATE=utf8_general_ci;

--
-- Dumping data for table `tbl_companies`
--

INSERT INTO `tbl_companies` (`id`, `business_name`, `short_name`, `website`, `date_format`, `zone_name`, `currency`, `currency_position`, `precision`, `default_customer`, `default_waiter`, `default_payment`, `payment_settings`, `address`, `phone`, `invoice_footer`, `print_format_invoice`, `sms_setting_check`, `invoice_logo`, `company_id`, `collect_tax`, `tax_title`, `tax_registration_no`, `tax_is_gst`, `state_code`, `tax_setting`, `tax_string`, `outlet_qty`, `sms_enable_status`, `sms_details`, `custom_label`, `custom_url`, `smtp_enable_status`, `smtp_details`, `whatsapp_share_number`, `language_manifesto`, `white_label`, `company_id_xml`, `tax_registration_number`, `attendance_type`, `tax_accounting_basis`, `created_date`, `plan_id`, `monthly_cost`, `number_of_maximum_users`, `number_of_maximum_outlets`, `number_of_maximum_invoices`, `access_day`, `payment_clear`, `is_block_all_user`, `customer_reviewers`, `counter_details`, `social_link_details`, `email_settings`, `export_daily_sale`, `printing_invoice`, `receipt_printer_invoice`, `printing_bill`, `receipt_printer_bill`, `print_format_bill`, `printing_kot`, `receipt_printer_kot`, `print_format_kot`, `print_server_url_invoice`, `print_server_url_bill`, `languge_manifesto`, `print_server_url_kot`, `service_type`, `service_amount`, `delivery_type`, `delivery_amount`, `languagefcrt_manifesto`, `active_code`, `is_active`, `tax_type`, `decimals_separator`, `thousands_separator`, `print_kot_when_placing_order`, `open_cash_drawer_when_printing_invoice`, `when_clicking_on_item_in_pos`, `default_order_type`, `default_order_type_delivery_p`, `is_rounding_enable`, `is_loyalty_enable`, `minimum_point_to_redeem`, `loyalty_rate`, `vat_rate`, `del_status`, `sos_enable_self_order`, `sos_enable_online_order`, `split_bill`, `place_order_tooltip`, `pre_or_post_payment`, `food_menu_tooltip`, `reservation_times`, `reservation_status`, `price_interval`, `sms_service_provider`, `sms_send_auto`, `saas_landing_page`) VALUES
(1, 'MAAT POS', 'OS', 'olosurfnature.com', 'd/m/Y', 'Asia/Dhaka', '€', 'After Amount', '2', 1, 11, 1, '{\"field_2\":\"1\",\"field_3\":\"1\",\"field_5\":\"1\",\"field_2_v\":\"sandbox\",\"field_3_v\":\"demo\",\"field_4_v\":\"1\",\"field_2_key_1\":\"AU4W5_vh3LbxnLpd6w6-Ctk5juhxfHPOSii3R_sFvTnC0HPgf-9T7-TZ2UTjH_2xaP5rBcOHUaKVtPiK\",\"field_2_key_2\":\"EIH1A6UUFtnIKn1OyIejWckUpRDnCQJC7cHNmiDMOOSNr7zPNGvkWq53ULT1Pg3g3eKA89OaQxrd3gi0\",\"field_3_key_1\":\"sk_test_51GqddZFGCHDmFd2QAXjmjrbYpEiVTjx4VrLifrt2BqPgMEDOvaPpE78MJUQjpRitJYiHgsAVUh3MEPbT3S97WsVq00ErmzU133\",\"field_3_key_2\":\"pk_test_51GqddZFGCHDmFd2QQCHEDkicU2Y6AiRvUQySrQVzaarBO9c4VJvq7F8geZWCV3JOQK4ETUJHhDXPDVVN0PXyqfIT00uWJ56gPB\",\"field_4_key_1\":\"rzp_test_pm0zv2KQ07bwi5\",\"field_4_key_2\":\"2LD1rNucYo9aXxfb1cve1oms\",\"paypal_business_email\":\"sb-xtr47c5533995@business.example.com\",\"url_paypal\":\"https:\\/\\/www.sandbox.paypal.com\\/cgi-bin\\/webscr\"}', '384, KALIBARY ROAD, PIROJPUR-8500', '01812391633', 'Thank you for visiting us!', '56mm', 'Yes', '4595ec2eec1249d465c96ba24acc1b5a.png', 1, 'No', 'Tittle', '32132', 'No', '0931232', '[{\"id\":\"1\",\"tax\":\"VAT\",\"tax_rate\":\"15\"},{\"id\":\"1\",\"tax\":\"CGST\",\"tax_rate\":\"5\"},{\"id\":\"1\",\"tax\":\"SGST\",\"tax_rate\":\"5\"},{\"id\":\"1\",\"tax\":\"IGST\",\"tax_rate\":\"5\"}]', 'VAT:CGST:SGST:IGST:', 2, 5, '{\"field_1_0\":\"AC912936630bb5e4a34cf6247ff9d28f07\",\"field_1_1\":\"7183bbecf7b47009dd592f1e80f2cb1a\",\"field_1_2\":\"+15108923589\",\"field_2_0\":\"Doorsoft\",\"field_2_1\":\"Doo@123\",\"field_2_2\":\"MTSMS5\",\"field_2_3\":\"+880\"}', 'Watch Video', 'https://www.facebook.com/', 1, '{\"email_address\":\"test@gmail.com\",\"password\":\"43241\"}', '01812391633', 'stwtyqxst', '{\"site_name\":\"Olosurfnature\",\"system_logo\":\"b43c64d809bf4591266735f4f6173e32.png\",\"footer\":\"Olosurfnature\"}', NULL, NULL, 2, NULL, '2021-03-18 01:42:03', NULL, NULL, NULL, '1', NULL, NULL, 'No', 'No', '[\"{\\\"name\\\":\\\"Colin Smalls\\\",\\\"designation\\\":\\\"Basketball Player\\\",\\\"description\\\":\\\"This cozy restaurant has left the best impressions! Hospitable hosts, delicious dishes, beautiful presentation, wide wine list and wonderful dessert. I recommend to everyone! I would like to come back here again and again.\\\"}\",\"{\\\"name\\\":\\\"Sylvester Stallone\\\",\\\"designation\\\":\\\"Actor\\\",\\\"description\\\":\\\"It\\\\u2019s a great experience. The ambiance is very welcoming and charming. Amazing wines, food and service. Staff are extremely knowledgeable and make great recommendations.\\\"}\",\"{\\\"name\\\":\\\"Billie Eilish\\\",\\\"designation\\\":\\\"Musician\\\",\\\"description\\\":\\\"Excellent food. Menu is extensive and seasonal to a particularly high standard. Definitely fine dining. It can be expensive but worth it and they do different deals on different nights so it\\\\u2019s worth checking them out before you book. Highly recommended.\\\"}\"]', '{\"restaurants\":\"47\",\"users\":\"214\",\"reference\":\"96\",\"daily_transactions\":\"8128\"}', '{\"facebook\":\"https:\\/\\/www.facebook.com\\/\",\"twitter\":\"https:\\/\\/twitter.com\\/\",\"instagram\":\"https:\\/\\/www.instagram.com\\/\",\"youtube\":\"https:\\/\\/www.youtube.com\\/\"}', '{\"enable_status\":\"0\",\"host_name\":\"zakbd.com\",\"port_address\":\"32\",\"email_send_to\":\"\",\"user_name\":\"zakir\",\"password\":\"3skdfj\"}', 'disable', 'web_browser', 1, 'live_server_print', '2', '80mm', 'web_browser', '2', '80mm', '192.168.0.104', '192.168.0.105', 'sGmsJaFJVE1', '192.168.0.105', 'service', '10', NULL, '10', 'sGmsJaFJVEFCrt1', '3332444', 1, 1, ',', '.', 'Yes', 'No', '1', 1, 0, 0, 'enable', 40, 0.5, 0, 'Live', 'No', 'Yes', 1, 'show', 1, 'show', '[{\"counter\":1,\"status\":\"\",\"counter_name\":\"Sunday\",\"start_time\":\"01:00 am\",\"end_time\":\"12:00 am\",\"start_time_int\":\"1:00\",\"end_time_int\":24},{\"counter\":2,\"status\":\"\",\"counter_name\":\"Monday\",\"start_time\":\"01:00 am\",\"end_time\":\"11:00 pm\",\"start_time_int\":\"1:00\",\"end_time_int\":\"23:00\"},{\"counter\":3,\"status\":\"\",\"counter_name\":\"Tuesday\",\"start_time\":\"01:00 pm\",\"end_time\":\"11:00 pm\",\"start_time_int\":\"13:00\",\"end_time_int\":\"23:00\"},{\"counter\":4,\"status\":\"\",\"counter_name\":\"Wednesday\",\"start_time\":\"05:00 pm\",\"end_time\":\"10:00 pm\",\"start_time_int\":\"17:00\",\"end_time_int\":\"22:00\"},{\"counter\":5,\"status\":\"\",\"counter_name\":\"Thursday\",\"start_time\":\"01:00 pm\",\"end_time\":\"12:00 am\",\"start_time_int\":\"13:00\",\"end_time_int\":24},{\"counter\":6,\"status\":\"\",\"counter_name\":\"Friday\",\"start_time\":\"08:00 am\",\"end_time\":\"09:00 pm\",\"start_time_int\":\"8:00\",\"end_time_int\":\"21:00\"},{\"counter\":7,\"status\":\"\",\"counter_name\":\"Saturday\",\"start_time\":\"11:00 am\",\"end_time\":\"04:30 pm\",\"start_time_int\":\"11:00\",\"end_time_int\":\"16:30\"}]', 'enable', NULL, 2, 1, 2);

-- --------------------------------------------------------

--
-- Table structure for table `tbl_customer_address`
--

CREATE TABLE `tbl_customer_address` (
  `id` int(11) NOT NULL,
  `customer_id` int(11) DEFAULT NULL,
  `address` varchar(250) DEFAULT NULL,
  `is_active` int(11) DEFAULT 0,
  `del_status` varchar(10) NOT NULL DEFAULT 'Live'
) ENGINE=InnoDB DEFAULT CHARSET=utf8 COLLATE=utf8_general_ci;

--
-- Dumping data for table `tbl_customer_address`
--

INSERT INTO `tbl_customer_address` (`id`, `customer_id`, `address`, `is_active`, `del_status`) VALUES
(1, 20, 'asdasdasd', 1, 'Live');

-- --------------------------------------------------------

--
-- Table structure for table `tbl_customer_due_receives`
--

CREATE TABLE `tbl_customer_due_receives` (
  `id` int(11) NOT NULL,
  `reference_no` varchar(50) DEFAULT NULL,
  `payment_id` int(11) DEFAULT NULL,
  `only_date` date DEFAULT NULL,
  `date` datetime DEFAULT NULL,
  `customer_id` int(11) DEFAULT NULL,
  `amount` float DEFAULT NULL,
  `note` varchar(200) DEFAULT NULL,
  `user_id` int(11) DEFAULT NULL,
  `outlet_id` int(11) DEFAULT NULL,
  `company_id` int(11) DEFAULT NULL,
  `del_status` varchar(50) DEFAULT 'Live'
) ENGINE=InnoDB DEFAULT CHARSET=utf8 COLLATE=utf8_general_ci;

-- --------------------------------------------------------

--
-- Table structure for table `tbl_delivery_partners`
--

CREATE TABLE `tbl_delivery_partners` (
  `id` int(11) NOT NULL,
  `name` varchar(50) DEFAULT NULL,
  `aggregator_tran_code` varchar(30) DEFAULT NULL,
  `description` varchar(50) DEFAULT NULL,
  `user_id` int(11) DEFAULT NULL,
  `company_id` int(10) UNSIGNED DEFAULT NULL,
  `logo` text DEFAULT NULL,
  `del_status` varchar(50) DEFAULT 'Live'
) ENGINE=InnoDB DEFAULT CHARSET=utf8 COLLATE=utf8_general_ci;

--
-- Dumping data for table `tbl_delivery_partners`
--

INSERT INTO `tbl_delivery_partners` (`id`, `name`, `aggregator_tran_code`, `description`, `user_id`, `company_id`, `logo`, `del_status`) VALUES
(1, 'aSAsAS', NULL, 'asAS', 1, 1, '', 'Live');

-- --------------------------------------------------------

--
-- Table structure for table `tbl_denominations`
--

CREATE TABLE `tbl_denominations` (
  `id` int(11) NOT NULL,
  `amount` int(11) DEFAULT NULL,
  `description` varchar(100) DEFAULT NULL,
  `company_id` int(11) DEFAULT NULL,
  `del_status` varchar(50) DEFAULT 'Live'
) ENGINE=InnoDB DEFAULT CHARSET=utf8 COLLATE=utf8_general_ci;

-- --------------------------------------------------------

--
-- Table structure for table `tbl_expenses`
--

CREATE TABLE `tbl_expenses` (
  `id` int(11) NOT NULL,
  `date` date DEFAULT NULL,
  `amount` float DEFAULT NULL,
  `category_id` int(11) DEFAULT NULL,
  `employee_id` int(11) DEFAULT NULL,
  `note` varchar(200) DEFAULT NULL,
  `user_id` int(11) DEFAULT NULL,
  `outlet_id` int(11) DEFAULT NULL,
  `payment_id` int(11) DEFAULT 0,
  `added_date_time` timestamp NOT NULL DEFAULT current_timestamp(),
  `del_status` varchar(10) DEFAULT 'Live'
) ENGINE=InnoDB DEFAULT CHARSET=utf8 COLLATE=utf8_general_ci;

-- --------------------------------------------------------

--
-- Table structure for table `tbl_expense_items`
--

CREATE TABLE `tbl_expense_items` (
  `id` int(11) NOT NULL,
  `name` varchar(50) DEFAULT NULL,
  `description` varchar(50) DEFAULT NULL,
  `user_id` int(11) DEFAULT NULL,
  `company_id` int(11) DEFAULT NULL,
  `del_status` varchar(50) DEFAULT 'Live'
) ENGINE=InnoDB DEFAULT CHARSET=utf8 COLLATE=utf8_general_ci;

-- --------------------------------------------------------

--
-- Table structure for table `tbl_food_menus`
--

CREATE TABLE `tbl_food_menus` (
  `id` int(11) NOT NULL,
  `code` varchar(50) DEFAULT NULL,
  `name` varchar(50) DEFAULT NULL,
  `category_id` int(11) DEFAULT NULL,
  `vat_category` varchar(20) NOT NULL DEFAULT 'A',
  `description` varchar(200) DEFAULT NULL,
  `sale_price` float DEFAULT NULL,
  `tax_information` text DEFAULT NULL,
  `tax_string` varchar(250) DEFAULT NULL,
  `user_id` int(11) DEFAULT NULL,
  `company_id` int(11) DEFAULT NULL,
  `photo` varchar(250) DEFAULT NULL,
  `veg_item` varchar(50) DEFAULT 'Veg No',
  `beverage_item` varchar(50) DEFAULT 'Beverage No',
  `bar_item` varchar(50) DEFAULT 'Bar No',
  `parent_id` int(11) NOT NULL DEFAULT 0,
  `vr_ingr` text DEFAULT NULL,
  `del_status` varchar(10) DEFAULT 'Live',
  `vr_del_details` text DEFAULT NULL,
  `sale_price_take_away` float DEFAULT NULL,
  `sale_price_delivery` float DEFAULT NULL,
  `delivery_price` text DEFAULT NULL,
  `total_cost` float DEFAULT NULL,
  `loyalty_point` float DEFAULT 0,
  `product_type` int(11) NOT NULL DEFAULT 1,
  `purchase_price` float DEFAULT NULL,
  `alert_quantity` float DEFAULT NULL,
  `ing_category_id` int(11) DEFAULT NULL,
  `combo_ids` varchar(50) DEFAULT NULL,
  `is_variation` int(11) NOT NULL DEFAULT 0
) ENGINE=InnoDB DEFAULT CHARSET=utf8 COLLATE=utf8_general_ci;

--
-- Dumping data for table `tbl_food_menus`
--

INSERT INTO `tbl_food_menus` (`id`, `code`, `name`, `category_id`, `vat_category`, `description`, `sale_price`, `tax_information`, `tax_string`, `user_id`, `company_id`, `photo`, `veg_item`, `beverage_item`, `bar_item`, `parent_id`, `vr_ingr`, `del_status`, `vr_del_details`, `sale_price_take_away`, `sale_price_delivery`, `delivery_price`, `total_cost`, `loyalty_point`, `product_type`, `purchase_price`, `alert_quantity`, `ing_category_id`, `combo_ids`, `is_variation`) VALUES
(1, '001', 'Burger', 1, 'B', '', 25, '[{\"tax_field_id\":\"1\",\"tax_field_company_id\":\"1\",\"tax_field_name\":\"VAT\",\"tax_field_percentage\":\"15\"},{\"tax_field_id\":\"1\",\"tax_field_company_id\":\"1\",\"tax_field_name\":\"CGST\",\"tax_field_percentage\":\"5\"},{\"tax_field_id\":\"1\",\"tax_field_company_id\":\"1\",\"tax_field_name\":\"SGST\",\"tax_field_percentage\":\"5\"},{\"tax_field_id\":\"1\",\"tax_field_company_id\":\"1\",\"tax_field_name\":\"IGST\",\"tax_field_percentage\":\"5\"}]', 'VAT:CGST:SGST:IGST:', 1, 1, NULL, 'Veg No', 'Beverage No', 'Bar No', 0, NULL, 'Live', NULL, 25, 0, '[]', 20, 0, 3, 20, 2, 1, '', 0),
(2, '002', 'PASTA PESTO', 10, 'A', '', 90, '[]', '', 1, 1, NULL, 'Veg Yes', 'Bev No', 'Bar No', 0, NULL, 'Live', NULL, 90, 0, '{\"index_1\":\"200\"}', 27.5, 0, 1, 0, 0, 0, '', 0),
(3, '003', 'beef barbecue', 3, 'A', '', 90, '[{\"tax_field_id\":\"1\",\"tax_field_company_id\":\"1\",\"tax_field_name\":\"VAT\",\"tax_field_percentage\":\"15\"}]', 'VAT:', 1, 1, NULL, 'Veg No', 'Bev No', 'Bar No', 0, NULL, 'Live', NULL, 90, 0, '[]', 0, 0, 1, 0, 0, 0, '', 0),
(4, '1', 'Vegetable Noodles', 8, 'A', 'Test', 40, '[{\"tax_field_id\":\"1\",\"tax_field_outlet_id\":0,\"tax_field_company_id\":1,\"tax_field_name\":\"VAT\",\"tax_field_percentage\":\"15\"},{\"tax_field_id\":\"1\",\"tax_field_outlet_id\":0,\"tax_field_company_id\":1,\"tax_field_name\":\"CGST\",\"tax_field_percentage\":\"5\"},{\"tax_field_id\":\"1\",\"tax_field_outlet_id\":0,\"tax_field_company_id\":1,\"tax_field_name\":\"SGST\",\"tax_field_percentage\":\"10\"},{\"tax_field_id\":\"1\",\"tax_field_outlet_id\":0,\"tax_field_company_id\":1,\"tax_field_name\":\"IGST\",\"tax_field_percentage\":\"10\"}]', 'VAT:CGST:SGST:IGST:', 1, 1, NULL, 'Veg Yes', 'Bev No', 'Bar No', 0, NULL, 'Live', NULL, 40, NULL, '{\"index_1\":\"0\"}', NULL, 0, 1, NULL, NULL, NULL, NULL, 0),
(5, '2', 'avocado-toast', 9, 'A', 'Test', 70, '[{\"tax_field_id\":\"1\",\"tax_field_outlet_id\":0,\"tax_field_company_id\":1,\"tax_field_name\":\"VAT\",\"tax_field_percentage\":\"16\"},{\"tax_field_id\":\"1\",\"tax_field_outlet_id\":0,\"tax_field_company_id\":1,\"tax_field_name\":\"CGST\",\"tax_field_percentage\":\"5\"},{\"tax_field_id\":\"1\",\"tax_field_outlet_id\":0,\"tax_field_company_id\":1,\"tax_field_name\":\"SGST\",\"tax_field_percentage\":\"10\"},{\"tax_field_id\":\"1\",\"tax_field_outlet_id\":0,\"tax_field_company_id\":1,\"tax_field_name\":\"IGST\",\"tax_field_percentage\":\"10\"}]', 'VAT:CGST:SGST:IGST:', 1, 1, NULL, 'Veg Yes', 'Bev No', 'Bar Yes', 0, NULL, 'Live', NULL, 70, NULL, '{\"index_1\":\"0\"}', NULL, 1, 1, NULL, NULL, NULL, NULL, 0),
(6, '3', 'burger-falafel', 9, 'A', 'Test', 75, '[{\"tax_field_id\":\"1\",\"tax_field_outlet_id\":0,\"tax_field_company_id\":1,\"tax_field_name\":\"VAT\",\"tax_field_percentage\":\"16\"},{\"tax_field_id\":\"1\",\"tax_field_outlet_id\":0,\"tax_field_company_id\":1,\"tax_field_name\":\"CGST\",\"tax_field_percentage\":\"5\"},{\"tax_field_id\":\"1\",\"tax_field_outlet_id\":0,\"tax_field_company_id\":1,\"tax_field_name\":\"SGST\",\"tax_field_percentage\":\"10\"},{\"tax_field_id\":\"1\",\"tax_field_outlet_id\":0,\"tax_field_company_id\":1,\"tax_field_name\":\"IGST\",\"tax_field_percentage\":\"10\"}]', 'VAT:CGST:SGST:IGST:', 1, 1, NULL, 'Veg Yes', 'Bev No', 'Bar No', 0, NULL, 'Live', NULL, 75, NULL, '{\"index_1\":\"0\"}', NULL, 1, 1, NULL, NULL, NULL, NULL, 0),
(7, '4', 'crepe-cheese', 9, 'A', 'Test', 45, '[{\"tax_field_id\":\"1\",\"tax_field_outlet_id\":0,\"tax_field_company_id\":1,\"tax_field_name\":\"VAT\",\"tax_field_percentage\":\"16\"},{\"tax_field_id\":\"1\",\"tax_field_outlet_id\":0,\"tax_field_company_id\":1,\"tax_field_name\":\"CGST\",\"tax_field_percentage\":\"5\"},{\"tax_field_id\":\"1\",\"tax_field_outlet_id\":0,\"tax_field_company_id\":1,\"tax_field_name\":\"SGST\",\"tax_field_percentage\":\"10\"},{\"tax_field_id\":\"1\",\"tax_field_outlet_id\":0,\"tax_field_company_id\":1,\"tax_field_name\":\"IGST\",\"tax_field_percentage\":\"10\"}]', 'VAT:CGST:SGST:IGST:', 1, 1, NULL, 'Veg Yes', 'Bev No', 'Bar No', 0, NULL, 'Live', NULL, 45, NULL, '{\"index_1\":\"0\"}', NULL, 1, 1, NULL, NULL, NULL, NULL, 0),
(8, '5', 'crevette-pil-pil', 5, 'A', 'Test', 80, '[]', '', 1, 1, NULL, 'Veg Yes', 'Bev No', 'Bar No', 0, NULL, 'Live', NULL, 80, 0, '{\"index_1\":\"80\"}', 0, 1, 1, 0, 0, 0, '', 0),
(9, '6', 'chicken-fajitas', 5, 'A', 'Test', 75, '[]', '', 1, 1, NULL, 'Veg Yes', 'Bev No', 'Bar No', 0, NULL, 'Live', NULL, 75, 0, '{\"index_1\":\"222\"}', 6.5, 1, 1, 0, 0, 0, '', 0),
(10, '010', 'CREVETTE PILPIL', 2, 'A', '', 100, '[]', '', 1, 1, '009a5007e5cd3db40cfbde24069bfe71.jpg', 'Veg No', 'Beverage No', 'Bar No', 0, NULL, 'Live', NULL, 100, 0, '[]', 26.5, 0, 1, 0, 0, 0, '', 0),
(11, '011', 'SMOTHIE MANGUE', 8, 'A', '', 45, '[]', '', 1, 1, NULL, 'Veg Yes', 'Bev Yes', 'Bar No', 0, NULL, 'Live', NULL, 45, 0, '{\"index_1\":\"50\"}', 10, 3, 1, 0, 0, 0, '', 0);

-- --------------------------------------------------------

--
-- Table structure for table `tbl_food_menus_ingredients`
--

CREATE TABLE `tbl_food_menus_ingredients` (
  `id` bigint(20) NOT NULL,
  `ingredient_id` int(11) DEFAULT NULL,
  `consumption` float(10,2) DEFAULT NULL,
  `food_menu_id` int(11) DEFAULT NULL,
  `user_id` int(11) DEFAULT NULL,
  `company_id` int(11) DEFAULT NULL,
  `del_status` varchar(10) DEFAULT 'Live',
  `cost` float DEFAULT NULL,
  `total` float DEFAULT NULL
) ENGINE=InnoDB DEFAULT CHARSET=utf8 COLLATE=utf8_general_ci;

--
-- Dumping data for table `tbl_food_menus_ingredients`
--

INSERT INTO `tbl_food_menus_ingredients` (`id`, `ingredient_id`, `consumption`, `food_menu_id`, `user_id`, `company_id`, `del_status`, `cost`, `total`) VALUES
(5, 1, 0.00, 3, 1, 1, 'Live', 20, 0),
(6, 3, 0.00, 3, 1, 1, 'Live', 5, 0),
(7, 8, 1.00, 10, 1, 1, 'Live', 20, 20),
(8, 9, 1.00, 10, 1, 1, 'Live', 1.5, 1.5),
(9, 3, 1.00, 10, 1, 1, 'Live', 5, 5),
(15, 3, 1.00, 2, 1, 1, 'Live', 5, 5),
(16, 2, 1.00, 2, 1, 1, 'Live', 22.5, 22.5),
(19, 6, 1.00, 11, 1, 1, 'Live', 10, 10),
(22, 9, 1.00, 9, 1, 1, 'Live', 1.5, 1.5),
(23, 3, 1.00, 9, 1, 1, 'Live', 5, 5);

-- --------------------------------------------------------

--
-- Table structure for table `tbl_food_menus_modifiers`
--

CREATE TABLE `tbl_food_menus_modifiers` (
  `id` bigint(20) NOT NULL,
  `modifier_id` int(11) DEFAULT NULL,
  `food_menu_id` int(11) DEFAULT NULL,
  `user_id` int(11) DEFAULT NULL,
  `outlet_id` int(11) DEFAULT NULL,
  `company_id` int(11) DEFAULT NULL,
  `del_status` varchar(10) CHARACTER SET latin1 COLLATE latin1_swedish_ci DEFAULT 'Live'
) ENGINE=InnoDB DEFAULT CHARSET=utf8 COLLATE=utf8_general_ci;

--
-- Dumping data for table `tbl_food_menus_modifiers`
--

INSERT INTO `tbl_food_menus_modifiers` (`id`, `modifier_id`, `food_menu_id`, `user_id`, `outlet_id`, `company_id`, `del_status`) VALUES
(1, 1, 11, 1, NULL, 1, 'Live');

-- --------------------------------------------------------

--
-- Table structure for table `tbl_food_menu_categories`
--

CREATE TABLE `tbl_food_menu_categories` (
  `id` int(11) NOT NULL,
  `category_name` varchar(50) DEFAULT NULL,
  `description` varchar(50) DEFAULT NULL,
  `user_id` int(11) DEFAULT NULL,
  `company_id` int(10) UNSIGNED DEFAULT NULL,
  `order_by` int(11) DEFAULT 0,
  `del_status` varchar(50) DEFAULT 'Live'
) ENGINE=InnoDB DEFAULT CHARSET=utf8 COLLATE=utf8_general_ci;

--
-- Dumping data for table `tbl_food_menu_categories`
--

INSERT INTO `tbl_food_menu_categories` (`id`, `category_name`, `description`, `user_id`, `company_id`, `order_by`, `del_status`) VALUES
(1, 'American', '', 1, 1, 9, 'Live'),
(2, 'FISH', '', 1, 1, 4, 'Live'),
(3, 'meat', '', 1, 1, 2, 'Live'),
(4, 'VEGIE', '', 1, 1, 3, 'Live'),
(5, 'DRINKSsa', '', 1, 1, 7, 'Live'),
(6, 'ICE CREAM', '', 1, 1, 8, 'Live'),
(7, 'COFFEE', '', 1, 1, 10, 'Live'),
(8, 'Chinese', NULL, 1, 1, 5, 'Live'),
(9, 'A la carte', NULL, 1, 1, 1, 'Live'),
(10, 'alcohol', '', 1, 1, 6, 'Live');

-- --------------------------------------------------------

--
-- Table structure for table `tbl_holds`
--

CREATE TABLE `tbl_holds` (
  `id` int(11) NOT NULL,
  `delivery_partner_id` int(11) NOT NULL DEFAULT 0,
  `customer_id` varchar(50) DEFAULT NULL,
  `hold_no` varchar(30) NOT NULL DEFAULT '000000',
  `total_items` int(11) DEFAULT NULL,
  `sub_total` float DEFAULT NULL,
  `paid_amount` double DEFAULT NULL,
  `due_amount` double DEFAULT NULL,
  `due_payment_date` date DEFAULT NULL,
  `disc` varchar(50) DEFAULT NULL,
  `disc_actual` float DEFAULT NULL,
  `vat` float DEFAULT NULL,
  `total_payable` float DEFAULT NULL,
  `payment_method_id` int(11) DEFAULT NULL,
  `table_id` int(11) DEFAULT NULL,
  `total_item_discount_amount` float NOT NULL,
  `sub_total_with_discount` float NOT NULL,
  `sub_total_discount_amount` float NOT NULL,
  `total_discount_amount` float NOT NULL,
  `charge_type` varchar(30) DEFAULT NULL,
  `delivery_charge` varchar(100) DEFAULT NULL,
  `delivery_charge_actual_charge` float DEFAULT NULL,
  `tips_amount` varchar(100) DEFAULT NULL,
  `tips_amount_actual_charge` float DEFAULT NULL,
  `sub_total_discount_value` varchar(10) NOT NULL,
  `sub_total_discount_type` varchar(20) NOT NULL,
  `token_no` varchar(50) DEFAULT NULL,
  `sale_date` varchar(20) NOT NULL,
  `date_time` timestamp NOT NULL DEFAULT current_timestamp(),
  `sale_time` varchar(15) NOT NULL,
  `user_id` int(11) DEFAULT NULL,
  `waiter_id` int(11) DEFAULT 0,
  `outlet_id` int(11) DEFAULT NULL,
  `order_status` tinyint(1) DEFAULT NULL COMMENT '1=new order, 2=cancelled order, 3=invoiced order',
  `sale_vat_objects` text DEFAULT NULL,
  `order_type` tinyint(1) DEFAULT NULL COMMENT '1=dine in, 2 = take away, 3 = delivery',
  `del_status` varchar(50) DEFAULT 'Live'
) ENGINE=InnoDB DEFAULT CHARSET=utf8 COLLATE=utf8_general_ci;

-- --------------------------------------------------------

--
-- Table structure for table `tbl_holds_details`
--

CREATE TABLE `tbl_holds_details` (
  `id` int(11) NOT NULL,
  `food_menu_id` int(11) DEFAULT NULL,
  `menu_name` varchar(50) DEFAULT NULL,
  `vat_category` varchar(20) NOT NULL DEFAULT 'A',
  `qty` int(11) DEFAULT NULL,
  `menu_price_without_discount` float NOT NULL,
  `menu_price_with_discount` float NOT NULL,
  `menu_unit_price` float NOT NULL,
  `menu_vat_percentage` float NOT NULL,
  `menu_taxes` text DEFAULT NULL,
  `menu_discount_value` varchar(20) DEFAULT NULL,
  `discount_type` varchar(20) NOT NULL,
  `menu_note` varchar(150) DEFAULT NULL,
  `discount_amount` double DEFAULT NULL,
  `holds_id` int(11) DEFAULT NULL,
  `user_id` int(11) DEFAULT NULL,
  `outlet_id` int(11) DEFAULT NULL,
  `del_status` varchar(50) DEFAULT 'Live'
) ENGINE=InnoDB DEFAULT CHARSET=utf8 COLLATE=utf8_general_ci;

-- --------------------------------------------------------

--
-- Table structure for table `tbl_holds_details_modifiers`
--

CREATE TABLE `tbl_holds_details_modifiers` (
  `id` int(11) NOT NULL,
  `modifier_id` int(11) NOT NULL,
  `modifier_price` float NOT NULL,
  `food_menu_id` int(11) NOT NULL,
  `holds_id` int(11) NOT NULL,
  `holds_details_id` int(11) NOT NULL,
  `menu_vat_percentage` float DEFAULT NULL,
  `menu_taxes` text DEFAULT NULL,
  `user_id` int(11) NOT NULL,
  `outlet_id` int(11) NOT NULL,
  `customer_id` int(11) NOT NULL
) ENGINE=InnoDB DEFAULT CHARSET=utf8 COLLATE=utf8_general_ci;

-- --------------------------------------------------------

--
-- Table structure for table `tbl_holds_table`
--

CREATE TABLE `tbl_holds_table` (
  `id` bigint(20) NOT NULL,
  `persons` int(11) NOT NULL,
  `booking_time` datetime NOT NULL,
  `hold_id` int(11) NOT NULL,
  `hold_no` varchar(20) NOT NULL,
  `outlet_id` int(11) NOT NULL,
  `table_id` int(11) NOT NULL,
  `del_status` varchar(20) NOT NULL DEFAULT 'Live'
) ENGINE=InnoDB DEFAULT CHARSET=utf8 COLLATE=utf8_general_ci;

-- --------------------------------------------------------

--
-- Table structure for table `tbl_ingredients`
--

CREATE TABLE `tbl_ingredients` (
  `id` int(11) NOT NULL,
  `code` varchar(50) NOT NULL DEFAULT '0',
  `name` varchar(50) DEFAULT NULL,
  `category_id` int(11) DEFAULT NULL,
  `purchase_price` float DEFAULT NULL,
  `vat_rate` decimal(11,2) DEFAULT 0.00,
  `alert_quantity` float DEFAULT NULL,
  `auto_manual` tinyint(4) DEFAULT 1 COMMENT '1-Auto,2-manual',
  `unit_id` int(11) DEFAULT NULL,
  `user_id` int(11) DEFAULT NULL,
  `company_id` int(11) DEFAULT NULL,
  `del_status` varchar(10) DEFAULT 'Live',
  `purchase_unit_id` float DEFAULT NULL,
  `conversion_rate` float DEFAULT NULL,
  `consumption_unit_cost` float DEFAULT NULL,
  `average_consumption_per_unit` float NOT NULL DEFAULT 0,
  `is_direct_food` int(11) NOT NULL DEFAULT 1,
  `food_id` int(11) DEFAULT NULL,
  `ing_type` varchar(30) NOT NULL DEFAULT 'Plain Ingredient',
  `unit_type` int(11) NOT NULL DEFAULT 1
) ENGINE=InnoDB DEFAULT CHARSET=utf8 COLLATE=utf8_general_ci;

--
-- Dumping data for table `tbl_ingredients`
--

INSERT INTO `tbl_ingredients` (`id`, `code`, `name`, `category_id`, `purchase_price`, `vat_rate`, `alert_quantity`, `auto_manual`, `unit_id`, `user_id`, `company_id`, `del_status`, `purchase_unit_id`, `conversion_rate`, `consumption_unit_cost`, `average_consumption_per_unit`, `is_direct_food`, `food_id`, `ing_type`, `unit_type`) VALUES
(1, '001', 'Burger Bread', 1, 20, '0.00', 2, 1, 3, 1, 1, 'Live', 3, 1, 20, 20, 2, 1, 'Plain Ingredient', 1),
(2, '002', 'PAsta 1kg', 6, 45, '7.00', 5, 2, 4, 1, 1, 'Live', 1, 2, 22.5, 22.5, 1, NULL, 'Plain Ingredient', 1),
(3, '003', 'fromage parmesan', 7, 100, '7.00', 2, 2, 4, 1, 1, 'Live', 1, 20, 5, 4.16667, 1, NULL, 'Plain Ingredient', 1),
(4, '1004', 'Avocado', 8, 99, '5.00', 99, 0, 3, 1, 1, 'Live', 6, 12, 8.25, 8.25, 1, NULL, 'Plain Ingredient', 1),
(5, '1005', 'Bold Pen', 9, 10, '7.00', 1, 0, 3, 1, 1, 'Live', 3, 1, 10, 10, 1, NULL, 'Plain Ingredient', 1),
(6, '1006', 'ABC', 9, 10, '7.00', 1, 0, 3, 1, 1, 'Live', 3, 1, 10, 10, 1, NULL, 'Plain Ingredient', 1),
(7, '1007', 'BVFD', 9, 10, '7.00', 1, 0, 3, 1, 1, 'Live', 3, 1, 10, 10, 1, NULL, 'Plain Ingredient', 1),
(8, '008', 'CREVETTE', 10, 100, '0.00', 2, 2, 4, 1, 1, 'Live', 1, 5, 20, 20, 1, NULL, 'Plain Ingredient', 1),
(9, '009', 'TOMATO', 3, 45, '0.00', 2, 2, 3, 1, 1, 'Live', 6, 30, 1.5, 1.5, 1, NULL, 'Plain Ingredient', 1),
(10, '010', 'SPECIAL', 2, 10, '7.00', 50, 2, 3, 1, 1, 'Live', 3, 1, 10, 10, 1, NULL, 'Plain Ingredient', 1),
(11, '011', 'VIN BLANC', 2, 60, '7.00', 20, 2, 5, 1, 1, 'Live', 2, 5, 12, 12, 1, NULL, 'Plain Ingredient', 1);

-- --------------------------------------------------------

--
-- Table structure for table `tbl_ingredient_categories`
--

CREATE TABLE `tbl_ingredient_categories` (
  `id` int(11) NOT NULL,
  `category_name` varchar(50) DEFAULT NULL,
  `description` varchar(50) DEFAULT NULL,
  `user_id` int(11) DEFAULT NULL,
  `company_id` int(11) DEFAULT NULL,
  `del_status` varchar(10) DEFAULT 'Live'
) ENGINE=InnoDB DEFAULT CHARSET=utf8 COLLATE=utf8_general_ci;

--
-- Dumping data for table `tbl_ingredient_categories`
--

INSERT INTO `tbl_ingredient_categories` (`id`, `category_name`, `description`, `user_id`, `company_id`, `del_status`) VALUES
(1, 'Bread Material', '', 1, 1, 'Live'),
(2, 'DRINKS', '', 1, 1, 'Live'),
(3, 'vegetables', '', 1, 1, 'Live'),
(4, 'fruits', '', 1, 1, 'Live'),
(5, 'sweets', '', 1, 1, 'Live'),
(6, 'Pulse', '', 1, 1, 'Live'),
(7, 'cheese', '', 1, 1, 'Live'),
(8, 'Fruit', NULL, 1, 1, 'Live'),
(9, 'Pen', NULL, 1, 1, 'Live'),
(10, 'FISH', '', 1, 1, 'Live');

-- --------------------------------------------------------

--
-- Table structure for table `tbl_inventory_adjustment`
--

CREATE TABLE `tbl_inventory_adjustment` (
  `id` int(11) NOT NULL,
  `reference_no` varchar(50) DEFAULT NULL,
  `date` date NOT NULL,
  `note` varchar(200) DEFAULT NULL,
  `employee_id` int(11) DEFAULT NULL,
  `user_id` int(11) DEFAULT NULL,
  `outlet_id` int(11) DEFAULT NULL,
  `del_status` varchar(50) DEFAULT 'Live'
) ENGINE=InnoDB DEFAULT CHARSET=utf8 COLLATE=utf8_general_ci;

--
-- Dumping data for table `tbl_inventory_adjustment`
--

INSERT INTO `tbl_inventory_adjustment` (`id`, `reference_no`, `date`, `note`, `employee_id`, `user_id`, `outlet_id`, `del_status`) VALUES
(1, '000001', '2023-08-29', '', 1, 1, 1, 'Live'),
(2, '000002', '2023-08-30', '', 1, 1, 1, 'Live'),
(3, '000003', '2023-09-17', '', 1, 1, 1, 'Live');

-- --------------------------------------------------------

--
-- Table structure for table `tbl_inventory_adjustment_ingredients`
--

CREATE TABLE `tbl_inventory_adjustment_ingredients` (
  `id` int(11) NOT NULL,
  `ingredient_id` int(11) DEFAULT NULL,
  `consumption_amount` float DEFAULT NULL,
  `inventory_adjustment_id` int(11) DEFAULT NULL,
  `consumption_status` enum('Plus','Minus','') DEFAULT NULL,
  `outlet_id` int(11) DEFAULT NULL,
  `del_status` varchar(10) DEFAULT 'Live'
) ENGINE=InnoDB DEFAULT CHARSET=utf8 COLLATE=utf8_general_ci;

--
-- Dumping data for table `tbl_inventory_adjustment_ingredients`
--

INSERT INTO `tbl_inventory_adjustment_ingredients` (`id`, `ingredient_id`, `consumption_amount`, `inventory_adjustment_id`, `consumption_status`, `outlet_id`, `del_status`) VALUES
(1, 2, 5000, 1, 'Minus', 1, 'Live'),
(2, 1, 3, 2, 'Minus', 1, 'Live'),
(3, 8, 1, 3, 'Minus', 1, 'Live');

-- --------------------------------------------------------

--
-- Table structure for table `tbl_kitchens`
--

CREATE TABLE `tbl_kitchens` (
  `id` int(11) NOT NULL,
  `name` varchar(250) DEFAULT NULL,
  `printer_id` int(11) DEFAULT NULL,
  `print_server_url` varchar(250) DEFAULT NULL,
  `company_id` int(11) DEFAULT NULL,
  `del_status` varchar(20) NOT NULL DEFAULT 'Live',
  `outlet_id` int(11) DEFAULT 0
) ENGINE=InnoDB DEFAULT CHARSET=utf8 COLLATE=utf8_general_ci;

--
-- Dumping data for table `tbl_kitchens`
--

INSERT INTO `tbl_kitchens` (`id`, `name`, `printer_id`, `print_server_url`, `company_id`, `del_status`, `outlet_id`) VALUES
(1, 'bar', 0, NULL, 1, 'Live', 1),
(2, 'Food kitchen', 0, NULL, 1, 'Live', 1);

-- --------------------------------------------------------

--
-- Table structure for table `tbl_kitchen_categories`
--

CREATE TABLE `tbl_kitchen_categories` (
  `id` int(11) NOT NULL,
  `kitchen_id` int(11) DEFAULT NULL,
  `cat_id` int(11) DEFAULT NULL,
  `via_printer` int(11) DEFAULT NULL,
  `del_status` varchar(20) NOT NULL DEFAULT 'Live',
  `outlet_id` int(11) NOT NULL DEFAULT 0
) ENGINE=InnoDB DEFAULT CHARSET=utf8 COLLATE=utf8_general_ci;

--
-- Dumping data for table `tbl_kitchen_categories`
--

INSERT INTO `tbl_kitchen_categories` (`id`, `kitchen_id`, `cat_id`, `via_printer`, `del_status`, `outlet_id`) VALUES
(1, 1, 5, NULL, 'Live', 1),
(2, 1, 6, NULL, 'Live', 1),
(3, 1, 7, NULL, 'Live', 1),
(4, 2, 1, NULL, 'Live', 1),
(5, 2, 2, NULL, 'Live', 1),
(6, 2, 3, NULL, 'Live', 1),
(7, 2, 4, NULL, 'Live', 1);

-- --------------------------------------------------------

--
-- Table structure for table `tbl_kitchen_sales`
--

CREATE TABLE `tbl_kitchen_sales` (
  `id` int(11) NOT NULL,
  `customer_id` varchar(50) DEFAULT NULL,
  `kitchen_id` int(11) DEFAULT NULL,
  `sale_no` varchar(30) NOT NULL DEFAULT '000000',
  `jws_payload` varchar(1000) DEFAULT NULL,
  `jws_payload_result` varchar(1000) DEFAULT NULL,
  `total_items` int(11) DEFAULT NULL,
  `sub_total` float DEFAULT NULL,
  `paid_amount` double DEFAULT NULL,
  `due_amount` float DEFAULT NULL,
  `disc` varchar(50) DEFAULT NULL,
  `disc_actual` float DEFAULT NULL,
  `vat` float DEFAULT NULL,
  `total_payable` float DEFAULT NULL,
  `payment_method_id` int(11) DEFAULT NULL,
  `close_time` time NOT NULL,
  `table_id` int(11) DEFAULT NULL,
  `total_item_discount_amount` float NOT NULL,
  `sub_total_with_discount` float NOT NULL,
  `sub_total_discount_amount` float NOT NULL,
  `total_discount_amount` float NOT NULL,
  `charge_type` varchar(30) DEFAULT NULL,
  `delivery_charge` varchar(100) DEFAULT NULL,
  `tips_amount` varchar(100) DEFAULT NULL,
  `tips_amount_actual_charge` float DEFAULT NULL,
  `delivery_charge_actual_charge` float DEFAULT NULL,
  `sub_total_discount_value` varchar(10) NOT NULL,
  `sub_total_discount_type` varchar(20) NOT NULL,
  `sale_date` varchar(20) NOT NULL,
  `date_time` timestamp NOT NULL DEFAULT current_timestamp(),
  `order_time` time NOT NULL,
  `cooking_start_time` varchar(30) DEFAULT '',
  `cooking_done_time` varchar(30) DEFAULT '',
  `modified` enum('Yes','No') NOT NULL DEFAULT 'No',
  `user_id` int(11) DEFAULT NULL,
  `waiter_id` int(11) NOT NULL DEFAULT 0,
  `outlet_id` int(11) DEFAULT NULL,
  `company_id` int(11) DEFAULT NULL,
  `order_status` tinyint(1) NOT NULL COMMENT '1=new order, 2=invoiced order, 3=closed order',
  `order_type` tinyint(1) NOT NULL COMMENT '1=dine in, 2 = take away, 3 = delivery',
  `del_status` varchar(50) DEFAULT 'Live',
  `is_accept` int(11) NOT NULL DEFAULT 1,
  `given_amount` float DEFAULT NULL,
  `change_amount` float DEFAULT NULL,
  `sale_vat_objects` text DEFAULT NULL,
  `future_sale_status` int(11) NOT NULL DEFAULT 1,
  `random_code` varchar(1000) DEFAULT NULL,
  `is_kitchen_bell` int(11) DEFAULT 1,
  `del_address` varchar(250) DEFAULT NULL,
  `delivery_partner_id` int(11) DEFAULT NULL,
  `rounding_amount_hidden` float DEFAULT NULL,
  `status` varchar(30) NOT NULL DEFAULT 'Pending',
  `previous_due_tmp` float DEFAULT NULL,
  `used_loyalty_point` int(11) DEFAULT NULL,
  `split_sale_id` int(11) DEFAULT NULL,
  `orders_table_text` varchar(250) DEFAULT NULL,
  `self_order_content` text DEFAULT NULL,
  `is_self_order` varchar(20) NOT NULL DEFAULT 'No',
  `is_online_order` varchar(10) DEFAULT 'No',
  `self_order_ran_code` varchar(50) DEFAULT NULL,
  `self_order_status` varchar(20) NOT NULL DEFAULT 'Pending',
  `token_number` varchar(50) DEFAULT NULL,
  `is_pickup_sale` int(11) NOT NULL DEFAULT 0,
  `order_receiving_id` int(11) NOT NULL DEFAULT 0,
  `pull_update` int(11) NOT NULL DEFAULT 1,
  `is_delete_sender` int(11) NOT NULL DEFAULT 0,
  `is_delete_receiver` int(11) NOT NULL DEFAULT 0,
  `is_update_sender` int(11) NOT NULL DEFAULT 0,
  `is_update_receiver` int(11) NOT NULL DEFAULT 0,
  `online_self_order_receiving_id` int(11) NOT NULL DEFAULT 0,
  `is_update_receiver_admin` int(11) NOT NULL DEFAULT 0,
  `is_delete_receiver_admin` int(11) NOT NULL DEFAULT 0,
  `order_receiving_id_admin` int(11) NOT NULL DEFAULT 0,
  `pull_update_admin` int(11) NOT NULL DEFAULT 1,
  `pull_update_cashier` int(11) NOT NULL DEFAULT 1
) ENGINE=InnoDB DEFAULT CHARSET=utf8 COLLATE=utf8_general_ci;

--
-- Dumping data for table `tbl_kitchen_sales`
--

INSERT INTO `tbl_kitchen_sales` (`id`, `customer_id`, `kitchen_id`, `sale_no`, `jws_payload`, `jws_payload_result`, `total_items`, `sub_total`, `paid_amount`, `due_amount`, `disc`, `disc_actual`, `vat`, `total_payable`, `payment_method_id`, `close_time`, `table_id`, `total_item_discount_amount`, `sub_total_with_discount`, `sub_total_discount_amount`, `total_discount_amount`, `charge_type`, `delivery_charge`, `tips_amount`, `tips_amount_actual_charge`, `delivery_charge_actual_charge`, `sub_total_discount_value`, `sub_total_discount_type`, `sale_date`, `date_time`, `order_time`, `cooking_start_time`, `cooking_done_time`, `modified`, `user_id`, `waiter_id`, `outlet_id`, `company_id`, `order_status`, `order_type`, `del_status`, `is_accept`, `given_amount`, `change_amount`, `sale_vat_objects`, `future_sale_status`, `random_code`, `is_kitchen_bell`, `del_address`, `delivery_partner_id`, `rounding_amount_hidden`, `status`, `previous_due_tmp`, `used_loyalty_point`, `split_sale_id`, `orders_table_text`, `self_order_content`, `is_self_order`, `is_online_order`, `self_order_ran_code`, `self_order_status`, `token_number`, `is_pickup_sale`, `order_receiving_id`, `pull_update`, `is_delete_sender`, `is_delete_receiver`, `is_update_sender`, `is_update_receiver`, `online_self_order_receiving_id`, `is_update_receiver_admin`, `is_delete_receiver_admin`, `order_receiving_id_admin`, `pull_update_admin`, `pull_update_cashier`) VALUES
(48, '1', NULL, 'aTC240201-037', NULL, NULL, 1, 25, NULL, NULL, NULL, NULL, 0, 35, NULL, '00:00:00', NULL, 0, 25, 0, 0, 'service', '10', '', 0, 10, '', 'fixed', '2024-02-01', '2024-02-01 11:23:52', '17:23:52', '', '', 'No', 1, 11, 1, 1, 1, 1, 'Live', 1, NULL, NULL, '[]', 1, '5hsumpBsdnPsmNY', 1, '', 0, 0, 'Pending', 0, NULL, NULL, '', '{\"sale_no\":\"aTC240201-037\",\"hidden_given_amount\":\"0\",\"hidden_change_amount\":\"0\",\"random_code\":\"5hsumpBsdnPsmNY\",\"token_number\":\"\",\"customer_id\":\"1\",\"customer_address\":\"\",\"customer_gst_number\":\"\",\"status\":\"Pending\",\"user_name\":\"Admin User\",\"user_id\":\"1\",\"customer_name\":\"Walk-in Customer \",\"delivery_partner_id\":\"\",\"self_order_table_id\":\"0\",\"self_order_table_person\":\"undefined\",\"rounding_amount_hidden\":\"0.00\",\"previous_due_tmp\":\"0\",\"waiter_id\":\"11\",\"waiter_name\":\"Demo W\",\"open_invoice_date_hidden\":\"2024-02-01\",\"total_items_in_cart\":\"1\",\"total_items_in_cart_qty\":\"1\",\"sub_total\":\"25.00\",\"sale_date\":\"2024-02-01\",\"date_time\":\"2024-02-01 5:23:52 PM\",\"order_time\":\"5:23:52 PM\",\"charge_type\":\"service\",\"total_vat\":\"0.00\",\"total_payable\":\"35.00\",\"total_item_discount_amount\":\"0.00\",\"sub_total_with_discount\":\"25.00\",\"sub_total_discount_amount\":\"0.00\",\"total_discount_amount\":\"0.00\",\"delivery_charge\":\"10\",\"tips_amount\":\"\",\"delivery_charge_actual_charge\":\"10.00\",\"tips_amount_actual_charge\":\"0.00\",\"sub_total_discount_value\":\"\",\"sub_total_discount_type\":\"fixed\",\"order_type\":\"1\",\"order_status\":\"1\",\"sale_vat_objects\":[],\"orders_table\":[],\"total_orders_table\":\"1\",\"orders_table_text\":\"\",\"items\":[{\"food_menu_id\":\"1\", \"is_print\":\"1\", \"is_kot_print\":\"1\", \"menu_name\":\"Burger\", \"vat_category\":\"B\", \"kitchen_id\":\"2\", \"kitchen_name\":\"Food kitchen\", \"is_free\":\"0\", \"rounding_amount_hidden\":\"0\", \"item_vat\":[{\"tax_field_id\":\"1\",\"tax_field_company_id\":\"1\",\"tax_field_name\":\"VAT\",\"tax_field_percentage\":\"15\",\"item_vat_amount_for_unit_item\":\"3.75\",\"item_vat_amount_for_all_quantity\":\"3.75\"},{\"tax_field_id\":\"1\",\"tax_field_company_id\":\"1\",\"tax_field_name\":\"CGST\",\"tax_field_percentage\":\"5\",\"item_vat_amount_for_unit_item\":\"1.25\",\"item_vat_amount_for_all_quantity\":\"1.25\"},{\"tax_field_id\":\"1\",\"tax_field_company_id\":\"1\",\"tax_field_name\":\"SGST\",\"tax_field_percentage\":\"5\",\"item_vat_amount_for_unit_item\":\"1.25\",\"item_vat_amount_for_all_quantity\":\"1.25\"},{\"tax_field_id\":\"1\",\"tax_field_company_id\":\"1\",\"tax_field_name\":\"IGST\",\"tax_field_percentage\":\"5\",\"item_vat_amount_for_unit_item\":\"1.25\",\"item_vat_amount_for_all_quantity\":\"1.25\"}],\"menu_discount_value\":\"\",\"discount_type\":\"fixed\",\"menu_price_without_discount\":\"25.00\",\"menu_unit_price\":\"25.00\",\"qty\":\"1\",\"tmp_qty\":\"undefined\",\"p_qty\":\"undefined\",\"item_previous_id\":\"\",\"item_cooking_done_time\":\"\",\"item_cooking_start_time\":\"\",\"item_cooking_status\":\"\",\"item_type\":\"\",\"menu_price_with_discount\":\"25.00\",\"item_discount_amount\":\"0.00\",\"modifiers_id\":\"\", \"modifiers_name\":\"\", \"modifiers_price\":\"\", \"modifier_vat\":\"\",\"item_note\":\"\",\"menu_combo_items\":\"\"}]}', 'No', 'No', NULL, 'Pending', NULL, 1, 0, 1, 0, 0, 0, 0, 0, 0, 0, 0, 1, 1),
(75, '1', NULL, 'aRZ240228-015', NULL, NULL, 1, 90, NULL, NULL, NULL, NULL, 0, 100, NULL, '00:00:00', NULL, 0, 90, 0, 0, 'service', '10', '', 0, 10, '', 'fixed', '2024-02-28', '2024-02-28 06:12:46', '12:12:46', '', '', 'No', 1, 11, 1, 1, 1, 1, 'Live', 1, NULL, NULL, '[]', 1, 'gcMq7Kdckwfclrs', 1, '', 0, 0, 'Pending', 0, NULL, NULL, 'D1', '{\"sale_no\":\"aRZ240228-015\",\"hidden_given_amount\":\"125.00\",\"hidden_change_amount\":\"0.00\",\"random_code\":\"gcMq7Kdckwfclrs\",\"token_number\":\"\",\"customer_id\":\"1\",\"customer_address\":\"\",\"customer_gst_number\":\"\",\"status\":\"Pending\",\"user_name\":\"Admin User\",\"user_id\":\"1\",\"customer_name\":\"Walk-in Customer \",\"delivery_partner_id\":\"\",\"self_order_table_id\":\"0\",\"self_order_table_person\":\"undefined\",\"rounding_amount_hidden\":\"0.00\",\"previous_due_tmp\":\"0\",\"waiter_id\":\"11\",\"waiter_name\":\"Demo W\",\"open_invoice_date_hidden\":\"2024-02-28\",\"total_items_in_cart\":\"1\",\"total_items_in_cart_qty\":\"1\",\"sub_total\":\"90.00\",\"sale_date\":\"2024-02-28\",\"date_time\":\"2024-02-28 12:12:46 PM\",\"order_time\":\"12:12:46 PM\",\"charge_type\":\"service\",\"total_vat\":\"0.00\",\"total_payable\":\"100.00\",\"total_item_discount_amount\":\"0.00\",\"sub_total_with_discount\":\"90.00\",\"sub_total_discount_amount\":\"0.00\",\"total_discount_amount\":\"0.00\",\"delivery_charge\":\"10\",\"tips_amount\":\"\",\"delivery_charge_actual_charge\":\"10.00\",\"tips_amount_actual_charge\":\"0.00\",\"sub_total_discount_value\":\"\",\"sub_total_discount_type\":\"fixed\",\"order_type\":\"1\",\"order_status\":\"1\",\"sale_vat_objects\":[],\"orders_table\":[{\"table_id\":\"1\", \"persons\":\"1\"}],\"total_orders_table\":\"1\",\"orders_table_text\":\"D1\",\"items\":[{\"food_menu_id\":\"3\", \"is_print\":\"1\", \"is_kot_print\":\"1\", \"menu_name\":\"beef barbecue\", \"vat_category\":\"A\", \"kitchen_id\":\"2\", \"kitchen_name\":\"Food kitchen\", \"is_free\":\"0\", \"rounding_amount_hidden\":\"0\", \"item_vat\":[{\"tax_field_id\":\"1\",\"tax_field_company_id\":\"1\",\"tax_field_name\":\"VAT\",\"tax_field_percentage\":\"15\",\"item_vat_amount_for_unit_item\":\"13.50\",\"item_vat_amount_for_all_quantity\":\"13.50\"}],\"menu_discount_value\":\"\",\"discount_type\":\"fixed\",\"menu_price_without_discount\":\"90.00\",\"menu_unit_price\":\"90.00\",\"qty\":\"1\",\"tmp_qty\":\"undefined\",\"p_qty\":\"undefined\",\"item_previous_id\":\"\",\"item_cooking_done_time\":\"\",\"item_cooking_start_time\":\"\",\"item_cooking_status\":\"\",\"item_type\":\"\",\"menu_price_with_discount\":\"90.00\",\"item_discount_amount\":\"0.00\",\"modifiers_id\":\"\", \"modifiers_name\":\"\", \"modifiers_price\":\"\", \"modifier_vat\":\"\",\"item_note\":\"\",\"menu_combo_items\":\"\"}]}', 'No', 'No', NULL, 'Pending', NULL, 1, 0, 1, 0, 0, 0, 0, 0, 0, 0, 0, 1, 1),
(82, '1', NULL, 'aNG240228-022', NULL, NULL, 2, 115, NULL, NULL, NULL, NULL, 0, 125, NULL, '00:00:00', NULL, 0, 115, 0, 0, 'service', '10', '', 0, 10, '', 'fixed', '2024-02-28', '2024-02-28 06:26:50', '12:26:50', '', '', 'No', 1, 11, 1, 1, 1, 1, 'Live', 1, NULL, NULL, '[]', 1, 'cVKpvCtipTyQylk', 1, '', 0, 0, 'Pending', 0, NULL, NULL, 'C2', '{\"sale_no\":\"aNG240228-022\",\"hidden_given_amount\":\"0\",\"hidden_change_amount\":\"0\",\"random_code\":\"cVKpvCtipTyQylk\",\"token_number\":\"\",\"customer_id\":\"1\",\"customer_address\":\"\",\"customer_gst_number\":\"\",\"status\":\"Pending\",\"user_name\":\"Admin User\",\"user_id\":\"1\",\"customer_name\":\"Walk-in Customer \",\"delivery_partner_id\":\"\",\"self_order_table_id\":\"0\",\"self_order_table_person\":\"undefined\",\"rounding_amount_hidden\":\"0.00\",\"previous_due_tmp\":\"0\",\"waiter_id\":\"11\",\"waiter_name\":\"Demo W\",\"open_invoice_date_hidden\":\"2024-02-28\",\"total_items_in_cart\":\"2\",\"total_items_in_cart_qty\":\"2\",\"sub_total\":\"115.00\",\"sale_date\":\"2024-02-28\",\"date_time\":\"2024-02-28 12:26:50 PM\",\"order_time\":\"12:26:50 PM\",\"charge_type\":\"service\",\"total_vat\":\"0.00\",\"total_payable\":\"125.00\",\"total_item_discount_amount\":\"0.00\",\"sub_total_with_discount\":\"115.00\",\"sub_total_discount_amount\":\"0.00\",\"total_discount_amount\":\"0.00\",\"delivery_charge\":\"10\",\"tips_amount\":\"\",\"delivery_charge_actual_charge\":\"10.00\",\"tips_amount_actual_charge\":\"0.00\",\"sub_total_discount_value\":\"\",\"sub_total_discount_type\":\"fixed\",\"order_type\":\"1\",\"order_status\":\"1\",\"sale_vat_objects\":[],\"orders_table\":[{\"table_id\":\"2\", \"persons\":\"1\"}],\"total_orders_table\":\"1\",\"orders_table_text\":\"C2\",\"items\":[{\"food_menu_id\":\"4\", \"is_print\":\"1\", \"is_kot_print\":\"1\", \"menu_name\":\"Vegetable Noodles\", \"vat_category\":\"A\", \"kitchen_id\":\"\", \"kitchen_name\":\"\", \"is_free\":\"0\", \"rounding_amount_hidden\":\"0\", \"item_vat\":[{\"tax_field_id\":\"1\",\"tax_field_outlet_id\":0,\"tax_field_company_id\":1,\"tax_field_name\":\"VAT\",\"tax_field_percentage\":\"15\",\"item_vat_amount_for_unit_item\":\"6.00\",\"item_vat_amount_for_all_quantity\":\"6.00\"},{\"tax_field_id\":\"1\",\"tax_field_outlet_id\":0,\"tax_field_company_id\":1,\"tax_field_name\":\"CGST\",\"tax_field_percentage\":\"5\",\"item_vat_amount_for_unit_item\":\"2.00\",\"item_vat_amount_for_all_quantity\":\"2.00\"},{\"tax_field_id\":\"1\",\"tax_field_outlet_id\":0,\"tax_field_company_id\":1,\"tax_field_name\":\"SGST\",\"tax_field_percentage\":\"10\",\"item_vat_amount_for_unit_item\":\"4.00\",\"item_vat_amount_for_all_quantity\":\"4.00\"},{\"tax_field_id\":\"1\",\"tax_field_outlet_id\":0,\"tax_field_company_id\":1,\"tax_field_name\":\"IGST\",\"tax_field_percentage\":\"10\",\"item_vat_amount_for_unit_item\":\"4.00\",\"item_vat_amount_for_all_quantity\":\"4.00\"}],\"menu_discount_value\":\"\",\"discount_type\":\"fixed\",\"menu_price_without_discount\":\"40.00\",\"menu_unit_price\":\"40.00\",\"qty\":\"1\",\"tmp_qty\":\"undefined\",\"p_qty\":\"undefined\",\"item_previous_id\":\"\",\"item_cooking_done_time\":\"\",\"item_cooking_start_time\":\"\",\"item_cooking_status\":\"\",\"item_type\":\"\",\"menu_price_with_discount\":\"40.00\",\"item_discount_amount\":\"0.00\",\"modifiers_id\":\"\", \"modifiers_name\":\"\", \"modifiers_price\":\"\", \"modifier_vat\":\"\",\"item_note\":\"\",\"menu_combo_items\":\"\"},{\"food_menu_id\":\"9\", \"is_print\":\"1\", \"is_kot_print\":\"1\", \"menu_name\":\"chicken-fajitas\", \"vat_category\":\"A\", \"kitchen_id\":\"1\", \"kitchen_name\":\"bar\", \"is_free\":\"0\", \"rounding_amount_hidden\":\"0\", \"item_vat\":[],\"menu_discount_value\":\"\",\"discount_type\":\"fixed\",\"menu_price_without_discount\":\"75.00\",\"menu_unit_price\":\"75.00\",\"qty\":\"1\",\"tmp_qty\":\"undefined\",\"p_qty\":\"undefined\",\"item_previous_id\":\"\",\"item_cooking_done_time\":\"\",\"item_cooking_start_time\":\"\",\"item_cooking_status\":\"\",\"item_type\":\"\",\"menu_price_with_discount\":\"75.00\",\"item_discount_amount\":\"0.00\",\"modifiers_id\":\"\", \"modifiers_name\":\"\", \"modifiers_price\":\"\", \"modifier_vat\":\"\",\"item_note\":\"\",\"menu_combo_items\":\"\"}]}', 'No', 'No', NULL, 'Pending', NULL, 1, 0, 1, 0, 0, 0, 0, 0, 0, 0, 0, 1, 1);

-- --------------------------------------------------------

--
-- Table structure for table `tbl_kitchen_sales_details`
--

CREATE TABLE `tbl_kitchen_sales_details` (
  `id` bigint(20) NOT NULL,
  `food_menu_id` int(11) DEFAULT NULL,
  `menu_name` varchar(50) DEFAULT NULL,
  `vat_category` varchar(20) NOT NULL DEFAULT 'A',
  `qty` int(11) DEFAULT NULL,
  `tmp_qty` int(11) DEFAULT NULL,
  `menu_price_without_discount` float NOT NULL,
  `menu_price_with_discount` float NOT NULL,
  `menu_unit_price` float NOT NULL,
  `menu_vat_percentage` float NOT NULL,
  `menu_taxes` text DEFAULT NULL,
  `menu_discount_value` varchar(20) DEFAULT NULL,
  `discount_type` varchar(20) NOT NULL,
  `menu_note` varchar(150) DEFAULT NULL,
  `menu_combo_items` text DEFAULT NULL,
  `discount_amount` double DEFAULT NULL,
  `item_type` varchar(50) DEFAULT NULL,
  `cooking_status` varchar(30) DEFAULT NULL,
  `cooking_start_time` varchar(30) DEFAULT '',
  `cooking_done_time` varchar(30) DEFAULT '',
  `previous_id` bigint(20) NOT NULL,
  `loyalty_point_earn` float DEFAULT 0,
  `sales_id` int(11) DEFAULT NULL,
  `order_status` tinyint(1) NOT NULL COMMENT '1=new order,2=invoiced order, 3=closed order',
  `user_id` int(11) DEFAULT NULL,
  `outlet_id` int(11) DEFAULT NULL,
  `is_free_item` int(11) NOT NULL DEFAULT 0,
  `is_print` int(11) NOT NULL DEFAULT 1,
  `del_status` varchar(50) DEFAULT 'Live'
) ENGINE=InnoDB DEFAULT CHARSET=utf8 COLLATE=utf8_general_ci;

--
-- Dumping data for table `tbl_kitchen_sales_details`
--

INSERT INTO `tbl_kitchen_sales_details` (`id`, `food_menu_id`, `menu_name`, `vat_category`, `qty`, `tmp_qty`, `menu_price_without_discount`, `menu_price_with_discount`, `menu_unit_price`, `menu_vat_percentage`, `menu_taxes`, `menu_discount_value`, `discount_type`, `menu_note`, `menu_combo_items`, `discount_amount`, `item_type`, `cooking_status`, `cooking_start_time`, `cooking_done_time`, `previous_id`, `loyalty_point_earn`, `sales_id`, `order_status`, `user_id`, `outlet_id`, `is_free_item`, `is_print`, `del_status`) VALUES
(122, 1, 'Burger', 'B', 1, 1, 25, 25, 25, 0, '[{\"tax_field_id\":\"1\",\"tax_field_company_id\":\"1\",\"tax_field_name\":\"VAT\",\"tax_field_percentage\":\"15\",\"item_vat_amount_for_unit_item\":\"3.75\",\"item_vat_amount_for_all_quantity\":\"3.75\"},{\"tax_field_id\":\"1\",\"tax_field_company_id\":\"1\",\"tax_field_name\":\"CGST\",\"tax_field_percentage\":\"5\",\"item_vat_amount_for_unit_item\":\"1.25\",\"item_vat_amount_for_all_quantity\":\"1.25\"},{\"tax_field_id\":\"1\",\"tax_field_company_id\":\"1\",\"tax_field_name\":\"SGST\",\"tax_field_percentage\":\"5\",\"item_vat_amount_for_unit_item\":\"1.25\",\"item_vat_amount_for_all_quantity\":\"1.25\"},{\"tax_field_id\":\"1\",\"tax_field_company_id\":\"1\",\"tax_field_name\":\"IGST\",\"tax_field_percentage\":\"5\",\"item_vat_amount_for_unit_item\":\"1.25\",\"item_vat_amount_for_all_quantity\":\"1.25\"}]', '', 'fixed', '', '', 0, 'Kitchen Item', 'New', '0000-00-00 00:00:00', '0000-00-00 00:00:00', 122, 0, 48, 0, 1, 1, 0, 1, 'Live'),
(173, 3, 'beef barbecue', 'A', 1, 1, 90, 90, 90, 0, '[{\"tax_field_id\":\"1\",\"tax_field_company_id\":\"1\",\"tax_field_name\":\"VAT\",\"tax_field_percentage\":\"15\",\"item_vat_amount_for_unit_item\":\"13.50\",\"item_vat_amount_for_all_quantity\":\"13.50\"}]', '', 'fixed', '', '', 0, 'Kitchen Item', 'New', '0000-00-00 00:00:00', '0000-00-00 00:00:00', 173, 0, 75, 0, 1, 1, 0, 1, 'Live'),
(185, 4, 'Vegetable Noodles', 'A', 1, 1, 40, 40, 40, 0, '[{\"tax_field_id\":\"1\",\"tax_field_outlet_id\":0,\"tax_field_company_id\":1,\"tax_field_name\":\"VAT\",\"tax_field_percentage\":\"15\",\"item_vat_amount_for_unit_item\":\"6.00\",\"item_vat_amount_for_all_quantity\":\"6.00\"},{\"tax_field_id\":\"1\",\"tax_field_outlet_id\":0,\"tax_field_company_id\":1,\"tax_field_name\":\"CGST\",\"tax_field_percentage\":\"5\",\"item_vat_amount_for_unit_item\":\"2.00\",\"item_vat_amount_for_all_quantity\":\"2.00\"},{\"tax_field_id\":\"1\",\"tax_field_outlet_id\":0,\"tax_field_company_id\":1,\"tax_field_name\":\"SGST\",\"tax_field_percentage\":\"10\",\"item_vat_amount_for_unit_item\":\"4.00\",\"item_vat_amount_for_all_quantity\":\"4.00\"},{\"tax_field_id\":\"1\",\"tax_field_outlet_id\":0,\"tax_field_company_id\":1,\"tax_field_name\":\"IGST\",\"tax_field_percentage\":\"10\",\"item_vat_amount_for_unit_item\":\"4.00\",\"item_vat_amount_for_all_quantity\":\"4.00\"}]', '', 'fixed', '', '', 0, 'Kitchen Item', 'New', '0000-00-00 00:00:00', '0000-00-00 00:00:00', 185, 0, 82, 0, 1, 1, 0, 1, 'Live'),
(186, 9, 'chicken-fajitas', 'A', 1, 1, 75, 75, 75, 0, '[]', '', 'fixed', '', '', 0, 'Kitchen Item', 'New', '0000-00-00 00:00:00', '0000-00-00 00:00:00', 186, 0, 82, 0, 1, 1, 0, 1, 'Live');

-- --------------------------------------------------------

--
-- Table structure for table `tbl_kitchen_sales_details_modifiers`
--

CREATE TABLE `tbl_kitchen_sales_details_modifiers` (
  `id` bigint(20) NOT NULL,
  `modifier_id` int(11) NOT NULL,
  `modifier_price` float NOT NULL,
  `food_menu_id` int(11) NOT NULL,
  `sales_id` int(11) NOT NULL,
  `order_status` tinyint(1) NOT NULL COMMENT '1=new order,2=invoiced order, 3=closed order',
  `sales_details_id` int(11) NOT NULL,
  `menu_vat_percentage` float DEFAULT NULL,
  `menu_taxes` text DEFAULT NULL,
  `user_id` int(11) NOT NULL,
  `outlet_id` int(11) NOT NULL,
  `customer_id` int(11) NOT NULL,
  `is_print` int(11) NOT NULL DEFAULT 1
) ENGINE=InnoDB DEFAULT CHARSET=utf8 COLLATE=utf8_general_ci;

-- --------------------------------------------------------

--
-- Table structure for table `tbl_main_modules`
--

CREATE TABLE `tbl_main_modules` (
  `id` int(11) NOT NULL,
  `name` varchar(20) DEFAULT NULL,
  `del_status` varchar(15) NOT NULL DEFAULT 'Live'
) ENGINE=InnoDB DEFAULT CHARSET=utf8 COLLATE=utf8_general_ci;

--
-- Dumping data for table `tbl_main_modules`
--

INSERT INTO `tbl_main_modules` (`id`, `name`, `del_status`) VALUES
(1, 'common_menu', 'Live'),
(2, 'Saas', 'Live'),
(3, 'Settings', 'Live'),
(4, 'Panel', 'Live'),
(5, 'purchase', 'Live'),
(6, 'sale', 'Live'),
(7, 'expense', 'Live'),
(8, 'report', 'Live'),
(9, 'master', 'Live'),
(10, 'account_user', 'Live');

-- --------------------------------------------------------

--
-- Table structure for table `tbl_modifiers`
--

CREATE TABLE `tbl_modifiers` (
  `id` int(11) NOT NULL,
  `name` varchar(50) DEFAULT NULL,
  `price` float DEFAULT NULL,
  `description` varchar(300) DEFAULT NULL,
  `user_id` int(11) DEFAULT NULL,
  `company_id` int(11) DEFAULT NULL,
  `tax_information` text CHARACTER SET utf32 COLLATE utf32_general_ci DEFAULT NULL,
  `tax_string` varchar(250) DEFAULT NULL,
  `total_cost` float DEFAULT NULL,
  `del_status` varchar(10) NOT NULL DEFAULT 'Live'
) ENGINE=InnoDB DEFAULT CHARSET=utf8 COLLATE=utf8_general_ci;

--
-- Dumping data for table `tbl_modifiers`
--

INSERT INTO `tbl_modifiers` (`id`, `name`, `price`, `description`, `user_id`, `company_id`, `tax_information`, `tax_string`, `total_cost`, `del_status`) VALUES
(1, 'Bodden Heizungen	', 20, '', 1, 1, '[]', '', 20, 'Live');

-- --------------------------------------------------------

--
-- Table structure for table `tbl_modifier_ingredients`
--

CREATE TABLE `tbl_modifier_ingredients` (
  `id` bigint(20) NOT NULL,
  `ingredient_id` int(11) DEFAULT NULL,
  `consumption` float DEFAULT NULL,
  `modifier_id` int(11) DEFAULT NULL,
  `user_id` int(11) DEFAULT NULL,
  `company_id` int(11) DEFAULT NULL,
  `cost` float DEFAULT NULL,
  `total` float DEFAULT NULL,
  `del_status` varchar(10) DEFAULT 'Live'
) ENGINE=InnoDB DEFAULT CHARSET=utf8 COLLATE=utf8_general_ci;

--
-- Dumping data for table `tbl_modifier_ingredients`
--

INSERT INTO `tbl_modifier_ingredients` (`id`, `ingredient_id`, `consumption`, `modifier_id`, `user_id`, `company_id`, `cost`, `total`, `del_status`) VALUES
(1, 6, 2, 1, 1, 1, 10, 20, 'Live');

-- --------------------------------------------------------

--
-- Table structure for table `tbl_multiple_currencies`
--

CREATE TABLE `tbl_multiple_currencies` (
  `id` int(11) NOT NULL,
  `currency` varchar(10) DEFAULT NULL,
  `conversion_rate` float DEFAULT NULL,
  `company_id` int(11) DEFAULT NULL,
  `del_status` varchar(10) DEFAULT 'Live'
) ENGINE=InnoDB DEFAULT CHARSET=utf8 COLLATE=utf8_general_ci;

-- --------------------------------------------------------

--
-- Table structure for table `tbl_notifications`
--

CREATE TABLE `tbl_notifications` (
  `id` bigint(20) NOT NULL,
  `notification` text NOT NULL,
  `sale_id` int(11) NOT NULL,
  `waiter_id` int(11) DEFAULT NULL,
  `push_status` int(11) NOT NULL DEFAULT 1,
  `outlet_id` int(11) NOT NULL
) ENGINE=InnoDB DEFAULT CHARSET=utf8 COLLATE=utf8_general_ci;

--
-- Dumping data for table `tbl_notifications`
--

INSERT INTO `tbl_notifications` (`id`, `notification`, `sale_id`, `waiter_id`, `push_status`, `outlet_id`) VALUES
(3, 'Table: D1, C2, D1, Customer: Walk-in Customer, Item: PASTA PESTO is ready to serve, Order: aJL230918-002', 2, 11, 1, 1),
(4, 'Table: D1, C2, D1, Customer: Walk-in Customer, Item: CREVETTE PILPIL is ready to serve, Order: aJL230918-002', 2, 11, 1, 1),
(5, 'Table: D1, C2, D1, Customer: Walk-in Customer, Item: SMOTHIE MANGUE is ready to serve, Order: aJL230918-002', 2, 11, 1, 1),
(6, 'Table: D1, Customer: Walk-in Customer, Item: Burger is ready to serve, Order: dCX230919-002', 9, 11, 1, 1),
(7, 'Table: D1, Customer: Walk-in Customer, Item: beef barbecue is ready to serve, Order: dCX230919-002', 9, 11, 1, 1),
(8, 'Table: D1, Customer: Walk-in Customer, Item: CREVETTE PILPIL is ready to serve, Order: dCX230919-002', 9, 11, 1, 1),
(9, 'Table: T3, Customer: Walk-in Customer, Item: PASTA PESTO is ready to serve, Order: aYC230918-001', 5, 18, 1, 1),
(10, 'Table: T3, Customer: Walk-in Customer, Item: beef barbecue is ready to serve, Order: aYC230918-001', 5, 18, 1, 1),
(11, 'Table: T3, Customer: Walk-in Customer, Item: CREVETTE PILPIL is ready to serve, Order: aYC230918-001', 5, 18, 1, 1),
(12, 'Table: C2, Customer: Walk-in Customer, Item: PASTA PESTO is ready to serve, Order: dUF230918-003', 7, 11, 1, 1),
(13, 'Table: , Customer: Walk-in Customer, Item: PASTA PESTO is ready to serve, Order: dCX230919-001', 8, 11, 1, 1),
(14, 'Table: D1, Customer: Walk-in Customer, Item: PASTA PESTO is ready to serve, Order: dJP230918-002', 6, 11, 1, 1),
(15, 'Table: D1, Customer: Walk-in Customer, Item: Burger is ready to serve, Order: dJP230918-002', 6, 11, 1, 1),
(16, 'Table: D1, Customer: Walk-in Customer, Item: CREVETTE PILPIL is ready to serve, Order: dJP230918-002', 6, 11, 1, 1),
(17, 'Table: , Customer: Walk-in Customer, Item: Burger is ready to serve, Order: aJL230918-001', 1, 11, 1, 1),
(18, 'Table: , Customer: Walk-in Customer, Item: CREVETTE PILPIL is ready to serve, Order: aJL230918-001', 1, 11, 1, 1),
(19, 'Table: D1, C2, D1, Customer: Walk-in Customer, Item: CREVETTE PILPIL is ready to serve, Order: aJL230918-002', 2, 11, 1, 1),
(20, 'Table: D1, Customer: Walk-in Customer, Item: PASTA PESTO is ready to serve, Order: dHE230918-001', 4, 11, 1, 1),
(21, 'Table: D1, Customer: Walk-in Customer, Item: Burger is ready to serve, Order: dHE230918-001', 4, 11, 1, 1),
(22, 'Table: D1, Customer: Walk-in Customer, Item: CREVETTE PILPIL is ready to serve, Order: dHE230918-001', 4, 11, 1, 1),
(23, 'Table: , Customer: Walk-in Customer, Item: PASTA PESTO is ready to serve, Order: aYK230918-001', 3, 11, 1, 1),
(24, 'Table: , Customer: Walk-in Customer, Item: Burger is ready to serve, Order: aYK230918-001', 3, 11, 1, 1),
(25, 'Table: , Customer: Walk-in Customer, Item: beef barbecue is ready to serve, Order: aEW230919-002', 11, 11, 1, 1),
(26, 'Table: , Customer: Walk-in Customer, Item: PASTA PESTO is ready to serve, Order: aEW230919-002', 11, 11, 1, 1),
(27, 'Table: , Customer: Walk-in Customer, Item: CREVETTE PILPIL is ready to serve, Order: aEW230919-002', 11, 11, 1, 1),
(28, 'Table: FAMILY ROOM, Customer: Walk-in Customer, Item: beef barbecue is ready to serve, Order: aEW230919-003', 12, 11, 1, 1),
(29, 'Table: FAMILY ROOM, Customer: Walk-in Customer, Item: PASTA PESTO is ready to serve, Order: aEW230919-003', 12, 11, 1, 1),
(30, 'Table: FAMILY ROOM, Customer: Walk-in Customer, Item: CREVETTE PILPIL is ready to serve, Order: aEW230919-003', 12, 11, 1, 1),
(31, 'Table: , Customer: Walk-in Customer, Item: SMOTHIE MANGUE is ready to serve, Order: aEW230919-002', 11, 11, 1, 1),
(32, 'Table: FAMILY ROOM, Customer: Walk-in Customer, Item: CREVETTE PILPIL is ready to serve, Order: aEW230919-003', 12, 11, 1, 1),
(33, 'Table: FAMILY ROOM, Customer: Walk-in Customer, Item: SMOTHIE MANGUE is ready to serve, Order: aEW230919-003', 12, 11, 1, 1),
(34, 'Table: FAMILY ROOM, Customer: Walk-in Customer, Item: CREVETTE PILPIL is ready to serve, Order: aEW230919-003', 12, 11, 1, 1),
(35, 'Table: FAMILY ROOM, Customer: Walk-in Customer, Item: SMOTHIE MANGUE is ready to serve, Order: aEW230919-003', 12, 11, 1, 1),
(36, 'Table: FAMILY ROOM, Customer: Walk-in Customer, Item: SMOTHIE MANGUE is ready to serve, Order: aEW230919-004', 13, 11, 1, 1),
(37, 'Table: FAMILY ROOM, Customer: Walk-in Customer, Item: SMOTHIE MANGUE is ready to serve, Order: aEW230919-004', 13, 11, 1, 1),
(38, 'Table: FAMILY ROOM, Customer: Walk-in Customer, Item: beef barbecue is ready to serve, Order: aEW230919-004', 13, 11, 1, 1),
(39, 'Table: FAMILY ROOM, Customer: Walk-in Customer, Item: PASTA PESTO is ready to serve, Order: aEW230919-004', 13, 11, 1, 1),
(40, 'Table: FAMILY ROOM, Customer: Walk-in Customer, Item: CREVETTE PILPIL is ready to serve, Order: aEW230919-004', 13, 11, 1, 1);

-- --------------------------------------------------------

--
-- Table structure for table `tbl_notification_bar_kitchen_panel`
--

CREATE TABLE `tbl_notification_bar_kitchen_panel` (
  `id` int(11) NOT NULL,
  `notification` text NOT NULL,
  `sale_id` int(11) NOT NULL,
  `kitchen_id` int(11) DEFAULT NULL,
  `outlet_id` int(11) NOT NULL
) ENGINE=InnoDB DEFAULT CHARSET=utf8 COLLATE=utf8_general_ci;

--
-- Dumping data for table `tbl_notification_bar_kitchen_panel`
--

INSERT INTO `tbl_notification_bar_kitchen_panel` (`id`, `notification`, `sale_id`, `kitchen_id`, `outlet_id`) VALUES
(1, 'Order:aJL230918-001 has been modified. Modified item: Burger, Modified item qty:2', 1, 2, 1),
(2, 'Order:aJL230918-001 has been modified. Modified item: Burger, Modified item qty:3', 1, 2, 1),
(3, 'Order:aJL230918-001 has been modified. Modified item: CREVETTE PILPIL, Modified item qty:2', 1, 2, 1),
(4, 'Order:aJL230918-001 has been modified. Modified item: Burger, Modified item qty:5', 1, 2, 1),
(5, 'Order:aJL230918-001 has been modified. Modified item: CREVETTE PILPIL, Modified item qty:3', 1, 2, 1),
(6, 'Order:aJL230918-002 has been modified. Modified item: CREVETTE PILPIL, Modified item qty:3', 2, 1, 1),
(7, 'Order:aJL230918-002 has been modified. Modified item: CREVETTE PILPIL, Modified item qty:3', 2, 2, 1),
(8, 'Order:aJL230918-002 has been modified. Modified item: CREVETTE PILPIL, Modified item qty:4', 2, 1, 1),
(10, 'Order:aEW230919-002 has been modified. Modified item: beef barbecue, Modified item qty:3', 11, 2, 1),
(11, 'Order:aEW230919-002 has been modified. Modified item: beef barbecue, Modified item qty:3', 11, 1, 1),
(12, 'Order:aEW230919-003 has been modified. Modified item: SMOTHIE MANGUE, Modified item qty:3', 12, 1, 1),
(13, 'Order:aEW230919-003 has been modified. Modified item: SMOTHIE MANGUE, Modified item qty:3', 12, 2, 1),
(14, 'Order:aEW230919-003 has been modified. Modified item: CREVETTE PILPIL, Modified item qty:3', 12, 1, 1),
(15, 'Order:aEW230919-003 has been modified. Modified item: CREVETTE PILPIL, Modified item qty:3', 12, 2, 1),
(16, 'Order:aEW230919-004 has been modified. Modified item: CREVETTE PILPIL, Modified item qty:3', 13, 2, 1),
(17, 'Order:aEW230919-004 has been modified. Modified item: CREVETTE PILPIL, Modified item qty:3', 13, 1, 1),
(18, 'Order:aAH240125-005 has been modified. Modified item: SMOTHIE MANGUE, Modified item qty:2', 58, 2, 1),
(19, 'Order:aAH240125-005 has been modified. Modified item: SMOTHIE MANGUE, Modified item qty:2', 58, 1, 1);

-- --------------------------------------------------------

--
-- Table structure for table `tbl_orders_table`
--

CREATE TABLE `tbl_orders_table` (
  `id` bigint(20) NOT NULL,
  `persons` int(11) NOT NULL,
  `booking_time` datetime NOT NULL,
  `sale_id` int(11) NOT NULL,
  `sale_no` varchar(20) NOT NULL,
  `outlet_id` int(11) NOT NULL,
  `table_id` int(11) NOT NULL,
  `del_status` varchar(20) NOT NULL DEFAULT 'Live'
) ENGINE=InnoDB DEFAULT CHARSET=utf8 COLLATE=utf8_general_ci;

--
-- Dumping data for table `tbl_orders_table`
--

INSERT INTO `tbl_orders_table` (`id`, `persons`, `booking_time`, `sale_id`, `sale_no`, `outlet_id`, `table_id`, `del_status`) VALUES
(1, 1, '2023-09-18 21:22:13', 2, 'aJL230918-002', 1, 1, 'Live'),
(2, 1, '2023-09-18 21:22:13', 2, 'aJL230918-002', 1, 2, 'Live'),
(3, 1, '2023-09-18 21:22:13', 2, 'aJL230918-002', 1, 3, 'Live'),
(4, 1, '2023-09-18 21:34:48', 2, 'aJL230918-002', 1, 1, 'Live'),
(5, 1, '2023-09-18 21:34:48', 2, 'aJL230918-002', 1, 2, 'Live'),
(6, 1, '2023-09-18 21:34:48', 2, 'aJL230918-002', 1, 3, 'Live'),
(7, 1, '2023-09-18 21:36:38', 2, 'aJL230918-002', 1, 1, 'Live'),
(8, 1, '2023-09-18 21:36:38', 2, 'aJL230918-002', 1, 2, 'Live'),
(9, 1, '2023-09-18 21:36:38', 2, 'aJL230918-002', 1, 3, 'Live'),
(10, 1, '2023-09-18 21:51:19', 4, 'dHE230918-001', 1, 1, 'Live'),
(11, 1, '2023-09-18 21:53:07', 1, 'dHE230918-001', 1, 1, 'Live'),
(12, 1, '2023-09-18 21:53:19', 5, 'aYC230918-001', 1, 4, 'Live'),
(13, 1, '2023-09-18 21:54:28', 2, 'aYC230918-001', 1, 4, 'Live'),
(14, 1, '2023-09-18 21:54:48', 6, 'dJP230918-002', 1, 1, 'Live'),
(15, 1, '2023-09-18 21:55:43', 3, 'dJP230918-002', 1, 1, 'Live'),
(16, 1, '2023-09-18 22:06:24', 7, 'dUF230918-003', 1, 2, 'Live'),
(17, 1, '2023-09-19 01:03:28', 9, 'dCX230919-002', 1, 1, 'Live'),
(18, 1, '2023-09-19 23:57:50', 10, 'aBD230919-001', 1, 6, 'Live'),
(19, 1, '2023-09-20 00:08:09', 12, 'aEW230919-003', 1, 6, 'Live'),
(20, 1, '2023-09-20 00:09:48', 12, 'aEW230919-003', 1, 6, 'Live'),
(21, 1, '2023-09-20 00:11:31', 12, 'aEW230919-003', 1, 6, 'Live'),
(22, 1, '2023-09-20 00:13:27', 5, 'aEW230919-003', 1, 6, 'Live'),
(23, 1, '2023-09-20 00:20:13', 13, 'aEW230919-004', 1, 6, 'Live'),
(24, 1, '2023-09-20 00:21:16', 13, 'aEW230919-004', 1, 6, 'Live'),
(25, 1, '2024-01-15 18:40:28', 16, 'aPI240115-003', 1, 1, 'Live'),
(26, 1, '2024-01-27 16:04:16', 74, 'dUF230918-003', 1, 2, 'Live'),
(27, 4, '2024-01-29 17:19:35', 140, 'aQC240129-019', 1, 5, 'Live'),
(28, 1, '2024-02-28 11:23:21', 61, 'aZP240228-001', 1, 1, 'Live'),
(29, 1, '2024-02-28 11:23:53', 105, 'aZP240228-001', 1, 1, 'Live'),
(30, 1, '2024-02-28 11:27:31', 63, 'aOZ240228-003', 1, 1, 'Live'),
(31, 1, '2024-02-28 11:28:00', 64, 'aEC240228-004', 1, 1, 'Live'),
(32, 1, '2024-02-28 11:32:18', 106, 'aEC240228-004', 1, 1, 'Live'),
(33, 1, '2024-02-28 11:32:51', 108, 'aOZ240228-003', 1, 1, 'Live'),
(34, 1, '2024-02-28 11:36:16', 65, 'aHG240228-005', 1, 1, 'Live'),
(35, 1, '2024-02-28 11:47:31', 66, 'aBU240228-006', 1, 2, 'Live'),
(36, 1, '2024-02-28 11:50:04', 109, 'aBU240228-006', 1, 2, 'Live'),
(37, 1, '2024-02-28 11:50:11', 110, 'aHG240228-005', 1, 1, 'Live'),
(38, 1, '2024-02-28 11:50:30', 67, 'aBU240228-007', 1, 5, 'Live'),
(39, 1, '2024-02-28 11:52:56', 111, 'aBU240228-007', 1, 5, 'Live'),
(40, 1, '2024-02-28 11:54:21', 111, 'aBU240228-007', 1, 5, 'Live'),
(41, 1, '2024-02-28 11:55:26', 68, 'aBF240228-008', 1, 1, 'Live'),
(42, 1, '2024-02-28 11:55:53', 112, 'aBF240228-008', 1, 1, 'Live'),
(43, 1, '2024-02-28 11:57:39', 69, 'aKU240228-009', 1, 1, 'Live'),
(44, 1, '2024-02-28 12:04:54', 113, 'aKU240228-009', 1, 1, 'Live'),
(45, 1, '2024-02-28 12:10:14', 74, 'aTD240228-014', 1, 2, 'Live'),
(46, 1, '2024-02-28 12:10:36', 117, 'aTD240228-014', 1, 2, 'Live'),
(47, 1, '2024-02-28 12:12:46', 75, 'aRZ240228-015', 1, 1, 'Live'),
(48, 1, '2024-02-28 12:13:08', 76, 'aDS240228-016', 1, 2, 'Live'),
(49, 1, '2024-02-28 12:13:29', 119, 'aDS240228-016', 1, 2, 'Live'),
(50, 1, '2024-02-28 12:14:11', 78, 'aZJ240228-018', 1, 2, 'Live'),
(51, 1, '2024-02-28 12:14:33', 79, 'aZJ240228-019', 1, 3, 'Live'),
(52, 1, '2024-02-28 12:14:44', 120, 'aZJ240228-019', 1, 3, 'Live'),
(53, 1, '2024-02-28 12:14:55', 121, 'aZJ240228-018', 1, 2, 'Live'),
(54, 1, '2024-02-28 12:14:58', 121, 'aZJ240228-018', 1, 2, 'Live'),
(55, 1, '2024-02-28 12:23:13', 81, 'aJE240228-021', 1, 2, 'Live'),
(56, 1, '2024-02-28 12:23:34', 124, 'aJE240228-021', 1, 2, 'Live'),
(57, 1, '2024-02-28 12:26:51', 82, 'aNG240228-022', 1, 2, 'Live'),
(58, 1, '2024-02-28 12:27:14', 83, 'aNG240228-023', 1, 6, 'Live'),
(59, 1, '2024-02-28 12:27:22', 125, 'aNG240228-023', 1, 6, 'Live');

-- --------------------------------------------------------

--
-- Table structure for table `tbl_outlets`
--

CREATE TABLE `tbl_outlets` (
  `id` int(11) NOT NULL,
  `outlet_name` varchar(50) DEFAULT NULL,
  `outlet_code` varchar(10) DEFAULT NULL,
  `address` varchar(100) DEFAULT NULL,
  `phone` varchar(50) DEFAULT NULL,
  `email` varchar(50) DEFAULT NULL,
  `default_waiter` int(11) DEFAULT NULL,
  `company_id` int(11) DEFAULT NULL,
  `food_menus` text DEFAULT NULL,
  `food_menu_prices` text DEFAULT NULL,
  `delivery_price` text DEFAULT NULL,
  `has_kitchen` varchar(10) NOT NULL DEFAULT 'No',
  `active_status` varchar(20) DEFAULT 'active',
  `del_status` varchar(10) DEFAULT 'Live',
  `online_self_order_receiving_id` int(11) NOT NULL DEFAULT 0
) ENGINE=InnoDB DEFAULT CHARSET=utf8 COLLATE=utf8_general_ci;

--
-- Dumping data for table `tbl_outlets`
--

INSERT INTO `tbl_outlets` (`id`, `outlet_name`, `outlet_code`, `address`, `phone`, `email`, `default_waiter`, `company_id`, `food_menus`, `food_menu_prices`, `delivery_price`, `has_kitchen`, `active_status`, `del_status`, `online_self_order_receiving_id`) VALUES
(1, 'Olosurfnature', '000001', '551 Lot Amadel, Imsouane, Morocco, 80043', '+212 672 353030', 'booking@olosurfnature.com ', 3, 1, '45,32,42,25,19,46,50,33,31,57,44,40,37,18,39,24,23,21,53,56,22,52,55,29,20,27,26,58,34,41,51,54,35,30,38,59,,60,61,62,63,64,65', '{\"tmp45\":\"35||35||\",\"tmp32\":\"2||2||\",\"tmp42\":\"6||6||\",\"tmp25\":\"2||2||\",\"tmp19\":\"8||8||\",\"tmp46\":\"19||19||\",\"tmp50\":\"25||25||\",\"tmp33\":\"5||5||\",\"tmp31\":\"2||2||\",\"tmp57\":\"1||1||\",\"tmp44\":\"40||40||\",\"tmp40\":\"9||9||\",\"tmp37\":\"7||7||\",\"tmp18\":\"7||7||\",\"tmp39\":\"4||4||\",\"tmp24\":\"6||6||\",\"tmp23\":\"30||30||\",\"tmp21\":\"5||5||\",\"tmp53\":\"30||30||30\",\"tmp56\":\"25||25||25\",\"tmp22\":\"3||3||\",\"tmp52\":\"27||27||27\",\"tmp55\":\"22||22||22\",\"tmp29\":\"6||6||\",\"tmp20\":\"5||5||\",\"tmp27\":\"3||3||\",\"tmp26\":\"5||5||\",\"tmp58\":\"11||11||\",\"tmp34\":\"4||4||\",\"tmp41\":\"9||9||\",\"tmp51\":\"25||25||25\",\"tmp54\":\"19||19||19\",\"tmp35\":\"6.5||6.5||\",\"tmp30\":\"6||6||\",\"tmp38\":\"4||4||\",\"tmp59\":\"1||1||\",\"tmp60\":\"30||30||\",\"tmp61\":\"3||3||\",\"tmp62\":\"3||3||3\",\"tmp63\":\"3||3||3\",\"tmp64\":\"2||2||\",\"tmp65\":\"55||55||\"}', '{\"index_45\":\"{\\\"index_6\\\":\\\"35\\\",\\\"index_5\\\":\\\"35\\\",\\\"index_4\\\":\\\"35\\\",\\\"index_3\\\":\\\"35\\\",\\\"index_2\\\":\\\"35\\\",\\\"index_1\\\":\\\"35\\\"}\",\"index_32\":\"{\\\"index_6\\\":\\\"2\\\",\\\"index_5\\\":\\\"2\\\",\\\"index_4\\\":\\\"2\\\",\\\"index_3\\\":\\\"2\\\",\\\"index_2\\\":\\\"2\\\",\\\"index_1\\\":\\\"2\\\"}\",\"index_42\":\"{\\\"index_6\\\":\\\"6\\\",\\\"index_5\\\":\\\"6\\\",\\\"index_4\\\":\\\"6\\\",\\\"index_3\\\":\\\"6\\\",\\\"index_2\\\":\\\"6\\\",\\\"index_1\\\":\\\"6\\\"}\",\"index_25\":\"{\\\"index_6\\\":\\\"2\\\",\\\"index_5\\\":\\\"2\\\",\\\"index_4\\\":\\\"2\\\",\\\"index_3\\\":\\\"2\\\",\\\"index_2\\\":\\\"2\\\",\\\"index_1\\\":\\\"2\\\"}\",\"index_19\":\"{\\\"index_6\\\":\\\"8\\\",\\\"index_5\\\":\\\"8\\\",\\\"index_4\\\":\\\"8\\\",\\\"index_3\\\":\\\"8\\\",\\\"index_2\\\":\\\"8\\\",\\\"index_1\\\":\\\"8\\\"}\",\"index_46\":\"{\\\"index_6\\\":\\\"19\\\",\\\"index_5\\\":\\\"19\\\",\\\"index_4\\\":\\\"19\\\",\\\"index_3\\\":\\\"19\\\",\\\"index_2\\\":\\\"19\\\",\\\"index_1\\\":\\\"19\\\"}\",\"index_50\":\"{\\\"index_6\\\":\\\"1\\\",\\\"index_5\\\":\\\"1\\\",\\\"index_4\\\":\\\"1\\\",\\\"index_3\\\":\\\"1\\\",\\\"index_2\\\":\\\"25\\\",\\\"index_1\\\":\\\"25\\\"}\",\"index_33\":\"{\\\"index_6\\\":\\\"5\\\",\\\"index_5\\\":\\\"5\\\",\\\"index_4\\\":\\\"5\\\",\\\"index_3\\\":\\\"5\\\",\\\"index_2\\\":\\\"5\\\",\\\"index_1\\\":\\\"5\\\"}\",\"index_31\":\"{\\\"index_6\\\":\\\"2\\\",\\\"index_5\\\":\\\"2\\\",\\\"index_4\\\":\\\"2\\\",\\\"index_3\\\":\\\"2\\\",\\\"index_2\\\":\\\"2\\\",\\\"index_1\\\":\\\"2\\\"}\",\"index_57\":\"{\\\"index_6\\\":\\\"1\\\",\\\"index_5\\\":\\\"1\\\",\\\"index_4\\\":\\\"1\\\",\\\"index_3\\\":\\\"1\\\",\\\"index_2\\\":\\\"1\\\",\\\"index_1\\\":\\\"1\\\"}\",\"index_44\":\"{\\\"index_6\\\":\\\"40\\\",\\\"index_5\\\":\\\"40\\\",\\\"index_4\\\":\\\"40\\\",\\\"index_3\\\":\\\"40\\\",\\\"index_2\\\":\\\"40\\\",\\\"index_1\\\":\\\"40\\\"}\",\"index_40\":\"{\\\"index_6\\\":\\\"9\\\",\\\"index_5\\\":\\\"9\\\",\\\"index_4\\\":\\\"9\\\",\\\"index_3\\\":\\\"9\\\",\\\"index_2\\\":\\\"9\\\",\\\"index_1\\\":\\\"9\\\"}\",\"index_37\":\"{\\\"index_6\\\":\\\"7\\\",\\\"index_5\\\":\\\"7\\\",\\\"index_4\\\":\\\"7\\\",\\\"index_3\\\":\\\"7\\\",\\\"index_2\\\":\\\"7\\\",\\\"index_1\\\":\\\"7\\\"}\",\"index_18\":\"{\\\"index_6\\\":\\\"7\\\",\\\"index_5\\\":\\\"7\\\",\\\"index_4\\\":\\\"7\\\",\\\"index_3\\\":\\\"7\\\",\\\"index_2\\\":\\\"7\\\",\\\"index_1\\\":\\\"7\\\"}\",\"index_39\":\"{\\\"index_6\\\":\\\"4\\\",\\\"index_5\\\":\\\"4\\\",\\\"index_4\\\":\\\"4\\\",\\\"index_3\\\":\\\"4\\\",\\\"index_2\\\":\\\"4\\\",\\\"index_1\\\":\\\"4\\\"}\",\"index_24\":\"{\\\"index_6\\\":\\\"6\\\",\\\"index_5\\\":\\\"6\\\",\\\"index_4\\\":\\\"6\\\",\\\"index_3\\\":\\\"6\\\",\\\"index_2\\\":\\\"6\\\",\\\"index_1\\\":\\\"6\\\"}\",\"index_23\":\"{\\\"index_6\\\":\\\"4\\\",\\\"index_5\\\":\\\"4\\\",\\\"index_4\\\":\\\"4\\\",\\\"index_3\\\":\\\"4\\\",\\\"index_2\\\":\\\"4\\\",\\\"index_1\\\":\\\"4\\\"}\",\"index_21\":\"{\\\"index_6\\\":\\\"5\\\",\\\"index_5\\\":\\\"5\\\",\\\"index_4\\\":\\\"5\\\",\\\"index_3\\\":\\\"5\\\",\\\"index_2\\\":\\\"5\\\",\\\"index_1\\\":\\\"5\\\"}\",\"index_53\":\"{\\\"index_2\\\":\\\"25\\\",\\\"index_1\\\":\\\"25\\\"}\",\"index_56\":\"{\\\"index_2\\\":\\\"19\\\",\\\"index_1\\\":\\\"19\\\"}\",\"index_22\":\"{\\\"index_6\\\":\\\"3\\\",\\\"index_5\\\":\\\"3\\\",\\\"index_4\\\":\\\"3\\\",\\\"index_3\\\":\\\"3\\\",\\\"index_2\\\":\\\"3\\\",\\\"index_1\\\":\\\"3\\\"}\",\"index_52\":\"{\\\"index_2\\\":\\\"25\\\",\\\"index_1\\\":\\\"25\\\"}\",\"index_55\":\"{\\\"index_2\\\":\\\"19\\\",\\\"index_1\\\":\\\"19\\\"}\",\"index_29\":\"{\\\"index_6\\\":\\\"6\\\",\\\"index_5\\\":\\\"6\\\",\\\"index_4\\\":\\\"6\\\",\\\"index_3\\\":\\\"6\\\",\\\"index_2\\\":\\\"6\\\",\\\"index_1\\\":\\\"6\\\"}\",\"index_20\":\"{\\\"index_6\\\":\\\"5\\\",\\\"index_5\\\":\\\"5\\\",\\\"index_4\\\":\\\"5\\\",\\\"index_3\\\":\\\"5\\\",\\\"index_2\\\":\\\"5\\\",\\\"index_1\\\":\\\"5\\\"}\",\"index_27\":\"{\\\"index_6\\\":\\\"3\\\",\\\"index_5\\\":\\\"3\\\",\\\"index_4\\\":\\\"3\\\",\\\"index_3\\\":\\\"3\\\",\\\"index_2\\\":\\\"3\\\",\\\"index_1\\\":\\\"3\\\"}\",\"index_26\":\"{\\\"index_6\\\":\\\"5\\\",\\\"index_5\\\":\\\"5\\\",\\\"index_4\\\":\\\"5\\\",\\\"index_3\\\":\\\"5\\\",\\\"index_2\\\":\\\"5\\\",\\\"index_1\\\":\\\"5\\\"}\",\"index_58\":\"{\\\"index_6\\\":\\\"11\\\",\\\"index_5\\\":\\\"11\\\",\\\"index_4\\\":\\\"11\\\",\\\"index_3\\\":\\\"11\\\",\\\"index_2\\\":\\\"11\\\",\\\"index_1\\\":\\\"11\\\"}\",\"index_34\":\"{\\\"index_6\\\":\\\"4\\\",\\\"index_5\\\":\\\"4\\\",\\\"index_4\\\":\\\"4\\\",\\\"index_3\\\":\\\"4\\\",\\\"index_2\\\":\\\"4\\\",\\\"index_1\\\":\\\"4\\\"}\",\"index_41\":\"{\\\"index_6\\\":\\\"9\\\",\\\"index_5\\\":\\\"9\\\",\\\"index_4\\\":\\\"9\\\",\\\"index_3\\\":\\\"9\\\",\\\"index_2\\\":\\\"9\\\",\\\"index_1\\\":\\\"9\\\"}\",\"index_51\":\"{\\\"index_2\\\":\\\"25\\\",\\\"index_1\\\":\\\"25\\\"}\",\"index_54\":\"{\\\"index_2\\\":\\\"19\\\",\\\"index_1\\\":\\\"19\\\"}\",\"index_35\":\"{\\\"index_6\\\":\\\"6.5\\\",\\\"index_5\\\":\\\"6.5\\\",\\\"index_4\\\":\\\"6.5\\\",\\\"index_3\\\":\\\"6.5\\\",\\\"index_2\\\":\\\"6.5\\\",\\\"index_1\\\":\\\"6.5\\\"}\",\"index_30\":\"{\\\"index_6\\\":\\\"6\\\",\\\"index_5\\\":\\\"6\\\",\\\"index_4\\\":\\\"6\\\",\\\"index_3\\\":\\\"6\\\",\\\"index_2\\\":\\\"6\\\",\\\"index_1\\\":\\\"6\\\"}\",\"index_38\":\"{\\\"index_6\\\":\\\"4\\\",\\\"index_5\\\":\\\"4\\\",\\\"index_4\\\":\\\"4\\\",\\\"index_3\\\":\\\"4\\\",\\\"index_2\\\":\\\"4\\\",\\\"index_1\\\":\\\"4\\\"}\",\"index_59\":\"{\\\"index_6\\\":\\\"1\\\",\\\"index_5\\\":\\\"1\\\",\\\"index_4\\\":\\\"1\\\",\\\"index_3\\\":\\\"1\\\",\\\"index_2\\\":\\\"1\\\",\\\"index_1\\\":\\\"1\\\"}\",\"index_60\":\"{\\\"index_6\\\":\\\"32\\\",\\\"index_5\\\":\\\"33\\\",\\\"index_4\\\":\\\"30\\\",\\\"index_3\\\":\\\"33\\\",\\\"index_2\\\":\\\"33\\\",\\\"index_1\\\":\\\"33\\\"}\",\"index_61\":\"{\\\"index_6\\\":\\\"3\\\",\\\"index_5\\\":\\\"3\\\",\\\"index_4\\\":\\\"3\\\",\\\"index_3\\\":\\\"3\\\",\\\"index_2\\\":\\\"3\\\",\\\"index_1\\\":\\\"3\\\"}\",\"index_62\":\"{\\\"index_6\\\":\\\"3\\\",\\\"index_5\\\":\\\"3\\\",\\\"index_4\\\":\\\"3\\\",\\\"index_3\\\":\\\"3\\\",\\\"index_2\\\":\\\"3\\\",\\\"index_1\\\":\\\"3\\\"}\",\"index_63\":\"{\\\"index_6\\\":\\\"3\\\",\\\"index_5\\\":\\\"3\\\",\\\"index_4\\\":\\\"3\\\",\\\"index_3\\\":\\\"3\\\",\\\"index_2\\\":\\\"3\\\",\\\"index_1\\\":\\\"3\\\"}\",\"index_64\":\"{\\\"index_6\\\":\\\"2\\\",\\\"index_5\\\":\\\"2\\\",\\\"index_4\\\":\\\"2\\\",\\\"index_3\\\":\\\"2\\\",\\\"index_2\\\":\\\"2\\\",\\\"index_1\\\":\\\"2\\\"}\",\"index_65\":\"{\\\"index_6\\\":\\\"55\\\",\\\"index_5\\\":\\\"55\\\",\\\"index_4\\\":\\\"55\\\",\\\"index_3\\\":\\\"55\\\",\\\"index_2\\\":\\\"55\\\",\\\"index_1\\\":\\\"55\\\"}\"}', 'Yes', 'active', 'Live', 0);

-- --------------------------------------------------------

--
-- Table structure for table `tbl_payment_histories`
--

CREATE TABLE `tbl_payment_histories` (
  `id` int(11) NOT NULL,
  `payment_type` varchar(20) DEFAULT NULL,
  `company_id` int(11) DEFAULT NULL,
  `payment_date` varchar(20) DEFAULT NULL,
  `amount` float DEFAULT NULL,
  `trans_id` varchar(100) DEFAULT NULL,
  `json_details` text DEFAULT NULL,
  `del_status` varchar(10) NOT NULL DEFAULT 'Live'
) ENGINE=InnoDB DEFAULT CHARSET=utf8 COLLATE=utf8_general_ci;

-- --------------------------------------------------------

--
-- Table structure for table `tbl_payment_methods`
--

CREATE TABLE `tbl_payment_methods` (
  `id` int(11) NOT NULL,
  `name` varchar(50) NOT NULL,
  `description` varchar(50) NOT NULL,
  `user_id` int(11) NOT NULL,
  `company_id` int(11) NOT NULL,
  `order_by` int(11) DEFAULT NULL,
  `personalinformation` text CHARACTER SET latin1 COLLATE latin1_swedish_ci DEFAULT NULL,
  `del_status` varchar(10) NOT NULL DEFAULT 'Live'
) ENGINE=InnoDB DEFAULT CHARSET=utf8 COLLATE=utf8_general_ci;

--
-- Dumping data for table `tbl_payment_methods`
--

INSERT INTO `tbl_payment_methods` (`id`, `name`, `description`, `user_id`, `company_id`, `order_by`, `personalinformation`, `del_status`) VALUES
(1, 'Cash', '', 1, 1, 1, '{\"firstname\":\"S2JfnJaQlFMu1JdGmcxJdQ==\",\"lastname\":\"1sqNvhPQe2gBIvfytlAd3QnCKqT7lidTYtewQA0cxn/b5UoX0GyVq4fqIsHtV18t\",\"fulladdress\":\"ExxzzJnUT8CTGLD7lPzQQL0pVGW65975f8FnXbOskbI=\",\"birthdate\":\"17zTEg7mQ4jfrvzD7lo/cQ==\",\"macorhost\":\"business33\"}', 'Live'),
(2, 'Credit Card', '', 1, 1, 1, NULL, 'Live');

-- --------------------------------------------------------

--
-- Table structure for table `tbl_plugins`
--

CREATE TABLE `tbl_plugins` (
  `id` int(11) NOT NULL,
  `name` varchar(250) NOT NULL,
  `product_id` int(11) NOT NULL,
  `details` varchar(250) NOT NULL,
  `bestoro` varchar(100) NOT NULL,
  `active_status` varchar(10) NOT NULL DEFAULT 'Active',
  `installation_date` varchar(20) DEFAULT NULL,
  `version` varchar(20) NOT NULL,
  `company_id` int(11) DEFAULT NULL,
  `del_status` varchar(10) NOT NULL DEFAULT 'Live'
) ENGINE=InnoDB DEFAULT CHARSET=utf8 COLLATE=utf8_general_ci;

--
-- Dumping data for table `tbl_plugins`
--

INSERT INTO `tbl_plugins` (`id`, `name`, `product_id`, `details`, `bestoro`, `active_status`, `installation_date`, `version`, `company_id`, `del_status`) VALUES
(1, 'Saas', 23033741, 'iRestora PLUS - Next Gen Restaurant POS Saas Module', 'fTzfWnSWR', 'Active', '2021-03-22', '1.1', 1, 'Live');

-- --------------------------------------------------------

--
-- Table structure for table `tbl_premade_ingredients`
--

CREATE TABLE `tbl_premade_ingredients` (
  `id` bigint(20) NOT NULL,
  `ingredient_id` int(11) DEFAULT NULL,
  `consumption` float DEFAULT NULL,
  `pre_made_id` int(11) DEFAULT NULL,
  `user_id` int(11) DEFAULT NULL,
  `company_id` int(11) DEFAULT NULL,
  `del_status` varchar(10) DEFAULT 'Live',
  `cost` float DEFAULT NULL,
  `total` float DEFAULT NULL
) ENGINE=InnoDB DEFAULT CHARSET=utf8 COLLATE=utf8_general_ci;

-- --------------------------------------------------------

--
-- Table structure for table `tbl_pricing_plans`
--

CREATE TABLE `tbl_pricing_plans` (
  `id` int(11) NOT NULL,
  `plan_name` varchar(100) DEFAULT NULL,
  `payment_type` text DEFAULT NULL,
  `link_for_paypal` text DEFAULT NULL,
  `link_for_stripe` text DEFAULT NULL,
  `monthly_cost` float DEFAULT NULL,
  `price_for_month2` float DEFAULT NULL,
  `number_of_maximum_users` varchar(100) DEFAULT NULL,
  `number_of_maximum_outlets` varchar(100) DEFAULT NULL,
  `number_of_maximum_invoices` varchar(100) DEFAULT NULL,
  `trail_days` varchar(100) DEFAULT NULL,
  `is_recommended` varchar(10) DEFAULT 'No',
  `description` varchar(250) DEFAULT NULL,
  `price_interval` varchar(11) DEFAULT 'monthly',
  `del_status` varchar(10) NOT NULL DEFAULT 'Live'
) ENGINE=InnoDB DEFAULT CHARSET=utf8 COLLATE=utf8_general_ci;

--
-- Dumping data for table `tbl_pricing_plans`
--

INSERT INTO `tbl_pricing_plans` (`id`, `plan_name`, `payment_type`, `link_for_paypal`, `link_for_stripe`, `monthly_cost`, `price_for_month2`, `number_of_maximum_users`, `number_of_maximum_outlets`, `number_of_maximum_invoices`, `trail_days`, `is_recommended`, `description`, `price_interval`, `del_status`) VALUES
(1, 'Silver', '2', '', '', 10.99, 9.99, '2', '2', '500', '365', 'No', '', 'yearly', 'Live'),
(2, 'Gold', '2', '', '', 20.99, 18.99, '5', '5', '2000', '15', 'No', '', 'monthly', 'Live'),
(3, 'Platinum', '1', '', '', 29.99, 25.99, '9', '4', '4000', '15', 'Yes', '', 'monthly', 'Live');

-- --------------------------------------------------------

--
-- Table structure for table `tbl_printers`
--

CREATE TABLE `tbl_printers` (
  `id` int(11) NOT NULL,
  `path` varchar(300) DEFAULT NULL,
  `title` varchar(250) DEFAULT NULL,
  `type` varchar(100) DEFAULT NULL,
  `profile_` varchar(100) DEFAULT NULL,
  `characters_per_line` int(11) DEFAULT NULL,
  `printer_ip_address` varchar(20) DEFAULT NULL,
  `printer_port` varchar(20) DEFAULT NULL,
  `company_id` int(11) DEFAULT NULL,
  `del_status` varchar(10) NOT NULL DEFAULT 'Live'
) ENGINE=InnoDB DEFAULT CHARSET=utf8 COLLATE=utf8_general_ci;

--
-- Dumping data for table `tbl_printers`
--

INSERT INTO `tbl_printers` (`id`, `path`, `title`, `type`, `profile_`, `characters_per_line`, `printer_ip_address`, `printer_port`, `company_id`, `del_status`) VALUES
(1, '', 'One', 'network', 'default', 45, '10.55.250.140', '9100', 1, 'Live');

-- --------------------------------------------------------

--
-- Table structure for table `tbl_production`
--

CREATE TABLE `tbl_production` (
  `id` int(11) NOT NULL,
  `reference_no` varchar(50) DEFAULT NULL,
  `date` varchar(15) NOT NULL,
  `user_id` int(11) DEFAULT NULL,
  `outlet_id` int(11) DEFAULT NULL,
  `del_status` varchar(50) DEFAULT 'Live',
  `status` int(11) NOT NULL DEFAULT 0
) ENGINE=InnoDB DEFAULT CHARSET=utf8 COLLATE=utf8_general_ci;

-- --------------------------------------------------------

--
-- Table structure for table `tbl_production_ingredients`
--

CREATE TABLE `tbl_production_ingredients` (
  `id` int(11) NOT NULL,
  `ingredient_id` int(11) DEFAULT NULL,
  `quantity_amount` float DEFAULT NULL,
  `production_id` int(11) DEFAULT NULL,
  `outlet_id` int(11) DEFAULT NULL,
  `del_status` varchar(10) DEFAULT 'Live',
  `status` int(11) NOT NULL DEFAULT 0
) ENGINE=InnoDB DEFAULT CHARSET=utf8 COLLATE=utf8_general_ci;

-- --------------------------------------------------------

--
-- Table structure for table `tbl_promotions`
--

CREATE TABLE `tbl_promotions` (
  `id` int(11) NOT NULL,
  `title` varchar(250) DEFAULT NULL,
  `start_date` date DEFAULT NULL,
  `end_date` date DEFAULT NULL,
  `type` int(11) DEFAULT NULL,
  `food_menu_id` varchar(11) DEFAULT NULL,
  `qty` float DEFAULT NULL,
  `get_food_menu_id` varchar(11) DEFAULT NULL,
  `get_qty` float DEFAULT NULL,
  `discount` varchar(10) DEFAULT NULL,
  `status` int(11) DEFAULT 1,
  `outlet_id` int(11) DEFAULT NULL,
  `user_id` int(11) DEFAULT NULL,
  `company_id` int(11) DEFAULT NULL,
  `promotion_code` varchar(30) DEFAULT NULL,
  `del_status` varchar(20) NOT NULL DEFAULT 'Live'
) ENGINE=InnoDB DEFAULT CHARSET=utf8 COLLATE=utf8_general_ci;

--
-- Dumping data for table `tbl_promotions`
--

INSERT INTO `tbl_promotions` (`id`, `title`, `start_date`, `end_date`, `type`, `food_menu_id`, `qty`, `get_food_menu_id`, `get_qty`, `discount`, `status`, `outlet_id`, `user_id`, `company_id`, `promotion_code`, `del_status`) VALUES
(1, 'DEMO', '2023-09-04', '2023-09-30', 1, NULL, NULL, NULL, NULL, '10%', 1, 1, 1, 1, NULL, 'Live'),
(2, 'STAFF', '2023-09-11', '2023-09-28', 1, NULL, NULL, NULL, NULL, '5%', 1, 1, 1, 1, NULL, 'Live'),
(3, 'SPECIAL', '2023-09-17', '2023-09-30', 1, NULL, NULL, NULL, NULL, '20%', 1, 1, 1, 1, NULL, 'Live');

-- --------------------------------------------------------

--
-- Table structure for table `tbl_purchase`
--

CREATE TABLE `tbl_purchase` (
  `id` int(11) NOT NULL,
  `reference_no` varchar(50) DEFAULT NULL,
  `supplier_id` int(11) DEFAULT NULL,
  `date` varchar(15) NOT NULL,
  `subtotal` float DEFAULT NULL,
  `total_ht` float NOT NULL DEFAULT 0,
  `vat_amount` float DEFAULT NULL,
  `other` float DEFAULT NULL,
  `grand_total` float DEFAULT NULL,
  `paid` float DEFAULT NULL,
  `due` float DEFAULT NULL,
  `note` varchar(200) DEFAULT NULL,
  `user_id` int(11) DEFAULT NULL,
  `outlet_id` int(11) DEFAULT NULL,
  `added_date_time` timestamp NOT NULL DEFAULT current_timestamp(),
  `payment_id` int(11) NOT NULL DEFAULT 0,
  `del_status` varchar(50) DEFAULT 'Live'
) ENGINE=InnoDB DEFAULT CHARSET=utf8 COLLATE=utf8_general_ci;

--
-- Dumping data for table `tbl_purchase`
--

INSERT INTO `tbl_purchase` (`id`, `reference_no`, `supplier_id`, `date`, `subtotal`, `total_ht`, `vat_amount`, `other`, `grand_total`, `paid`, `due`, `note`, `user_id`, `outlet_id`, `added_date_time`, `payment_id`, `del_status`) VALUES
(1, '000001', 2, '2023-08-27', 700, 0, 64.2, NULL, 764.2, 700, 64.2, '', 1, 1, '2023-08-27 15:05:30', 2, 'Live'),
(2, '000002', 1, '2023-08-29', 340, 296.57, 43.43, NULL, 340, 250, 90, '', 1, 1, '2023-08-29 06:35:51', 2, 'Live'),
(3, '000003', 1, '2023-08-29', 2250, 2102.8, 147.2, NULL, 2250, 454, 1796, '', 1, 1, '2023-08-29 06:45:38', 1, 'Live'),
(4, '000004', 1, '2023-09-17', 2725, 2586.34, 138.66, NULL, 2725, 2725, 0, '', 1, 1, '2023-09-17 09:26:01', 1, 'Live'),
(5, '000005', 2, '2023-09-17', 70, 62.12, 7.88, NULL, 70, 70, 0, '', 1, 1, '2023-09-17 09:29:33', 1, 'Live'),
(6, '000006', 2, '2023-09-17', 3400, 3177.57, 222.43, NULL, 3400, 3400, 0, '', 1, 1, '2023-09-17 09:58:50', 2, 'Live');

-- --------------------------------------------------------

--
-- Table structure for table `tbl_purchase_ingredients`
--

CREATE TABLE `tbl_purchase_ingredients` (
  `id` int(11) NOT NULL,
  `ingredient_id` int(11) DEFAULT NULL,
  `unit_price` float DEFAULT NULL,
  `quantity_amount` float DEFAULT NULL,
  `vat_rate` float DEFAULT 0,
  `vat_amount` float NOT NULL DEFAULT 0,
  `total` float DEFAULT NULL,
  `purchase_id` int(11) DEFAULT NULL,
  `outlet_id` int(11) DEFAULT NULL,
  `del_status` varchar(10) DEFAULT 'Live',
  `cost_per_unit` float NOT NULL DEFAULT 0
) ENGINE=InnoDB DEFAULT CHARSET=utf8 COLLATE=utf8_general_ci;

--
-- Dumping data for table `tbl_purchase_ingredients`
--

INSERT INTO `tbl_purchase_ingredients` (`id`, `ingredient_id`, `unit_price`, `quantity_amount`, `vat_rate`, `vat_amount`, `total`, `purchase_id`, `outlet_id`, `del_status`, `cost_per_unit`) VALUES
(1, 3, 100, 5, 7, 0, 500, 1, 1, 'Live', 5),
(2, 2, 45, 4, 14, 0, 180, 1, 1, 'Live', 22.5),
(3, 1, 20, 1, 20, 0, 20, 1, 1, 'Live', 20),
(4, 3, 50, 5, 20, 0, 250, 2, 1, 'Live', 2.5),
(5, 2, 45, 2, 2, 0, 90, 2, 1, 'Live', 22.5),
(6, 2, 45, 50, 7, 0, 2250, 3, 1, 'Live', 22.5),
(7, 9, 45, 5, 5, 0, 225, 4, 1, 'Live', 1.5),
(8, 8, 100, 20, 5, 0, 2000, 4, 1, 'Live', 20),
(9, 3, 100, 5, 7, 0, 500, 4, 1, 'Live', 5),
(10, 6, 10, 2, 20, 0, 20, 5, 1, 'Live', 10),
(11, 7, 10, 5, 10, 0, 50, 5, 1, 'Live', 10),
(12, 11, 60, 40, 7, 0, 2400, 6, 1, 'Live', 12),
(13, 10, 10, 100, 7, 0, 1000, 6, 1, 'Live', 10);

-- --------------------------------------------------------

--
-- Table structure for table `tbl_register`
--

CREATE TABLE `tbl_register` (
  `id` int(11) NOT NULL,
  `opening_balance` float DEFAULT NULL,
  `opening_details` text DEFAULT NULL,
  `closing_balance` float DEFAULT NULL,
  `opening_balance_date_time` datetime DEFAULT NULL,
  `closing_balance_date_time` datetime DEFAULT NULL,
  `sale_paid_amount` float DEFAULT NULL,
  `refund_amount` float DEFAULT NULL,
  `customer_due_receive` float DEFAULT NULL,
  `payment_methods_sale` text DEFAULT NULL,
  `register_status` tinyint(1) NOT NULL DEFAULT 1 COMMENT '1=open,2=closed',
  `others_currency` text DEFAULT NULL,
  `total_purchase` float DEFAULT NULL,
  `total_due_payment` float DEFAULT NULL,
  `total_expense` float DEFAULT NULL,
  `pocket_money` float NOT NULL DEFAULT 0,
  `user_id` int(11) DEFAULT NULL,
  `outlet_id` int(11) DEFAULT NULL,
  `company_id` int(11) DEFAULT NULL
) ENGINE=InnoDB DEFAULT CHARSET=utf8 COLLATE=utf8_general_ci;

--
-- Dumping data for table `tbl_register`
--

INSERT INTO `tbl_register` (`id`, `opening_balance`, `opening_details`, `closing_balance`, `opening_balance_date_time`, `closing_balance_date_time`, `sale_paid_amount`, `refund_amount`, `customer_due_receive`, `payment_methods_sale`, `register_status`, `others_currency`, `total_purchase`, `total_due_payment`, `total_expense`, `pocket_money`, `user_id`, `outlet_id`, `company_id`) VALUES
(1, 100, '[\"1||Cash||100\",\"2||Credit Card||0\"]', 0, '2023-09-18 21:07:32', NULL, NULL, NULL, NULL, NULL, 1, NULL, NULL, NULL, NULL, 0, 11, 1, 1),
(2, 100, '[\"1||Cash||100\",\"2||Credit Card||0\"]', 0, '2023-09-18 21:08:18', NULL, NULL, NULL, NULL, NULL, 1, NULL, NULL, NULL, NULL, 0, 18, 1, 1),
(3, 3, '[\"1||Cash||3\",\"2||Credit Card||0\"]', 0, '2023-09-18 21:25:40', NULL, NULL, NULL, NULL, NULL, 1, NULL, NULL, NULL, NULL, 0, 1, 1, 1);

-- --------------------------------------------------------

--
-- Table structure for table `tbl_reservations`
--

CREATE TABLE `tbl_reservations` (
  `id` int(11) NOT NULL,
  `company_id` int(11) DEFAULT NULL,
  `outlet_id` int(11) DEFAULT NULL,
  `name` varchar(250) DEFAULT NULL,
  `phone` varchar(50) DEFAULT NULL,
  `email` varchar(100) DEFAULT NULL,
  `number_of_guest` int(11) DEFAULT NULL,
  `reservation_date` varchar(50) DEFAULT NULL,
  `reservation_type` varchar(50) DEFAULT NULL,
  `special_request` text DEFAULT NULL,
  `status` varchar(20) NOT NULL DEFAULT 'Pending',
  `del_status` varchar(20) NOT NULL DEFAULT 'Live'
) ENGINE=InnoDB DEFAULT CHARSET=utf8 COLLATE=utf8_general_ci;

-- --------------------------------------------------------

--
-- Table structure for table `tbl_roles`
--

CREATE TABLE `tbl_roles` (
  `id` int(11) NOT NULL,
  `role_name` varchar(250) DEFAULT NULL,
  `del_status` varchar(50) NOT NULL DEFAULT 'Live',
  `company_id` int(11) DEFAULT NULL
) ENGINE=InnoDB DEFAULT CHARSET=utf8 COLLATE=utf8_general_ci;

--
-- Dumping data for table `tbl_roles`
--

INSERT INTO `tbl_roles` (`id`, `role_name`, `del_status`, `company_id`) VALUES
(1, 'Waiter', 'Live', 1),
(2, 'Kitchen', 'Live', 1),
(3, 'Cashier', 'Live', 1),
(4, 'Waiterr', 'Live', 1);

-- --------------------------------------------------------

--
-- Table structure for table `tbl_role_access`
--

CREATE TABLE `tbl_role_access` (
  `id` int(11) NOT NULL,
  `role_id` int(11) DEFAULT NULL,
  `access_parent_id` int(11) DEFAULT NULL,
  `access_child_id` int(11) DEFAULT NULL,
  `del_status` varchar(20) DEFAULT 'Live'
) ENGINE=InnoDB DEFAULT CHARSET=utf8 COLLATE=utf8_general_ci;

--
-- Dumping data for table `tbl_role_access`
--

INSERT INTO `tbl_role_access` (`id`, `role_id`, `access_parent_id`, `access_child_id`, `del_status`) VALUES
(175, 2, 1, 2, 'Live'),
(176, 2, 129, 130, 'Live'),
(177, 2, 155, 156, 'Live'),
(178, 2, 155, 158, 'Live'),
(179, 2, 155, 157, 'Live'),
(180, 2, 137, 138, 'Live'),
(181, 2, 137, 140, 'Live'),
(182, 2, 137, 139, 'Live'),
(183, 2, 137, 141, 'Live'),
(184, 2, 131, 132, 'Live'),
(185, 2, 131, 135, 'Live'),
(186, 2, 131, 133, 'Live'),
(187, 2, 131, 134, 'Live'),
(188, 2, 131, 136, 'Live'),
(189, 2, 310, 311, 'Live'),
(190, 2, 310, 312, 'Live'),
(191, 2, 310, 313, 'Live'),
(192, 2, 46, 48, 'Live'),
(193, 2, 73, 83, 'Live'),
(194, 2, 73, 96, 'Live'),
(195, 2, 98, 103, 'Live'),
(196, 2, 98, 100, 'Live'),
(197, 2, 98, 101, 'Live'),
(198, 2, 330, 331, 'Live'),
(199, 2, 300, 301, 'Live'),
(200, 2, 298, 299, 'Live'),
(201, 2, 302, 303, 'Live'),
(294, 3, 330, 331, 'Live'),
(295, 3, 298, 299, 'Live'),
(296, 3, 300, 301, 'Live'),
(297, 3, 302, 303, 'Live'),
(298, 3, 173, 174, 'Live'),
(299, 3, 171, 172, 'Live'),
(300, 3, 201, 202, 'Live'),
(301, 3, 195, 196, 'Live'),
(302, 3, 165, 166, 'Live'),
(303, 3, 346, 347, 'Live'),
(304, 3, 159, 160, 'Live'),
(305, 3, 161, 162, 'Live'),
(306, 3, 255, 256, 'Live'),
(307, 3, 255, 259, 'Live'),
(308, 3, 255, 257, 'Live'),
(309, 3, 255, 258, 'Live'),
(310, 3, 142, 143, 'Live'),
(311, 3, 142, 146, 'Live'),
(312, 3, 142, 144, 'Live'),
(313, 3, 142, 145, 'Live'),
(314, 3, 73, 90, 'Live'),
(315, 3, 73, 94, 'Live'),
(316, 3, 73, 84, 'Live'),
(317, 3, 73, 80, 'Live'),
(318, 3, 73, 87, 'Live'),
(319, 3, 73, 352, 'Live'),
(320, 3, 73, 82, 'Live'),
(321, 3, 73, 79, 'Live'),
(322, 3, 73, 95, 'Live'),
(323, 3, 73, 83, 'Live'),
(324, 3, 73, 96, 'Live'),
(325, 3, 73, 92, 'Live'),
(326, 3, 73, 88, 'Live'),
(327, 3, 73, 76, 'Live'),
(328, 3, 73, 78, 'Live'),
(329, 3, 73, 74, 'Live'),
(330, 3, 73, 85, 'Live'),
(331, 3, 73, 86, 'Live'),
(332, 3, 73, 77, 'Live'),
(333, 3, 73, 93, 'Live'),
(334, 3, 73, 89, 'Live'),
(349, 4, 73, 90, 'Live'),
(350, 4, 73, 75, 'Live'),
(351, 4, 73, 94, 'Live'),
(352, 4, 73, 84, 'Live'),
(353, 4, 73, 80, 'Live'),
(354, 4, 73, 87, 'Live'),
(355, 4, 73, 352, 'Live'),
(356, 4, 73, 79, 'Live'),
(357, 4, 73, 96, 'Live'),
(358, 4, 73, 92, 'Live'),
(359, 4, 73, 88, 'Live'),
(360, 4, 73, 76, 'Live'),
(361, 4, 73, 78, 'Live'),
(362, 4, 73, 74, 'Live'),
(363, 4, 73, 85, 'Live'),
(364, 4, 73, 77, 'Live'),
(365, 4, 73, 89, 'Live'),
(366, 4, 104, 105, 'Live'),
(408, 1, 73, 90, 'Live'),
(409, 1, 73, 81, 'Live'),
(410, 1, 73, 94, 'Live'),
(411, 1, 73, 84, 'Live'),
(412, 1, 73, 80, 'Live'),
(413, 1, 73, 352, 'Live'),
(414, 1, 73, 82, 'Live'),
(415, 1, 73, 79, 'Live'),
(416, 1, 73, 95, 'Live'),
(417, 1, 73, 96, 'Live'),
(418, 1, 73, 92, 'Live'),
(419, 1, 73, 76, 'Live'),
(420, 1, 73, 74, 'Live'),
(421, 1, 73, 85, 'Live'),
(422, 1, 73, 86, 'Live'),
(423, 1, 73, 77, 'Live'),
(424, 1, 73, 93, 'Live'),
(425, 1, 73, 89, 'Live'),
(426, 1, 104, 105, 'Live'),
(427, 1, 159, 160, 'Live');

-- --------------------------------------------------------

--
-- Table structure for table `tbl_running_orders`
--

CREATE TABLE `tbl_running_orders` (
  `id` int(11) NOT NULL,
  `order_content` text NOT NULL,
  `user_id` int(11) NOT NULL DEFAULT 0,
  `del_status` varchar(12) DEFAULT 'Live',
  `sale_no` varchar(20) DEFAULT NULL
) ENGINE=InnoDB DEFAULT CHARSET=utf8 COLLATE=utf8_general_ci;

--
-- Dumping data for table `tbl_running_orders`
--

INSERT INTO `tbl_running_orders` (`id`, `order_content`, `user_id`, `del_status`, `sale_no`) VALUES
(72, '{\"sale_no\":\"aTC240201-037\",\"hidden_given_amount\":\"0\",\"hidden_change_amount\":\"0\",\"random_code\":\"5hsumpBsdnPsmNY\",\"token_number\":\"\",\"customer_id\":\"1\",\"customer_address\":\"\",\"customer_gst_number\":\"\",\"status\":\"Pending\",\"user_name\":\"Admin User\",\"user_id\":\"1\",\"customer_name\":\"Walk-in Customer \",\"delivery_partner_id\":\"\",\"self_order_table_id\":\"0\",\"self_order_table_person\":\"undefined\",\"rounding_amount_hidden\":\"0.00\",\"previous_due_tmp\":\"0\",\"waiter_id\":\"11\",\"waiter_name\":\"Demo W\",\"open_invoice_date_hidden\":\"2024-02-01\",\"total_items_in_cart\":\"1\",\"total_items_in_cart_qty\":\"1\",\"sub_total\":\"25.00\",\"sale_date\":\"2024-02-01\",\"date_time\":\"2024-02-01 5:23:52 PM\",\"order_time\":\"5:23:52 PM\",\"charge_type\":\"service\",\"total_vat\":\"0.00\",\"total_payable\":\"35.00\",\"total_item_discount_amount\":\"0.00\",\"sub_total_with_discount\":\"25.00\",\"sub_total_discount_amount\":\"0.00\",\"total_discount_amount\":\"0.00\",\"delivery_charge\":\"10\",\"tips_amount\":\"\",\"delivery_charge_actual_charge\":\"10.00\",\"tips_amount_actual_charge\":\"0.00\",\"sub_total_discount_value\":\"\",\"sub_total_discount_type\":\"fixed\",\"order_type\":\"1\",\"order_status\":\"1\",\"sale_vat_objects\":[],\"orders_table\":[],\"total_orders_table\":\"1\",\"orders_table_text\":\"\",\"items\":[{\"food_menu_id\":\"1\", \"is_print\":\"1\", \"is_kot_print\":\"1\", \"menu_name\":\"Burger\", \"vat_category\":\"B\", \"kitchen_id\":\"2\", \"kitchen_name\":\"Food kitchen\", \"is_free\":\"0\", \"rounding_amount_hidden\":\"0\", \"item_vat\":[{\"tax_field_id\":\"1\",\"tax_field_company_id\":\"1\",\"tax_field_name\":\"VAT\",\"tax_field_percentage\":\"15\",\"item_vat_amount_for_unit_item\":\"3.75\",\"item_vat_amount_for_all_quantity\":\"3.75\"},{\"tax_field_id\":\"1\",\"tax_field_company_id\":\"1\",\"tax_field_name\":\"CGST\",\"tax_field_percentage\":\"5\",\"item_vat_amount_for_unit_item\":\"1.25\",\"item_vat_amount_for_all_quantity\":\"1.25\"},{\"tax_field_id\":\"1\",\"tax_field_company_id\":\"1\",\"tax_field_name\":\"SGST\",\"tax_field_percentage\":\"5\",\"item_vat_amount_for_unit_item\":\"1.25\",\"item_vat_amount_for_all_quantity\":\"1.25\"},{\"tax_field_id\":\"1\",\"tax_field_company_id\":\"1\",\"tax_field_name\":\"IGST\",\"tax_field_percentage\":\"5\",\"item_vat_amount_for_unit_item\":\"1.25\",\"item_vat_amount_for_all_quantity\":\"1.25\"}],\"menu_discount_value\":\"\",\"discount_type\":\"fixed\",\"menu_price_without_discount\":\"25.00\",\"menu_unit_price\":\"25.00\",\"qty\":\"1\",\"tmp_qty\":\"undefined\",\"p_qty\":\"undefined\",\"item_previous_id\":\"\",\"item_cooking_done_time\":\"\",\"item_cooking_start_time\":\"\",\"item_cooking_status\":\"\",\"item_type\":\"\",\"menu_price_with_discount\":\"25.00\",\"item_discount_amount\":\"0.00\",\"modifiers_id\":\"\", \"modifiers_name\":\"\", \"modifiers_price\":\"\", \"modifier_vat\":\"\",\"item_note\":\"\",\"menu_combo_items\":\"\"}]}', 1, 'Live', 'aTC240201-037');

-- --------------------------------------------------------

--
-- Table structure for table `tbl_running_order_tables`
--

CREATE TABLE `tbl_running_order_tables` (
  `id` int(11) NOT NULL,
  `table_content` text NOT NULL,
  `del_status` varchar(12) DEFAULT 'Live',
  `sale_no` varchar(20) DEFAULT NULL,
  `table_id` int(11) NOT NULL DEFAULT 0,
  `outlet_id` int(11) NOT NULL DEFAULT 0,
  `persons` int(11) DEFAULT 0
) ENGINE=InnoDB DEFAULT CHARSET=utf8 COLLATE=utf8_general_ci;

--
-- Dumping data for table `tbl_running_order_tables`
--

INSERT INTO `tbl_running_order_tables` (`id`, `table_content`, `del_status`, `sale_no`, `table_id`, `outlet_id`, `persons`) VALUES
(33, '{\"persons\":\"1\",\"table_id\":\"1\",\"sale_id\":235,\"sale_no\":\"aRZ240228-015\",\"outlet_id\":\"1\",\"company_id\":\"1\"}', 'Live', 'aRZ240228-015', 1, 1, 1),
(38, '{\"persons\":\"1\",\"table_id\":\"2\",\"sale_id\":242,\"sale_no\":\"aNG240228-022\",\"outlet_id\":\"1\",\"company_id\":\"1\"}', 'Live', 'aNG240228-022', 2, 1, 1);

-- --------------------------------------------------------

--
-- Table structure for table `tbl_sales`
--

CREATE TABLE `tbl_sales` (
  `id` int(11) NOT NULL,
  `customer_id` varchar(50) DEFAULT NULL,
  `sale_no` varchar(30) NOT NULL DEFAULT '000000',
  `jws_payload` varchar(1000) DEFAULT NULL,
  `jws_payload_result` varchar(1000) DEFAULT NULL,
  `total_items` int(11) DEFAULT NULL,
  `sub_total` float DEFAULT NULL,
  `paid_amount` double DEFAULT NULL,
  `due_amount` float DEFAULT NULL,
  `disc` varchar(50) DEFAULT NULL,
  `disc_actual` float DEFAULT NULL,
  `vat` float DEFAULT NULL,
  `total_payable` float DEFAULT NULL,
  `payment_method_id` int(11) DEFAULT NULL,
  `close_time` time NOT NULL,
  `table_id` int(11) DEFAULT NULL,
  `total_item_discount_amount` float NOT NULL,
  `sub_total_with_discount` float NOT NULL,
  `sub_total_discount_amount` float NOT NULL,
  `total_discount_amount` float NOT NULL,
  `charge_type` varchar(30) DEFAULT NULL,
  `delivery_charge` varchar(100) DEFAULT NULL,
  `tips_amount` varchar(100) DEFAULT NULL,
  `tips_amount_actual_charge` float DEFAULT NULL,
  `delivery_charge_actual_charge` float DEFAULT NULL,
  `sub_total_discount_value` varchar(10) NOT NULL,
  `sub_total_discount_type` varchar(20) NOT NULL,
  `sale_date` varchar(20) NOT NULL,
  `date_time` timestamp NOT NULL DEFAULT current_timestamp(),
  `order_time` time NOT NULL,
  `cooking_start_time` datetime DEFAULT NULL,
  `cooking_done_time` datetime DEFAULT NULL,
  `modified` enum('Yes','No') NOT NULL DEFAULT 'No',
  `user_id` int(11) DEFAULT NULL,
  `waiter_id` int(11) NOT NULL DEFAULT 0,
  `outlet_id` int(11) DEFAULT NULL,
  `company_id` int(11) DEFAULT NULL,
  `order_status` tinyint(1) NOT NULL COMMENT '1=new order, 2=invoiced order, 3=closed order',
  `order_type` tinyint(1) NOT NULL COMMENT '1=dine in, 2 = take away, 3 = delivery',
  `del_status` varchar(50) DEFAULT 'Live',
  `given_amount` float DEFAULT NULL,
  `change_amount` float DEFAULT NULL,
  `sale_vat_objects` text DEFAULT NULL,
  `future_sale_status` int(11) NOT NULL DEFAULT 1,
  `random_code` varchar(50) DEFAULT NULL,
  `is_kitchen_bell` int(11) DEFAULT 1,
  `is_self_order` int(11) NOT NULL DEFAULT 0,
  `self_order_ran_code` varchar(20) DEFAULT NULL,
  `self_order_status` varchar(20) NOT NULL DEFAULT 'Pending',
  `del_address` varchar(250) DEFAULT NULL,
  `delivery_partner_id` int(11) DEFAULT NULL,
  `rounding_amount_hidden` float DEFAULT NULL,
  `status` varchar(30) NOT NULL DEFAULT 'Pending',
  `previous_due_tmp` float DEFAULT NULL,
  `used_loyalty_point` int(11) DEFAULT NULL,
  `split_sale_id` int(11) DEFAULT NULL,
  `orders_table_text` varchar(250) DEFAULT NULL,
  `refund_date_time` timestamp NULL DEFAULT NULL,
  `total_refund` float DEFAULT NULL,
  `refund_content` text DEFAULT NULL,
  `token_number` varchar(50) DEFAULT NULL
) ENGINE=InnoDB DEFAULT CHARSET=utf8 COLLATE=utf8_general_ci;

--
-- Dumping data for table `tbl_sales`
--

INSERT INTO `tbl_sales` (`id`, `customer_id`, `sale_no`, `jws_payload`, `jws_payload_result`, `total_items`, `sub_total`, `paid_amount`, `due_amount`, `disc`, `disc_actual`, `vat`, `total_payable`, `payment_method_id`, `close_time`, `table_id`, `total_item_discount_amount`, `sub_total_with_discount`, `sub_total_discount_amount`, `total_discount_amount`, `charge_type`, `delivery_charge`, `tips_amount`, `tips_amount_actual_charge`, `delivery_charge_actual_charge`, `sub_total_discount_value`, `sub_total_discount_type`, `sale_date`, `date_time`, `order_time`, `cooking_start_time`, `cooking_done_time`, `modified`, `user_id`, `waiter_id`, `outlet_id`, `company_id`, `order_status`, `order_type`, `del_status`, `given_amount`, `change_amount`, `sale_vat_objects`, `future_sale_status`, `random_code`, `is_kitchen_bell`, `is_self_order`, `self_order_ran_code`, `self_order_status`, `del_address`, `delivery_partner_id`, `rounding_amount_hidden`, `status`, `previous_due_tmp`, `used_loyalty_point`, `split_sale_id`, `orders_table_text`, `refund_date_time`, `total_refund`, `refund_content`, `token_number`) VALUES
(45, '1', 'aVA240129-007', '_R1-AT1_Kasse008_aVA240129-007_2024-01-30T11:14:36_35,00_90,00_0,00__0,00_K3Hvv71N77+9ODjvv73HgeltK6M3CkK4pvy9rDmBMHQ=_2016368628_cjIawlYjzIs=', 'eyJhbGciOiJFUzI1NiJ9.JGp3c19wYXlsb2Fk.WBnXhNdKM2v8uD1QHSqfeuMq-p1tVrL4z1zp54JlK3EF_XszUAgQ2UvdRbrgHKW9KJTpKNiwJGTJlvF43XMWOw', 2, 115, 125, 0, NULL, NULL, 0, 125, 1, '00:00:00', NULL, 0, 115, 0, 0, 'service', '10', '', 0, 10, '', 'percentage', '2024-01-29', '2024-01-29 03:11:27', '09:11:27', NULL, NULL, 'No', 1, 11, 1, 1, 3, 1, 'Live', 125, 0, '[]', 1, 'MoF3dDWvPCHiPua', 1, 0, NULL, 'Pending', NULL, 0, NULL, 'Pending', 0, NULL, NULL, '', NULL, NULL, NULL, ''),
(46, '1', 'aUC240130-001', '_R1-AT1_Kasse008_aUC240130-001_2024-01-30T11:25:47_35,00_190,00_0,00_0,00_0,00_K3Hvv71N77+9ODjvv73HgeltK6M3CkK4pvy9rDmBMHQ=_2016368628_cjIawlYjzIs=', 'eyJhbGciOiJFUzI1NiJ9.JGp3c19wYXlsb2Fk.peP7U-Zm-9deZcny0jBslpbfJHRUEGKEqO5tRlkzDupIA5R7X6nB9GvFF-pqCATYsVHuzi7Qsh-fT_ECbA-3Jg', 3, 215, 225, 0, NULL, NULL, 0, 225, 1, '00:00:00', NULL, 0, 215, 0, 0, 'service', '10', '0.00', 0, 10, '0.00', 'percentage', '2024-01-30', '2024-01-30 05:16:45', '11:16:45', NULL, NULL, 'No', 1, 11, 1, 1, 3, 1, 'Live', 225, 0, '[]', 1, 'z6FAtz3xqDhqtv6', 1, 0, NULL, 'Pending', NULL, 0, NULL, 'Pending', 0, NULL, NULL, '', NULL, NULL, NULL, ''),
(47, '1', 'aKT240130-002', '_R1-AT1_Kasse008_aKT240130-002_2024-01-30T11:27:39_10,00_265,00_0,00__0,00_K3Hvv71N77+9ODjvv73HgeltK6M3CkK4pvy9rDmBMHQ=_2016368628_cjIawlYjzIs=', 'eyJhbGciOiJFUzI1NiJ9.JGp3c19wYXlsb2Fk.qs3xyTs7BZLSBQa9EvEMMZeuJZ-TTCShFWdPU89HQhtla-A9P8tsXjG1cn58SL6uJ54874dM7lZ5s64ZyHXNyQ', 3, 265, 275, 0, NULL, NULL, 0, 275, 1, '00:00:00', NULL, 0, 265, 0, 0, 'service', '10', '', 0, 10, '', 'percentage', '2024-01-30', '2024-01-30 05:26:45', '11:26:45', NULL, NULL, 'No', 1, 11, 1, 1, 3, 1, 'Live', 275, 0, '[]', 1, 'vhSoQRh7zXnzmiD', 1, 0, NULL, 'Pending', NULL, 0, NULL, 'Pending', 0, NULL, NULL, '', NULL, NULL, NULL, ''),
(48, '1', 'aZQ240130-003', '_R1-AT1_Kasse008_aZQ240130-003_2024-01-30T13:21:03_35,00_100,00_0,00__0,00_K3Hvv71N77+9ODjvv73HgeltK6M3CkK4pvy9rDmBMHQ=_2016368628_cjIawlYjzIs=', NULL, 2, 125, 135, 0, NULL, NULL, 0, 135, 1, '00:00:00', NULL, 0, 125, 0, 0, 'service', '10', '', 0, 10, '', 'percentage', '2024-01-30', '2024-01-30 07:14:21', '13:14:21', NULL, NULL, 'Yes', 1, 11, 1, 1, 3, 1, 'Live', 135, 0, '[]', 1, 'aZbYp84XEDNL71H', 1, 0, NULL, 'Pending', NULL, 0, NULL, 'Pending', 0, NULL, NULL, '', NULL, NULL, NULL, ''),
(49, '1', 'aTB240130-004', NULL, NULL, 2, 115, 125, 0, NULL, NULL, 0, 125, 1, '00:00:00', NULL, 0, 115, 0, 0, 'service', '10', '', 0, 10, '', 'percentage', '2024-01-30', '2024-01-30 07:16:37', '13:16:37', NULL, NULL, 'Yes', 1, 11, 1, 1, 3, 1, 'Live', 125, 0, '[]', 1, 'MHEUHi4Vv0Aa8AR', 1, 0, NULL, 'Pending', NULL, 0, NULL, 'Pending', 0, NULL, NULL, '', NULL, NULL, NULL, ''),
(50, '1', 'aEG240130-005', '_R1-AT1_Kasse008_aEG240130-005_2024-01-30T13:26:16_10,00_165,00_0,00__0,00_K3Hvv71N77+9ODjvv73HgeltK6M3CkK4pvy9rDmBMHQ=_1804686127_cjIawlYjzIs=', 'eyJhbGciOiJFUzI1NiJ9.JGp3c19wYXlsb2Fk.C-bJawbN3qdSxx8CyDPkvcynVN4rJ54zSM-feyawJKuUpcXtxZ68VqM0cQYc5MM2hj4kULk1gIPD22nlM4h6Wg', 2, 165, 175, 0, NULL, NULL, 0, 175, 1, '00:00:00', NULL, 0, 165, 0, 0, 'service', '10', '', 0, 10, '', 'percentage', '2024-01-30', '2024-01-30 07:25:48', '13:25:48', NULL, NULL, 'No', 1, 11, 1, 1, 3, 1, 'Live', 175, 0, '[]', 1, 'Cat0HIWm387cgI0', 1, 0, NULL, 'Pending', NULL, 0, NULL, 'Pending', 0, NULL, NULL, '', NULL, NULL, NULL, ''),
(51, '1', 'aSA240131-001', '_R1-AT1_Kasse008_aSA240131-001_2024-01-31T17:34:11_35,00_165,00_0,00__0,00_K3Hvv71N77+9ODjvv73HgeltK6M3CkK4pvy9rDmBMHQ=_1181220054_cjIawlYjzIs=', NULL, 3, 190, 200, 0, NULL, NULL, 0, 200, 1, '00:00:00', NULL, 0, 190, 0, 0, 'service', '10', '', 0, 10, '', 'percentage', '2024-01-31', '2024-01-31 11:06:34', '17:06:34', NULL, NULL, 'Yes', 1, 11, 1, 1, 3, 1, 'Live', 200, 0, '[]', 1, 'wjpQAUE7b5kZNha', 1, 0, NULL, 'Pending', NULL, 0, NULL, 'Pending', 0, NULL, NULL, '', NULL, NULL, NULL, ''),
(52, '1', 'aWE240131-002', '_R1-AT1_Kasse008_aWE240131-002_2024-01-31T17:34:12_10,00_165,00_0,00__0,00_K3Hvv71N77+9ODjvv73HgeltK6M3CkK4pvy9rDmBMHQ=_1181220054_cjIawlYjzIs=', NULL, 2, 165, 175, 0, NULL, NULL, 0, 175, 1, '00:00:00', NULL, 0, 165, 0, 0, 'service', '10', '', 0, 10, '', 'percentage', '2024-01-31', '2024-01-31 11:31:11', '17:31:11', NULL, NULL, 'Yes', 1, 11, 1, 1, 3, 1, 'Live', 175, 0, '[]', 1, 'wKNHX49Rg5f4R4g', 1, 0, NULL, 'Pending', NULL, 0, NULL, 'Pending', 0, NULL, NULL, '', NULL, NULL, NULL, ''),
(53, '1', 'aWE240131-006', NULL, NULL, 2, 100, 110, 0, NULL, NULL, 0, 110, 1, '00:00:00', NULL, 0, 100, 0, 0, 'service', '10', '', 0, 10, '', 'percentage', '2024-01-31', '2024-01-31 11:36:42', '17:36:42', NULL, NULL, 'No', 1, 11, 1, 1, 3, 1, 'Live', 110, 0, '[]', 1, 'rfgIXBTp5q0gKQ1', 1, 0, NULL, 'Pending', NULL, 0, NULL, 'Pending', 0, NULL, NULL, '', NULL, NULL, NULL, ''),
(54, '1', 'aSJ240201-003', NULL, NULL, 3, 190, 200, 0, NULL, NULL, 0, 200, 1, '00:00:00', NULL, 0, 190, 0, 0, 'service', '10', '', 0, 10, '', 'percentage', '2024-02-01', '2024-02-01 02:52:20', '08:52:20', NULL, NULL, 'Yes', 1, 11, 1, 1, 3, 1, 'Live', 200, 0, '[]', 1, 'DzCtCY5U1UFiOop', 1, 0, NULL, 'Pending', NULL, 0, NULL, 'Pending', 0, NULL, NULL, '', NULL, NULL, NULL, ''),
(55, '1', 'aSJ240201-002', NULL, NULL, 1, 40, 50, 0, NULL, NULL, 0, 50, 1, '00:00:00', NULL, 0, 40, 0, 0, 'service', '10', '', 0, 10, '', 'percentage', '2024-02-01', '2024-02-01 02:52:10', '08:52:10', NULL, NULL, 'No', 1, 11, 1, 1, 3, 1, 'Live', 50, 0, '[]', 1, 'rknEdPdVnyyFJgT', 1, 0, NULL, 'Pending', NULL, 0, NULL, 'Pending', 0, NULL, NULL, '', NULL, NULL, NULL, ''),
(56, '1', 'aSJ240201-001', NULL, NULL, 2, 190, 200, 0, NULL, NULL, 0, 200, 1, '00:00:00', NULL, 0, 190, 0, 0, 'service', '10', '', 0, 10, '', 'percentage', '2024-02-01', '2024-02-01 02:52:06', '08:52:06', NULL, NULL, 'Yes', 1, 11, 1, 1, 3, 1, 'Live', 200, 0, '[]', 1, 'L3AAgc8FleTbS6F', 1, 0, NULL, 'Pending', NULL, 0, NULL, 'Pending', 0, NULL, NULL, '', NULL, NULL, NULL, ''),
(57, '1', 'aWE240131-005', NULL, NULL, 2, 125, 135, 0, NULL, NULL, 0, 135, 1, '00:00:00', NULL, 0, 125, 0, 0, 'service', '10', '', 0, 10, '', 'percentage', '2024-01-31', '2024-01-31 11:36:32', '17:36:32', NULL, NULL, 'Yes', 1, 11, 1, 1, 3, 1, 'Live', 135, 0, '[]', 1, '0ztbUZeLEYKuri3', 1, 0, NULL, 'Pending', NULL, 0, NULL, 'Pending', 0, NULL, NULL, '', NULL, NULL, NULL, ''),
(58, '1', 'aWE240131-003', NULL, NULL, 3, 245, 255, 0, NULL, NULL, 0, 255, 1, '00:00:00', NULL, 0, 245, 0, 0, 'service', '10', '', 0, 10, '', 'percentage', '2024-01-31', '2024-01-31 11:36:20', '17:36:20', NULL, NULL, 'Yes', 1, 11, 1, 1, 3, 1, 'Live', 255, 0, '[]', 1, 'GSeNKGakIrSG5tt', 1, 0, NULL, 'Pending', NULL, 0, NULL, 'Pending', 0, NULL, NULL, '', NULL, NULL, NULL, ''),
(59, '1', 'aPW240201-004', NULL, NULL, 2, 190, 200, 0, NULL, NULL, 0, 200, 1, '00:00:00', NULL, 0, 190, 0, 0, 'service', '10', '', 0, 10, '', 'percentage', '2024-02-01', '2024-02-01 03:28:27', '09:28:27', NULL, NULL, 'No', 1, 11, 1, 1, 3, 1, 'Live', 200, 0, '[]', 1, 'GxhFZC0BZtxZFQE', 1, 0, NULL, 'Pending', NULL, 0, NULL, 'Pending', 0, NULL, NULL, '', NULL, NULL, NULL, ''),
(60, '1', 'aGG240201-006', NULL, NULL, 2, 170, 180, 0, NULL, NULL, 0, 180, 1, '00:00:00', NULL, 0, 170, 0, 0, 'service', '10', '', 0, 10, '', 'percentage', '2024-02-01', '2024-02-01 03:32:03', '09:32:03', NULL, NULL, 'Yes', 1, 11, 1, 1, 3, 1, 'Live', 180, 0, '[]', 1, 'cGxgQL3dCpQ2N60', 1, 0, NULL, 'Pending', NULL, 0, NULL, 'Pending', 0, NULL, NULL, '', NULL, NULL, NULL, ''),
(61, '1', 'aPW240201-005', NULL, NULL, 2, 165, 175, 0, NULL, NULL, 0, 175, 1, '00:00:00', NULL, 0, 165, 0, 0, 'service', '10', '', 0, 10, '', 'percentage', '2024-02-01', '2024-02-01 03:28:31', '09:28:31', NULL, NULL, 'Yes', 1, 11, 1, 1, 3, 1, 'Live', 175, 0, '[]', 1, 'KVSNYuGlDesKfZo', 1, 0, NULL, 'Pending', NULL, 0, NULL, 'Pending', 0, NULL, NULL, '', NULL, NULL, NULL, ''),
(62, '1', 'aNF240201-008', NULL, NULL, 2, 170, 180, 0, NULL, NULL, 0, 180, 1, '00:00:00', NULL, 0, 170, 0, 0, 'service', '10', '', 0, 10, '', 'percentage', '2024-02-01', '2024-02-01 03:34:18', '09:34:18', NULL, NULL, 'No', 1, 11, 1, 1, 3, 1, 'Live', 180, 0, '[]', 1, 'rXBPVIO5Rn1s5Tq', 1, 0, NULL, 'Pending', NULL, 0, NULL, 'Pending', 0, NULL, NULL, '', NULL, NULL, NULL, ''),
(63, '1', 'aGG240201-007', NULL, NULL, 2, 115, 125, 0, NULL, NULL, 0, 125, 1, '00:00:00', NULL, 0, 115, 0, 0, 'service', '10', '', 0, 10, '', 'percentage', '2024-02-01', '2024-02-01 03:32:12', '09:32:12', NULL, NULL, 'No', 1, 11, 1, 1, 3, 1, 'Live', 125, 0, '[]', 1, 'hB90QkteOalv0sA', 1, 0, NULL, 'Pending', NULL, 0, NULL, 'Pending', 0, NULL, NULL, '', NULL, NULL, NULL, ''),
(64, '1', 'aVY240201-010', NULL, NULL, 2, 190, 200, 0, NULL, NULL, 0, 200, 1, '00:00:00', NULL, 0, 190, 0, 0, 'service', '10', '', 0, 10, '', 'percentage', '2024-02-01', '2024-02-01 03:37:19', '09:37:19', NULL, NULL, 'Yes', 1, 11, 1, 1, 3, 1, 'Live', 200, 0, '[]', 1, '9RckfbiIQ16CazU', 1, 0, NULL, 'Pending', NULL, 0, NULL, 'Pending', 0, NULL, NULL, '', NULL, NULL, NULL, ''),
(65, '1', 'aOB240201-011', NULL, NULL, 2, 180, 190, 0, NULL, NULL, 0, 190, 1, '00:00:00', NULL, 0, 180, 0, 0, 'service', '10', '', 0, 10, '', 'percentage', '2024-02-01', '2024-02-01 03:38:43', '09:38:43', NULL, NULL, 'No', 1, 11, 1, 1, 3, 1, 'Live', 190, 0, '[]', 1, 'acNLhLlnLiWBR85', 1, 0, NULL, 'Pending', NULL, 0, NULL, 'Pending', 0, NULL, NULL, '', NULL, NULL, NULL, ''),
(66, '1', 'aSM240201-009', NULL, NULL, 2, 115, 125, 0, NULL, NULL, 0, 125, 1, '00:00:00', NULL, 0, 115, 0, 0, 'service', '10', '', 0, 10, '', 'percentage', '2024-02-01', '2024-02-01 03:36:03', '09:36:03', NULL, NULL, 'Yes', 1, 11, 1, 1, 3, 1, 'Live', 125, 0, '[]', 1, 'ZoBzvIReZge2r99', 1, 0, NULL, 'Pending', NULL, 0, NULL, 'Pending', 0, NULL, NULL, '', NULL, NULL, NULL, ''),
(67, '1', 'aHX240201-013', NULL, NULL, 2, 140, 150, 0, NULL, NULL, 0, 150, 1, '00:00:00', NULL, 0, 140, 0, 0, 'service', '10', '', 0, 10, '', 'percentage', '2024-02-01', '2024-02-01 03:42:30', '09:42:30', NULL, NULL, 'No', 1, 11, 1, 1, 3, 1, 'Live', 150, 0, '[]', 1, 'Na2wkkwfmJVy3xi', 1, 0, NULL, 'Pending', NULL, 0, NULL, 'Pending', 0, NULL, NULL, '', NULL, NULL, NULL, ''),
(68, '1', 'aSW240201-014', NULL, NULL, 2, 165, 175, 0, NULL, NULL, 0, 175, 1, '00:00:00', NULL, 0, 165, 0, 0, 'service', '10', '', 0, 10, '', 'percentage', '2024-02-01', '2024-02-01 03:51:45', '09:51:45', NULL, NULL, 'No', 1, 11, 1, 1, 3, 1, 'Live', 175, 0, '[]', 1, 'rOWKZEo3yugQzx6', 1, 0, NULL, 'Pending', NULL, 0, NULL, 'Pending', 0, NULL, NULL, '', NULL, NULL, NULL, ''),
(69, '1', 'aIX240201-015', NULL, NULL, 2, 115, 125, 0, NULL, NULL, 0, 125, 1, '00:00:00', NULL, 0, 115, 0, 0, 'service', '10', '', 0, 10, '', 'percentage', '2024-02-01', '2024-02-01 03:52:38', '09:52:38', NULL, NULL, 'No', 1, 11, 1, 1, 3, 1, 'Live', 125, 0, '[]', 1, 'MbhppKRzkT87wKs', 1, 0, NULL, 'Pending', NULL, 0, NULL, 'Pending', 0, NULL, NULL, '', NULL, NULL, NULL, ''),
(70, '1', 'aHX240201-012', NULL, NULL, 2, 100, 110, 0, NULL, NULL, 0, 110, 1, '00:00:00', NULL, 0, 100, 0, 0, 'service', '10', '', 0, 10, '', 'percentage', '2024-02-01', '2024-02-01 03:42:25', '09:42:25', NULL, NULL, 'No', 1, 11, 1, 1, 3, 1, 'Live', 110, 0, '[]', 1, 'VUGmUBJljPP0ghv', 1, 0, NULL, 'Pending', NULL, 0, NULL, 'Pending', 0, NULL, NULL, '', NULL, NULL, NULL, ''),
(71, '1', 'aPU240201-016', NULL, NULL, 2, 115, 125, 0, NULL, NULL, 0, 125, 1, '00:00:00', NULL, 0, 115, 0, 0, 'service', '10', '', 0, 10, '', 'percentage', '2024-02-01', '2024-02-01 03:56:48', '09:56:48', NULL, NULL, 'No', 1, 11, 1, 1, 3, 1, 'Live', 125, 0, '[]', 1, 'F19WBtDJppsUKsd', 1, 0, NULL, 'Pending', NULL, 0, NULL, 'Pending', 0, NULL, NULL, '', NULL, NULL, NULL, ''),
(72, '1', 'aKZ240201-017', NULL, NULL, 3, 195, 205, 0, NULL, NULL, 0, 205, 1, '00:00:00', NULL, 0, 195, 0, 0, 'service', '10', '', 0, 10, '', 'percentage', '2024-02-01', '2024-02-01 04:01:10', '10:01:10', NULL, NULL, 'Yes', 1, 11, 1, 1, 3, 1, 'Live', 205, 0, '[]', 1, 'E9uoEswpWVg0ZQs', 1, 0, NULL, 'Pending', NULL, 0, NULL, 'Pending', 0, NULL, NULL, '', NULL, NULL, NULL, ''),
(73, '1', 'aKZ240201-018', NULL, NULL, 3, 155, 165, 0, NULL, NULL, 0, 165, 1, '00:00:00', NULL, 0, 155, 0, 0, 'service', '10', '', 0, 10, '', 'percentage', '2024-02-01', '2024-02-01 04:12:08', '10:12:08', NULL, NULL, 'No', 1, 11, 1, 1, 3, 1, 'Live', 165, 0, '[]', 1, 'jCVgGHGw25OTmhA', 1, 0, NULL, 'Pending', NULL, 0, NULL, 'Pending', 0, NULL, NULL, '', NULL, NULL, NULL, ''),
(74, '1', 'aRG240201-019', NULL, NULL, 4, 290, 300, 0, NULL, NULL, 0, 300, 1, '00:00:00', NULL, 0, 290, 0, 0, 'service', '10', '', 0, 10, '', 'percentage', '2024-02-01', '2024-02-01 04:12:49', '10:12:49', NULL, NULL, 'No', 1, 11, 1, 1, 3, 1, 'Live', 300, 0, '[]', 1, 'ylak1d80icwCwVq', 1, 0, NULL, 'Pending', NULL, 0, NULL, 'Pending', 0, NULL, NULL, '', NULL, NULL, NULL, ''),
(75, '1', 'aAF240201-020', NULL, NULL, 5, 325, 335, 0, NULL, NULL, 0, 335, 1, '00:00:00', NULL, 0, 325, 0, 0, 'service', '10', '', 0, 10, '', 'percentage', '2024-02-01', '2024-02-01 04:14:10', '10:14:10', NULL, NULL, 'No', 1, 11, 1, 1, 3, 1, 'Live', 335, 0, '[]', 1, '9CjaEMOJmks4Nh1', 1, 0, NULL, 'Pending', NULL, 0, NULL, 'Pending', 0, NULL, NULL, '', NULL, NULL, NULL, ''),
(76, '1', 'aBE240201-023', NULL, NULL, 4, 285, 295, 0, NULL, NULL, 0, 295, 1, '00:00:00', NULL, 0, 285, 0, 0, 'service', '10', '', 0, 10, '', 'percentage', '2024-02-01', '2024-02-01 04:19:55', '10:19:55', NULL, NULL, 'No', 1, 11, 1, 1, 3, 1, 'Live', 295, 0, '[]', 1, 'aidgIpwCnoltDsx', 1, 0, NULL, 'Pending', NULL, 0, NULL, 'Pending', 0, NULL, NULL, '', NULL, NULL, NULL, ''),
(77, '1', 'aKB240201-024', NULL, NULL, 3, 200, 210, 0, NULL, NULL, 0, 210, 1, '00:00:00', NULL, 0, 200, 0, 0, 'service', '10', '', 0, 10, '', 'percentage', '2024-02-01', '2024-02-01 04:23:22', '10:23:22', NULL, NULL, 'Yes', 1, 11, 1, 1, 3, 1, 'Live', 210, 0, '[]', 1, '1QyQk82DFdJ6hQs', 1, 0, NULL, 'Pending', NULL, 0, NULL, 'Pending', 0, NULL, NULL, '', NULL, NULL, NULL, ''),
(78, '1', 'aGD240201-025', NULL, NULL, 4, 295, 305, 0, NULL, NULL, 0, 305, 1, '00:00:00', NULL, 0, 295, 0, 0, 'service', '10', '', 0, 10, '', 'percentage', '2024-02-01', '2024-02-01 04:26:54', '10:26:54', NULL, NULL, 'Yes', 1, 11, 1, 1, 3, 1, 'Live', 305, 0, '[]', 1, 'zE7LT7niTCyqjOw', 1, 0, NULL, 'Pending', NULL, 0, NULL, 'Pending', 0, NULL, NULL, '', NULL, NULL, NULL, ''),
(79, '1', 'aGD240201-026', NULL, NULL, 3, 215, 225, 0, NULL, NULL, 0, 225, 1, '00:00:00', NULL, 0, 215, 0, 0, 'service', '10', '', 0, 10, '', 'percentage', '2024-02-01', '2024-02-01 04:37:50', '10:37:50', NULL, NULL, 'No', 1, 11, 1, 1, 3, 1, 'Live', 225, 0, '[]', 1, 'ynjdrIUYLHytEvo', 1, 0, NULL, 'Pending', NULL, 0, NULL, 'Pending', 0, NULL, NULL, '', NULL, NULL, NULL, ''),
(80, '1', 'aEQ240201-027', NULL, NULL, 3, 190, 200, 0, NULL, NULL, 0, 200, 1, '00:00:00', NULL, 0, 190, 0, 0, 'service', '10', '', 0, 10, '', 'percentage', '2024-02-01', '2024-02-01 04:38:47', '10:38:47', NULL, NULL, 'Yes', 1, 11, 1, 1, 3, 1, 'Live', 200, 0, '[]', 1, '7CtZNhx0arqnZnE', 1, 0, NULL, 'Pending', NULL, 0, NULL, 'Pending', 0, NULL, NULL, '', NULL, NULL, NULL, ''),
(81, '1', 'aVV240201-028', NULL, NULL, 2, 115, 125, 0, NULL, NULL, 0, 125, 1, '00:00:00', NULL, 0, 115, 0, 0, 'service', '10', '', 0, 10, '', 'percentage', '2024-02-01', '2024-02-01 05:32:22', '11:32:22', NULL, NULL, 'No', 1, 11, 1, 1, 3, 1, 'Live', 125, 0, '[]', 1, '2igKliaYtyFDdVZ', 1, 0, NULL, 'Pending', NULL, 0, NULL, 'Pending', 0, NULL, NULL, '', NULL, NULL, NULL, ''),
(82, '1', 'aXD240201-029', NULL, NULL, 2, 115, 125, 0, NULL, NULL, 0, 125, 1, '00:00:00', NULL, 0, 115, 0, 0, 'service', '10', '', 0, 10, '', 'percentage', '2024-02-01', '2024-02-01 05:57:31', '11:57:31', NULL, NULL, 'No', 1, 11, 1, 1, 3, 1, 'Live', 125, 0, '[]', 1, 'ETijkF4riLrvZ7j', 1, 0, NULL, 'Pending', NULL, 0, NULL, 'Pending', 0, NULL, NULL, '', NULL, NULL, NULL, ''),
(83, '1', 'aBE240201-022', NULL, NULL, 3, 190, 200, 0, NULL, NULL, 0, 200, 1, '00:00:00', NULL, 0, 190, 0, 0, 'service', '10', '', 0, 10, '', 'percentage', '2024-02-01', '2024-02-01 04:19:43', '10:19:43', NULL, NULL, 'No', 1, 11, 1, 1, 3, 1, 'Live', 200, 0, '[]', 1, 'NvRkUOFhrS8mcpF', 1, 0, NULL, 'Pending', NULL, 0, NULL, 'Pending', 0, NULL, NULL, '', NULL, NULL, NULL, ''),
(84, '1', 'aOU240201-030', NULL, NULL, 3, 190, 200, 0, NULL, NULL, 0, 200, 1, '00:00:00', NULL, 0, 190, 0, 0, 'service', '10', '', 0, 10, '', 'percentage', '2024-02-01', '2024-02-01 06:00:15', '12:00:15', NULL, NULL, 'Yes', 1, 11, 1, 1, 3, 1, 'Live', 200, 0, '[]', 1, 'kKi3mWDKkewZnAA', 1, 0, NULL, 'Pending', NULL, 0, NULL, 'Pending', 0, NULL, NULL, '', NULL, NULL, NULL, ''),
(85, '1', 'aOU240201-031', NULL, NULL, 3, 205, 215, 0, NULL, NULL, 0, 215, 1, '00:00:00', NULL, 0, 205, 0, 0, 'service', '10', '', 0, 10, '', 'percentage', '2024-02-01', '2024-02-01 06:01:47', '12:01:47', NULL, NULL, 'No', 1, 11, 1, 1, 3, 1, 'Live', 215, 0, '[]', 1, 'KYBuvcNNigFjq8t', 1, 0, NULL, 'Pending', NULL, 0, NULL, 'Pending', 0, NULL, NULL, '', NULL, NULL, NULL, ''),
(86, '1', 'aBE240201-021', NULL, NULL, 2, 115, 125, 0, NULL, NULL, 0, 125, 1, '00:00:00', NULL, 0, 115, 0, 0, 'service', '10', '', 0, 10, '', 'percentage', '2024-02-01', '2024-02-01 04:19:25', '10:19:25', NULL, NULL, 'No', 1, 11, 1, 1, 3, 1, 'Live', 125, 0, '[]', 1, 'KZFRTKYFsaJJpJQ', 1, 0, NULL, 'Pending', NULL, 0, NULL, 'Pending', 0, NULL, NULL, '', NULL, NULL, NULL, ''),
(87, '1', 'aQC240201-032', NULL, NULL, 4, 290, 300, 0, NULL, NULL, 0, 300, 1, '00:00:00', NULL, 0, 290, 0, 0, 'service', '10', '', 0, 10, '', 'percentage', '2024-02-01', '2024-02-01 08:44:15', '14:44:15', NULL, NULL, 'No', 1, 11, 1, 1, 3, 1, 'Live', 300, 0, '[]', 1, '4LHsv7AZpHlS88j', 1, 0, NULL, 'Pending', NULL, 0, NULL, 'Pending', 0, NULL, NULL, '', NULL, NULL, NULL, ''),
(88, '1', 'aQC240201-033', '_R1-AT1_Kasse008_aQC240201-033_2024-02-03T10:16:58_35,00_180,00_0,00__0,00__1181220054_cjIawlYjzIs=', NULL, 3, 205, 215, 0, NULL, NULL, 0, 215, 1, '00:00:00', NULL, 0, 205, 0, 0, 'service', '10', '', 0, 10, '', 'percentage', '2024-02-01', '2024-02-01 09:53:19', '15:53:19', NULL, NULL, 'Yes', 1, 11, 1, 1, 3, 1, 'Live', 215, 0, '[]', 1, '75bxHkKlMmQRz9A', 1, 0, NULL, 'Pending', NULL, 0, NULL, 'Pending', 0, NULL, NULL, '', NULL, NULL, NULL, ''),
(89, '1', 'aDM240201-034', NULL, NULL, 2, 100, 110, 0, NULL, NULL, 0, 110, 1, '00:00:00', NULL, 0, 100, 0, 0, 'service', '10', '', 0, 10, '', 'percentage', '2024-02-01', '2024-02-01 09:57:09', '15:57:09', NULL, NULL, 'No', 1, 11, 1, 1, 3, 1, 'Live', 110, 0, '[]', 1, 'S5xdIp9IQOxBvN1', 1, 0, NULL, 'Pending', NULL, 0, NULL, 'Pending', 0, NULL, NULL, '', NULL, NULL, NULL, ''),
(90, '1', 'aWE240131-004', NULL, NULL, 2, 100, 110, 0, NULL, NULL, 0, 110, 1, '00:00:00', NULL, 0, 100, 0, 0, 'service', '10', '', 0, 10, '', 'percentage', '2024-01-31', '2024-01-31 11:36:28', '17:36:28', NULL, NULL, 'No', 1, 11, 1, 1, 3, 1, 'Live', 110, 0, '[]', 1, 'urInkIkEPRlGFxe', 1, 0, NULL, 'Pending', NULL, 0, NULL, 'Pending', 0, NULL, NULL, '', NULL, NULL, NULL, ''),
(91, '1', 'aVS240201-035', '_R1-AT1_Kasse008_aVS240201-035_2024-02-03T10:17:00_35,00_180,00_0,00__0,00__1181220054_cjIawlYjzIs=', NULL, 3, 205, 215, 0, NULL, NULL, 0, 215, 1, '00:00:00', NULL, 0, 205, 0, 0, 'service', '10', '', 0, 10, '', 'percentage', '2024-02-01', '2024-02-01 11:06:41', '17:06:41', NULL, NULL, 'Yes', 1, 11, 1, 1, 3, 1, 'Live', 215, 0, '[]', 1, 'Dk1703mecLRhuLV', 1, 0, NULL, 'Pending', NULL, 0, NULL, 'Pending', 0, NULL, NULL, '', NULL, NULL, NULL, ''),
(92, '1', 'aLS240203-004', NULL, NULL, 1, 90, 100, 0, NULL, NULL, 0, 100, 1, '00:00:00', NULL, 0, 90, 0, 0, 'service', '10', '', 0, 10, '', 'percentage', '2024-02-03', '2024-02-03 04:44:41', '10:44:41', NULL, NULL, 'No', 1, 11, 1, 1, 3, 1, 'Live', 100, 0, '[]', 1, 'CA8SeZuVwJYEer1', 1, 0, NULL, 'Pending', NULL, 0, NULL, 'Pending', 0, NULL, NULL, '', NULL, NULL, NULL, ''),
(93, '1', 'aLS240203-006', NULL, NULL, 2, 145, 155, 0, NULL, NULL, 0, 155, 1, '00:00:00', NULL, 0, 145, 0, 0, 'service', '10', '', 0, 10, '', 'percentage', '2024-02-03', '2024-02-03 04:45:00', '10:45:00', NULL, NULL, 'No', 1, 11, 1, 1, 3, 1, 'Live', 155, 0, '[]', 1, 'KofQ2IAAvbQofk3', 1, 0, NULL, 'Pending', NULL, 0, NULL, 'Pending', 0, NULL, NULL, '', NULL, NULL, NULL, ''),
(94, '1', 'aLS240203-005', NULL, NULL, 1, 75, 85, 0, NULL, NULL, 0, 85, 1, '00:00:00', NULL, 0, 75, 0, 0, 'service', '10', '', 0, 10, '', 'percentage', '2024-02-03', '2024-02-03 04:44:51', '10:44:51', NULL, NULL, 'No', 1, 11, 1, 1, 3, 1, 'Live', 85, 0, '[]', 1, 'Dm7O9y9z0RjL2SK', 1, 0, NULL, 'Pending', NULL, 0, NULL, 'Pending', 0, NULL, NULL, '', NULL, NULL, NULL, ''),
(95, '1', 'aLN240203-007', NULL, NULL, 1, 25, 35, 0, NULL, NULL, 0, 35, 1, '00:00:00', NULL, 0, 25, 0, 0, 'service', '10', '', 0, 10, '', 'percentage', '2024-02-03', '2024-02-03 04:50:17', '10:50:17', NULL, NULL, 'No', 1, 11, 1, 1, 3, 1, 'Live', 35, 0, '[]', 1, 'QuDZSLnV4pmKIyp', 1, 0, NULL, 'Pending', NULL, 0, NULL, 'Pending', 0, NULL, NULL, '', NULL, NULL, NULL, ''),
(96, '1', 'aUM240203-008', NULL, NULL, 2, 115, 125, 0, NULL, NULL, 0, 125, 1, '00:00:00', NULL, 0, 115, 0, 0, 'service', '10', '', 0, 10, '', 'percentage', '2024-02-03', '2024-02-03 04:52:39', '10:52:39', NULL, NULL, 'No', 1, 11, 1, 1, 3, 1, 'Live', 125, 0, '[]', 1, 'c2fJfmNedwo1Gsb', 1, 0, NULL, 'Pending', NULL, 0, NULL, 'Pending', 0, NULL, NULL, '', NULL, NULL, NULL, ''),
(97, '1', 'aOB240203-009', NULL, NULL, 2, 115, 125, 0, NULL, NULL, 0, 125, 1, '00:00:00', NULL, 0, 115, 0, 0, 'service', '10', '', 0, 10, '', 'percentage', '2024-02-03', '2024-02-03 04:53:22', '10:53:22', NULL, NULL, 'Yes', 1, 11, 1, 1, 3, 1, 'Live', 125, 0, '[]', 1, '8LnAJ5dDSMcugal', 1, 0, NULL, 'Pending', NULL, 0, NULL, 'Pending', 0, NULL, NULL, '', NULL, NULL, NULL, ''),
(98, '1', 'aLS240203-003', NULL, NULL, 2, 180, 190, 0, NULL, NULL, 0, 190, 1, '00:00:00', NULL, 0, 180, 0, 0, 'service', '10', '', 0, 10, '', 'percentage', '2024-02-03', '2024-02-03 04:43:36', '10:43:36', NULL, NULL, 'No', 1, 11, 1, 1, 3, 1, 'Live', 190, 0, '[]', 1, 'f6NldC2uOgX2ZcH', 1, 0, NULL, 'Pending', NULL, 0, NULL, 'Pending', 0, NULL, NULL, '', NULL, NULL, NULL, ''),
(99, '1', 'aMT240203-010', NULL, NULL, 3, 205, 215, 0, NULL, NULL, 0, 215, 1, '00:00:00', NULL, 0, 205, 0, 0, 'service', '10', '', 0, 10, '', 'percentage', '2024-02-03', '2024-02-03 05:04:11', '11:04:11', NULL, NULL, 'No', 1, 11, 1, 1, 3, 1, 'Live', 215, 0, '[]', 1, 'aO8ZMj904gALlnA', 1, 0, NULL, 'Pending', NULL, 0, NULL, 'Pending', 0, NULL, NULL, '', NULL, NULL, NULL, ''),
(100, '1', 'aVF240203-011', NULL, NULL, 2, 115, 125, 0, NULL, NULL, 0, 125, 1, '00:00:00', NULL, 0, 115, 0, 0, 'service', '10', '', 0, 10, '', 'percentage', '2024-02-03', '2024-02-03 05:06:42', '11:06:42', NULL, NULL, 'No', 1, 11, 1, 1, 3, 1, 'Live', 125, 0, '[]', 1, 'HDULeYKACQOrgPa', 1, 0, NULL, 'Pending', NULL, 0, NULL, 'Pending', 0, NULL, NULL, '', NULL, NULL, NULL, ''),
(101, '1', 'aWH240203-012', NULL, NULL, 3, 215, 225, 0, NULL, NULL, 0, 225, 1, '00:00:00', NULL, 0, 215, 0, 0, 'service', '10', '', 0, 10, '', 'percentage', '2024-02-03', '2024-02-03 05:07:18', '11:07:18', NULL, NULL, 'No', 1, 11, 1, 1, 3, 1, 'Live', 225, 0, '[]', 1, 'nkGaVUS8pexLCCP', 1, 0, NULL, 'Pending', NULL, 0, NULL, 'Pending', 0, NULL, NULL, '', NULL, NULL, NULL, ''),
(102, '1', 'aLS240203-002', '_R1-AT1_Kasse008_aLS240203-002_2024-02-08T08:18:03_35,00_75,00_0,00__0,00__783616234_cjIawlYjzIs=', 'eyJhbGciOiJFUzI1NiJ9.JGp3c19wYXlsb2Fk.edprcdO5J6lD1RiBebMoJsG0Jz1Oe86snKJFRPJLzOvHg1U2l-I30On-EFIk8b3tmvb2jOxZXGzidUKYaZHFeQ', 2, 100, 110, 0, NULL, NULL, 0, 110, 1, '00:00:00', NULL, 0, 100, 0, 0, 'service', '10', '', 0, 10, '', 'percentage', '2024-02-03', '2024-02-03 04:43:31', '10:43:31', NULL, NULL, 'No', 1, 11, 1, 1, 3, 1, 'Live', 110, 0, '[]', 1, 'bOBY1bAHqZIc4sj', 1, 0, NULL, 'Pending', NULL, 0, NULL, 'Pending', 0, NULL, NULL, '', NULL, NULL, NULL, ''),
(103, '1', 'aLS240203-001', '_R1-AT1_Kasse008_aLS240203-001_2024-02-08T08:27:06_35,00_100,00_0,00__0,00__2140182457_cjIawlYjzIs=', 'eyJhbGciOiJFUzI1NiJ9.JGp3c19wYXlsb2Fk.L4kSwVJdh9iIQq1HxmC6lNg-QCvSiteeebhRQxXUH2ktQ9LicRobG5qr5Qv4a0oDgsv5-0OCGooxaBQLQfKwSg', 2, 125, 135, 0, NULL, NULL, 0, 135, 1, '00:00:00', NULL, 0, 125, 0, 0, 'service', '10', '', 0, 10, '', 'percentage', '2024-02-03', '2024-02-03 04:43:18', '10:43:18', NULL, NULL, 'Yes', 1, 11, 1, 1, 3, 1, 'Live', 135, 0, '[]', 1, 'Vpk2r1cKwVHG86f', 1, 0, NULL, 'Pending', NULL, 0, NULL, 'Pending', 0, NULL, NULL, '', NULL, NULL, NULL, ''),
(104, '1', 'aVF240201-036', '_R1-AT1_Kasse008_aVF240201-036_2024-02-08T08:28:16_35,00_280,00_0,00__0,00__2140182457_cjIawlYjzIs=', 'eyJhbGciOiJFUzI1NiJ9.JGp3c19wYXlsb2Fk.IwpwGN8oeMOZmg13IXkv8jHcpiOuMjOfIlK8zh_n40yg4-Md4xlWKP_6RFKonQfOJTliIRkE-4snQPJDe8czPw', 4, 305, 315, 0, NULL, NULL, 0, 315, 1, '00:00:00', NULL, 0, 305, 0, 0, 'service', '10', '', 0, 10, '', 'percentage', '2024-02-01', '2024-02-01 11:16:45', '17:16:45', NULL, NULL, 'Yes', 1, 11, 1, 1, 3, 1, 'Live', 315, 0, '[]', 1, 'LYyYairp0cYdtCV', 1, 0, NULL, 'Pending', NULL, 0, NULL, 'Pending', 0, NULL, NULL, '', NULL, NULL, NULL, ''),
(105, '1', 'aZP240228-001', '_R1-AT1_Kasse008_aZP240228-001_2024-02-28T11:23:55_35,00_90,00_0,00__0,00__2140182457_cjIawlYjzIs=', 'eyJhbGciOiJFUzI1NiJ9.JGp3c19wYXlsb2Fk.WigFD4Qtdy-io_lW-YZKHpf_TepzJeYp9CGQitVG1gDqn_5H5HdE3znxvoFzgDgxtz0Q7Mix16cnvnGlqGUb2g', 2, 115, 125, 0, NULL, NULL, 0, 125, 1, '00:00:00', NULL, 0, 115, 0, 0, 'service', '10', '', 0, 10, '', 'percentage', '2024-02-28', '2024-02-28 05:23:20', '11:23:20', NULL, NULL, 'No', 1, 11, 1, 1, 3, 1, 'Live', 125, 0, '[]', 1, 'zL44FrIR4DgGKIB', 1, 0, NULL, 'Pending', NULL, 0, NULL, 'Pending', 0, NULL, NULL, 'D1', NULL, NULL, NULL, ''),
(106, '1', 'aEC240228-004', '_R1-AT1_Kasse008_aEC240228-004_2024-02-28T11:32:19_35,00_90,00_0,00__0,00__2140182457_cjIawlYjzIs=', 'eyJhbGciOiJFUzI1NiJ9.JGp3c19wYXlsb2Fk.PDQMICmBwfMhbUPmUS4koYJzcQmdIERCFoCdN58y2t2Yv53M6gihPBh4TMYPmmIfCoE4VZ83tKuWNsD4ALg-tw', 2, 115, 125, 0, NULL, NULL, 0, 125, 1, '00:00:00', NULL, 0, 115, 0, 0, 'service', '10', '', 0, 10, '', 'percentage', '2024-02-28', '2024-02-28 05:28:00', '11:28:00', NULL, NULL, 'No', 1, 11, 1, 1, 3, 1, 'Live', 125, 0, '[]', 1, '7cl8TqpiHVLyrIK', 1, 0, NULL, 'Pending', NULL, 0, NULL, 'Pending', 0, NULL, NULL, 'D1', NULL, NULL, NULL, ''),
(107, '1', 'aEC240228-002', '_R1-AT1_Kasse008_aEC240228-002_2024-02-28T11:32:45_35,00__0,00__0,00__2140182457_cjIawlYjzIs=', 'eyJhbGciOiJFUzI1NiJ9.JGp3c19wYXlsb2Fk.XaRONCkkOuNpQlFjyzta8Eql399jju63uq8KLm4JTgkokI5e75eXfvilft4mvE8bXx3g_qBW_zfHlMl0GJBAJg', 1, 25, 35, 0, NULL, NULL, 0, 35, 1, '00:00:00', NULL, 0, 25, 0, 0, 'service', '10', '', 0, 10, '', 'percentage', '2024-02-28', '2024-02-28 05:25:20', '11:25:20', NULL, NULL, 'Yes', 1, 11, 1, 1, 3, 1, 'Live', 35, 0, '[]', 1, 'Eu6e5OVvFROQWRu', 1, 0, NULL, 'Pending', NULL, 0, NULL, 'Pending', 0, NULL, NULL, '', NULL, NULL, NULL, ''),
(108, '1', 'aOZ240228-003', '_R1-AT1_Kasse008_aOZ240228-003_2024-02-28T11:32:52_35,00_90,00_0,00__0,00__2140182457_cjIawlYjzIs=', 'eyJhbGciOiJFUzI1NiJ9.JGp3c19wYXlsb2Fk.I0BLlHY1NFH4PSGoZ4QhkFoEgr1X2LBzRg9q64XBb5wlo_kB8crhv6VY3FGg0IKOzm1JrkTE1OSxb-ShF4gYhw', 2, 115, 125, 0, NULL, NULL, 0, 125, 1, '00:00:00', NULL, 0, 115, 0, 0, 'service', '10', '', 0, 10, '', 'percentage', '2024-02-28', '2024-02-28 05:27:31', '11:27:31', NULL, NULL, 'No', 1, 11, 1, 1, 3, 1, 'Live', 125, 0, '[]', 1, 'PyAMoFnRLPiSMWe', 1, 0, NULL, 'Pending', NULL, 0, NULL, 'Pending', 0, NULL, NULL, 'D1', NULL, NULL, NULL, ''),
(109, '1', 'aBU240228-006', '_R1-AT1_Kasse008_aBU240228-006_2024-02-28T11:50:05_35,00_180,00_0,00__0,00__2140182457_cjIawlYjzIs=', 'eyJhbGciOiJFUzI1NiJ9.JGp3c19wYXlsb2Fk.bOx4RDUw7gxZLJWi1pvkVYlbRlv_3jCfusFID33RJUifNJ2BHIA-lQJHXWKN7nLRl_Bdyl5wsZY9u2dnc0uCXg', 3, 205, 215, 0, NULL, NULL, 0, 215, 1, '00:00:00', NULL, 0, 205, 0, 0, 'service', '10', '', 0, 10, '', 'percentage', '2024-02-28', '2024-02-28 05:47:31', '11:47:31', NULL, NULL, 'No', 1, 11, 1, 1, 3, 1, 'Live', 215, 0, '[]', 1, 'D2N0fwoHTbPDwkj', 1, 0, NULL, 'Pending', NULL, 0, NULL, 'Pending', 0, NULL, NULL, 'C2', NULL, NULL, NULL, ''),
(110, '1', 'aHG240228-005', '_R1-AT1_Kasse008_aHG240228-005_2024-02-28T11:50:13_35,00_75,00_0,00__0,00__2140182457_cjIawlYjzIs=', 'eyJhbGciOiJFUzI1NiJ9.JGp3c19wYXlsb2Fk.NjMNvSleMDGddJTZ-pk1i_rsnNR5A4jQFlEfGnHeb_Q4e7D1F0cjr4eFc6VXkHVqWb-HVLzI7AVGwjnxSvPizw', 2, 100, 110, 0, NULL, NULL, 0, 110, 1, '00:00:00', NULL, 0, 100, 0, 0, 'service', '10', '', 0, 10, '', 'percentage', '2024-02-28', '2024-02-28 05:36:16', '11:36:16', NULL, NULL, 'No', 1, 11, 1, 1, 3, 1, 'Live', 110, 0, '[]', 1, 'xSvlHw7xhEnjPjy', 1, 0, NULL, 'Pending', NULL, 0, NULL, 'Pending', 0, NULL, NULL, 'D1', NULL, NULL, NULL, ''),
(111, '1', 'aBU240228-007', '_R1-AT1_Kasse008_aBU240228-007_2024-02-28T11:54:22_10,00_175,00_0,00__0,00__2140182457_cjIawlYjzIs=', 'eyJhbGciOiJFUzI1NiJ9.JGp3c19wYXlsb2Fk.D4Q96wTWiI0ape7kfIhkF2Z9UolkGazayViyEOgE6WO3sZNuvEee2-Enjq-UwAZgXCOFAU6MANvhI4mf5DwgxA', 2, 175, 185, 0, NULL, NULL, 0, 185, 1, '00:00:00', NULL, 0, 175, 0, 0, 'service', '10', '', 0, 10, '', 'percentage', '2024-02-28', '2024-02-28 05:50:30', '11:50:30', NULL, NULL, 'Yes', 1, 11, 1, 1, 3, 1, 'Live', 185, 0, '[]', 1, 'qXxYMnDPYPr8ZHH', 1, 0, NULL, 'Pending', NULL, 0, NULL, 'Pending', 0, NULL, NULL, 'Big table', NULL, NULL, NULL, ''),
(112, '1', 'aBF240228-008', '_R1-AT1_Kasse008_aBF240228-008_2024-02-28T11:55:54_35,00_90,00_0,00__0,00__2140182457_cjIawlYjzIs=', 'eyJhbGciOiJFUzI1NiJ9.JGp3c19wYXlsb2Fk.gODL9Lch--faX2nS1snRzpY3jniXI0ZY9NwMtJCRO7i6Z3luA-bxjKD1XjRyYz2HYRN_C7ltFkDFStbKTzMhKQ', 2, 115, 125, 0, NULL, NULL, 0, 125, 1, '00:00:00', NULL, 0, 115, 0, 0, 'service', '10', '', 0, 10, '', 'percentage', '2024-02-28', '2024-02-28 05:55:26', '11:55:26', NULL, NULL, 'No', 1, 11, 1, 1, 3, 1, 'Live', 125, 0, '[]', 1, '6EXQMQWkriSwfLT', 1, 0, NULL, 'Pending', NULL, 0, NULL, 'Pending', 0, NULL, NULL, 'D1', NULL, NULL, NULL, ''),
(113, '1', 'aKU240228-009', '_R1-AT1_Kasse008_aKU240228-009_2024-02-28T12:04:55_35,00_90,00_0,00__0,00__2140182457_cjIawlYjzIs=', 'eyJhbGciOiJFUzI1NiJ9.JGp3c19wYXlsb2Fk.RidD1faa1dQH5OyculznPhAXNCKuJBdK_xUnx4VjDXvyooOso-vJ0JCNsosljdNHbtTceeEjx7Sai8pzdSxoDA', 2, 115, 125, 0, NULL, NULL, 0, 125, 1, '00:00:00', NULL, 0, 115, 0, 0, 'service', '10', '', 0, 10, '', 'percentage', '2024-02-28', '2024-02-28 05:57:39', '11:57:39', NULL, NULL, 'No', 1, 11, 1, 1, 3, 1, 'Live', 125, 0, '[]', 1, 'EQfMQfSZFumYCeS', 1, 0, NULL, 'Pending', NULL, 0, NULL, 'Pending', 0, NULL, NULL, 'D1', NULL, NULL, NULL, ''),
(114, '1', 'aCI240228-010', '_R1-AT1_Kasse008_aCI240228-010_2024-02-28T12:06:16_35,00_90,00_0,00__0,00__2140182457_cjIawlYjzIs=', 'eyJhbGciOiJFUzI1NiJ9.JGp3c19wYXlsb2Fk._WqHqkV6u1nTnZPQojLTPNNfkMqdRzdhw8SUsd96CvqbtTriKxYbJ-P6NPbzsegDlMYfMHN-raRWhtowTb9V0A', 2, 115, 125, 0, NULL, NULL, 0, 125, 1, '00:00:00', NULL, 0, 115, 0, 0, 'service', '10', '', 0, 10, '', 'percentage', '2024-02-28', '2024-02-28 06:05:03', '12:05:03', NULL, NULL, 'No', 1, 11, 1, 1, 3, 1, 'Live', 125, 0, '[]', 1, 'n5zFUH6DgpTcGWR', 1, 0, NULL, 'Pending', NULL, 0, NULL, 'Pending', 0, NULL, NULL, '', NULL, NULL, NULL, ''),
(115, '1', 'aOR240228-011', '_R1-AT1_Kasse008_aOR240228-011_2024-02-28T12:06:31_35,00_90,00_0,00__0,00__2140182457_cjIawlYjzIs=', 'eyJhbGciOiJFUzI1NiJ9.JGp3c19wYXlsb2Fk.9dtdmtENaI8fY7-j2Ps28IhoDQtarWgfHNqJ3vNuzhqd-cnmO7MXmCOtSD1xapqGmip0igyCmwHUlMoFMrAGBw', 2, 115, 125, 0, NULL, NULL, 0, 125, 1, '00:00:00', NULL, 0, 115, 0, 0, 'service', '10', '', 0, 10, '', 'percentage', '2024-02-28', '2024-02-28 06:06:23', '12:06:23', NULL, NULL, 'No', 1, 11, 1, 1, 3, 1, 'Live', 125, 0, '[]', 1, 'nyw1sa6W39egCC8', 1, 0, NULL, 'Pending', NULL, 0, NULL, 'Pending', 0, NULL, NULL, '', NULL, NULL, NULL, ''),
(116, '1', 'aOR240228-012', '_R1-AT1_Kasse008_aOR240228-012_2024-02-28T12:07:50_35,00__0,00__0,00__2140182457_cjIawlYjzIs=', 'eyJhbGciOiJFUzI1NiJ9.JGp3c19wYXlsb2Fk.Qi6zFsgBzJwSk_1AJ9UEWcWw_TQBq2RE4NjBc55jznddqHLPXizfOMQM5PiWbXJy01KwrAZgq_wEP18_CFeFUg', 1, 25, 35, 0, NULL, NULL, 0, 35, 1, '00:00:00', NULL, 0, 25, 0, 0, 'service', '10', '', 0, 10, '', 'percentage', '2024-02-28', '2024-02-28 06:06:40', '12:06:40', NULL, NULL, 'No', 1, 11, 1, 1, 3, 1, 'Live', 35, 0, '[]', 1, 'h7I1PVSqRNvGa6y', 1, 0, NULL, 'Pending', NULL, 0, NULL, 'Pending', 0, NULL, NULL, '', NULL, NULL, NULL, ''),
(117, '1', 'aTD240228-014', '_R1-AT1_Kasse008_aTD240228-014_2024-02-28T12:10:37_35,00_90,00_0,00__0,00__2140182457_cjIawlYjzIs=', 'eyJhbGciOiJFUzI1NiJ9.JGp3c19wYXlsb2Fk.9MMDB-CzFA4UjuN9kgGHzW_4YnQtX29aBd1KnT9vpQ4Hdo6YYNACsKsnjF5tWJMsmblktMkU-Q6AGgUflzMYnA', 2, 115, 125, 0, NULL, NULL, 0, 125, 1, '00:00:00', NULL, 0, 115, 0, 0, 'service', '10', '', 0, 10, '', 'percentage', '2024-02-28', '2024-02-28 06:10:14', '12:10:14', NULL, NULL, 'No', 1, 11, 1, 1, 3, 1, 'Live', 125, 0, '[]', 1, 'WN6d6yK6OYeo3Ni', 1, 0, NULL, 'Pending', NULL, 0, NULL, 'Pending', 0, NULL, NULL, 'C2', NULL, NULL, NULL, ''),
(118, '1', 'aIB240228-013', '_R1-AT1_Kasse008_aIB240228-013_2024-02-28T12:12:28_35,00_90,00_0,00__0,00__2140182457_cjIawlYjzIs=', 'eyJhbGciOiJFUzI1NiJ9.JGp3c19wYXlsb2Fk._sH2jou2InltnwDueu-N5CwwfF_xEVY2PfY_8HXFWNsY_IzMi2w025m0h2GQaNcxzWTaZxFkHevkENcjGmbjSA', 2, 115, 125, 0, NULL, NULL, 0, 125, 1, '00:00:00', NULL, 0, 115, 0, 0, 'service', '10', '', 0, 10, '', 'percentage', '2024-02-28', '2024-02-28 06:08:18', '12:08:18', NULL, NULL, 'No', 1, 11, 1, 1, 3, 1, 'Live', 125, 0, '[]', 1, 'kYJo5tJyLc7cIyi', 1, 0, NULL, 'Pending', NULL, 0, NULL, 'Pending', 0, NULL, NULL, '', NULL, NULL, NULL, ''),
(119, '1', 'aDS240228-016', '_R1-AT1_Kasse008_aDS240228-016_2024-02-28T12:13:30_35,00_90,00_0,00__0,00__2140182457_cjIawlYjzIs=', 'eyJhbGciOiJFUzI1NiJ9.JGp3c19wYXlsb2Fk.wk6ImKPoKFPaL1lKY69NxL6Odg-YiMHEiRt3y0uAoahGoX06N5oYRzeDUkJg-QRGUTsws9CCGofPkqBuVkv5mA', 2, 115, 125, 0, NULL, NULL, 0, 125, 1, '00:00:00', NULL, 0, 115, 0, 0, 'service', '10', '', 0, 10, '', 'percentage', '2024-02-28', '2024-02-28 06:13:07', '12:13:07', NULL, NULL, 'No', 1, 11, 1, 1, 3, 1, 'Live', 125, 0, '[]', 1, 'IvhCW1rxGokAAkU', 1, 0, NULL, 'Pending', NULL, 0, NULL, 'Pending', 0, NULL, NULL, 'C2', NULL, NULL, NULL, ''),
(120, '1', 'aZJ240228-019', '_R1-AT1_Kasse008_aZJ240228-019_2024-02-28T12:14:45_35,00_75,00_0,00__0,00__2140182457_cjIawlYjzIs=', 'eyJhbGciOiJFUzI1NiJ9.JGp3c19wYXlsb2Fk.FxbzesKma0S96si6gprOnkcoX_vfzBjwzxTMPkHxDOs7Ap9wPQUQcKlSlQKpTNkHBvVWT2mAj7D-1D4pBpJK0g', 2, 100, 110, 0, NULL, NULL, 0, 110, 1, '00:00:00', NULL, 0, 100, 0, 0, 'service', '10', '', 0, 10, '', 'percentage', '2024-02-28', '2024-02-28 06:14:33', '12:14:33', NULL, NULL, 'No', 1, 11, 1, 1, 3, 1, 'Live', 110, 0, '[]', 1, 'p7F5VoWdGQVrHMu', 1, 0, NULL, 'Pending', NULL, 0, NULL, 'Pending', 0, NULL, NULL, 'D1', NULL, NULL, NULL, ''),
(121, '1', 'aZJ240228-018', '_R1-AT1_Kasse008_aZJ240228-018_2024-02-28T12:14:59_10,00_100,00_0,00__0,00__2140182457_cjIawlYjzIs=', 'eyJhbGciOiJFUzI1NiJ9.JGp3c19wYXlsb2Fk.5aQvDedqy59wY0T7YJPNUmORHAYnSPsP8j4_exO6nL2zQ-zeH-bFIuroZk2_-MKStAa0zNvFySvBNoZCpm5TpQ', 1, 100, 110, 0, NULL, NULL, 0, 110, 1, '00:00:00', NULL, 0, 100, 0, 0, 'service', '10', '', 0, 10, '', 'percentage', '2024-02-28', '2024-02-28 06:14:11', '12:14:11', NULL, NULL, 'Yes', 1, 11, 1, 1, 3, 1, 'Live', 110, 0, '[]', 1, 'VC13Nld3RCZpruq', 1, 0, NULL, 'Pending', NULL, 0, NULL, 'Pending', 0, NULL, NULL, 'C2', NULL, NULL, NULL, ''),
(122, '1', 'aDS240228-017', '_R1-AT1_Kasse008_aDS240228-017_2024-02-28T12:15:51_35,00_90,00_0,00__0,00__2140182457_cjIawlYjzIs=', 'eyJhbGciOiJFUzI1NiJ9.JGp3c19wYXlsb2Fk.Ue-W5N0dL5JJbJKiidCym4cR0j4A5ME4PCfwLL0YleffnU2lYLDW5UP_8GPSQab0d1XP1OnpeRohIbUzggLqnA', 2, 115, 125, 0, NULL, NULL, 0, 125, 1, '00:00:00', NULL, 0, 115, 0, 0, 'service', '10', '', 0, 10, '', 'percentage', '2024-02-28', '2024-02-28 06:13:55', '12:13:55', NULL, NULL, 'No', 1, 11, 1, 1, 3, 1, 'Live', 125, 0, '[]', 1, 'c6aY9IRgS0HystZ', 1, 0, NULL, 'Pending', NULL, 0, NULL, 'Pending', 0, NULL, NULL, '', NULL, NULL, NULL, ''),
(123, '1', 'aZW240228-020', '_R1-AT1_Kasse008_aZW240228-020_2024-02-28T12:16:06_35,00_90,00_0,00__0,00__2140182457_cjIawlYjzIs=', 'eyJhbGciOiJFUzI1NiJ9.JGp3c19wYXlsb2Fk.e2Cs2_jT8Rrs0Yu3FkIpY5NTmtTGmqA5dMGNKEad_gSL8hMse748W-T3RQNeOe4VESnUuvwXJaAZB4OCAK_3Yg', 2, 115, 125, 0, NULL, NULL, 0, 125, 1, '00:00:00', NULL, 0, 115, 0, 0, 'service', '10', '', 0, 10, '', 'percentage', '2024-02-28', '2024-02-28 06:15:54', '12:15:54', NULL, NULL, 'No', 1, 11, 1, 1, 3, 1, 'Live', 125, 0, '[]', 1, 'dhevuTEujuidAOn', 1, 0, NULL, 'Pending', NULL, 0, NULL, 'Pending', 0, NULL, NULL, '', NULL, NULL, NULL, ''),
(124, '1', 'aJE240228-021', '_R1-AT1_Kasse008_aJE240228-021_2024-02-28T12:23:39_35,00_90,00_0,00__0,00__2140182457_cjIawlYjzIs=', 'eyJhbGciOiJFUzI1NiJ9.JGp3c19wYXlsb2Fk.ml35IGXfU4i2iXJmft2alKAiAd1lQKk908lBKLb30w_KY7ViqyupeGOwv9T7JXRom6sVrmYN-RKLQZOExfzUaw', 2, 115, 125, 0, NULL, NULL, 0, 125, 1, '00:00:00', NULL, 0, 115, 0, 0, 'service', '10', '', 0, 10, '', 'percentage', '2024-02-28', '2024-02-28 06:23:13', '12:23:13', NULL, NULL, 'No', 1, 11, 1, 1, 3, 1, 'Live', 125, 0, '[]', 1, '3mRzWxzruUIrbDf', 1, 0, NULL, 'Pending', NULL, 0, NULL, 'Pending', 0, NULL, NULL, 'C2', NULL, NULL, NULL, ''),
(125, '1', 'aNG240228-023', '_R1-AT1_Kasse008_aNG240228-023_2024-02-28T12:27:25_10,00_190,00_0,00__0,00__2140182457_cjIawlYjzIs=', 'eyJhbGciOiJFUzI1NiJ9.JGp3c19wYXlsb2Fk.nUoRg7aLN6XosOm8uHAoGnuD7pyCDgXfv-R2-3vyUm69tqMI53B_s_JfUlBtoIIY1neBownr1L8zpfhMzkuUFA', 2, 190, 200, 0, NULL, NULL, 0, 200, 1, '00:00:00', NULL, 0, 190, 0, 0, 'service', '10', '', 0, 10, '', 'percentage', '2024-02-28', '2024-02-28 06:27:14', '12:27:14', NULL, NULL, 'No', 1, 11, 1, 1, 3, 1, 'Live', 200, 0, '[]', 1, 'vPxDSlHUoXmjYJB', 1, 0, NULL, 'Pending', NULL, 0, NULL, 'Pending', 0, NULL, NULL, 'FAMILY ROOM', NULL, NULL, NULL, ''),
(126, '1', 'aXH240306-001', '_R1-AT1_Kasse008_aXH240306-001_2024-03-06T10:27:48_10,00_75,00_0,00__0,00__2140182457_cjIawlYjzIs=', 'eyJhbGciOiJFUzI1NiJ9.JGp3c19wYXlsb2Fk.gyfppDI06qqBO-iO64a5cWtebvhucVad0irAcnannBnaLmiH8pO6XRsesFck0orDVy903-eTGYZlabGHtcId3A', 1, 75, 85, 0, NULL, NULL, 0, 85, 1, '00:00:00', NULL, 0, 75, 0, 0, 'service', '10', '', 0, 10, '', 'percentage', '2024-03-06', '2024-03-06 04:27:34', '10:27:34', NULL, NULL, 'No', 1, 11, 1, 1, 3, 1, 'Live', 85, 0, '[]', 1, 'xGNHAput6yR7pQj', 1, 0, NULL, 'Pending', NULL, 0, NULL, 'Pending', 0, NULL, NULL, '', NULL, NULL, NULL, '');

-- --------------------------------------------------------

--
-- Table structure for table `tbl_sales_details`
--

CREATE TABLE `tbl_sales_details` (
  `id` bigint(20) NOT NULL,
  `food_menu_id` int(11) DEFAULT NULL,
  `menu_name` varchar(50) DEFAULT NULL,
  `vat_category` varchar(20) NOT NULL DEFAULT 'A',
  `qty` int(11) DEFAULT NULL,
  `tmp_qty` int(11) DEFAULT NULL,
  `menu_price_without_discount` float NOT NULL,
  `menu_price_with_discount` float NOT NULL,
  `menu_unit_price` float NOT NULL,
  `menu_vat_percentage` float NOT NULL,
  `menu_taxes` text DEFAULT NULL,
  `menu_discount_value` varchar(20) DEFAULT NULL,
  `discount_type` varchar(20) NOT NULL,
  `menu_note` varchar(150) DEFAULT NULL,
  `menu_combo_items` text DEFAULT NULL,
  `discount_amount` double DEFAULT NULL,
  `item_type` varchar(50) DEFAULT NULL,
  `cooking_status` varchar(30) DEFAULT NULL,
  `cooking_start_time` varchar(50) NOT NULL,
  `cooking_done_time` varchar(50) NOT NULL,
  `previous_id` bigint(20) NOT NULL,
  `loyalty_point_earn` float DEFAULT 0,
  `sales_id` int(11) DEFAULT NULL,
  `order_status` tinyint(1) NOT NULL COMMENT '1=new order,2=invoiced order, 3=closed order',
  `user_id` int(11) DEFAULT NULL,
  `outlet_id` int(11) DEFAULT NULL,
  `is_free_item` int(11) NOT NULL DEFAULT 0,
  `del_status` varchar(50) DEFAULT 'Live'
) ENGINE=InnoDB DEFAULT CHARSET=utf8 COLLATE=utf8_general_ci;

--
-- Dumping data for table `tbl_sales_details`
--

INSERT INTO `tbl_sales_details` (`id`, `food_menu_id`, `menu_name`, `vat_category`, `qty`, `tmp_qty`, `menu_price_without_discount`, `menu_price_with_discount`, `menu_unit_price`, `menu_vat_percentage`, `menu_taxes`, `menu_discount_value`, `discount_type`, `menu_note`, `menu_combo_items`, `discount_amount`, `item_type`, `cooking_status`, `cooking_start_time`, `cooking_done_time`, `previous_id`, `loyalty_point_earn`, `sales_id`, `order_status`, `user_id`, `outlet_id`, `is_free_item`, `del_status`) VALUES
(1, 1, ' Burger', 'A', 1, 1, 25, 25, 25, 0, '[{\"tax_field_id\":\"1\",\"tax_field_company_id\":\"1\",\"tax_field_name\":\"VAT\",\"tax_field_percentage\":\"15\",\"item_vat_amount_for_unit_item\":\"3.75\",\"item_vat_amount_for_all_quantity\":\"3.75\"},{\"tax_field_id\":\"1\",\"tax_field_company_id\":\"1\",\"tax_field_name\":\"CGST\",\"tax_field_percentage\":\"5\",\"item_vat_amount_for_unit_item\":\"1.25\",\"item_vat_amount_for_all_quantity\":\"1.25\"},{\"tax_field_id\":\"1\",\"tax_field_company_id\":\"1\",\"tax_field_name\":\"SGST\",\"tax_field_percentage\":\"5\",\"item_vat_amount_for_unit_item\":\"1.25\",\"item_vat_amount_for_all_quantity\":\"1.25\"},{\"tax_field_id\":\"1\",\"tax_field_company_id\":\"1\",\"tax_field_name\":\"IGST\",\"tax_field_percentage\":\"5\",\"item_vat_amount_for_unit_item\":\"1.25\",\"item_vat_amount_for_all_quantity\":\"1.25\"}]', '', 'fixed', '', '', 0, '', NULL, '0000-00-00 00:00:00', '0000-00-00 00:00:00', 1, 0, 45, 0, 1, 1, 0, 'Live'),
(2, 2, ' PASTA PESTO', 'A', 1, 1, 90, 90, 90, 0, '[]', '', 'fixed', '', '', 0, '', NULL, '0000-00-00 00:00:00', '0000-00-00 00:00:00', 2, 0, 45, 0, 1, 1, 0, 'Live'),
(3, 10, ' CREVETTE PILPIL', 'A', 1, 0, 100, 100, 100, 0, '[]', '', 'fixed', '', '', 0, '', NULL, '0000-00-00 00:00:00', '0000-00-00 00:00:00', 3, 0, 46, 0, 1, 1, 0, 'Live'),
(4, 2, ' PASTA PESTO', 'A', 1, 0, 90, 90, 90, 0, '[]', '', 'fixed', '', '', 0, '', NULL, '0000-00-00 00:00:00', '0000-00-00 00:00:00', 4, 0, 46, 0, 1, 1, 0, 'Live'),
(5, 1, ' Burger', 'A', 1, 0, 25, 25, 25, 0, '[{\"tax_field_id\":\"1\",\"tax_field_company_id\":\"1\",\"tax_field_name\":\"VAT\",\"tax_field_percentage\":\"15\",\"item_vat_amount_for_unit_item\":\"3.75\",\"item_vat_amount_for_all_quantity\":\"3.75\"},{\"tax_field_id\":\"1\",\"tax_field_company_id\":\"1\",\"tax_field_name\":\"CGST\",\"tax_field_percentage\":\"5\",\"item_vat_amount_for_unit_item\":\"1.25\",\"item_vat_amount_for_all_quantity\":\"1.25\"},{\"tax_field_id\":\"1\",\"tax_field_company_id\":\"1\",\"tax_field_name\":\"SGST\",\"tax_field_percentage\":\"5\",\"item_vat_amount_for_unit_item\":\"1.25\",\"item_vat_amount_for_all_quantity\":\"1.25\"},{\"tax_field_id\":\"1\",\"tax_field_company_id\":\"1\",\"tax_field_name\":\"IGST\",\"tax_field_percentage\":\"5\",\"item_vat_amount_for_unit_item\":\"1.25\",\"item_vat_amount_for_all_quantity\":\"1.25\"}]', '', 'fixed', '', '', 0, '', NULL, '0000-00-00 00:00:00', '0000-00-00 00:00:00', 5, 0, 46, 0, 1, 1, 0, 'Live'),
(6, 9, ' chicken-fajitas', 'A', 1, 1, 75, 75, 75, 0, '[]', '', 'fixed', '', '', 0, '', NULL, '0000-00-00 00:00:00', '0000-00-00 00:00:00', 6, 0, 47, 0, 1, 1, 0, 'Live'),
(7, 10, ' CREVETTE PILPIL', 'A', 1, 1, 100, 100, 100, 0, '[]', '', 'fixed', '', '', 0, '', NULL, '0000-00-00 00:00:00', '0000-00-00 00:00:00', 7, 0, 47, 0, 1, 1, 0, 'Live'),
(8, 2, ' PASTA PESTO', 'A', 1, 1, 90, 90, 90, 0, '[]', '', 'fixed', '', '', 0, '', NULL, '0000-00-00 00:00:00', '0000-00-00 00:00:00', 8, 0, 47, 0, 1, 1, 0, 'Live'),
(157, 1, ' Burger', 'B', 1, 1, 25, 25, 25, 0, '[{\"tax_field_id\":\"1\",\"tax_field_company_id\":\"1\",\"tax_field_name\":\"VAT\",\"tax_field_percentage\":\"15\",\"item_vat_amount_for_unit_item\":\"3.75\",\"item_vat_amount_for_all_quantity\":\"3.75\"},{\"tax_field_id\":\"1\",\"tax_field_company_id\":\"1\",\"tax_field_name\":\"CGST\",\"tax_field_percentage\":\"5\",\"item_vat_amount_for_unit_item\":\"1.25\",\"item_vat_amount_for_all_quantity\":\"1.25\"},{\"tax_field_id\":\"1\",\"tax_field_company_id\":\"1\",\"tax_field_name\":\"SGST\",\"tax_field_percentage\":\"5\",\"item_vat_amount_for_unit_item\":\"1.25\",\"item_vat_amount_for_all_quantity\":\"1.25\"},{\"tax_field_id\":\"1\",\"tax_field_company_id\":\"1\",\"tax_field_name\":\"IGST\",\"tax_field_percentage\":\"5\",\"item_vat_amount_for_unit_item\":\"1.25\",\"item_vat_amount_for_all_quantity\":\"1.25\"}]', '', 'fixed', '', '', 0, '', NULL, '0000-00-00 00:00:00', '0000-00-00 00:00:00', 157, 0, 48, 0, 1, 1, 0, 'Live'),
(158, 10, ' CREVETTE PILPIL', 'A', 1, 1, 100, 100, 100, 0, '[]', '', 'fixed', '', '', 0, '', NULL, '0000-00-00 00:00:00', '0000-00-00 00:00:00', 158, 0, 48, 0, 1, 1, 0, 'Live'),
(161, 3, ' beef barbecue', 'A', 1, 1, 90, 90, 90, 0, '[{\"tax_field_id\":\"1\",\"tax_field_company_id\":\"1\",\"tax_field_name\":\"VAT\",\"tax_field_percentage\":\"15\",\"item_vat_amount_for_unit_item\":\"13.50\",\"item_vat_amount_for_all_quantity\":\"13.50\"}]', '', 'fixed', '', '', 0, '', NULL, '0000-00-00 00:00:00', '0000-00-00 00:00:00', 161, 0, 49, 0, 1, 1, 0, 'Live'),
(162, 1, ' Burger', 'B', 1, 1, 25, 25, 25, 0, '[{\"tax_field_id\":\"1\",\"tax_field_company_id\":\"1\",\"tax_field_name\":\"VAT\",\"tax_field_percentage\":\"15\",\"item_vat_amount_for_unit_item\":\"3.75\",\"item_vat_amount_for_all_quantity\":\"3.75\"},{\"tax_field_id\":\"1\",\"tax_field_company_id\":\"1\",\"tax_field_name\":\"CGST\",\"tax_field_percentage\":\"5\",\"item_vat_amount_for_unit_item\":\"1.25\",\"item_vat_amount_for_all_quantity\":\"1.25\"},{\"tax_field_id\":\"1\",\"tax_field_company_id\":\"1\",\"tax_field_name\":\"SGST\",\"tax_field_percentage\":\"5\",\"item_vat_amount_for_unit_item\":\"1.25\",\"item_vat_amount_for_all_quantity\":\"1.25\"},{\"tax_field_id\":\"1\",\"tax_field_company_id\":\"1\",\"tax_field_name\":\"IGST\",\"tax_field_percentage\":\"5\",\"item_vat_amount_for_unit_item\":\"1.25\",\"item_vat_amount_for_all_quantity\":\"1.25\"}]', '', 'fixed', '', '', 0, '', NULL, '0000-00-00 00:00:00', '0000-00-00 00:00:00', 162, 0, 49, 0, 1, 1, 0, 'Live'),
(163, 9, ' chicken-fajitas', 'A', 1, 1, 75, 75, 75, 0, '[]', '', 'fixed', '', '', 0, '', NULL, '0000-00-00 00:00:00', '0000-00-00 00:00:00', 163, 0, 50, 0, 1, 1, 0, 'Live'),
(164, 3, ' beef barbecue', 'A', 1, 1, 90, 90, 90, 0, '[{\"tax_field_id\":\"1\",\"tax_field_company_id\":\"1\",\"tax_field_name\":\"VAT\",\"tax_field_percentage\":\"15\",\"item_vat_amount_for_unit_item\":\"13.50\",\"item_vat_amount_for_all_quantity\":\"13.50\"}]', '', 'fixed', '', '', 0, '', NULL, '0000-00-00 00:00:00', '0000-00-00 00:00:00', 164, 0, 50, 0, 1, 1, 0, 'Live'),
(587, 3, ' beef barbecue', 'A', 1, 1, 90, 90, 90, 0, '[{\"tax_field_id\":\"1\",\"tax_field_company_id\":\"1\",\"tax_field_name\":\"VAT\",\"tax_field_percentage\":\"15\",\"item_vat_amount_for_unit_item\":\"13.50\",\"item_vat_amount_for_all_quantity\":\"13.50\"}]', '', 'fixed', '', '', 0, '', NULL, '0000-00-00 00:00:00', '0000-00-00 00:00:00', 587, 0, 51, 0, 1, 1, 0, 'Live'),
(588, 9, ' chicken-fajitas', 'A', 1, 1, 75, 75, 75, 0, '[]', '', 'fixed', '', '', 0, '', NULL, '0000-00-00 00:00:00', '0000-00-00 00:00:00', 588, 0, 51, 0, 1, 1, 0, 'Live'),
(589, 1, ' Burger', 'B', 1, 1, 25, 25, 25, 0, '[{\"tax_field_id\":\"1\",\"tax_field_company_id\":\"1\",\"tax_field_name\":\"VAT\",\"tax_field_percentage\":\"15\",\"item_vat_amount_for_unit_item\":\"3.75\",\"item_vat_amount_for_all_quantity\":\"3.75\"},{\"tax_field_id\":\"1\",\"tax_field_company_id\":\"1\",\"tax_field_name\":\"CGST\",\"tax_field_percentage\":\"5\",\"item_vat_amount_for_unit_item\":\"1.25\",\"item_vat_amount_for_all_quantity\":\"1.25\"},{\"tax_field_id\":\"1\",\"tax_field_company_id\":\"1\",\"tax_field_name\":\"SGST\",\"tax_field_percentage\":\"5\",\"item_vat_amount_for_unit_item\":\"1.25\",\"item_vat_amount_for_all_quantity\":\"1.25\"},{\"tax_field_id\":\"1\",\"tax_field_company_id\":\"1\",\"tax_field_name\":\"IGST\",\"tax_field_percentage\":\"5\",\"item_vat_amount_for_unit_item\":\"1.25\",\"item_vat_amount_for_all_quantity\":\"1.25\"}]', '', 'fixed', '', '', 0, '', NULL, '0000-00-00 00:00:00', '0000-00-00 00:00:00', 589, 0, 51, 0, 1, 1, 0, 'Live'),
(590, 9, ' chicken-fajitas', 'A', 1, 1, 75, 75, 75, 0, '[]', '', 'fixed', '', '', 0, '', NULL, '0000-00-00 00:00:00', '0000-00-00 00:00:00', 590, 0, 52, 0, 1, 1, 0, 'Live'),
(591, 2, ' PASTA PESTO', 'A', 1, 1, 90, 90, 90, 0, '[]', '', 'fixed', '', '', 0, '', NULL, '0000-00-00 00:00:00', '0000-00-00 00:00:00', 591, 0, 52, 0, 1, 1, 0, 'Live'),
(592, 1, ' Burger', 'B', 1, 1, 25, 25, 25, 0, '[{\"tax_field_id\":\"1\",\"tax_field_company_id\":\"1\",\"tax_field_name\":\"VAT\",\"tax_field_percentage\":\"15\",\"item_vat_amount_for_unit_item\":\"3.75\",\"item_vat_amount_for_all_quantity\":\"3.75\"},{\"tax_field_id\":\"1\",\"tax_field_company_id\":\"1\",\"tax_field_name\":\"CGST\",\"tax_field_percentage\":\"5\",\"item_vat_amount_for_unit_item\":\"1.25\",\"item_vat_amount_for_all_quantity\":\"1.25\"},{\"tax_field_id\":\"1\",\"tax_field_company_id\":\"1\",\"tax_field_name\":\"SGST\",\"tax_field_percentage\":\"5\",\"item_vat_amount_for_unit_item\":\"1.25\",\"item_vat_amount_for_all_quantity\":\"1.25\"},{\"tax_field_id\":\"1\",\"tax_field_company_id\":\"1\",\"tax_field_name\":\"IGST\",\"tax_field_percentage\":\"5\",\"item_vat_amount_for_unit_item\":\"1.25\",\"item_vat_amount_for_all_quantity\":\"1.25\"}]', '', 'fixed', '', '', 0, '', NULL, '0000-00-00 00:00:00', '0000-00-00 00:00:00', 592, 0, 53, 0, 1, 1, 0, 'Live'),
(593, 9, ' chicken-fajitas', 'A', 1, 1, 75, 75, 75, 0, '[]', '', 'fixed', '', '', 0, '', NULL, '0000-00-00 00:00:00', '0000-00-00 00:00:00', 593, 0, 53, 0, 1, 1, 0, 'Live'),
(597, 2, ' PASTA PESTO', 'A', 1, 1, 90, 90, 90, 0, '[]', '', 'fixed', '', '', 0, '', NULL, '0000-00-00 00:00:00', '0000-00-00 00:00:00', 597, 0, 54, 0, 1, 1, 0, 'Live'),
(598, 1, ' Burger', 'B', 1, 1, 25, 25, 25, 0, '[{\"tax_field_id\":\"1\",\"tax_field_company_id\":\"1\",\"tax_field_name\":\"VAT\",\"tax_field_percentage\":\"15\",\"item_vat_amount_for_unit_item\":\"3.75\",\"item_vat_amount_for_all_quantity\":\"3.75\"},{\"tax_field_id\":\"1\",\"tax_field_company_id\":\"1\",\"tax_field_name\":\"CGST\",\"tax_field_percentage\":\"5\",\"item_vat_amount_for_unit_item\":\"1.25\",\"item_vat_amount_for_all_quantity\":\"1.25\"},{\"tax_field_id\":\"1\",\"tax_field_company_id\":\"1\",\"tax_field_name\":\"SGST\",\"tax_field_percentage\":\"5\",\"item_vat_amount_for_unit_item\":\"1.25\",\"item_vat_amount_for_all_quantity\":\"1.25\"},{\"tax_field_id\":\"1\",\"tax_field_company_id\":\"1\",\"tax_field_name\":\"IGST\",\"tax_field_percentage\":\"5\",\"item_vat_amount_for_unit_item\":\"1.25\",\"item_vat_amount_for_all_quantity\":\"1.25\"}]', '', 'fixed', '', '', 0, '', NULL, '0000-00-00 00:00:00', '0000-00-00 00:00:00', 598, 0, 54, 0, 1, 1, 0, 'Live'),
(599, 9, ' chicken-fajitas', 'A', 1, 1, 75, 75, 75, 0, '[]', '', 'fixed', '', '', 0, '', NULL, '0000-00-00 00:00:00', '0000-00-00 00:00:00', 599, 0, 54, 0, 1, 1, 0, 'Live'),
(600, 4, ' Vegetable Noodles', 'A', 1, 1, 40, 40, 40, 0, '[{\"tax_field_id\":\"1\",\"tax_field_outlet_id\":0,\"tax_field_company_id\":1,\"tax_field_name\":\"VAT\",\"tax_field_percentage\":\"15\",\"item_vat_amount_for_unit_item\":\"6.00\",\"item_vat_amount_for_all_quantity\":\"6.00\"},{\"tax_field_id\":\"1\",\"tax_field_outlet_id\":0,\"tax_field_company_id\":1,\"tax_field_name\":\"CGST\",\"tax_field_percentage\":\"5\",\"item_vat_amount_for_unit_item\":\"2.00\",\"item_vat_amount_for_all_quantity\":\"2.00\"},{\"tax_field_id\":\"1\",\"tax_field_outlet_id\":0,\"tax_field_company_id\":1,\"tax_field_name\":\"SGST\",\"tax_field_percentage\":\"10\",\"item_vat_amount_for_unit_item\":\"4.00\",\"item_vat_amount_for_all_quantity\":\"4.00\"},{\"tax_field_id\":\"1\",\"tax_field_outlet_id\":0,\"tax_field_company_id\":1,\"tax_field_name\":\"IGST\",\"tax_field_percentage\":\"10\",\"item_vat_amount_for_unit_item\":\"4.00\",\"item_vat_amount_for_all_quantity\":\"4.00\"}]', '', 'fixed', '', '', 0, '', NULL, '0000-00-00 00:00:00', '0000-00-00 00:00:00', 600, 0, 55, 0, 1, 1, 0, 'Live'),
(603, 3, ' beef barbecue', 'A', 1, 1, 90, 90, 90, 0, '[{\"tax_field_id\":\"1\",\"tax_field_company_id\":\"1\",\"tax_field_name\":\"VAT\",\"tax_field_percentage\":\"15\",\"item_vat_amount_for_unit_item\":\"13.50\",\"item_vat_amount_for_all_quantity\":\"13.50\"}]', '', 'fixed', '', '', 0, '', NULL, '0000-00-00 00:00:00', '0000-00-00 00:00:00', 603, 0, 56, 0, 1, 1, 0, 'Live'),
(604, 10, ' CREVETTE PILPIL', 'A', 1, 1, 100, 100, 100, 0, '[]', '', 'fixed', '', '', 0, '', NULL, '0000-00-00 00:00:00', '0000-00-00 00:00:00', 604, 0, 56, 0, 1, 1, 0, 'Live'),
(607, 1, ' Burger', 'B', 1, 1, 25, 25, 25, 0, '[{\"tax_field_id\":\"1\",\"tax_field_company_id\":\"1\",\"tax_field_name\":\"VAT\",\"tax_field_percentage\":\"15\",\"item_vat_amount_for_unit_item\":\"3.75\",\"item_vat_amount_for_all_quantity\":\"3.75\"},{\"tax_field_id\":\"1\",\"tax_field_company_id\":\"1\",\"tax_field_name\":\"CGST\",\"tax_field_percentage\":\"5\",\"item_vat_amount_for_unit_item\":\"1.25\",\"item_vat_amount_for_all_quantity\":\"1.25\"},{\"tax_field_id\":\"1\",\"tax_field_company_id\":\"1\",\"tax_field_name\":\"SGST\",\"tax_field_percentage\":\"5\",\"item_vat_amount_for_unit_item\":\"1.25\",\"item_vat_amount_for_all_quantity\":\"1.25\"},{\"tax_field_id\":\"1\",\"tax_field_company_id\":\"1\",\"tax_field_name\":\"IGST\",\"tax_field_percentage\":\"5\",\"item_vat_amount_for_unit_item\":\"1.25\",\"item_vat_amount_for_all_quantity\":\"1.25\"}]', '', 'fixed', '', '', 0, '', NULL, '0000-00-00 00:00:00', '0000-00-00 00:00:00', 607, 0, 57, 0, 1, 1, 0, 'Live'),
(608, 10, ' CREVETTE PILPIL', 'A', 1, 1, 100, 100, 100, 0, '[]', '', 'fixed', '', '', 0, '', NULL, '0000-00-00 00:00:00', '0000-00-00 00:00:00', 608, 0, 57, 0, 1, 1, 0, 'Live'),
(612, 8, ' crevette-pil-pil', 'A', 1, 1, 80, 80, 80, 0, '[]', '', 'fixed', '', '', 0, '', NULL, '0000-00-00 00:00:00', '0000-00-00 00:00:00', 612, 0, 58, 0, 1, 1, 0, 'Live'),
(613, 9, ' chicken-fajitas', 'A', 1, 1, 75, 75, 75, 0, '[]', '', 'fixed', '', '', 0, '', NULL, '0000-00-00 00:00:00', '0000-00-00 00:00:00', 613, 0, 58, 0, 1, 1, 0, 'Live'),
(614, 3, ' beef barbecue', 'A', 1, 1, 90, 90, 90, 0, '[{\"tax_field_id\":\"1\",\"tax_field_company_id\":\"1\",\"tax_field_name\":\"VAT\",\"tax_field_percentage\":\"15\",\"item_vat_amount_for_unit_item\":\"13.50\",\"item_vat_amount_for_all_quantity\":\"13.50\"}]', '', 'fixed', '', '', 0, '', NULL, '0000-00-00 00:00:00', '0000-00-00 00:00:00', 614, 0, 58, 0, 1, 1, 0, 'Live'),
(615, 10, ' CREVETTE PILPIL', 'A', 1, 1, 100, 100, 100, 0, '[]', '', 'fixed', '', '', 0, '', NULL, '0000-00-00 00:00:00', '0000-00-00 00:00:00', 615, 0, 59, 0, 1, 1, 0, 'Live'),
(616, 3, ' beef barbecue', 'A', 1, 1, 90, 90, 90, 0, '[{\"tax_field_id\":\"1\",\"tax_field_company_id\":\"1\",\"tax_field_name\":\"VAT\",\"tax_field_percentage\":\"15\",\"item_vat_amount_for_unit_item\":\"13.50\",\"item_vat_amount_for_all_quantity\":\"13.50\"}]', '', 'fixed', '', '', 0, '', NULL, '0000-00-00 00:00:00', '0000-00-00 00:00:00', 616, 0, 59, 0, 1, 1, 0, 'Live'),
(619, 8, ' crevette-pil-pil', 'A', 1, 1, 80, 80, 80, 0, '[]', '', 'fixed', '', '', 0, '', NULL, '0000-00-00 00:00:00', '0000-00-00 00:00:00', 619, 0, 60, 0, 1, 1, 0, 'Live'),
(620, 2, ' PASTA PESTO', 'A', 1, 1, 90, 90, 90, 0, '[]', '', 'fixed', '', '', 0, '', NULL, '0000-00-00 00:00:00', '0000-00-00 00:00:00', 620, 0, 60, 0, 1, 1, 0, 'Live'),
(623, 9, ' chicken-fajitas', 'A', 1, 1, 75, 75, 75, 0, '[]', '', 'fixed', '', '', 0, '', NULL, '0000-00-00 00:00:00', '0000-00-00 00:00:00', 623, 0, 61, 0, 1, 1, 0, 'Live'),
(624, 2, ' PASTA PESTO', 'A', 1, 1, 90, 90, 90, 0, '[]', '', 'fixed', '', '', 0, '', NULL, '0000-00-00 00:00:00', '0000-00-00 00:00:00', 624, 0, 61, 0, 1, 1, 0, 'Live'),
(625, 8, ' crevette-pil-pil', 'A', 1, 1, 80, 80, 80, 0, '[]', '', 'fixed', '', '', 0, '', NULL, '0000-00-00 00:00:00', '0000-00-00 00:00:00', 625, 0, 62, 0, 1, 1, 0, 'Live'),
(626, 3, ' beef barbecue', 'A', 1, 1, 90, 90, 90, 0, '[{\"tax_field_id\":\"1\",\"tax_field_company_id\":\"1\",\"tax_field_name\":\"VAT\",\"tax_field_percentage\":\"15\",\"item_vat_amount_for_unit_item\":\"13.50\",\"item_vat_amount_for_all_quantity\":\"13.50\"}]', '', 'fixed', '', '', 0, '', NULL, '0000-00-00 00:00:00', '0000-00-00 00:00:00', 626, 0, 62, 0, 1, 1, 0, 'Live'),
(627, 1, ' Burger', 'B', 1, 1, 25, 25, 25, 0, '[{\"tax_field_id\":\"1\",\"tax_field_company_id\":\"1\",\"tax_field_name\":\"VAT\",\"tax_field_percentage\":\"15\",\"item_vat_amount_for_unit_item\":\"3.75\",\"item_vat_amount_for_all_quantity\":\"3.75\"},{\"tax_field_id\":\"1\",\"tax_field_company_id\":\"1\",\"tax_field_name\":\"CGST\",\"tax_field_percentage\":\"5\",\"item_vat_amount_for_unit_item\":\"1.25\",\"item_vat_amount_for_all_quantity\":\"1.25\"},{\"tax_field_id\":\"1\",\"tax_field_company_id\":\"1\",\"tax_field_name\":\"SGST\",\"tax_field_percentage\":\"5\",\"item_vat_amount_for_unit_item\":\"1.25\",\"item_vat_amount_for_all_quantity\":\"1.25\"},{\"tax_field_id\":\"1\",\"tax_field_company_id\":\"1\",\"tax_field_name\":\"IGST\",\"tax_field_percentage\":\"5\",\"item_vat_amount_for_unit_item\":\"1.25\",\"item_vat_amount_for_all_quantity\":\"1.25\"}]', '', 'fixed', '', '', 0, '', NULL, '0000-00-00 00:00:00', '0000-00-00 00:00:00', 627, 0, 63, 0, 1, 1, 0, 'Live'),
(628, 3, ' beef barbecue', 'A', 1, 1, 90, 90, 90, 0, '[{\"tax_field_id\":\"1\",\"tax_field_company_id\":\"1\",\"tax_field_name\":\"VAT\",\"tax_field_percentage\":\"15\",\"item_vat_amount_for_unit_item\":\"13.50\",\"item_vat_amount_for_all_quantity\":\"13.50\"}]', '', 'fixed', '', '', 0, '', NULL, '0000-00-00 00:00:00', '0000-00-00 00:00:00', 628, 0, 63, 0, 1, 1, 0, 'Live'),
(631, 2, ' PASTA PESTO', 'A', 1, 1, 90, 90, 90, 0, '[]', '', 'fixed', '', '', 0, '', NULL, '0000-00-00 00:00:00', '0000-00-00 00:00:00', 631, 0, 64, 0, 1, 1, 0, 'Live'),
(632, 10, ' CREVETTE PILPIL', 'A', 1, 1, 100, 100, 100, 0, '[]', '', 'fixed', '', '', 0, '', NULL, '0000-00-00 00:00:00', '0000-00-00 00:00:00', 632, 0, 64, 0, 1, 1, 0, 'Live'),
(633, 8, ' crevette-pil-pil', 'A', 1, 1, 80, 80, 80, 0, '[]', '', 'fixed', '', '', 0, '', NULL, '0000-00-00 00:00:00', '0000-00-00 00:00:00', 633, 0, 65, 0, 1, 1, 0, 'Live'),
(634, 10, ' CREVETTE PILPIL', 'A', 1, 1, 100, 100, 100, 0, '[]', '', 'fixed', '', '', 0, '', NULL, '0000-00-00 00:00:00', '0000-00-00 00:00:00', 634, 0, 65, 0, 1, 1, 0, 'Live'),
(637, 1, ' Burger', 'B', 1, 1, 25, 25, 25, 0, '[{\"tax_field_id\":\"1\",\"tax_field_company_id\":\"1\",\"tax_field_name\":\"VAT\",\"tax_field_percentage\":\"15\",\"item_vat_amount_for_unit_item\":\"3.75\",\"item_vat_amount_for_all_quantity\":\"3.75\"},{\"tax_field_id\":\"1\",\"tax_field_company_id\":\"1\",\"tax_field_name\":\"CGST\",\"tax_field_percentage\":\"5\",\"item_vat_amount_for_unit_item\":\"1.25\",\"item_vat_amount_for_all_quantity\":\"1.25\"},{\"tax_field_id\":\"1\",\"tax_field_company_id\":\"1\",\"tax_field_name\":\"SGST\",\"tax_field_percentage\":\"5\",\"item_vat_amount_for_unit_item\":\"1.25\",\"item_vat_amount_for_all_quantity\":\"1.25\"},{\"tax_field_id\":\"1\",\"tax_field_company_id\":\"1\",\"tax_field_name\":\"IGST\",\"tax_field_percentage\":\"5\",\"item_vat_amount_for_unit_item\":\"1.25\",\"item_vat_amount_for_all_quantity\":\"1.25\"}]', '', 'fixed', '', '', 0, '', NULL, '0000-00-00 00:00:00', '0000-00-00 00:00:00', 637, 0, 66, 0, 1, 1, 0, 'Live'),
(638, 3, ' beef barbecue', 'A', 1, 1, 90, 90, 90, 0, '[{\"tax_field_id\":\"1\",\"tax_field_company_id\":\"1\",\"tax_field_name\":\"VAT\",\"tax_field_percentage\":\"15\",\"item_vat_amount_for_unit_item\":\"13.50\",\"item_vat_amount_for_all_quantity\":\"13.50\"}]', '', 'fixed', '', '', 0, '', NULL, '0000-00-00 00:00:00', '0000-00-00 00:00:00', 638, 0, 66, 0, 1, 1, 0, 'Live'),
(639, 4, ' Vegetable Noodles', 'A', 1, 1, 40, 40, 40, 0, '[{\"tax_field_id\":\"1\",\"tax_field_outlet_id\":0,\"tax_field_company_id\":1,\"tax_field_name\":\"VAT\",\"tax_field_percentage\":\"15\",\"item_vat_amount_for_unit_item\":\"6.00\",\"item_vat_amount_for_all_quantity\":\"6.00\"},{\"tax_field_id\":\"1\",\"tax_field_outlet_id\":0,\"tax_field_company_id\":1,\"tax_field_name\":\"CGST\",\"tax_field_percentage\":\"5\",\"item_vat_amount_for_unit_item\":\"2.00\",\"item_vat_amount_for_all_quantity\":\"2.00\"},{\"tax_field_id\":\"1\",\"tax_field_outlet_id\":0,\"tax_field_company_id\":1,\"tax_field_name\":\"SGST\",\"tax_field_percentage\":\"10\",\"item_vat_amount_for_unit_item\":\"4.00\",\"item_vat_amount_for_all_quantity\":\"4.00\"},{\"tax_field_id\":\"1\",\"tax_field_outlet_id\":0,\"tax_field_company_id\":1,\"tax_field_name\":\"IGST\",\"tax_field_percentage\":\"10\",\"item_vat_amount_for_unit_item\":\"4.00\",\"item_vat_amount_for_all_quantity\":\"4.00\"}]', '', 'fixed', '', '', 0, '', NULL, '0000-00-00 00:00:00', '0000-00-00 00:00:00', 639, 0, 67, 0, 1, 1, 0, 'Live'),
(640, 10, ' CREVETTE PILPIL', 'A', 1, 1, 100, 100, 100, 0, '[]', '', 'fixed', '', '', 0, '', NULL, '0000-00-00 00:00:00', '0000-00-00 00:00:00', 640, 0, 67, 0, 1, 1, 0, 'Live'),
(641, 2, ' PASTA PESTO', 'A', 1, 1, 90, 90, 90, 0, '[]', '', 'fixed', '', '', 0, '', NULL, '0000-00-00 00:00:00', '0000-00-00 00:00:00', 641, 0, 68, 0, 1, 1, 0, 'Live'),
(642, 9, ' chicken-fajitas', 'A', 1, 1, 75, 75, 75, 0, '[]', '', 'fixed', '', '', 0, '', NULL, '0000-00-00 00:00:00', '0000-00-00 00:00:00', 642, 0, 68, 0, 1, 1, 0, 'Live'),
(643, 3, ' beef barbecue', 'A', 1, 1, 90, 90, 90, 0, '[{\"tax_field_id\":\"1\",\"tax_field_company_id\":\"1\",\"tax_field_name\":\"VAT\",\"tax_field_percentage\":\"15\",\"item_vat_amount_for_unit_item\":\"13.50\",\"item_vat_amount_for_all_quantity\":\"13.50\"}]', '', 'fixed', '', '', 0, '', NULL, '0000-00-00 00:00:00', '0000-00-00 00:00:00', 643, 0, 69, 0, 1, 1, 0, 'Live'),
(644, 1, ' Burger', 'B', 1, 1, 25, 25, 25, 0, '[{\"tax_field_id\":\"1\",\"tax_field_company_id\":\"1\",\"tax_field_name\":\"VAT\",\"tax_field_percentage\":\"15\",\"item_vat_amount_for_unit_item\":\"3.75\",\"item_vat_amount_for_all_quantity\":\"3.75\"},{\"tax_field_id\":\"1\",\"tax_field_company_id\":\"1\",\"tax_field_name\":\"CGST\",\"tax_field_percentage\":\"5\",\"item_vat_amount_for_unit_item\":\"1.25\",\"item_vat_amount_for_all_quantity\":\"1.25\"},{\"tax_field_id\":\"1\",\"tax_field_company_id\":\"1\",\"tax_field_name\":\"SGST\",\"tax_field_percentage\":\"5\",\"item_vat_amount_for_unit_item\":\"1.25\",\"item_vat_amount_for_all_quantity\":\"1.25\"},{\"tax_field_id\":\"1\",\"tax_field_company_id\":\"1\",\"tax_field_name\":\"IGST\",\"tax_field_percentage\":\"5\",\"item_vat_amount_for_unit_item\":\"1.25\",\"item_vat_amount_for_all_quantity\":\"1.25\"}]', '', 'fixed', '', '', 0, '', NULL, '0000-00-00 00:00:00', '0000-00-00 00:00:00', 644, 0, 69, 0, 1, 1, 0, 'Live'),
(645, 1, ' Burger', 'B', 1, 1, 25, 25, 25, 0, '[{\"tax_field_id\":\"1\",\"tax_field_company_id\":\"1\",\"tax_field_name\":\"VAT\",\"tax_field_percentage\":\"15\",\"item_vat_amount_for_unit_item\":\"3.75\",\"item_vat_amount_for_all_quantity\":\"3.75\"},{\"tax_field_id\":\"1\",\"tax_field_company_id\":\"1\",\"tax_field_name\":\"CGST\",\"tax_field_percentage\":\"5\",\"item_vat_amount_for_unit_item\":\"1.25\",\"item_vat_amount_for_all_quantity\":\"1.25\"},{\"tax_field_id\":\"1\",\"tax_field_company_id\":\"1\",\"tax_field_name\":\"SGST\",\"tax_field_percentage\":\"5\",\"item_vat_amount_for_unit_item\":\"1.25\",\"item_vat_amount_for_all_quantity\":\"1.25\"},{\"tax_field_id\":\"1\",\"tax_field_company_id\":\"1\",\"tax_field_name\":\"IGST\",\"tax_field_percentage\":\"5\",\"item_vat_amount_for_unit_item\":\"1.25\",\"item_vat_amount_for_all_quantity\":\"1.25\"}]', '', 'fixed', '', '', 0, '', NULL, '0000-00-00 00:00:00', '0000-00-00 00:00:00', 645, 0, 70, 0, 1, 1, 0, 'Live'),
(646, 9, ' chicken-fajitas', 'A', 1, 1, 75, 75, 75, 0, '[]', '', 'fixed', '', '', 0, '', NULL, '0000-00-00 00:00:00', '0000-00-00 00:00:00', 646, 0, 70, 0, 1, 1, 0, 'Live'),
(647, 3, ' beef barbecue', 'A', 1, 1, 90, 90, 90, 0, '[{\"tax_field_id\":\"1\",\"tax_field_company_id\":\"1\",\"tax_field_name\":\"VAT\",\"tax_field_percentage\":\"15\",\"item_vat_amount_for_unit_item\":\"13.50\",\"item_vat_amount_for_all_quantity\":\"13.50\"}]', '', 'fixed', '', '', 0, '', NULL, '0000-00-00 00:00:00', '0000-00-00 00:00:00', 647, 0, 71, 0, 1, 1, 0, 'Live'),
(648, 1, ' Burger', 'B', 1, 1, 25, 25, 25, 0, '[{\"tax_field_id\":\"1\",\"tax_field_company_id\":\"1\",\"tax_field_name\":\"VAT\",\"tax_field_percentage\":\"15\",\"item_vat_amount_for_unit_item\":\"3.75\",\"item_vat_amount_for_all_quantity\":\"3.75\"},{\"tax_field_id\":\"1\",\"tax_field_company_id\":\"1\",\"tax_field_name\":\"CGST\",\"tax_field_percentage\":\"5\",\"item_vat_amount_for_unit_item\":\"1.25\",\"item_vat_amount_for_all_quantity\":\"1.25\"},{\"tax_field_id\":\"1\",\"tax_field_company_id\":\"1\",\"tax_field_name\":\"SGST\",\"tax_field_percentage\":\"5\",\"item_vat_amount_for_unit_item\":\"1.25\",\"item_vat_amount_for_all_quantity\":\"1.25\"},{\"tax_field_id\":\"1\",\"tax_field_company_id\":\"1\",\"tax_field_name\":\"IGST\",\"tax_field_percentage\":\"5\",\"item_vat_amount_for_unit_item\":\"1.25\",\"item_vat_amount_for_all_quantity\":\"1.25\"}]', '', 'fixed', '', '', 0, '', NULL, '0000-00-00 00:00:00', '0000-00-00 00:00:00', 648, 0, 71, 0, 1, 1, 0, 'Live'),
(652, 2, ' PASTA PESTO', 'A', 1, 1, 90, 90, 90, 0, '[]', '', 'fixed', '', '', 0, '', NULL, '0000-00-00 00:00:00', '0000-00-00 00:00:00', 652, 0, 72, 0, 1, 1, 0, 'Live'),
(653, 8, ' crevette-pil-pil', 'A', 1, 1, 80, 80, 80, 0, '[]', '', 'fixed', '', '', 0, '', NULL, '0000-00-00 00:00:00', '0000-00-00 00:00:00', 653, 0, 72, 0, 1, 1, 0, 'Live'),
(654, 1, ' Burger', 'B', 1, 1, 25, 25, 25, 0, '[{\"tax_field_id\":\"1\",\"tax_field_company_id\":\"1\",\"tax_field_name\":\"VAT\",\"tax_field_percentage\":\"15\",\"item_vat_amount_for_unit_item\":\"3.75\",\"item_vat_amount_for_all_quantity\":\"3.75\"},{\"tax_field_id\":\"1\",\"tax_field_company_id\":\"1\",\"tax_field_name\":\"CGST\",\"tax_field_percentage\":\"5\",\"item_vat_amount_for_unit_item\":\"1.25\",\"item_vat_amount_for_all_quantity\":\"1.25\"},{\"tax_field_id\":\"1\",\"tax_field_company_id\":\"1\",\"tax_field_name\":\"SGST\",\"tax_field_percentage\":\"5\",\"item_vat_amount_for_unit_item\":\"1.25\",\"item_vat_amount_for_all_quantity\":\"1.25\"},{\"tax_field_id\":\"1\",\"tax_field_company_id\":\"1\",\"tax_field_name\":\"IGST\",\"tax_field_percentage\":\"5\",\"item_vat_amount_for_unit_item\":\"1.25\",\"item_vat_amount_for_all_quantity\":\"1.25\"}]', '', 'fixed', '', '', 0, '', NULL, '0000-00-00 00:00:00', '0000-00-00 00:00:00', 654, 0, 72, 0, 1, 1, 0, 'Live'),
(655, 4, ' Vegetable Noodles', 'A', 1, 1, 40, 40, 40, 0, '[{\"tax_field_id\":\"1\",\"tax_field_outlet_id\":0,\"tax_field_company_id\":1,\"tax_field_name\":\"VAT\",\"tax_field_percentage\":\"15\",\"item_vat_amount_for_unit_item\":\"6.00\",\"item_vat_amount_for_all_quantity\":\"6.00\"},{\"tax_field_id\":\"1\",\"tax_field_outlet_id\":0,\"tax_field_company_id\":1,\"tax_field_name\":\"CGST\",\"tax_field_percentage\":\"5\",\"item_vat_amount_for_unit_item\":\"2.00\",\"item_vat_amount_for_all_quantity\":\"2.00\"},{\"tax_field_id\":\"1\",\"tax_field_outlet_id\":0,\"tax_field_company_id\":1,\"tax_field_name\":\"SGST\",\"tax_field_percentage\":\"10\",\"item_vat_amount_for_unit_item\":\"4.00\",\"item_vat_amount_for_all_quantity\":\"4.00\"},{\"tax_field_id\":\"1\",\"tax_field_outlet_id\":0,\"tax_field_company_id\":1,\"tax_field_name\":\"IGST\",\"tax_field_percentage\":\"10\",\"item_vat_amount_for_unit_item\":\"4.00\",\"item_vat_amount_for_all_quantity\":\"4.00\"}]', '', 'fixed', '', '', 0, '', NULL, '0000-00-00 00:00:00', '0000-00-00 00:00:00', 655, 0, 73, 0, 1, 1, 0, 'Live'),
(656, 2, ' PASTA PESTO', 'A', 1, 1, 90, 90, 90, 0, '[]', '', 'fixed', '', '', 0, '', NULL, '0000-00-00 00:00:00', '0000-00-00 00:00:00', 656, 0, 73, 0, 1, 1, 0, 'Live'),
(657, 1, ' Burger', 'B', 1, 1, 25, 25, 25, 0, '[{\"tax_field_id\":\"1\",\"tax_field_company_id\":\"1\",\"tax_field_name\":\"VAT\",\"tax_field_percentage\":\"15\",\"item_vat_amount_for_unit_item\":\"3.75\",\"item_vat_amount_for_all_quantity\":\"3.75\"},{\"tax_field_id\":\"1\",\"tax_field_company_id\":\"1\",\"tax_field_name\":\"CGST\",\"tax_field_percentage\":\"5\",\"item_vat_amount_for_unit_item\":\"1.25\",\"item_vat_amount_for_all_quantity\":\"1.25\"},{\"tax_field_id\":\"1\",\"tax_field_company_id\":\"1\",\"tax_field_name\":\"SGST\",\"tax_field_percentage\":\"5\",\"item_vat_amount_for_unit_item\":\"1.25\",\"item_vat_amount_for_all_quantity\":\"1.25\"},{\"tax_field_id\":\"1\",\"tax_field_company_id\":\"1\",\"tax_field_name\":\"IGST\",\"tax_field_percentage\":\"5\",\"item_vat_amount_for_unit_item\":\"1.25\",\"item_vat_amount_for_all_quantity\":\"1.25\"}]', '', 'fixed', '', '', 0, '', NULL, '0000-00-00 00:00:00', '0000-00-00 00:00:00', 657, 0, 73, 0, 1, 1, 0, 'Live'),
(658, 3, ' beef barbecue', 'A', 1, 1, 90, 90, 90, 0, '[{\"tax_field_id\":\"1\",\"tax_field_company_id\":\"1\",\"tax_field_name\":\"VAT\",\"tax_field_percentage\":\"15\",\"item_vat_amount_for_unit_item\":\"13.50\",\"item_vat_amount_for_all_quantity\":\"13.50\"}]', '', 'fixed', '', '', 0, '', NULL, '0000-00-00 00:00:00', '0000-00-00 00:00:00', 658, 0, 74, 0, 1, 1, 0, 'Live'),
(659, 9, ' chicken-fajitas', 'A', 1, 1, 75, 75, 75, 0, '[]', '', 'fixed', '', '', 0, '', NULL, '0000-00-00 00:00:00', '0000-00-00 00:00:00', 659, 0, 74, 0, 1, 1, 0, 'Live'),
(660, 1, ' Burger', 'B', 1, 1, 25, 25, 25, 0, '[{\"tax_field_id\":\"1\",\"tax_field_company_id\":\"1\",\"tax_field_name\":\"VAT\",\"tax_field_percentage\":\"15\",\"item_vat_amount_for_unit_item\":\"3.75\",\"item_vat_amount_for_all_quantity\":\"3.75\"},{\"tax_field_id\":\"1\",\"tax_field_company_id\":\"1\",\"tax_field_name\":\"CGST\",\"tax_field_percentage\":\"5\",\"item_vat_amount_for_unit_item\":\"1.25\",\"item_vat_amount_for_all_quantity\":\"1.25\"},{\"tax_field_id\":\"1\",\"tax_field_company_id\":\"1\",\"tax_field_name\":\"SGST\",\"tax_field_percentage\":\"5\",\"item_vat_amount_for_unit_item\":\"1.25\",\"item_vat_amount_for_all_quantity\":\"1.25\"},{\"tax_field_id\":\"1\",\"tax_field_company_id\":\"1\",\"tax_field_name\":\"IGST\",\"tax_field_percentage\":\"5\",\"item_vat_amount_for_unit_item\":\"1.25\",\"item_vat_amount_for_all_quantity\":\"1.25\"}]', '', 'fixed', '', '', 0, '', NULL, '0000-00-00 00:00:00', '0000-00-00 00:00:00', 660, 0, 74, 0, 1, 1, 0, 'Live'),
(661, 10, ' CREVETTE PILPIL', 'A', 1, 1, 100, 100, 100, 0, '[]', '', 'fixed', '', '', 0, '', NULL, '0000-00-00 00:00:00', '0000-00-00 00:00:00', 661, 0, 74, 0, 1, 1, 0, 'Live'),
(662, 8, ' crevette-pil-pil', 'A', 1, 1, 80, 80, 80, 0, '[]', '', 'fixed', '', '', 0, '', NULL, '0000-00-00 00:00:00', '0000-00-00 00:00:00', 662, 0, 75, 0, 1, 1, 0, 'Live'),
(663, 11, ' SMOTHIE MANGUE', 'A', 1, 1, 45, 45, 45, 0, '[]', '', 'fixed', '', '', 0, '', NULL, '0000-00-00 00:00:00', '0000-00-00 00:00:00', 663, 0, 75, 0, 1, 1, 0, 'Live'),
(664, 10, ' CREVETTE PILPIL', 'A', 1, 1, 100, 100, 100, 0, '[]', '', 'fixed', '', '', 0, '', NULL, '0000-00-00 00:00:00', '0000-00-00 00:00:00', 664, 0, 75, 0, 1, 1, 0, 'Live'),
(665, 9, ' chicken-fajitas', 'A', 1, 1, 75, 75, 75, 0, '[]', '', 'fixed', '', '', 0, '', NULL, '0000-00-00 00:00:00', '0000-00-00 00:00:00', 665, 0, 75, 0, 1, 1, 0, 'Live'),
(666, 1, ' Burger', 'B', 1, 1, 25, 25, 25, 0, '[{\"tax_field_id\":\"1\",\"tax_field_company_id\":\"1\",\"tax_field_name\":\"VAT\",\"tax_field_percentage\":\"15\",\"item_vat_amount_for_unit_item\":\"3.75\",\"item_vat_amount_for_all_quantity\":\"3.75\"},{\"tax_field_id\":\"1\",\"tax_field_company_id\":\"1\",\"tax_field_name\":\"CGST\",\"tax_field_percentage\":\"5\",\"item_vat_amount_for_unit_item\":\"1.25\",\"item_vat_amount_for_all_quantity\":\"1.25\"},{\"tax_field_id\":\"1\",\"tax_field_company_id\":\"1\",\"tax_field_name\":\"SGST\",\"tax_field_percentage\":\"5\",\"item_vat_amount_for_unit_item\":\"1.25\",\"item_vat_amount_for_all_quantity\":\"1.25\"},{\"tax_field_id\":\"1\",\"tax_field_company_id\":\"1\",\"tax_field_name\":\"IGST\",\"tax_field_percentage\":\"5\",\"item_vat_amount_for_unit_item\":\"1.25\",\"item_vat_amount_for_all_quantity\":\"1.25\"}]', '', 'fixed', '', '', 0, '', NULL, '0000-00-00 00:00:00', '0000-00-00 00:00:00', 666, 0, 75, 0, 1, 1, 0, 'Live'),
(667, 2, ' PASTA PESTO', 'A', 1, 1, 90, 90, 90, 0, '[]', '', 'fixed', '', '', 0, '', NULL, '0000-00-00 00:00:00', '0000-00-00 00:00:00', 667, 0, 76, 0, 1, 1, 0, 'Live'),
(668, 8, ' crevette-pil-pil', 'A', 1, 1, 80, 80, 80, 0, '[]', '', 'fixed', '', '', 0, '', NULL, '0000-00-00 00:00:00', '0000-00-00 00:00:00', 668, 0, 76, 0, 1, 1, 0, 'Live'),
(669, 1, ' Burger', 'B', 1, 1, 25, 25, 25, 0, '[{\"tax_field_id\":\"1\",\"tax_field_company_id\":\"1\",\"tax_field_name\":\"VAT\",\"tax_field_percentage\":\"15\",\"item_vat_amount_for_unit_item\":\"3.75\",\"item_vat_amount_for_all_quantity\":\"3.75\"},{\"tax_field_id\":\"1\",\"tax_field_company_id\":\"1\",\"tax_field_name\":\"CGST\",\"tax_field_percentage\":\"5\",\"item_vat_amount_for_unit_item\":\"1.25\",\"item_vat_amount_for_all_quantity\":\"1.25\"},{\"tax_field_id\":\"1\",\"tax_field_company_id\":\"1\",\"tax_field_name\":\"SGST\",\"tax_field_percentage\":\"5\",\"item_vat_amount_for_unit_item\":\"1.25\",\"item_vat_amount_for_all_quantity\":\"1.25\"},{\"tax_field_id\":\"1\",\"tax_field_company_id\":\"1\",\"tax_field_name\":\"IGST\",\"tax_field_percentage\":\"5\",\"item_vat_amount_for_unit_item\":\"1.25\",\"item_vat_amount_for_all_quantity\":\"1.25\"}]', '', 'fixed', '', '', 0, '', NULL, '0000-00-00 00:00:00', '0000-00-00 00:00:00', 669, 0, 76, 0, 1, 1, 0, 'Live'),
(670, 3, ' beef barbecue', 'A', 1, 1, 90, 90, 90, 0, '[{\"tax_field_id\":\"1\",\"tax_field_company_id\":\"1\",\"tax_field_name\":\"VAT\",\"tax_field_percentage\":\"15\",\"item_vat_amount_for_unit_item\":\"13.50\",\"item_vat_amount_for_all_quantity\":\"13.50\"}]', '', 'fixed', '', '', 0, '', NULL, '0000-00-00 00:00:00', '0000-00-00 00:00:00', 670, 0, 76, 0, 1, 1, 0, 'Live'),
(674, 10, ' CREVETTE PILPIL', 'A', 1, 1, 100, 100, 100, 0, '[]', '', 'fixed', '', '', 0, '', NULL, '0000-00-00 00:00:00', '0000-00-00 00:00:00', 674, 0, 77, 0, 1, 1, 0, 'Live'),
(675, 1, ' Burger', 'B', 1, 1, 25, 25, 25, 0, '[{\"tax_field_id\":\"1\",\"tax_field_company_id\":\"1\",\"tax_field_name\":\"VAT\",\"tax_field_percentage\":\"15\",\"item_vat_amount_for_unit_item\":\"3.75\",\"item_vat_amount_for_all_quantity\":\"3.75\"},{\"tax_field_id\":\"1\",\"tax_field_company_id\":\"1\",\"tax_field_name\":\"CGST\",\"tax_field_percentage\":\"5\",\"item_vat_amount_for_unit_item\":\"1.25\",\"item_vat_amount_for_all_quantity\":\"1.25\"},{\"tax_field_id\":\"1\",\"tax_field_company_id\":\"1\",\"tax_field_name\":\"SGST\",\"tax_field_percentage\":\"5\",\"item_vat_amount_for_unit_item\":\"1.25\",\"item_vat_amount_for_all_quantity\":\"1.25\"},{\"tax_field_id\":\"1\",\"tax_field_company_id\":\"1\",\"tax_field_name\":\"IGST\",\"tax_field_percentage\":\"5\",\"item_vat_amount_for_unit_item\":\"1.25\",\"item_vat_amount_for_all_quantity\":\"1.25\"}]', '', 'fixed', '', '', 0, '', NULL, '0000-00-00 00:00:00', '0000-00-00 00:00:00', 675, 0, 77, 0, 1, 1, 0, 'Live'),
(676, 9, ' chicken-fajitas', 'A', 1, 1, 75, 75, 75, 0, '[]', '', 'fixed', '', '', 0, '', NULL, '0000-00-00 00:00:00', '0000-00-00 00:00:00', 676, 0, 77, 0, 1, 1, 0, 'Live'),
(681, 8, ' crevette-pil-pil', 'A', 1, 1, 80, 80, 80, 0, '[]', '', 'fixed', '', '', 0, '', NULL, '0000-00-00 00:00:00', '0000-00-00 00:00:00', 681, 0, 78, 0, 1, 1, 0, 'Live'),
(682, 10, ' CREVETTE PILPIL', 'A', 1, 1, 100, 100, 100, 0, '[]', '', 'fixed', '', '', 0, '', NULL, '0000-00-00 00:00:00', '0000-00-00 00:00:00', 682, 0, 78, 0, 1, 1, 0, 'Live'),
(683, 2, ' PASTA PESTO', 'A', 1, 1, 90, 90, 90, 0, '[]', '', 'fixed', '', '', 0, '', NULL, '0000-00-00 00:00:00', '0000-00-00 00:00:00', 683, 0, 78, 0, 1, 1, 0, 'Live'),
(684, 1, ' Burger', 'B', 1, 1, 25, 25, 25, 0, '[{\"tax_field_id\":\"1\",\"tax_field_company_id\":\"1\",\"tax_field_name\":\"VAT\",\"tax_field_percentage\":\"15\",\"item_vat_amount_for_unit_item\":\"3.75\",\"item_vat_amount_for_all_quantity\":\"3.75\"},{\"tax_field_id\":\"1\",\"tax_field_company_id\":\"1\",\"tax_field_name\":\"CGST\",\"tax_field_percentage\":\"5\",\"item_vat_amount_for_unit_item\":\"1.25\",\"item_vat_amount_for_all_quantity\":\"1.25\"},{\"tax_field_id\":\"1\",\"tax_field_company_id\":\"1\",\"tax_field_name\":\"SGST\",\"tax_field_percentage\":\"5\",\"item_vat_amount_for_unit_item\":\"1.25\",\"item_vat_amount_for_all_quantity\":\"1.25\"},{\"tax_field_id\":\"1\",\"tax_field_company_id\":\"1\",\"tax_field_name\":\"IGST\",\"tax_field_percentage\":\"5\",\"item_vat_amount_for_unit_item\":\"1.25\",\"item_vat_amount_for_all_quantity\":\"1.25\"}]', '', 'fixed', '', '', 0, '', NULL, '0000-00-00 00:00:00', '0000-00-00 00:00:00', 684, 0, 78, 0, 1, 1, 0, 'Live'),
(685, 10, ' CREVETTE PILPIL', 'A', 1, 1, 100, 100, 100, 0, '[]', '', 'fixed', '', '', 0, '', NULL, '0000-00-00 00:00:00', '0000-00-00 00:00:00', 685, 0, 79, 0, 1, 1, 0, 'Live'),
(686, 2, ' PASTA PESTO', 'A', 1, 1, 90, 90, 90, 0, '[]', '', 'fixed', '', '', 0, '', NULL, '0000-00-00 00:00:00', '0000-00-00 00:00:00', 686, 0, 79, 0, 1, 1, 0, 'Live'),
(687, 1, ' Burger', 'B', 1, 1, 25, 25, 25, 0, '[{\"tax_field_id\":\"1\",\"tax_field_company_id\":\"1\",\"tax_field_name\":\"VAT\",\"tax_field_percentage\":\"15\",\"item_vat_amount_for_unit_item\":\"3.75\",\"item_vat_amount_for_all_quantity\":\"3.75\"},{\"tax_field_id\":\"1\",\"tax_field_company_id\":\"1\",\"tax_field_name\":\"CGST\",\"tax_field_percentage\":\"5\",\"item_vat_amount_for_unit_item\":\"1.25\",\"item_vat_amount_for_all_quantity\":\"1.25\"},{\"tax_field_id\":\"1\",\"tax_field_company_id\":\"1\",\"tax_field_name\":\"SGST\",\"tax_field_percentage\":\"5\",\"item_vat_amount_for_unit_item\":\"1.25\",\"item_vat_amount_for_all_quantity\":\"1.25\"},{\"tax_field_id\":\"1\",\"tax_field_company_id\":\"1\",\"tax_field_name\":\"IGST\",\"tax_field_percentage\":\"5\",\"item_vat_amount_for_unit_item\":\"1.25\",\"item_vat_amount_for_all_quantity\":\"1.25\"}]', '', 'fixed', '', '', 0, '', NULL, '0000-00-00 00:00:00', '0000-00-00 00:00:00', 687, 0, 79, 0, 1, 1, 0, 'Live'),
(691, 9, ' chicken-fajitas', 'A', 1, 1, 75, 75, 75, 0, '[]', '', 'fixed', '', '', 0, '', NULL, '0000-00-00 00:00:00', '0000-00-00 00:00:00', 691, 0, 80, 0, 1, 1, 0, 'Live'),
(692, 2, ' PASTA PESTO', 'A', 1, 1, 90, 90, 90, 0, '[]', '', 'fixed', '', '', 0, '', NULL, '0000-00-00 00:00:00', '0000-00-00 00:00:00', 692, 0, 80, 0, 1, 1, 0, 'Live'),
(693, 1, ' Burger', 'B', 1, 1, 25, 25, 25, 0, '[{\"tax_field_id\":\"1\",\"tax_field_company_id\":\"1\",\"tax_field_name\":\"VAT\",\"tax_field_percentage\":\"15\",\"item_vat_amount_for_unit_item\":\"3.75\",\"item_vat_amount_for_all_quantity\":\"3.75\"},{\"tax_field_id\":\"1\",\"tax_field_company_id\":\"1\",\"tax_field_name\":\"CGST\",\"tax_field_percentage\":\"5\",\"item_vat_amount_for_unit_item\":\"1.25\",\"item_vat_amount_for_all_quantity\":\"1.25\"},{\"tax_field_id\":\"1\",\"tax_field_company_id\":\"1\",\"tax_field_name\":\"SGST\",\"tax_field_percentage\":\"5\",\"item_vat_amount_for_unit_item\":\"1.25\",\"item_vat_amount_for_all_quantity\":\"1.25\"},{\"tax_field_id\":\"1\",\"tax_field_company_id\":\"1\",\"tax_field_name\":\"IGST\",\"tax_field_percentage\":\"5\",\"item_vat_amount_for_unit_item\":\"1.25\",\"item_vat_amount_for_all_quantity\":\"1.25\"}]', '', 'fixed', '', '', 0, '', NULL, '0000-00-00 00:00:00', '0000-00-00 00:00:00', 693, 0, 80, 0, 1, 1, 0, 'Live'),
(694, 2, ' PASTA PESTO', 'A', 1, 1, 90, 90, 90, 0, '[]', '', 'fixed', '', '', 0, '', NULL, '0000-00-00 00:00:00', '0000-00-00 00:00:00', 694, 0, 81, 0, 1, 1, 0, 'Live'),
(695, 1, ' Burger', 'B', 1, 1, 25, 25, 25, 0, '[{\"tax_field_id\":\"1\",\"tax_field_company_id\":\"1\",\"tax_field_name\":\"VAT\",\"tax_field_percentage\":\"15\",\"item_vat_amount_for_unit_item\":\"3.75\",\"item_vat_amount_for_all_quantity\":\"3.75\"},{\"tax_field_id\":\"1\",\"tax_field_company_id\":\"1\",\"tax_field_name\":\"CGST\",\"tax_field_percentage\":\"5\",\"item_vat_amount_for_unit_item\":\"1.25\",\"item_vat_amount_for_all_quantity\":\"1.25\"},{\"tax_field_id\":\"1\",\"tax_field_company_id\":\"1\",\"tax_field_name\":\"SGST\",\"tax_field_percentage\":\"5\",\"item_vat_amount_for_unit_item\":\"1.25\",\"item_vat_amount_for_all_quantity\":\"1.25\"},{\"tax_field_id\":\"1\",\"tax_field_company_id\":\"1\",\"tax_field_name\":\"IGST\",\"tax_field_percentage\":\"5\",\"item_vat_amount_for_unit_item\":\"1.25\",\"item_vat_amount_for_all_quantity\":\"1.25\"}]', '', 'fixed', '', '', 0, '', NULL, '0000-00-00 00:00:00', '0000-00-00 00:00:00', 695, 0, 81, 0, 1, 1, 0, 'Live'),
(696, 1, ' Burger', 'B', 1, 1, 25, 25, 25, 0, '[{\"tax_field_id\":\"1\",\"tax_field_company_id\":\"1\",\"tax_field_name\":\"VAT\",\"tax_field_percentage\":\"15\",\"item_vat_amount_for_unit_item\":\"3.75\",\"item_vat_amount_for_all_quantity\":\"3.75\"},{\"tax_field_id\":\"1\",\"tax_field_company_id\":\"1\",\"tax_field_name\":\"CGST\",\"tax_field_percentage\":\"5\",\"item_vat_amount_for_unit_item\":\"1.25\",\"item_vat_amount_for_all_quantity\":\"1.25\"},{\"tax_field_id\":\"1\",\"tax_field_company_id\":\"1\",\"tax_field_name\":\"SGST\",\"tax_field_percentage\":\"5\",\"item_vat_amount_for_unit_item\":\"1.25\",\"item_vat_amount_for_all_quantity\":\"1.25\"},{\"tax_field_id\":\"1\",\"tax_field_company_id\":\"1\",\"tax_field_name\":\"IGST\",\"tax_field_percentage\":\"5\",\"item_vat_amount_for_unit_item\":\"1.25\",\"item_vat_amount_for_all_quantity\":\"1.25\"}]', '', 'fixed', '', '', 0, '', NULL, '0000-00-00 00:00:00', '0000-00-00 00:00:00', 696, 0, 82, 0, 1, 1, 0, 'Live'),
(697, 3, ' beef barbecue', 'A', 1, 1, 90, 90, 90, 0, '[{\"tax_field_id\":\"1\",\"tax_field_company_id\":\"1\",\"tax_field_name\":\"VAT\",\"tax_field_percentage\":\"15\",\"item_vat_amount_for_unit_item\":\"13.50\",\"item_vat_amount_for_all_quantity\":\"13.50\"}]', '', 'fixed', '', '', 0, '', NULL, '0000-00-00 00:00:00', '0000-00-00 00:00:00', 697, 0, 82, 0, 1, 1, 0, 'Live'),
(698, 9, ' chicken-fajitas', 'A', 1, 1, 75, 75, 75, 0, '[]', '', 'fixed', '', '', 0, '', NULL, '0000-00-00 00:00:00', '0000-00-00 00:00:00', 698, 0, 83, 0, 1, 1, 0, 'Live'),
(699, 3, ' beef barbecue', 'A', 1, 1, 90, 90, 90, 0, '[{\"tax_field_id\":\"1\",\"tax_field_company_id\":\"1\",\"tax_field_name\":\"VAT\",\"tax_field_percentage\":\"15\",\"item_vat_amount_for_unit_item\":\"13.50\",\"item_vat_amount_for_all_quantity\":\"13.50\"}]', '', 'fixed', '', '', 0, '', NULL, '0000-00-00 00:00:00', '0000-00-00 00:00:00', 699, 0, 83, 0, 1, 1, 0, 'Live'),
(700, 1, ' Burger', 'B', 1, 1, 25, 25, 25, 0, '[{\"tax_field_id\":\"1\",\"tax_field_company_id\":\"1\",\"tax_field_name\":\"VAT\",\"tax_field_percentage\":\"15\",\"item_vat_amount_for_unit_item\":\"3.75\",\"item_vat_amount_for_all_quantity\":\"3.75\"},{\"tax_field_id\":\"1\",\"tax_field_company_id\":\"1\",\"tax_field_name\":\"CGST\",\"tax_field_percentage\":\"5\",\"item_vat_amount_for_unit_item\":\"1.25\",\"item_vat_amount_for_all_quantity\":\"1.25\"},{\"tax_field_id\":\"1\",\"tax_field_company_id\":\"1\",\"tax_field_name\":\"SGST\",\"tax_field_percentage\":\"5\",\"item_vat_amount_for_unit_item\":\"1.25\",\"item_vat_amount_for_all_quantity\":\"1.25\"},{\"tax_field_id\":\"1\",\"tax_field_company_id\":\"1\",\"tax_field_name\":\"IGST\",\"tax_field_percentage\":\"5\",\"item_vat_amount_for_unit_item\":\"1.25\",\"item_vat_amount_for_all_quantity\":\"1.25\"}]', '', 'fixed', '', '', 0, '', NULL, '0000-00-00 00:00:00', '0000-00-00 00:00:00', 700, 0, 83, 0, 1, 1, 0, 'Live'),
(707, 9, ' chicken-fajitas', 'A', 1, 1, 75, 75, 75, 0, '[]', '', 'fixed', '', '', 0, '', NULL, '0000-00-00 00:00:00', '0000-00-00 00:00:00', 707, 0, 84, 0, 1, 1, 0, 'Live'),
(708, 1, ' Burger', 'B', 1, 1, 25, 25, 25, 0, '[{\"tax_field_id\":\"1\",\"tax_field_company_id\":\"1\",\"tax_field_name\":\"VAT\",\"tax_field_percentage\":\"15\",\"item_vat_amount_for_unit_item\":\"3.75\",\"item_vat_amount_for_all_quantity\":\"3.75\"},{\"tax_field_id\":\"1\",\"tax_field_company_id\":\"1\",\"tax_field_name\":\"CGST\",\"tax_field_percentage\":\"5\",\"item_vat_amount_for_unit_item\":\"1.25\",\"item_vat_amount_for_all_quantity\":\"1.25\"},{\"tax_field_id\":\"1\",\"tax_field_company_id\":\"1\",\"tax_field_name\":\"SGST\",\"tax_field_percentage\":\"5\",\"item_vat_amount_for_unit_item\":\"1.25\",\"item_vat_amount_for_all_quantity\":\"1.25\"},{\"tax_field_id\":\"1\",\"tax_field_company_id\":\"1\",\"tax_field_name\":\"IGST\",\"tax_field_percentage\":\"5\",\"item_vat_amount_for_unit_item\":\"1.25\",\"item_vat_amount_for_all_quantity\":\"1.25\"}]', '', 'fixed', '', '', 0, '', NULL, '0000-00-00 00:00:00', '0000-00-00 00:00:00', 708, 0, 84, 0, 1, 1, 0, 'Live'),
(709, 2, ' PASTA PESTO', 'A', 1, 1, 90, 90, 90, 0, '[]', '', 'fixed', '', '', 0, '', NULL, '0000-00-00 00:00:00', '0000-00-00 00:00:00', 709, 0, 84, 0, 1, 1, 0, 'Live'),
(710, 3, ' beef barbecue', 'A', 1, 1, 90, 90, 90, 0, '[{\"tax_field_id\":\"1\",\"tax_field_company_id\":\"1\",\"tax_field_name\":\"VAT\",\"tax_field_percentage\":\"15\",\"item_vat_amount_for_unit_item\":\"13.50\",\"item_vat_amount_for_all_quantity\":\"13.50\"}]', '', 'fixed', '', '', 0, '', NULL, '0000-00-00 00:00:00', '0000-00-00 00:00:00', 710, 0, 85, 0, 1, 1, 0, 'Live'),
(711, 1, ' Burger', 'B', 1, 1, 25, 25, 25, 0, '[{\"tax_field_id\":\"1\",\"tax_field_company_id\":\"1\",\"tax_field_name\":\"VAT\",\"tax_field_percentage\":\"15\",\"item_vat_amount_for_unit_item\":\"3.75\",\"item_vat_amount_for_all_quantity\":\"3.75\"},{\"tax_field_id\":\"1\",\"tax_field_company_id\":\"1\",\"tax_field_name\":\"CGST\",\"tax_field_percentage\":\"5\",\"item_vat_amount_for_unit_item\":\"1.25\",\"item_vat_amount_for_all_quantity\":\"1.25\"},{\"tax_field_id\":\"1\",\"tax_field_company_id\":\"1\",\"tax_field_name\":\"SGST\",\"tax_field_percentage\":\"5\",\"item_vat_amount_for_unit_item\":\"1.25\",\"item_vat_amount_for_all_quantity\":\"1.25\"},{\"tax_field_id\":\"1\",\"tax_field_company_id\":\"1\",\"tax_field_name\":\"IGST\",\"tax_field_percentage\":\"5\",\"item_vat_amount_for_unit_item\":\"1.25\",\"item_vat_amount_for_all_quantity\":\"1.25\"}]', '', 'fixed', '', '', 0, '', NULL, '0000-00-00 00:00:00', '0000-00-00 00:00:00', 711, 0, 85, 0, 1, 1, 0, 'Live'),
(712, 2, ' PASTA PESTO', 'A', 1, 1, 90, 90, 90, 0, '[]', '', 'fixed', '', '', 0, '', NULL, '0000-00-00 00:00:00', '0000-00-00 00:00:00', 712, 0, 85, 0, 1, 1, 0, 'Live'),
(713, 3, ' beef barbecue', 'A', 1, 1, 90, 90, 90, 0, '[{\"tax_field_id\":\"1\",\"tax_field_company_id\":\"1\",\"tax_field_name\":\"VAT\",\"tax_field_percentage\":\"15\",\"item_vat_amount_for_unit_item\":\"13.50\",\"item_vat_amount_for_all_quantity\":\"13.50\"}]', '', 'fixed', '', '', 0, '', NULL, '0000-00-00 00:00:00', '0000-00-00 00:00:00', 713, 0, 86, 0, 1, 1, 0, 'Live'),
(714, 1, ' Burger', 'B', 1, 1, 25, 25, 25, 0, '[{\"tax_field_id\":\"1\",\"tax_field_company_id\":\"1\",\"tax_field_name\":\"VAT\",\"tax_field_percentage\":\"15\",\"item_vat_amount_for_unit_item\":\"3.75\",\"item_vat_amount_for_all_quantity\":\"3.75\"},{\"tax_field_id\":\"1\",\"tax_field_company_id\":\"1\",\"tax_field_name\":\"CGST\",\"tax_field_percentage\":\"5\",\"item_vat_amount_for_unit_item\":\"1.25\",\"item_vat_amount_for_all_quantity\":\"1.25\"},{\"tax_field_id\":\"1\",\"tax_field_company_id\":\"1\",\"tax_field_name\":\"SGST\",\"tax_field_percentage\":\"5\",\"item_vat_amount_for_unit_item\":\"1.25\",\"item_vat_amount_for_all_quantity\":\"1.25\"},{\"tax_field_id\":\"1\",\"tax_field_company_id\":\"1\",\"tax_field_name\":\"IGST\",\"tax_field_percentage\":\"5\",\"item_vat_amount_for_unit_item\":\"1.25\",\"item_vat_amount_for_all_quantity\":\"1.25\"}]', '', 'fixed', '', '', 0, '', NULL, '0000-00-00 00:00:00', '0000-00-00 00:00:00', 714, 0, 86, 0, 1, 1, 0, 'Live'),
(715, 2, ' PASTA PESTO', 'A', 1, 1, 90, 90, 90, 0, '[]', '', 'fixed', '', '', 0, '', NULL, '0000-00-00 00:00:00', '0000-00-00 00:00:00', 715, 0, 87, 0, 1, 1, 0, 'Live'),
(716, 10, ' CREVETTE PILPIL', 'A', 1, 1, 100, 100, 100, 0, '[]', '', 'fixed', '', '', 0, '', NULL, '0000-00-00 00:00:00', '0000-00-00 00:00:00', 716, 0, 87, 0, 1, 1, 0, 'Live'),
(717, 9, ' chicken-fajitas', 'A', 1, 1, 75, 75, 75, 0, '[]', '', 'fixed', '', '', 0, '', NULL, '0000-00-00 00:00:00', '0000-00-00 00:00:00', 717, 0, 87, 0, 1, 1, 0, 'Live'),
(718, 1, ' Burger', 'B', 1, 1, 25, 25, 25, 0, '[{\"tax_field_id\":\"1\",\"tax_field_company_id\":\"1\",\"tax_field_name\":\"VAT\",\"tax_field_percentage\":\"15\",\"item_vat_amount_for_unit_item\":\"3.75\",\"item_vat_amount_for_all_quantity\":\"3.75\"},{\"tax_field_id\":\"1\",\"tax_field_company_id\":\"1\",\"tax_field_name\":\"CGST\",\"tax_field_percentage\":\"5\",\"item_vat_amount_for_unit_item\":\"1.25\",\"item_vat_amount_for_all_quantity\":\"1.25\"},{\"tax_field_id\":\"1\",\"tax_field_company_id\":\"1\",\"tax_field_name\":\"SGST\",\"tax_field_percentage\":\"5\",\"item_vat_amount_for_unit_item\":\"1.25\",\"item_vat_amount_for_all_quantity\":\"1.25\"},{\"tax_field_id\":\"1\",\"tax_field_company_id\":\"1\",\"tax_field_name\":\"IGST\",\"tax_field_percentage\":\"5\",\"item_vat_amount_for_unit_item\":\"1.25\",\"item_vat_amount_for_all_quantity\":\"1.25\"}]', '', 'fixed', '', '', 0, '', NULL, '0000-00-00 00:00:00', '0000-00-00 00:00:00', 718, 0, 87, 0, 1, 1, 0, 'Live'),
(812, 1, ' Burger', 'B', 1, 1, 25, 25, 25, 0, '[{\"tax_field_id\":\"1\",\"tax_field_company_id\":\"1\",\"tax_field_name\":\"VAT\",\"tax_field_percentage\":\"15\",\"item_vat_amount_for_unit_item\":\"3.75\",\"item_vat_amount_for_all_quantity\":\"3.75\"},{\"tax_field_id\":\"1\",\"tax_field_company_id\":\"1\",\"tax_field_name\":\"CGST\",\"tax_field_percentage\":\"5\",\"item_vat_amount_for_unit_item\":\"1.25\",\"item_vat_amount_for_all_quantity\":\"1.25\"},{\"tax_field_id\":\"1\",\"tax_field_company_id\":\"1\",\"tax_field_name\":\"SGST\",\"tax_field_percentage\":\"5\",\"item_vat_amount_for_unit_item\":\"1.25\",\"item_vat_amount_for_all_quantity\":\"1.25\"},{\"tax_field_id\":\"1\",\"tax_field_company_id\":\"1\",\"tax_field_name\":\"IGST\",\"tax_field_percentage\":\"5\",\"item_vat_amount_for_unit_item\":\"1.25\",\"item_vat_amount_for_all_quantity\":\"1.25\"}]', '', 'fixed', '', '', 0, '', NULL, '0000-00-00 00:00:00', '0000-00-00 00:00:00', 812, 0, 89, 0, 1, 1, 0, 'Live'),
(813, 9, ' chicken-fajitas', 'A', 1, 1, 75, 75, 75, 0, '[]', '', 'fixed', '', '', 0, '', NULL, '0000-00-00 00:00:00', '0000-00-00 00:00:00', 813, 0, 89, 0, 1, 1, 0, 'Live');
INSERT INTO `tbl_sales_details` (`id`, `food_menu_id`, `menu_name`, `vat_category`, `qty`, `tmp_qty`, `menu_price_without_discount`, `menu_price_with_discount`, `menu_unit_price`, `menu_vat_percentage`, `menu_taxes`, `menu_discount_value`, `discount_type`, `menu_note`, `menu_combo_items`, `discount_amount`, `item_type`, `cooking_status`, `cooking_start_time`, `cooking_done_time`, `previous_id`, `loyalty_point_earn`, `sales_id`, `order_status`, `user_id`, `outlet_id`, `is_free_item`, `del_status`) VALUES
(1411, 1, ' Burger', 'B', 1, 1, 25, 25, 25, 0, '[{\"tax_field_id\":\"1\",\"tax_field_company_id\":\"1\",\"tax_field_name\":\"VAT\",\"tax_field_percentage\":\"15\",\"item_vat_amount_for_unit_item\":\"3.75\",\"item_vat_amount_for_all_quantity\":\"3.75\"},{\"tax_field_id\":\"1\",\"tax_field_company_id\":\"1\",\"tax_field_name\":\"CGST\",\"tax_field_percentage\":\"5\",\"item_vat_amount_for_unit_item\":\"1.25\",\"item_vat_amount_for_all_quantity\":\"1.25\"},{\"tax_field_id\":\"1\",\"tax_field_company_id\":\"1\",\"tax_field_name\":\"SGST\",\"tax_field_percentage\":\"5\",\"item_vat_amount_for_unit_item\":\"1.25\",\"item_vat_amount_for_all_quantity\":\"1.25\"},{\"tax_field_id\":\"1\",\"tax_field_company_id\":\"1\",\"tax_field_name\":\"IGST\",\"tax_field_percentage\":\"5\",\"item_vat_amount_for_unit_item\":\"1.25\",\"item_vat_amount_for_all_quantity\":\"1.25\"}]', '', 'fixed', '', '', 0, '', NULL, '0000-00-00 00:00:00', '0000-00-00 00:00:00', 1411, 0, 90, 0, 1, 1, 0, 'Live'),
(1412, 9, ' chicken-fajitas', 'A', 1, 1, 75, 75, 75, 0, '[]', '', 'fixed', '', '', 0, '', NULL, '0000-00-00 00:00:00', '0000-00-00 00:00:00', 1412, 0, 90, 0, 1, 1, 0, 'Live'),
(2271, 3, ' beef barbecue', 'A', 1, 1, 90, 90, 90, 0, '[{\"tax_field_id\":\"1\",\"tax_field_company_id\":\"1\",\"tax_field_name\":\"VAT\",\"tax_field_percentage\":\"15\",\"item_vat_amount_for_unit_item\":\"13.50\",\"item_vat_amount_for_all_quantity\":\"13.50\"}]', '', 'fixed', '', '', 0, '', NULL, '0000-00-00 00:00:00', '0000-00-00 00:00:00', 2271, 0, 88, 0, 1, 1, 0, 'Live'),
(2272, 2, ' PASTA PESTO', 'A', 1, 1, 90, 90, 90, 0, '[]', '', 'fixed', '', '', 0, '', NULL, '0000-00-00 00:00:00', '0000-00-00 00:00:00', 2272, 0, 88, 0, 1, 1, 0, 'Live'),
(2273, 1, ' Burger', 'B', 1, 1, 25, 25, 25, 0, '[{\"tax_field_id\":\"1\",\"tax_field_company_id\":\"1\",\"tax_field_name\":\"VAT\",\"tax_field_percentage\":\"15\",\"item_vat_amount_for_unit_item\":\"3.75\",\"item_vat_amount_for_all_quantity\":\"3.75\"},{\"tax_field_id\":\"1\",\"tax_field_company_id\":\"1\",\"tax_field_name\":\"CGST\",\"tax_field_percentage\":\"5\",\"item_vat_amount_for_unit_item\":\"1.25\",\"item_vat_amount_for_all_quantity\":\"1.25\"},{\"tax_field_id\":\"1\",\"tax_field_company_id\":\"1\",\"tax_field_name\":\"SGST\",\"tax_field_percentage\":\"5\",\"item_vat_amount_for_unit_item\":\"1.25\",\"item_vat_amount_for_all_quantity\":\"1.25\"},{\"tax_field_id\":\"1\",\"tax_field_company_id\":\"1\",\"tax_field_name\":\"IGST\",\"tax_field_percentage\":\"5\",\"item_vat_amount_for_unit_item\":\"1.25\",\"item_vat_amount_for_all_quantity\":\"1.25\"}]', '', 'fixed', '', '', 0, '', NULL, '0000-00-00 00:00:00', '0000-00-00 00:00:00', 2273, 0, 88, 0, 1, 1, 0, 'Live'),
(2274, 3, ' beef barbecue', 'A', 1, 1, 90, 90, 90, 0, '[{\"tax_field_id\":\"1\",\"tax_field_company_id\":\"1\",\"tax_field_name\":\"VAT\",\"tax_field_percentage\":\"15\",\"item_vat_amount_for_unit_item\":\"13.50\",\"item_vat_amount_for_all_quantity\":\"13.50\"}]', '', 'fixed', '', '', 0, '', NULL, '0000-00-00 00:00:00', '0000-00-00 00:00:00', 2274, 0, 91, 0, 1, 1, 0, 'Live'),
(2275, 1, ' Burger', 'B', 1, 1, 25, 25, 25, 0, '[{\"tax_field_id\":\"1\",\"tax_field_company_id\":\"1\",\"tax_field_name\":\"VAT\",\"tax_field_percentage\":\"15\",\"item_vat_amount_for_unit_item\":\"3.75\",\"item_vat_amount_for_all_quantity\":\"3.75\"},{\"tax_field_id\":\"1\",\"tax_field_company_id\":\"1\",\"tax_field_name\":\"CGST\",\"tax_field_percentage\":\"5\",\"item_vat_amount_for_unit_item\":\"1.25\",\"item_vat_amount_for_all_quantity\":\"1.25\"},{\"tax_field_id\":\"1\",\"tax_field_company_id\":\"1\",\"tax_field_name\":\"SGST\",\"tax_field_percentage\":\"5\",\"item_vat_amount_for_unit_item\":\"1.25\",\"item_vat_amount_for_all_quantity\":\"1.25\"},{\"tax_field_id\":\"1\",\"tax_field_company_id\":\"1\",\"tax_field_name\":\"IGST\",\"tax_field_percentage\":\"5\",\"item_vat_amount_for_unit_item\":\"1.25\",\"item_vat_amount_for_all_quantity\":\"1.25\"}]', '', 'fixed', '', '', 0, '', NULL, '0000-00-00 00:00:00', '0000-00-00 00:00:00', 2275, 0, 91, 0, 1, 1, 0, 'Live'),
(2276, 2, ' PASTA PESTO', 'A', 1, 1, 90, 90, 90, 0, '[]', '', 'fixed', '', '', 0, '', NULL, '0000-00-00 00:00:00', '0000-00-00 00:00:00', 2276, 0, 91, 0, 1, 1, 0, 'Live'),
(2277, 3, ' beef barbecue', 'A', 1, 1, 90, 90, 90, 0, '[{\"tax_field_id\":\"1\",\"tax_field_company_id\":\"1\",\"tax_field_name\":\"VAT\",\"tax_field_percentage\":\"15\",\"item_vat_amount_for_unit_item\":\"13.50\",\"item_vat_amount_for_all_quantity\":\"13.50\"}]', '', 'fixed', '', '', 0, '', NULL, '0000-00-00 00:00:00', '0000-00-00 00:00:00', 2277, 0, 92, 0, 1, 1, 0, 'Live'),
(2278, 5, ' avocado-toast', 'A', 1, 1, 70, 70, 70, 0, '[{\"tax_field_id\":\"1\",\"tax_field_outlet_id\":0,\"tax_field_company_id\":1,\"tax_field_name\":\"VAT\",\"tax_field_percentage\":\"16\",\"item_vat_amount_for_unit_item\":\"11.20\",\"item_vat_amount_for_all_quantity\":\"11.20\"},{\"tax_field_id\":\"1\",\"tax_field_outlet_id\":0,\"tax_field_company_id\":1,\"tax_field_name\":\"CGST\",\"tax_field_percentage\":\"5\",\"item_vat_amount_for_unit_item\":\"3.50\",\"item_vat_amount_for_all_quantity\":\"3.50\"},{\"tax_field_id\":\"1\",\"tax_field_outlet_id\":0,\"tax_field_company_id\":1,\"tax_field_name\":\"SGST\",\"tax_field_percentage\":\"10\",\"item_vat_amount_for_unit_item\":\"7.00\",\"item_vat_amount_for_all_quantity\":\"7.00\"},{\"tax_field_id\":\"1\",\"tax_field_outlet_id\":0,\"tax_field_company_id\":1,\"tax_field_name\":\"IGST\",\"tax_field_percentage\":\"10\",\"item_vat_amount_for_unit_item\":\"7.00\",\"item_vat_amount_for_all_quantity\":\"7.00\"}]', '', 'fixed', '', '', 0, '', NULL, '0000-00-00 00:00:00', '0000-00-00 00:00:00', 2278, 0, 93, 0, 1, 1, 0, 'Live'),
(2279, 9, ' chicken-fajitas', 'A', 1, 1, 75, 75, 75, 0, '[]', '', 'fixed', '', '', 0, '', NULL, '0000-00-00 00:00:00', '0000-00-00 00:00:00', 2279, 0, 93, 0, 1, 1, 0, 'Live'),
(2280, 6, ' burger-falafel', 'A', 1, 1, 75, 75, 75, 0, '[{\"tax_field_id\":\"1\",\"tax_field_outlet_id\":0,\"tax_field_company_id\":1,\"tax_field_name\":\"VAT\",\"tax_field_percentage\":\"16\",\"item_vat_amount_for_unit_item\":\"12.00\",\"item_vat_amount_for_all_quantity\":\"12.00\"},{\"tax_field_id\":\"1\",\"tax_field_outlet_id\":0,\"tax_field_company_id\":1,\"tax_field_name\":\"CGST\",\"tax_field_percentage\":\"5\",\"item_vat_amount_for_unit_item\":\"3.75\",\"item_vat_amount_for_all_quantity\":\"3.75\"},{\"tax_field_id\":\"1\",\"tax_field_outlet_id\":0,\"tax_field_company_id\":1,\"tax_field_name\":\"SGST\",\"tax_field_percentage\":\"10\",\"item_vat_amount_for_unit_item\":\"7.50\",\"item_vat_amount_for_all_quantity\":\"7.50\"},{\"tax_field_id\":\"1\",\"tax_field_outlet_id\":0,\"tax_field_company_id\":1,\"tax_field_name\":\"IGST\",\"tax_field_percentage\":\"10\",\"item_vat_amount_for_unit_item\":\"7.50\",\"item_vat_amount_for_all_quantity\":\"7.50\"}]', '', 'fixed', '', '', 0, '', NULL, '0000-00-00 00:00:00', '0000-00-00 00:00:00', 2280, 0, 94, 0, 1, 1, 0, 'Live'),
(2281, 1, ' Burger', 'B', 1, 1, 25, 25, 25, 0, '[{\"tax_field_id\":\"1\",\"tax_field_company_id\":\"1\",\"tax_field_name\":\"VAT\",\"tax_field_percentage\":\"15\",\"item_vat_amount_for_unit_item\":\"3.75\",\"item_vat_amount_for_all_quantity\":\"3.75\"},{\"tax_field_id\":\"1\",\"tax_field_company_id\":\"1\",\"tax_field_name\":\"CGST\",\"tax_field_percentage\":\"5\",\"item_vat_amount_for_unit_item\":\"1.25\",\"item_vat_amount_for_all_quantity\":\"1.25\"},{\"tax_field_id\":\"1\",\"tax_field_company_id\":\"1\",\"tax_field_name\":\"SGST\",\"tax_field_percentage\":\"5\",\"item_vat_amount_for_unit_item\":\"1.25\",\"item_vat_amount_for_all_quantity\":\"1.25\"},{\"tax_field_id\":\"1\",\"tax_field_company_id\":\"1\",\"tax_field_name\":\"IGST\",\"tax_field_percentage\":\"5\",\"item_vat_amount_for_unit_item\":\"1.25\",\"item_vat_amount_for_all_quantity\":\"1.25\"}]', '', 'fixed', '', '', 0, '', NULL, '0000-00-00 00:00:00', '0000-00-00 00:00:00', 2281, 0, 95, 0, 1, 1, 0, 'Live'),
(2282, 2, ' PASTA PESTO', 'A', 1, 1, 90, 90, 90, 0, '[]', '', 'fixed', '', '', 0, '', NULL, '0000-00-00 00:00:00', '0000-00-00 00:00:00', 2282, 0, 96, 0, 1, 1, 0, 'Live'),
(2283, 1, ' Burger', 'B', 1, 1, 25, 25, 25, 0, '[{\"tax_field_id\":\"1\",\"tax_field_company_id\":\"1\",\"tax_field_name\":\"VAT\",\"tax_field_percentage\":\"15\",\"item_vat_amount_for_unit_item\":\"3.75\",\"item_vat_amount_for_all_quantity\":\"3.75\"},{\"tax_field_id\":\"1\",\"tax_field_company_id\":\"1\",\"tax_field_name\":\"CGST\",\"tax_field_percentage\":\"5\",\"item_vat_amount_for_unit_item\":\"1.25\",\"item_vat_amount_for_all_quantity\":\"1.25\"},{\"tax_field_id\":\"1\",\"tax_field_company_id\":\"1\",\"tax_field_name\":\"SGST\",\"tax_field_percentage\":\"5\",\"item_vat_amount_for_unit_item\":\"1.25\",\"item_vat_amount_for_all_quantity\":\"1.25\"},{\"tax_field_id\":\"1\",\"tax_field_company_id\":\"1\",\"tax_field_name\":\"IGST\",\"tax_field_percentage\":\"5\",\"item_vat_amount_for_unit_item\":\"1.25\",\"item_vat_amount_for_all_quantity\":\"1.25\"}]', '', 'fixed', '', '', 0, '', NULL, '0000-00-00 00:00:00', '0000-00-00 00:00:00', 2283, 0, 96, 0, 1, 1, 0, 'Live'),
(2286, 2, ' PASTA PESTO', 'A', 1, 1, 90, 90, 90, 0, '[]', '', 'fixed', '', '', 0, '', NULL, '0000-00-00 00:00:00', '0000-00-00 00:00:00', 2286, 0, 97, 0, 1, 1, 0, 'Live'),
(2287, 1, ' Burger', 'B', 1, 1, 25, 25, 25, 0, '[{\"tax_field_id\":\"1\",\"tax_field_company_id\":\"1\",\"tax_field_name\":\"VAT\",\"tax_field_percentage\":\"15\",\"item_vat_amount_for_unit_item\":\"3.75\",\"item_vat_amount_for_all_quantity\":\"3.75\"},{\"tax_field_id\":\"1\",\"tax_field_company_id\":\"1\",\"tax_field_name\":\"CGST\",\"tax_field_percentage\":\"5\",\"item_vat_amount_for_unit_item\":\"1.25\",\"item_vat_amount_for_all_quantity\":\"1.25\"},{\"tax_field_id\":\"1\",\"tax_field_company_id\":\"1\",\"tax_field_name\":\"SGST\",\"tax_field_percentage\":\"5\",\"item_vat_amount_for_unit_item\":\"1.25\",\"item_vat_amount_for_all_quantity\":\"1.25\"},{\"tax_field_id\":\"1\",\"tax_field_company_id\":\"1\",\"tax_field_name\":\"IGST\",\"tax_field_percentage\":\"5\",\"item_vat_amount_for_unit_item\":\"1.25\",\"item_vat_amount_for_all_quantity\":\"1.25\"}]', '', 'fixed', '', '', 0, '', NULL, '0000-00-00 00:00:00', '0000-00-00 00:00:00', 2287, 0, 97, 0, 1, 1, 0, 'Live'),
(2288, 8, ' crevette-pil-pil', 'A', 1, 1, 80, 80, 80, 0, '[]', '', 'fixed', '', '', 0, '', NULL, '0000-00-00 00:00:00', '0000-00-00 00:00:00', 2288, 0, 98, 0, 1, 1, 0, 'Live'),
(2289, 10, ' CREVETTE PILPIL', 'A', 1, 1, 100, 100, 100, 0, '[]', '', 'fixed', '', '', 0, '', NULL, '0000-00-00 00:00:00', '0000-00-00 00:00:00', 2289, 0, 98, 0, 1, 1, 0, 'Live'),
(2290, 3, ' beef barbecue', 'A', 1, 1, 90, 90, 90, 0, '[{\"tax_field_id\":\"1\",\"tax_field_company_id\":\"1\",\"tax_field_name\":\"VAT\",\"tax_field_percentage\":\"15\",\"item_vat_amount_for_unit_item\":\"13.50\",\"item_vat_amount_for_all_quantity\":\"13.50\"}]', '', 'fixed', '', '', 0, '', NULL, '0000-00-00 00:00:00', '0000-00-00 00:00:00', 2290, 0, 99, 0, 1, 1, 0, 'Live'),
(2291, 2, ' PASTA PESTO', 'A', 1, 1, 90, 90, 90, 0, '[]', '', 'fixed', '', '', 0, '', NULL, '0000-00-00 00:00:00', '0000-00-00 00:00:00', 2291, 0, 99, 0, 1, 1, 0, 'Live'),
(2292, 1, ' Burger', 'B', 1, 1, 25, 25, 25, 0, '[{\"tax_field_id\":\"1\",\"tax_field_company_id\":\"1\",\"tax_field_name\":\"VAT\",\"tax_field_percentage\":\"15\",\"item_vat_amount_for_unit_item\":\"3.75\",\"item_vat_amount_for_all_quantity\":\"3.75\"},{\"tax_field_id\":\"1\",\"tax_field_company_id\":\"1\",\"tax_field_name\":\"CGST\",\"tax_field_percentage\":\"5\",\"item_vat_amount_for_unit_item\":\"1.25\",\"item_vat_amount_for_all_quantity\":\"1.25\"},{\"tax_field_id\":\"1\",\"tax_field_company_id\":\"1\",\"tax_field_name\":\"SGST\",\"tax_field_percentage\":\"5\",\"item_vat_amount_for_unit_item\":\"1.25\",\"item_vat_amount_for_all_quantity\":\"1.25\"},{\"tax_field_id\":\"1\",\"tax_field_company_id\":\"1\",\"tax_field_name\":\"IGST\",\"tax_field_percentage\":\"5\",\"item_vat_amount_for_unit_item\":\"1.25\",\"item_vat_amount_for_all_quantity\":\"1.25\"}]', '', 'fixed', '', '', 0, '', NULL, '0000-00-00 00:00:00', '0000-00-00 00:00:00', 2292, 0, 99, 0, 1, 1, 0, 'Live'),
(2293, 2, ' PASTA PESTO', 'A', 1, 1, 90, 90, 90, 0, '[]', '', 'fixed', '', '', 0, '', NULL, '0000-00-00 00:00:00', '0000-00-00 00:00:00', 2293, 0, 100, 0, 1, 1, 0, 'Live'),
(2294, 1, ' Burger', 'B', 1, 1, 25, 25, 25, 0, '[{\"tax_field_id\":\"1\",\"tax_field_company_id\":\"1\",\"tax_field_name\":\"VAT\",\"tax_field_percentage\":\"15\",\"item_vat_amount_for_unit_item\":\"3.75\",\"item_vat_amount_for_all_quantity\":\"3.75\"},{\"tax_field_id\":\"1\",\"tax_field_company_id\":\"1\",\"tax_field_name\":\"CGST\",\"tax_field_percentage\":\"5\",\"item_vat_amount_for_unit_item\":\"1.25\",\"item_vat_amount_for_all_quantity\":\"1.25\"},{\"tax_field_id\":\"1\",\"tax_field_company_id\":\"1\",\"tax_field_name\":\"SGST\",\"tax_field_percentage\":\"5\",\"item_vat_amount_for_unit_item\":\"1.25\",\"item_vat_amount_for_all_quantity\":\"1.25\"},{\"tax_field_id\":\"1\",\"tax_field_company_id\":\"1\",\"tax_field_name\":\"IGST\",\"tax_field_percentage\":\"5\",\"item_vat_amount_for_unit_item\":\"1.25\",\"item_vat_amount_for_all_quantity\":\"1.25\"}]', '', 'fixed', '', '', 0, '', NULL, '0000-00-00 00:00:00', '0000-00-00 00:00:00', 2294, 0, 100, 0, 1, 1, 0, 'Live'),
(2295, 10, ' CREVETTE PILPIL', 'A', 1, 1, 100, 100, 100, 0, '[]', '', 'fixed', '', '', 0, '', NULL, '0000-00-00 00:00:00', '0000-00-00 00:00:00', 2295, 0, 101, 0, 1, 1, 0, 'Live'),
(2296, 2, ' PASTA PESTO', 'A', 1, 1, 90, 90, 90, 0, '[]', '', 'fixed', '', '', 0, '', NULL, '0000-00-00 00:00:00', '0000-00-00 00:00:00', 2296, 0, 101, 0, 1, 1, 0, 'Live'),
(2297, 1, ' Burger', 'B', 1, 1, 25, 25, 25, 0, '[{\"tax_field_id\":\"1\",\"tax_field_company_id\":\"1\",\"tax_field_name\":\"VAT\",\"tax_field_percentage\":\"15\",\"item_vat_amount_for_unit_item\":\"3.75\",\"item_vat_amount_for_all_quantity\":\"3.75\"},{\"tax_field_id\":\"1\",\"tax_field_company_id\":\"1\",\"tax_field_name\":\"CGST\",\"tax_field_percentage\":\"5\",\"item_vat_amount_for_unit_item\":\"1.25\",\"item_vat_amount_for_all_quantity\":\"1.25\"},{\"tax_field_id\":\"1\",\"tax_field_company_id\":\"1\",\"tax_field_name\":\"SGST\",\"tax_field_percentage\":\"5\",\"item_vat_amount_for_unit_item\":\"1.25\",\"item_vat_amount_for_all_quantity\":\"1.25\"},{\"tax_field_id\":\"1\",\"tax_field_company_id\":\"1\",\"tax_field_name\":\"IGST\",\"tax_field_percentage\":\"5\",\"item_vat_amount_for_unit_item\":\"1.25\",\"item_vat_amount_for_all_quantity\":\"1.25\"}]', '', 'fixed', '', '', 0, '', NULL, '0000-00-00 00:00:00', '0000-00-00 00:00:00', 2297, 0, 101, 0, 1, 1, 0, 'Live'),
(2298, 9, ' chicken-fajitas', 'A', 1, 1, 75, 75, 75, 0, '[]', '', 'fixed', '', '', 0, '', NULL, '0000-00-00 00:00:00', '0000-00-00 00:00:00', 2298, 0, 102, 0, 1, 1, 0, 'Live'),
(2299, 1, ' Burger', 'B', 1, 1, 25, 25, 25, 0, '[{\"tax_field_id\":\"1\",\"tax_field_company_id\":\"1\",\"tax_field_name\":\"VAT\",\"tax_field_percentage\":\"15\",\"item_vat_amount_for_unit_item\":\"3.75\",\"item_vat_amount_for_all_quantity\":\"3.75\"},{\"tax_field_id\":\"1\",\"tax_field_company_id\":\"1\",\"tax_field_name\":\"CGST\",\"tax_field_percentage\":\"5\",\"item_vat_amount_for_unit_item\":\"1.25\",\"item_vat_amount_for_all_quantity\":\"1.25\"},{\"tax_field_id\":\"1\",\"tax_field_company_id\":\"1\",\"tax_field_name\":\"SGST\",\"tax_field_percentage\":\"5\",\"item_vat_amount_for_unit_item\":\"1.25\",\"item_vat_amount_for_all_quantity\":\"1.25\"},{\"tax_field_id\":\"1\",\"tax_field_company_id\":\"1\",\"tax_field_name\":\"IGST\",\"tax_field_percentage\":\"5\",\"item_vat_amount_for_unit_item\":\"1.25\",\"item_vat_amount_for_all_quantity\":\"1.25\"}]', '', 'fixed', '', '', 0, '', NULL, '0000-00-00 00:00:00', '0000-00-00 00:00:00', 2299, 0, 102, 0, 1, 1, 0, 'Live'),
(2452, 10, ' CREVETTE PILPIL', 'A', 1, 1, 100, 100, 100, 0, '[]', '', 'fixed', '', '', 0, '', NULL, '0000-00-00 00:00:00', '0000-00-00 00:00:00', 2452, 0, 103, 0, 1, 1, 0, 'Live'),
(2453, 1, ' Burger', 'B', 1, 1, 25, 25, 25, 0, '[{\"tax_field_id\":\"1\",\"tax_field_company_id\":\"1\",\"tax_field_name\":\"VAT\",\"tax_field_percentage\":\"15\",\"item_vat_amount_for_unit_item\":\"3.75\",\"item_vat_amount_for_all_quantity\":\"3.75\"},{\"tax_field_id\":\"1\",\"tax_field_company_id\":\"1\",\"tax_field_name\":\"CGST\",\"tax_field_percentage\":\"5\",\"item_vat_amount_for_unit_item\":\"1.25\",\"item_vat_amount_for_all_quantity\":\"1.25\"},{\"tax_field_id\":\"1\",\"tax_field_company_id\":\"1\",\"tax_field_name\":\"SGST\",\"tax_field_percentage\":\"5\",\"item_vat_amount_for_unit_item\":\"1.25\",\"item_vat_amount_for_all_quantity\":\"1.25\"},{\"tax_field_id\":\"1\",\"tax_field_company_id\":\"1\",\"tax_field_name\":\"IGST\",\"tax_field_percentage\":\"5\",\"item_vat_amount_for_unit_item\":\"1.25\",\"item_vat_amount_for_all_quantity\":\"1.25\"}]', '', 'fixed', '', '', 0, '', NULL, '0000-00-00 00:00:00', '0000-00-00 00:00:00', 2453, 0, 103, 0, 1, 1, 0, 'Live'),
(2466, 1, ' Burger', 'B', 1, 1, 25, 25, 25, 0, '[{\"tax_field_id\":\"1\",\"tax_field_company_id\":\"1\",\"tax_field_name\":\"VAT\",\"tax_field_percentage\":\"15\",\"item_vat_amount_for_unit_item\":\"3.75\",\"item_vat_amount_for_all_quantity\":\"3.75\"},{\"tax_field_id\":\"1\",\"tax_field_company_id\":\"1\",\"tax_field_name\":\"CGST\",\"tax_field_percentage\":\"5\",\"item_vat_amount_for_unit_item\":\"1.25\",\"item_vat_amount_for_all_quantity\":\"1.25\"},{\"tax_field_id\":\"1\",\"tax_field_company_id\":\"1\",\"tax_field_name\":\"SGST\",\"tax_field_percentage\":\"5\",\"item_vat_amount_for_unit_item\":\"1.25\",\"item_vat_amount_for_all_quantity\":\"1.25\"},{\"tax_field_id\":\"1\",\"tax_field_company_id\":\"1\",\"tax_field_name\":\"IGST\",\"tax_field_percentage\":\"5\",\"item_vat_amount_for_unit_item\":\"1.25\",\"item_vat_amount_for_all_quantity\":\"1.25\"}]', '', 'fixed', '', '', 0, '', NULL, '0000-00-00 00:00:00', '0000-00-00 00:00:00', 2466, 0, 104, 0, 1, 1, 0, 'Live'),
(2467, 10, ' CREVETTE PILPIL', 'A', 1, 1, 100, 100, 100, 0, '[]', '', 'fixed', '', '', 0, '', NULL, '0000-00-00 00:00:00', '0000-00-00 00:00:00', 2467, 0, 104, 0, 1, 1, 0, 'Live'),
(2468, 3, ' beef barbecue', 'A', 1, 1, 90, 90, 90, 0, '[{\"tax_field_id\":\"1\",\"tax_field_company_id\":\"1\",\"tax_field_name\":\"VAT\",\"tax_field_percentage\":\"15\",\"item_vat_amount_for_unit_item\":\"13.50\",\"item_vat_amount_for_all_quantity\":\"13.50\"}]', '', 'fixed', '', '', 0, '', NULL, '0000-00-00 00:00:00', '0000-00-00 00:00:00', 2468, 0, 104, 0, 1, 1, 0, 'Live'),
(2469, 2, ' PASTA PESTO', 'A', 1, 1, 90, 90, 90, 0, '[]', '', 'fixed', '', '', 0, '', NULL, '0000-00-00 00:00:00', '0000-00-00 00:00:00', 2469, 0, 104, 0, 1, 1, 0, 'Live'),
(2470, 2, ' PASTA PESTO', 'A', 1, 1, 90, 90, 90, 0, '[]', '', 'fixed', '', '', 0, '', NULL, '0000-00-00 00:00:00', '0000-00-00 00:00:00', 2470, 0, 105, 0, 1, 1, 0, 'Live'),
(2471, 1, ' Burger', 'B', 1, 1, 25, 25, 25, 0, '[{\"tax_field_id\":\"1\",\"tax_field_company_id\":\"1\",\"tax_field_name\":\"VAT\",\"tax_field_percentage\":\"15\",\"item_vat_amount_for_unit_item\":\"3.75\",\"item_vat_amount_for_all_quantity\":\"3.75\"},{\"tax_field_id\":\"1\",\"tax_field_company_id\":\"1\",\"tax_field_name\":\"CGST\",\"tax_field_percentage\":\"5\",\"item_vat_amount_for_unit_item\":\"1.25\",\"item_vat_amount_for_all_quantity\":\"1.25\"},{\"tax_field_id\":\"1\",\"tax_field_company_id\":\"1\",\"tax_field_name\":\"SGST\",\"tax_field_percentage\":\"5\",\"item_vat_amount_for_unit_item\":\"1.25\",\"item_vat_amount_for_all_quantity\":\"1.25\"},{\"tax_field_id\":\"1\",\"tax_field_company_id\":\"1\",\"tax_field_name\":\"IGST\",\"tax_field_percentage\":\"5\",\"item_vat_amount_for_unit_item\":\"1.25\",\"item_vat_amount_for_all_quantity\":\"1.25\"}]', '', 'fixed', '', '', 0, '', NULL, '0000-00-00 00:00:00', '0000-00-00 00:00:00', 2471, 0, 105, 0, 1, 1, 0, 'Live'),
(2472, 2, ' PASTA PESTO', 'A', 1, 1, 90, 90, 90, 0, '[]', '', 'fixed', '', '', 0, '', NULL, '0000-00-00 00:00:00', '0000-00-00 00:00:00', 2472, 0, 106, 0, 1, 1, 0, 'Live'),
(2473, 1, ' Burger', 'B', 1, 1, 25, 25, 25, 0, '[{\"tax_field_id\":\"1\",\"tax_field_company_id\":\"1\",\"tax_field_name\":\"VAT\",\"tax_field_percentage\":\"15\",\"item_vat_amount_for_unit_item\":\"3.75\",\"item_vat_amount_for_all_quantity\":\"3.75\"},{\"tax_field_id\":\"1\",\"tax_field_company_id\":\"1\",\"tax_field_name\":\"CGST\",\"tax_field_percentage\":\"5\",\"item_vat_amount_for_unit_item\":\"1.25\",\"item_vat_amount_for_all_quantity\":\"1.25\"},{\"tax_field_id\":\"1\",\"tax_field_company_id\":\"1\",\"tax_field_name\":\"SGST\",\"tax_field_percentage\":\"5\",\"item_vat_amount_for_unit_item\":\"1.25\",\"item_vat_amount_for_all_quantity\":\"1.25\"},{\"tax_field_id\":\"1\",\"tax_field_company_id\":\"1\",\"tax_field_name\":\"IGST\",\"tax_field_percentage\":\"5\",\"item_vat_amount_for_unit_item\":\"1.25\",\"item_vat_amount_for_all_quantity\":\"1.25\"}]', '', 'fixed', '', '', 0, '', NULL, '0000-00-00 00:00:00', '0000-00-00 00:00:00', 2473, 0, 106, 0, 1, 1, 0, 'Live'),
(2475, 1, ' Burger', 'B', 1, 1, 25, 25, 25, 0, '[{\"tax_field_id\":\"1\",\"tax_field_company_id\":\"1\",\"tax_field_name\":\"VAT\",\"tax_field_percentage\":\"15\",\"item_vat_amount_for_unit_item\":\"3.75\",\"item_vat_amount_for_all_quantity\":\"3.75\"},{\"tax_field_id\":\"1\",\"tax_field_company_id\":\"1\",\"tax_field_name\":\"CGST\",\"tax_field_percentage\":\"5\",\"item_vat_amount_for_unit_item\":\"1.25\",\"item_vat_amount_for_all_quantity\":\"1.25\"},{\"tax_field_id\":\"1\",\"tax_field_company_id\":\"1\",\"tax_field_name\":\"SGST\",\"tax_field_percentage\":\"5\",\"item_vat_amount_for_unit_item\":\"1.25\",\"item_vat_amount_for_all_quantity\":\"1.25\"},{\"tax_field_id\":\"1\",\"tax_field_company_id\":\"1\",\"tax_field_name\":\"IGST\",\"tax_field_percentage\":\"5\",\"item_vat_amount_for_unit_item\":\"1.25\",\"item_vat_amount_for_all_quantity\":\"1.25\"}]', '', 'fixed', '', '', 0, '', NULL, '0000-00-00 00:00:00', '0000-00-00 00:00:00', 2475, 0, 107, 0, 1, 1, 0, 'Live'),
(2476, 2, ' PASTA PESTO', 'A', 1, 1, 90, 90, 90, 0, '[]', '', 'fixed', '', '', 0, '', NULL, '0000-00-00 00:00:00', '0000-00-00 00:00:00', 2476, 0, 108, 0, 1, 1, 0, 'Live'),
(2477, 1, ' Burger', 'B', 1, 1, 25, 25, 25, 0, '[{\"tax_field_id\":\"1\",\"tax_field_company_id\":\"1\",\"tax_field_name\":\"VAT\",\"tax_field_percentage\":\"15\",\"item_vat_amount_for_unit_item\":\"3.75\",\"item_vat_amount_for_all_quantity\":\"3.75\"},{\"tax_field_id\":\"1\",\"tax_field_company_id\":\"1\",\"tax_field_name\":\"CGST\",\"tax_field_percentage\":\"5\",\"item_vat_amount_for_unit_item\":\"1.25\",\"item_vat_amount_for_all_quantity\":\"1.25\"},{\"tax_field_id\":\"1\",\"tax_field_company_id\":\"1\",\"tax_field_name\":\"SGST\",\"tax_field_percentage\":\"5\",\"item_vat_amount_for_unit_item\":\"1.25\",\"item_vat_amount_for_all_quantity\":\"1.25\"},{\"tax_field_id\":\"1\",\"tax_field_company_id\":\"1\",\"tax_field_name\":\"IGST\",\"tax_field_percentage\":\"5\",\"item_vat_amount_for_unit_item\":\"1.25\",\"item_vat_amount_for_all_quantity\":\"1.25\"}]', '', 'fixed', '', '', 0, '', NULL, '0000-00-00 00:00:00', '0000-00-00 00:00:00', 2477, 0, 108, 0, 1, 1, 0, 'Live'),
(2478, 3, ' beef barbecue', 'A', 1, 1, 90, 90, 90, 0, '[{\"tax_field_id\":\"1\",\"tax_field_company_id\":\"1\",\"tax_field_name\":\"VAT\",\"tax_field_percentage\":\"15\",\"item_vat_amount_for_unit_item\":\"13.50\",\"item_vat_amount_for_all_quantity\":\"13.50\"}]', '', 'fixed', '', '', 0, '', NULL, '0000-00-00 00:00:00', '0000-00-00 00:00:00', 2478, 0, 109, 0, 1, 1, 0, 'Live'),
(2479, 2, ' PASTA PESTO', 'A', 1, 1, 90, 90, 90, 0, '[]', '', 'fixed', '', '', 0, '', NULL, '0000-00-00 00:00:00', '0000-00-00 00:00:00', 2479, 0, 109, 0, 1, 1, 0, 'Live'),
(2480, 1, ' Burger', 'B', 1, 1, 25, 25, 25, 0, '[{\"tax_field_id\":\"1\",\"tax_field_company_id\":\"1\",\"tax_field_name\":\"VAT\",\"tax_field_percentage\":\"15\",\"item_vat_amount_for_unit_item\":\"3.75\",\"item_vat_amount_for_all_quantity\":\"3.75\"},{\"tax_field_id\":\"1\",\"tax_field_company_id\":\"1\",\"tax_field_name\":\"CGST\",\"tax_field_percentage\":\"5\",\"item_vat_amount_for_unit_item\":\"1.25\",\"item_vat_amount_for_all_quantity\":\"1.25\"},{\"tax_field_id\":\"1\",\"tax_field_company_id\":\"1\",\"tax_field_name\":\"SGST\",\"tax_field_percentage\":\"5\",\"item_vat_amount_for_unit_item\":\"1.25\",\"item_vat_amount_for_all_quantity\":\"1.25\"},{\"tax_field_id\":\"1\",\"tax_field_company_id\":\"1\",\"tax_field_name\":\"IGST\",\"tax_field_percentage\":\"5\",\"item_vat_amount_for_unit_item\":\"1.25\",\"item_vat_amount_for_all_quantity\":\"1.25\"}]', '', 'fixed', '', '', 0, '', NULL, '0000-00-00 00:00:00', '0000-00-00 00:00:00', 2480, 0, 109, 0, 1, 1, 0, 'Live'),
(2481, 9, ' chicken-fajitas', 'A', 1, 1, 75, 75, 75, 0, '[]', '', 'fixed', '', '', 0, '', NULL, '0000-00-00 00:00:00', '0000-00-00 00:00:00', 2481, 0, 110, 0, 1, 1, 0, 'Live'),
(2482, 1, ' Burger', 'B', 1, 1, 25, 25, 25, 0, '[{\"tax_field_id\":\"1\",\"tax_field_company_id\":\"1\",\"tax_field_name\":\"VAT\",\"tax_field_percentage\":\"15\",\"item_vat_amount_for_unit_item\":\"3.75\",\"item_vat_amount_for_all_quantity\":\"3.75\"},{\"tax_field_id\":\"1\",\"tax_field_company_id\":\"1\",\"tax_field_name\":\"CGST\",\"tax_field_percentage\":\"5\",\"item_vat_amount_for_unit_item\":\"1.25\",\"item_vat_amount_for_all_quantity\":\"1.25\"},{\"tax_field_id\":\"1\",\"tax_field_company_id\":\"1\",\"tax_field_name\":\"SGST\",\"tax_field_percentage\":\"5\",\"item_vat_amount_for_unit_item\":\"1.25\",\"item_vat_amount_for_all_quantity\":\"1.25\"},{\"tax_field_id\":\"1\",\"tax_field_company_id\":\"1\",\"tax_field_name\":\"IGST\",\"tax_field_percentage\":\"5\",\"item_vat_amount_for_unit_item\":\"1.25\",\"item_vat_amount_for_all_quantity\":\"1.25\"}]', '', 'fixed', '', '', 0, '', NULL, '0000-00-00 00:00:00', '0000-00-00 00:00:00', 2482, 0, 110, 0, 1, 1, 0, 'Live'),
(2485, 10, ' CREVETTE PILPIL', 'A', 1, 1, 100, 100, 100, 0, '[]', '', 'fixed', '', '', 0, '', NULL, '0000-00-00 00:00:00', '0000-00-00 00:00:00', 2485, 0, 111, 0, 1, 1, 0, 'Live'),
(2486, 9, ' chicken-fajitas', 'A', 1, 1, 75, 75, 75, 0, '[]', '', 'fixed', '', '', 0, '', NULL, '0000-00-00 00:00:00', '0000-00-00 00:00:00', 2486, 0, 111, 0, 1, 1, 0, 'Live'),
(2487, 2, ' PASTA PESTO', 'A', 1, 1, 90, 90, 90, 0, '[]', '', 'fixed', '', '', 0, '', NULL, '0000-00-00 00:00:00', '0000-00-00 00:00:00', 2487, 0, 112, 0, 1, 1, 0, 'Live'),
(2488, 1, ' Burger', 'B', 1, 1, 25, 25, 25, 0, '[{\"tax_field_id\":\"1\",\"tax_field_company_id\":\"1\",\"tax_field_name\":\"VAT\",\"tax_field_percentage\":\"15\",\"item_vat_amount_for_unit_item\":\"3.75\",\"item_vat_amount_for_all_quantity\":\"3.75\"},{\"tax_field_id\":\"1\",\"tax_field_company_id\":\"1\",\"tax_field_name\":\"CGST\",\"tax_field_percentage\":\"5\",\"item_vat_amount_for_unit_item\":\"1.25\",\"item_vat_amount_for_all_quantity\":\"1.25\"},{\"tax_field_id\":\"1\",\"tax_field_company_id\":\"1\",\"tax_field_name\":\"SGST\",\"tax_field_percentage\":\"5\",\"item_vat_amount_for_unit_item\":\"1.25\",\"item_vat_amount_for_all_quantity\":\"1.25\"},{\"tax_field_id\":\"1\",\"tax_field_company_id\":\"1\",\"tax_field_name\":\"IGST\",\"tax_field_percentage\":\"5\",\"item_vat_amount_for_unit_item\":\"1.25\",\"item_vat_amount_for_all_quantity\":\"1.25\"}]', '', 'fixed', '', '', 0, '', NULL, '0000-00-00 00:00:00', '0000-00-00 00:00:00', 2488, 0, 112, 0, 1, 1, 0, 'Live'),
(2489, 2, ' PASTA PESTO', 'A', 1, 1, 90, 90, 90, 0, '[]', '', 'fixed', '', '', 0, '', NULL, '0000-00-00 00:00:00', '0000-00-00 00:00:00', 2489, 0, 113, 0, 1, 1, 0, 'Live'),
(2490, 1, ' Burger', 'B', 1, 1, 25, 25, 25, 0, '[{\"tax_field_id\":\"1\",\"tax_field_company_id\":\"1\",\"tax_field_name\":\"VAT\",\"tax_field_percentage\":\"15\",\"item_vat_amount_for_unit_item\":\"3.75\",\"item_vat_amount_for_all_quantity\":\"3.75\"},{\"tax_field_id\":\"1\",\"tax_field_company_id\":\"1\",\"tax_field_name\":\"CGST\",\"tax_field_percentage\":\"5\",\"item_vat_amount_for_unit_item\":\"1.25\",\"item_vat_amount_for_all_quantity\":\"1.25\"},{\"tax_field_id\":\"1\",\"tax_field_company_id\":\"1\",\"tax_field_name\":\"SGST\",\"tax_field_percentage\":\"5\",\"item_vat_amount_for_unit_item\":\"1.25\",\"item_vat_amount_for_all_quantity\":\"1.25\"},{\"tax_field_id\":\"1\",\"tax_field_company_id\":\"1\",\"tax_field_name\":\"IGST\",\"tax_field_percentage\":\"5\",\"item_vat_amount_for_unit_item\":\"1.25\",\"item_vat_amount_for_all_quantity\":\"1.25\"}]', '', 'fixed', '', '', 0, '', NULL, '0000-00-00 00:00:00', '0000-00-00 00:00:00', 2490, 0, 113, 0, 1, 1, 0, 'Live'),
(2491, 2, ' PASTA PESTO', 'A', 1, 1, 90, 90, 90, 0, '[]', '', 'fixed', '', '', 0, '', NULL, '0000-00-00 00:00:00', '0000-00-00 00:00:00', 2491, 0, 114, 0, 1, 1, 0, 'Live'),
(2492, 1, ' Burger', 'B', 1, 1, 25, 25, 25, 0, '[{\"tax_field_id\":\"1\",\"tax_field_company_id\":\"1\",\"tax_field_name\":\"VAT\",\"tax_field_percentage\":\"15\",\"item_vat_amount_for_unit_item\":\"3.75\",\"item_vat_amount_for_all_quantity\":\"3.75\"},{\"tax_field_id\":\"1\",\"tax_field_company_id\":\"1\",\"tax_field_name\":\"CGST\",\"tax_field_percentage\":\"5\",\"item_vat_amount_for_unit_item\":\"1.25\",\"item_vat_amount_for_all_quantity\":\"1.25\"},{\"tax_field_id\":\"1\",\"tax_field_company_id\":\"1\",\"tax_field_name\":\"SGST\",\"tax_field_percentage\":\"5\",\"item_vat_amount_for_unit_item\":\"1.25\",\"item_vat_amount_for_all_quantity\":\"1.25\"},{\"tax_field_id\":\"1\",\"tax_field_company_id\":\"1\",\"tax_field_name\":\"IGST\",\"tax_field_percentage\":\"5\",\"item_vat_amount_for_unit_item\":\"1.25\",\"item_vat_amount_for_all_quantity\":\"1.25\"}]', '', 'fixed', '', '', 0, '', NULL, '0000-00-00 00:00:00', '0000-00-00 00:00:00', 2492, 0, 114, 0, 1, 1, 0, 'Live'),
(2493, 2, ' PASTA PESTO', 'A', 1, 1, 90, 90, 90, 0, '[]', '', 'fixed', '', '', 0, '', NULL, '0000-00-00 00:00:00', '0000-00-00 00:00:00', 2493, 0, 115, 0, 1, 1, 0, 'Live'),
(2494, 1, ' Burger', 'B', 1, 1, 25, 25, 25, 0, '[{\"tax_field_id\":\"1\",\"tax_field_company_id\":\"1\",\"tax_field_name\":\"VAT\",\"tax_field_percentage\":\"15\",\"item_vat_amount_for_unit_item\":\"3.75\",\"item_vat_amount_for_all_quantity\":\"3.75\"},{\"tax_field_id\":\"1\",\"tax_field_company_id\":\"1\",\"tax_field_name\":\"CGST\",\"tax_field_percentage\":\"5\",\"item_vat_amount_for_unit_item\":\"1.25\",\"item_vat_amount_for_all_quantity\":\"1.25\"},{\"tax_field_id\":\"1\",\"tax_field_company_id\":\"1\",\"tax_field_name\":\"SGST\",\"tax_field_percentage\":\"5\",\"item_vat_amount_for_unit_item\":\"1.25\",\"item_vat_amount_for_all_quantity\":\"1.25\"},{\"tax_field_id\":\"1\",\"tax_field_company_id\":\"1\",\"tax_field_name\":\"IGST\",\"tax_field_percentage\":\"5\",\"item_vat_amount_for_unit_item\":\"1.25\",\"item_vat_amount_for_all_quantity\":\"1.25\"}]', '', 'fixed', '', '', 0, '', NULL, '0000-00-00 00:00:00', '0000-00-00 00:00:00', 2494, 0, 115, 0, 1, 1, 0, 'Live'),
(2495, 1, ' Burger', 'B', 1, 1, 25, 25, 25, 0, '[{\"tax_field_id\":\"1\",\"tax_field_company_id\":\"1\",\"tax_field_name\":\"VAT\",\"tax_field_percentage\":\"15\",\"item_vat_amount_for_unit_item\":\"3.75\",\"item_vat_amount_for_all_quantity\":\"3.75\"},{\"tax_field_id\":\"1\",\"tax_field_company_id\":\"1\",\"tax_field_name\":\"CGST\",\"tax_field_percentage\":\"5\",\"item_vat_amount_for_unit_item\":\"1.25\",\"item_vat_amount_for_all_quantity\":\"1.25\"},{\"tax_field_id\":\"1\",\"tax_field_company_id\":\"1\",\"tax_field_name\":\"SGST\",\"tax_field_percentage\":\"5\",\"item_vat_amount_for_unit_item\":\"1.25\",\"item_vat_amount_for_all_quantity\":\"1.25\"},{\"tax_field_id\":\"1\",\"tax_field_company_id\":\"1\",\"tax_field_name\":\"IGST\",\"tax_field_percentage\":\"5\",\"item_vat_amount_for_unit_item\":\"1.25\",\"item_vat_amount_for_all_quantity\":\"1.25\"}]', '', 'fixed', '', '', 0, '', NULL, '0000-00-00 00:00:00', '0000-00-00 00:00:00', 2495, 0, 116, 0, 1, 1, 0, 'Live'),
(2496, 2, ' PASTA PESTO', 'A', 1, 1, 90, 90, 90, 0, '[]', '', 'fixed', '', '', 0, '', NULL, '0000-00-00 00:00:00', '0000-00-00 00:00:00', 2496, 0, 117, 0, 1, 1, 0, 'Live'),
(2497, 1, ' Burger', 'B', 1, 1, 25, 25, 25, 0, '[{\"tax_field_id\":\"1\",\"tax_field_company_id\":\"1\",\"tax_field_name\":\"VAT\",\"tax_field_percentage\":\"15\",\"item_vat_amount_for_unit_item\":\"3.75\",\"item_vat_amount_for_all_quantity\":\"3.75\"},{\"tax_field_id\":\"1\",\"tax_field_company_id\":\"1\",\"tax_field_name\":\"CGST\",\"tax_field_percentage\":\"5\",\"item_vat_amount_for_unit_item\":\"1.25\",\"item_vat_amount_for_all_quantity\":\"1.25\"},{\"tax_field_id\":\"1\",\"tax_field_company_id\":\"1\",\"tax_field_name\":\"SGST\",\"tax_field_percentage\":\"5\",\"item_vat_amount_for_unit_item\":\"1.25\",\"item_vat_amount_for_all_quantity\":\"1.25\"},{\"tax_field_id\":\"1\",\"tax_field_company_id\":\"1\",\"tax_field_name\":\"IGST\",\"tax_field_percentage\":\"5\",\"item_vat_amount_for_unit_item\":\"1.25\",\"item_vat_amount_for_all_quantity\":\"1.25\"}]', '', 'fixed', '', '', 0, '', NULL, '0000-00-00 00:00:00', '0000-00-00 00:00:00', 2497, 0, 117, 0, 1, 1, 0, 'Live'),
(2498, 1, ' Burger', 'B', 1, 1, 25, 25, 25, 0, '[{\"tax_field_id\":\"1\",\"tax_field_company_id\":\"1\",\"tax_field_name\":\"VAT\",\"tax_field_percentage\":\"15\",\"item_vat_amount_for_unit_item\":\"3.75\",\"item_vat_amount_for_all_quantity\":\"3.75\"},{\"tax_field_id\":\"1\",\"tax_field_company_id\":\"1\",\"tax_field_name\":\"CGST\",\"tax_field_percentage\":\"5\",\"item_vat_amount_for_unit_item\":\"1.25\",\"item_vat_amount_for_all_quantity\":\"1.25\"},{\"tax_field_id\":\"1\",\"tax_field_company_id\":\"1\",\"tax_field_name\":\"SGST\",\"tax_field_percentage\":\"5\",\"item_vat_amount_for_unit_item\":\"1.25\",\"item_vat_amount_for_all_quantity\":\"1.25\"},{\"tax_field_id\":\"1\",\"tax_field_company_id\":\"1\",\"tax_field_name\":\"IGST\",\"tax_field_percentage\":\"5\",\"item_vat_amount_for_unit_item\":\"1.25\",\"item_vat_amount_for_all_quantity\":\"1.25\"}]', '', 'fixed', '', '', 0, '', NULL, '0000-00-00 00:00:00', '0000-00-00 00:00:00', 2498, 0, 118, 0, 1, 1, 0, 'Live'),
(2499, 2, ' PASTA PESTO', 'A', 1, 1, 90, 90, 90, 0, '[]', '', 'fixed', '', '', 0, '', NULL, '0000-00-00 00:00:00', '0000-00-00 00:00:00', 2499, 0, 118, 0, 1, 1, 0, 'Live'),
(2500, 2, ' PASTA PESTO', 'A', 1, 1, 90, 90, 90, 0, '[]', '', 'fixed', '', '', 0, '', NULL, '0000-00-00 00:00:00', '0000-00-00 00:00:00', 2500, 0, 119, 0, 1, 1, 0, 'Live'),
(2501, 1, ' Burger', 'B', 1, 1, 25, 25, 25, 0, '[{\"tax_field_id\":\"1\",\"tax_field_company_id\":\"1\",\"tax_field_name\":\"VAT\",\"tax_field_percentage\":\"15\",\"item_vat_amount_for_unit_item\":\"3.75\",\"item_vat_amount_for_all_quantity\":\"3.75\"},{\"tax_field_id\":\"1\",\"tax_field_company_id\":\"1\",\"tax_field_name\":\"CGST\",\"tax_field_percentage\":\"5\",\"item_vat_amount_for_unit_item\":\"1.25\",\"item_vat_amount_for_all_quantity\":\"1.25\"},{\"tax_field_id\":\"1\",\"tax_field_company_id\":\"1\",\"tax_field_name\":\"SGST\",\"tax_field_percentage\":\"5\",\"item_vat_amount_for_unit_item\":\"1.25\",\"item_vat_amount_for_all_quantity\":\"1.25\"},{\"tax_field_id\":\"1\",\"tax_field_company_id\":\"1\",\"tax_field_name\":\"IGST\",\"tax_field_percentage\":\"5\",\"item_vat_amount_for_unit_item\":\"1.25\",\"item_vat_amount_for_all_quantity\":\"1.25\"}]', '', 'fixed', '', '', 0, '', NULL, '0000-00-00 00:00:00', '0000-00-00 00:00:00', 2501, 0, 119, 0, 1, 1, 0, 'Live'),
(2502, 9, ' chicken-fajitas', 'A', 1, 1, 75, 75, 75, 0, '[]', '', 'fixed', '', '', 0, '', NULL, '0000-00-00 00:00:00', '0000-00-00 00:00:00', 2502, 0, 120, 0, 1, 1, 0, 'Live'),
(2503, 1, ' Burger', 'B', 1, 1, 25, 25, 25, 0, '[{\"tax_field_id\":\"1\",\"tax_field_company_id\":\"1\",\"tax_field_name\":\"VAT\",\"tax_field_percentage\":\"15\",\"item_vat_amount_for_unit_item\":\"3.75\",\"item_vat_amount_for_all_quantity\":\"3.75\"},{\"tax_field_id\":\"1\",\"tax_field_company_id\":\"1\",\"tax_field_name\":\"CGST\",\"tax_field_percentage\":\"5\",\"item_vat_amount_for_unit_item\":\"1.25\",\"item_vat_amount_for_all_quantity\":\"1.25\"},{\"tax_field_id\":\"1\",\"tax_field_company_id\":\"1\",\"tax_field_name\":\"SGST\",\"tax_field_percentage\":\"5\",\"item_vat_amount_for_unit_item\":\"1.25\",\"item_vat_amount_for_all_quantity\":\"1.25\"},{\"tax_field_id\":\"1\",\"tax_field_company_id\":\"1\",\"tax_field_name\":\"IGST\",\"tax_field_percentage\":\"5\",\"item_vat_amount_for_unit_item\":\"1.25\",\"item_vat_amount_for_all_quantity\":\"1.25\"}]', '', 'fixed', '', '', 0, '', NULL, '0000-00-00 00:00:00', '0000-00-00 00:00:00', 2503, 0, 120, 0, 1, 1, 0, 'Live'),
(2505, 10, ' CREVETTE PILPIL', 'A', 1, 1, 100, 100, 100, 0, '[]', '', 'fixed', '', '', 0, '', NULL, '0000-00-00 00:00:00', '0000-00-00 00:00:00', 2505, 0, 121, 0, 1, 1, 0, 'Live'),
(2506, 2, ' PASTA PESTO', 'A', 1, 1, 90, 90, 90, 0, '[]', '', 'fixed', '', '', 0, '', NULL, '0000-00-00 00:00:00', '0000-00-00 00:00:00', 2506, 0, 122, 0, 1, 1, 0, 'Live'),
(2507, 1, ' Burger', 'B', 1, 1, 25, 25, 25, 0, '[{\"tax_field_id\":\"1\",\"tax_field_company_id\":\"1\",\"tax_field_name\":\"VAT\",\"tax_field_percentage\":\"15\",\"item_vat_amount_for_unit_item\":\"3.75\",\"item_vat_amount_for_all_quantity\":\"3.75\"},{\"tax_field_id\":\"1\",\"tax_field_company_id\":\"1\",\"tax_field_name\":\"CGST\",\"tax_field_percentage\":\"5\",\"item_vat_amount_for_unit_item\":\"1.25\",\"item_vat_amount_for_all_quantity\":\"1.25\"},{\"tax_field_id\":\"1\",\"tax_field_company_id\":\"1\",\"tax_field_name\":\"SGST\",\"tax_field_percentage\":\"5\",\"item_vat_amount_for_unit_item\":\"1.25\",\"item_vat_amount_for_all_quantity\":\"1.25\"},{\"tax_field_id\":\"1\",\"tax_field_company_id\":\"1\",\"tax_field_name\":\"IGST\",\"tax_field_percentage\":\"5\",\"item_vat_amount_for_unit_item\":\"1.25\",\"item_vat_amount_for_all_quantity\":\"1.25\"}]', '', 'fixed', '', '', 0, '', NULL, '0000-00-00 00:00:00', '0000-00-00 00:00:00', 2507, 0, 122, 0, 1, 1, 0, 'Live'),
(2508, 3, ' beef barbecue', 'A', 1, 1, 90, 90, 90, 0, '[{\"tax_field_id\":\"1\",\"tax_field_company_id\":\"1\",\"tax_field_name\":\"VAT\",\"tax_field_percentage\":\"15\",\"item_vat_amount_for_unit_item\":\"13.50\",\"item_vat_amount_for_all_quantity\":\"13.50\"}]', '', 'fixed', '', '', 0, '', NULL, '0000-00-00 00:00:00', '0000-00-00 00:00:00', 2508, 0, 123, 0, 1, 1, 0, 'Live'),
(2509, 1, ' Burger', 'B', 1, 1, 25, 25, 25, 0, '[{\"tax_field_id\":\"1\",\"tax_field_company_id\":\"1\",\"tax_field_name\":\"VAT\",\"tax_field_percentage\":\"15\",\"item_vat_amount_for_unit_item\":\"3.75\",\"item_vat_amount_for_all_quantity\":\"3.75\"},{\"tax_field_id\":\"1\",\"tax_field_company_id\":\"1\",\"tax_field_name\":\"CGST\",\"tax_field_percentage\":\"5\",\"item_vat_amount_for_unit_item\":\"1.25\",\"item_vat_amount_for_all_quantity\":\"1.25\"},{\"tax_field_id\":\"1\",\"tax_field_company_id\":\"1\",\"tax_field_name\":\"SGST\",\"tax_field_percentage\":\"5\",\"item_vat_amount_for_unit_item\":\"1.25\",\"item_vat_amount_for_all_quantity\":\"1.25\"},{\"tax_field_id\":\"1\",\"tax_field_company_id\":\"1\",\"tax_field_name\":\"IGST\",\"tax_field_percentage\":\"5\",\"item_vat_amount_for_unit_item\":\"1.25\",\"item_vat_amount_for_all_quantity\":\"1.25\"}]', '', 'fixed', '', '', 0, '', NULL, '0000-00-00 00:00:00', '0000-00-00 00:00:00', 2509, 0, 123, 0, 1, 1, 0, 'Live'),
(2510, 2, ' PASTA PESTO', 'A', 1, 1, 90, 90, 90, 0, '[]', '', 'fixed', '', '', 0, '', NULL, '0000-00-00 00:00:00', '0000-00-00 00:00:00', 2510, 0, 124, 0, 1, 1, 0, 'Live'),
(2511, 1, ' Burger', 'B', 1, 1, 25, 25, 25, 0, '[{\"tax_field_id\":\"1\",\"tax_field_company_id\":\"1\",\"tax_field_name\":\"VAT\",\"tax_field_percentage\":\"15\",\"item_vat_amount_for_unit_item\":\"3.75\",\"item_vat_amount_for_all_quantity\":\"3.75\"},{\"tax_field_id\":\"1\",\"tax_field_company_id\":\"1\",\"tax_field_name\":\"CGST\",\"tax_field_percentage\":\"5\",\"item_vat_amount_for_unit_item\":\"1.25\",\"item_vat_amount_for_all_quantity\":\"1.25\"},{\"tax_field_id\":\"1\",\"tax_field_company_id\":\"1\",\"tax_field_name\":\"SGST\",\"tax_field_percentage\":\"5\",\"item_vat_amount_for_unit_item\":\"1.25\",\"item_vat_amount_for_all_quantity\":\"1.25\"},{\"tax_field_id\":\"1\",\"tax_field_company_id\":\"1\",\"tax_field_name\":\"IGST\",\"tax_field_percentage\":\"5\",\"item_vat_amount_for_unit_item\":\"1.25\",\"item_vat_amount_for_all_quantity\":\"1.25\"}]', '', 'fixed', '', '', 0, '', NULL, '0000-00-00 00:00:00', '0000-00-00 00:00:00', 2511, 0, 124, 0, 1, 1, 0, 'Live'),
(2512, 2, ' PASTA PESTO', 'A', 1, 1, 90, 90, 90, 0, '[]', '', 'fixed', '', '', 0, '', NULL, '0000-00-00 00:00:00', '0000-00-00 00:00:00', 2512, 0, 125, 0, 1, 1, 0, 'Live'),
(2513, 10, ' CREVETTE PILPIL', 'A', 1, 1, 100, 100, 100, 0, '[]', '', 'fixed', '', '', 0, '', NULL, '0000-00-00 00:00:00', '0000-00-00 00:00:00', 2513, 0, 125, 0, 1, 1, 0, 'Live'),
(2514, 9, ' chicken-fajitas', 'A', 1, 1, 75, 75, 75, 0, '[]', '', 'fixed', '', '', 0, '', NULL, '0000-00-00 00:00:00', '0000-00-00 00:00:00', 2514, 0, 126, 0, 1, 1, 0, 'Live');

-- --------------------------------------------------------

--
-- Table structure for table `tbl_sales_details_modifiers`
--

CREATE TABLE `tbl_sales_details_modifiers` (
  `id` bigint(20) NOT NULL,
  `modifier_id` int(11) NOT NULL,
  `modifier_price` float NOT NULL,
  `food_menu_id` int(11) NOT NULL,
  `vat_category` varchar(20) NOT NULL DEFAULT 'A',
  `sales_id` int(11) NOT NULL,
  `order_status` tinyint(1) NOT NULL COMMENT '1=new order,2=invoiced order, 3=closed order',
  `sales_details_id` int(11) NOT NULL,
  `menu_vat_percentage` float DEFAULT NULL,
  `menu_taxes` text DEFAULT NULL,
  `user_id` int(11) NOT NULL,
  `outlet_id` int(11) NOT NULL,
  `customer_id` int(11) NOT NULL
) ENGINE=InnoDB DEFAULT CHARSET=utf8 COLLATE=utf8_general_ci;

-- --------------------------------------------------------

--
-- Table structure for table `tbl_sale_consumptions`
--

CREATE TABLE `tbl_sale_consumptions` (
  `id` bigint(20) NOT NULL,
  `sale_id` int(11) DEFAULT NULL,
  `order_status` tinyint(1) NOT NULL COMMENT '1=new order,2=invoiced order, 3=closed order',
  `user_id` int(11) DEFAULT NULL,
  `outlet_id` int(11) DEFAULT NULL,
  `del_status` varchar(50) DEFAULT 'Live'
) ENGINE=InnoDB DEFAULT CHARSET=utf8 COLLATE=utf8_general_ci;

--
-- Dumping data for table `tbl_sale_consumptions`
--

INSERT INTO `tbl_sale_consumptions` (`id`, `sale_id`, `order_status`, `user_id`, `outlet_id`, `del_status`) VALUES
(1, 1, 0, 11, 1, 'Live'),
(2, 2, 0, 18, 1, 'Live'),
(3, 3, 0, 11, 1, 'Live'),
(4, 4, 0, 11, 1, 'Live'),
(5, 5, 0, 18, 1, 'Live'),
(6, 6, 0, 18, 1, 'Live'),
(7, 7, 0, 1, 1, 'Live'),
(9, 8, 0, 1, 1, 'Live'),
(10, 9, 0, 1, 1, 'Live'),
(11, 10, 0, 1, 1, 'Live'),
(12, 11, 0, 1, 1, 'Live'),
(13, 12, 0, 1, 1, 'Live'),
(14, 13, 0, 1, 1, 'Live'),
(15, 14, 0, 1, 1, 'Live'),
(16, 15, 0, 1, 1, 'Live'),
(17, 16, 0, 1, 1, 'Live'),
(18, 17, 0, 1, 1, 'Live'),
(19, 18, 0, 1, 1, 'Live'),
(20, 19, 0, 1, 1, 'Live'),
(21, 20, 0, 1, 1, 'Live'),
(22, 21, 0, 1, 1, 'Live'),
(23, 22, 0, 1, 1, 'Live'),
(24, 23, 0, 1, 1, 'Live'),
(26, 24, 0, 1, 1, 'Live'),
(27, 25, 0, 1, 1, 'Live'),
(28, 26, 0, 1, 1, 'Live'),
(29, 27, 0, 1, 1, 'Live'),
(30, 28, 0, 1, 1, 'Live'),
(31, 29, 0, 1, 1, 'Live'),
(33, 30, 0, 1, 1, 'Live'),
(34, 31, 0, 1, 1, 'Live'),
(35, 32, 0, 1, 1, 'Live'),
(36, 33, 0, 1, 1, 'Live'),
(37, 34, 0, 1, 1, 'Live'),
(39, 35, 0, 1, 1, 'Live'),
(383, 36, 0, 1, 1, 'Live'),
(384, 37, 0, 1, 1, 'Live'),
(385, 38, 0, 1, 1, 'Live'),
(386, 39, 0, 1, 1, 'Live'),
(387, 40, 0, 1, 1, 'Live'),
(388, 41, 0, 1, 1, 'Live'),
(389, 42, 0, 1, 1, 'Live'),
(390, 43, 0, 1, 1, 'Live'),
(391, 44, 0, 1, 1, 'Live'),
(392, 45, 0, 1, 1, 'Live'),
(393, 46, 0, 1, 1, 'Live'),
(395, 47, 0, 1, 1, 'Live'),
(399, 50, 0, 1, 1, 'Live'),
(403, 53, 0, 1, 1, 'Live'),
(406, 55, 0, 1, 1, 'Live'),
(410, 59, 0, 1, 1, 'Live'),
(413, 62, 0, 1, 1, 'Live'),
(414, 63, 0, 1, 1, 'Live'),
(418, 65, 0, 1, 1, 'Live'),
(421, 67, 0, 1, 1, 'Live'),
(424, 68, 0, 1, 1, 'Live'),
(425, 69, 0, 1, 1, 'Live'),
(426, 70, 0, 1, 1, 'Live'),
(427, 71, 0, 1, 1, 'Live'),
(430, 73, 0, 1, 1, 'Live'),
(431, 74, 0, 1, 1, 'Live'),
(432, 75, 0, 1, 1, 'Live'),
(434, 76, 0, 1, 1, 'Live'),
(438, 79, 0, 1, 1, 'Live'),
(440, 81, 0, 1, 1, 'Live'),
(441, 82, 0, 1, 1, 'Live'),
(442, 83, 0, 1, 1, 'Live'),
(444, 85, 0, 1, 1, 'Live'),
(445, 86, 0, 1, 1, 'Live'),
(446, 87, 0, 1, 1, 'Live'),
(448, 89, 0, 1, 1, 'Live'),
(449, 90, 0, 1, 1, 'Live'),
(452, 92, 0, 1, 1, 'Live'),
(453, 93, 0, 1, 1, 'Live'),
(454, 94, 0, 1, 1, 'Live'),
(456, 95, 0, 1, 1, 'Live'),
(457, 96, 0, 1, 1, 'Live'),
(459, 98, 0, 1, 1, 'Live'),
(460, 99, 0, 1, 1, 'Live'),
(461, 100, 0, 1, 1, 'Live'),
(464, 101, 0, 1, 1, 'Live'),
(465, 102, 0, 1, 1, 'Live'),
(470, 105, 0, 1, 1, 'Live'),
(471, 106, 0, 1, 1, 'Live'),
(473, 108, 0, 1, 1, 'Live'),
(474, 109, 0, 1, 1, 'Live'),
(476, 110, 0, 1, 1, 'Live'),
(478, 112, 0, 1, 1, 'Live'),
(479, 113, 0, 1, 1, 'Live'),
(480, 114, 0, 1, 1, 'Live'),
(482, 115, 0, 1, 1, 'Live'),
(483, 116, 0, 1, 1, 'Live'),
(484, 117, 0, 1, 1, 'Live'),
(486, 118, 0, 1, 1, 'Live'),
(487, 119, 0, 1, 1, 'Live'),
(497, 127, 0, 1, 1, 'Live'),
(569, 198, 0, 1, 1, 'Live'),
(709, 337, 0, 1, 1, 'Live'),
(1088, 45, 0, 1, 1, 'Live'),
(1089, 46, 0, 1, 1, 'Live'),
(1090, 47, 0, 1, 1, 'Live'),
(1165, 48, 0, 1, 1, 'Live'),
(1167, 49, 0, 1, 1, 'Live'),
(1168, 50, 0, 1, 1, 'Live'),
(1323, 51, 0, 1, 1, 'Live'),
(1324, 52, 0, 1, 1, 'Live'),
(1325, 53, 0, 1, 1, 'Live'),
(1327, 54, 0, 1, 1, 'Live'),
(1328, 55, 0, 1, 1, 'Live'),
(1330, 56, 0, 1, 1, 'Live'),
(1332, 57, 0, 1, 1, 'Live'),
(1334, 58, 0, 1, 1, 'Live'),
(1335, 59, 0, 1, 1, 'Live'),
(1337, 60, 0, 1, 1, 'Live'),
(1339, 61, 0, 1, 1, 'Live'),
(1340, 62, 0, 1, 1, 'Live'),
(1341, 63, 0, 1, 1, 'Live'),
(1343, 64, 0, 1, 1, 'Live'),
(1344, 65, 0, 1, 1, 'Live'),
(1346, 66, 0, 1, 1, 'Live'),
(1347, 67, 0, 1, 1, 'Live'),
(1348, 68, 0, 1, 1, 'Live'),
(1349, 69, 0, 1, 1, 'Live'),
(1350, 70, 0, 1, 1, 'Live'),
(1351, 71, 0, 1, 1, 'Live'),
(1353, 72, 0, 1, 1, 'Live'),
(1354, 73, 0, 1, 1, 'Live'),
(1355, 74, 0, 1, 1, 'Live'),
(1356, 75, 0, 1, 1, 'Live'),
(1357, 76, 0, 1, 1, 'Live'),
(1359, 77, 0, 1, 1, 'Live'),
(1361, 78, 0, 1, 1, 'Live'),
(1362, 79, 0, 1, 1, 'Live'),
(1364, 80, 0, 1, 1, 'Live'),
(1365, 81, 0, 1, 1, 'Live'),
(1366, 82, 0, 1, 1, 'Live'),
(1367, 83, 0, 1, 1, 'Live'),
(1370, 84, 0, 1, 1, 'Live'),
(1371, 85, 0, 1, 1, 'Live'),
(1372, 86, 0, 1, 1, 'Live'),
(1373, 87, 0, 1, 1, 'Live'),
(1405, 89, 0, 1, 1, 'Live'),
(1605, 90, 0, 1, 1, 'Live'),
(1892, 88, 0, 1, 1, 'Live'),
(1893, 91, 0, 1, 1, 'Live'),
(1894, 92, 0, 1, 1, 'Live'),
(1895, 93, 0, 1, 1, 'Live'),
(1896, 94, 0, 1, 1, 'Live'),
(1897, 95, 0, 1, 1, 'Live'),
(1898, 96, 0, 1, 1, 'Live'),
(1900, 97, 0, 1, 1, 'Live'),
(1901, 98, 0, 1, 1, 'Live'),
(1902, 99, 0, 1, 1, 'Live'),
(1903, 100, 0, 1, 1, 'Live'),
(1904, 101, 0, 1, 1, 'Live'),
(1905, 102, 0, 1, 1, 'Live'),
(1982, 103, 0, 1, 1, 'Live'),
(1986, 104, 0, 1, 1, 'Live'),
(1987, 105, 0, 1, 1, 'Live'),
(1988, 106, 0, 1, 1, 'Live'),
(1990, 107, 0, 1, 1, 'Live'),
(1991, 108, 0, 1, 1, 'Live'),
(1992, 109, 0, 1, 1, 'Live'),
(1993, 110, 0, 1, 1, 'Live'),
(1995, 111, 0, 1, 1, 'Live'),
(1996, 112, 0, 1, 1, 'Live'),
(1997, 113, 0, 1, 1, 'Live'),
(1998, 114, 0, 1, 1, 'Live'),
(1999, 115, 0, 1, 1, 'Live'),
(2000, 116, 0, 1, 1, 'Live'),
(2001, 117, 0, 1, 1, 'Live'),
(2002, 118, 0, 1, 1, 'Live'),
(2003, 119, 0, 1, 1, 'Live'),
(2004, 120, 0, 1, 1, 'Live'),
(2006, 121, 0, 1, 1, 'Live'),
(2007, 122, 0, 1, 1, 'Live'),
(2008, 123, 0, 1, 1, 'Live'),
(2009, 124, 0, 1, 1, 'Live'),
(2010, 125, 0, 1, 1, 'Live'),
(2011, 126, 0, 1, 1, 'Live');

-- --------------------------------------------------------

--
-- Table structure for table `tbl_sale_consumptions_of_menus`
--

CREATE TABLE `tbl_sale_consumptions_of_menus` (
  `id` bigint(20) NOT NULL,
  `ingredient_id` int(11) DEFAULT NULL,
  `consumption` float DEFAULT NULL,
  `sale_consumption_id` int(11) DEFAULT NULL,
  `sales_id` int(11) NOT NULL,
  `order_status` tinyint(1) NOT NULL COMMENT '1=new order,2=invoiced order, 3=closed order',
  `food_menu_id` int(11) NOT NULL,
  `user_id` int(11) DEFAULT NULL,
  `outlet_id` int(11) DEFAULT NULL,
  `del_status` varchar(50) DEFAULT 'Live',
  `cost` float DEFAULT NULL,
  `status` int(11) NOT NULL DEFAULT 1,
  `production_id` int(11) DEFAULT NULL
) ENGINE=InnoDB DEFAULT CHARSET=utf8 COLLATE=utf8_general_ci;

--
-- Dumping data for table `tbl_sale_consumptions_of_menus`
--

INSERT INTO `tbl_sale_consumptions_of_menus` (`id`, `ingredient_id`, `consumption`, `sale_consumption_id`, `sales_id`, `order_status`, `food_menu_id`, `user_id`, `outlet_id`, `del_status`, `cost`, `status`, `production_id`) VALUES
(1, 1, 1, 1, 1, 0, 1, 1, 1, 'Live', 20, 1, NULL),
(2, 1, 0, 2, 2, 0, 3, 1, 1, 'Live', 20, 1, NULL),
(3, 1, 1, 3, 3, 0, 1, 1, 1, 'Live', 20, 1, NULL),
(4, 1, 1, 4, 4, 0, 1, 1, 1, 'Live', 20, 1, NULL),
(5, 1, 0, 5, 5, 0, 3, 1, 1, 'Live', 20, 1, NULL),
(6, 1, 0, 6, 6, 0, 3, 1, 1, 'Live', 20, 1, NULL),
(7, 3, 1, 7, 7, 0, 2, 1, 1, 'Live', 5, 1, NULL),
(8, 2, 1, 7, 7, 0, 2, 1, 1, 'Live', 22.5, 1, NULL),
(9, 8, 1, 7, 7, 0, 10, 1, 1, 'Live', 20, 1, NULL),
(10, 9, 1, 7, 7, 0, 10, 1, 1, 'Live', 1.5, 1, NULL),
(11, 3, 1, 7, 7, 0, 10, 1, 1, 'Live', 5, 1, NULL),
(15, 6, 1, 9, 8, 0, 11, 1, 1, 'Live', 10, 1, NULL),
(16, 9, 1, 9, 8, 0, 9, 1, 1, 'Live', 1.5, 1, NULL),
(17, 3, 1, 9, 8, 0, 9, 1, 1, 'Live', 5, 1, NULL),
(18, 9, 1, 10, 9, 0, 9, 1, 1, 'Live', 1.5, 1, NULL),
(19, 3, 1, 10, 9, 0, 9, 1, 1, 'Live', 5, 1, NULL),
(20, 6, 1, 10, 9, 0, 11, 1, 1, 'Live', 10, 1, NULL),
(21, 1, 0, 10, 9, 0, 3, 1, 1, 'Live', 20, 1, NULL),
(22, 3, 0, 10, 9, 0, 3, 1, 1, 'Live', 5, 1, NULL),
(23, 1, 0, 11, 10, 0, 3, 1, 1, 'Live', 20, 1, NULL),
(24, 3, 0, 11, 10, 0, 3, 1, 1, 'Live', 5, 1, NULL),
(25, 3, 1, 11, 10, 0, 2, 1, 1, 'Live', 5, 1, NULL),
(26, 2, 1, 11, 10, 0, 2, 1, 1, 'Live', 22.5, 1, NULL),
(27, 1, 1, 12, 11, 0, 1, 1, 1, 'Live', 20, 1, NULL),
(28, 6, 1, 12, 11, 0, 11, 1, 1, 'Live', 10, 1, NULL),
(29, 8, 1, 12, 11, 0, 10, 1, 1, 'Live', 20, 1, NULL),
(30, 9, 1, 12, 11, 0, 10, 1, 1, 'Live', 1.5, 1, NULL),
(31, 3, 1, 12, 11, 0, 10, 1, 1, 'Live', 5, 1, NULL),
(32, 1, 0, 12, 11, 0, 3, 1, 1, 'Live', 20, 1, NULL),
(33, 3, 0, 12, 11, 0, 3, 1, 1, 'Live', 5, 1, NULL),
(34, 3, 1, 12, 11, 0, 2, 1, 1, 'Live', 5, 1, NULL),
(35, 2, 1, 12, 11, 0, 2, 1, 1, 'Live', 22.5, 1, NULL),
(36, 8, 1, 13, 12, 0, 10, 1, 1, 'Live', 20, 1, NULL),
(37, 9, 1, 13, 12, 0, 10, 1, 1, 'Live', 1.5, 1, NULL),
(38, 3, 1, 13, 12, 0, 10, 1, 1, 'Live', 5, 1, NULL),
(39, 1, 1, 13, 12, 0, 1, 1, 1, 'Live', 20, 1, NULL),
(40, 9, 1, 13, 12, 0, 9, 1, 1, 'Live', 1.5, 1, NULL),
(41, 3, 1, 13, 12, 0, 9, 1, 1, 'Live', 5, 1, NULL),
(42, 3, 1, 14, 13, 0, 2, 1, 1, 'Live', 5, 1, NULL),
(43, 2, 1, 14, 13, 0, 2, 1, 1, 'Live', 22.5, 1, NULL),
(44, 1, 0, 14, 13, 0, 3, 1, 1, 'Live', 20, 1, NULL),
(45, 3, 0, 14, 13, 0, 3, 1, 1, 'Live', 5, 1, NULL),
(46, 1, 1, 15, 14, 0, 1, 1, 1, 'Live', 20, 1, NULL),
(47, 6, 1, 15, 14, 0, 11, 1, 1, 'Live', 10, 1, NULL),
(48, 1, 0, 16, 15, 0, 3, 1, 1, 'Live', 20, 1, NULL),
(49, 3, 0, 16, 15, 0, 3, 1, 1, 'Live', 5, 1, NULL),
(50, 6, 1, 16, 15, 0, 11, 1, 1, 'Live', 10, 1, NULL),
(51, 8, 1, 16, 15, 0, 10, 1, 1, 'Live', 20, 1, NULL),
(52, 9, 1, 16, 15, 0, 10, 1, 1, 'Live', 1.5, 1, NULL),
(53, 3, 1, 16, 15, 0, 10, 1, 1, 'Live', 5, 1, NULL),
(54, 3, 1, 16, 15, 0, 2, 1, 1, 'Live', 5, 1, NULL),
(55, 2, 1, 16, 15, 0, 2, 1, 1, 'Live', 22.5, 1, NULL),
(56, 1, 0, 17, 16, 0, 3, 1, 1, 'Live', 20, 1, NULL),
(57, 3, 0, 17, 16, 0, 3, 1, 1, 'Live', 5, 1, NULL),
(58, 8, 1, 17, 16, 0, 10, 1, 1, 'Live', 20, 1, NULL),
(59, 9, 1, 17, 16, 0, 10, 1, 1, 'Live', 1.5, 1, NULL),
(60, 3, 1, 17, 16, 0, 10, 1, 1, 'Live', 5, 1, NULL),
(61, 6, 1, 18, 17, 0, 11, 1, 1, 'Live', 10, 1, NULL),
(62, 1, 1, 18, 17, 0, 1, 1, 1, 'Live', 20, 1, NULL),
(63, 9, 1, 19, 18, 0, 9, 1, 1, 'Live', 1.5, 1, NULL),
(64, 3, 1, 19, 18, 0, 9, 1, 1, 'Live', 5, 1, NULL),
(65, 6, 1, 19, 18, 0, 11, 1, 1, 'Live', 10, 1, NULL),
(66, 1, 0, 20, 19, 0, 3, 1, 1, 'Live', 20, 1, NULL),
(67, 3, 0, 20, 19, 0, 3, 1, 1, 'Live', 5, 1, NULL),
(68, 8, 1, 20, 19, 0, 10, 1, 1, 'Live', 20, 1, NULL),
(69, 9, 1, 20, 19, 0, 10, 1, 1, 'Live', 1.5, 1, NULL),
(70, 3, 1, 20, 19, 0, 10, 1, 1, 'Live', 5, 1, NULL),
(71, 1, 1, 21, 20, 0, 1, 1, 1, 'Live', 20, 1, NULL),
(72, 6, 1, 21, 20, 0, 11, 1, 1, 'Live', 10, 1, NULL),
(73, 3, 3, 22, 21, 0, 2, 1, 1, 'Live', 5, 1, NULL),
(74, 2, 3, 22, 21, 0, 2, 1, 1, 'Live', 22.5, 1, NULL),
(75, 8, 2, 22, 21, 0, 10, 1, 1, 'Live', 20, 1, NULL),
(76, 9, 2, 22, 21, 0, 10, 1, 1, 'Live', 1.5, 1, NULL),
(77, 3, 2, 22, 21, 0, 10, 1, 1, 'Live', 5, 1, NULL),
(78, 6, 1, 23, 22, 0, 11, 1, 1, 'Live', 10, 1, NULL),
(79, 1, 1, 23, 22, 0, 1, 1, 1, 'Live', 20, 1, NULL),
(80, 3, 1, 23, 22, 0, 2, 1, 1, 'Live', 5, 1, NULL),
(81, 2, 1, 23, 22, 0, 2, 1, 1, 'Live', 22.5, 1, NULL),
(82, 8, 1, 23, 22, 0, 10, 1, 1, 'Live', 20, 1, NULL),
(83, 9, 1, 23, 22, 0, 10, 1, 1, 'Live', 1.5, 1, NULL),
(84, 3, 1, 23, 22, 0, 10, 1, 1, 'Live', 5, 1, NULL),
(85, 3, 1, 24, 23, 0, 2, 1, 1, 'Live', 5, 1, NULL),
(86, 2, 1, 24, 23, 0, 2, 1, 1, 'Live', 22.5, 1, NULL),
(87, 1, 1, 24, 23, 0, 1, 1, 1, 'Live', 20, 1, NULL),
(88, 1, 0, 24, 23, 0, 3, 1, 1, 'Live', 20, 1, NULL),
(89, 3, 0, 24, 23, 0, 3, 1, 1, 'Live', 5, 1, NULL),
(93, 6, 1, 26, 24, 0, 11, 1, 1, 'Live', 10, 1, NULL),
(94, 3, 1, 26, 24, 0, 2, 1, 1, 'Live', 5, 1, NULL),
(95, 2, 1, 26, 24, 0, 2, 1, 1, 'Live', 22.5, 1, NULL),
(96, 3, 1, 27, 25, 0, 2, 1, 1, 'Live', 5, 1, NULL),
(97, 2, 1, 27, 25, 0, 2, 1, 1, 'Live', 22.5, 1, NULL),
(98, 1, 1, 28, 26, 0, 1, 1, 1, 'Live', 20, 1, NULL),
(99, 1, 0, 28, 26, 0, 3, 1, 1, 'Live', 20, 1, NULL),
(100, 3, 0, 28, 26, 0, 3, 1, 1, 'Live', 5, 1, NULL),
(101, 3, 1, 28, 26, 0, 2, 1, 1, 'Live', 5, 1, NULL),
(102, 2, 1, 28, 26, 0, 2, 1, 1, 'Live', 22.5, 1, NULL),
(103, 9, 1, 29, 27, 0, 9, 1, 1, 'Live', 1.5, 1, NULL),
(104, 3, 1, 29, 27, 0, 9, 1, 1, 'Live', 5, 1, NULL),
(105, 1, 1, 29, 27, 0, 1, 1, 1, 'Live', 20, 1, NULL),
(106, 1, 0, 29, 27, 0, 3, 1, 1, 'Live', 20, 1, NULL),
(107, 3, 0, 29, 27, 0, 3, 1, 1, 'Live', 5, 1, NULL),
(108, 9, 1, 30, 28, 0, 9, 1, 1, 'Live', 1.5, 1, NULL),
(109, 3, 1, 30, 28, 0, 9, 1, 1, 'Live', 5, 1, NULL),
(110, 1, 1, 30, 28, 0, 1, 1, 1, 'Live', 20, 1, NULL),
(111, 6, 1, 30, 28, 0, 11, 1, 1, 'Live', 10, 1, NULL),
(112, 9, 1, 31, 29, 0, 9, 1, 1, 'Live', 1.5, 1, NULL),
(113, 3, 1, 31, 29, 0, 9, 1, 1, 'Live', 5, 1, NULL),
(114, 6, 1, 31, 29, 0, 11, 1, 1, 'Live', 10, 1, NULL),
(115, 3, 1, 34, 31, 0, 2, 1, 1, 'Live', 5, 1, NULL),
(116, 2, 1, 34, 31, 0, 2, 1, 1, 'Live', 22.5, 1, NULL),
(117, 1, 1, 34, 31, 0, 1, 1, 1, 'Live', 20, 1, NULL),
(118, 6, 1, 34, 31, 0, 11, 1, 1, 'Live', 10, 1, NULL),
(119, 9, 1, 35, 32, 0, 9, 1, 1, 'Live', 1.5, 1, NULL),
(120, 3, 1, 35, 32, 0, 9, 1, 1, 'Live', 5, 1, NULL),
(121, 1, 0, 36, 33, 0, 3, 1, 1, 'Live', 20, 1, NULL),
(122, 3, 0, 36, 33, 0, 3, 1, 1, 'Live', 5, 1, NULL),
(123, 8, 1, 36, 33, 0, 10, 1, 1, 'Live', 20, 1, NULL),
(124, 9, 1, 36, 33, 0, 10, 1, 1, 'Live', 1.5, 1, NULL),
(125, 3, 1, 36, 33, 0, 10, 1, 1, 'Live', 5, 1, NULL),
(126, 1, 0, 37, 34, 0, 3, 1, 1, 'Live', 20, 1, NULL),
(127, 3, 0, 37, 34, 0, 3, 1, 1, 'Live', 5, 1, NULL),
(128, 1, 1, 37, 34, 0, 1, 1, 1, 'Live', 20, 1, NULL),
(135, 1, 0, 39, 35, 0, 3, 1, 1, 'Live', 20, 1, NULL),
(136, 3, 0, 39, 35, 0, 3, 1, 1, 'Live', 5, 1, NULL),
(137, 9, 1, 39, 35, 0, 9, 1, 1, 'Live', 1.5, 1, NULL),
(138, 3, 1, 39, 35, 0, 9, 1, 1, 'Live', 5, 1, NULL),
(139, 1, 1, 39, 35, 0, 1, 1, 1, 'Live', 20, 1, NULL),
(140, 6, 2, 39, 35, 0, 11, 1, 1, 'Live', 10, 1, NULL),
(2199, 6, 1, 383, 36, 0, 11, 1, 1, 'Live', 10, 1, NULL),
(2200, 1, 0, 383, 36, 0, 3, 1, 1, 'Live', 20, 1, NULL),
(2201, 3, 0, 383, 36, 0, 3, 1, 1, 'Live', 5, 1, NULL),
(2202, 1, 1, 383, 36, 0, 1, 1, 1, 'Live', 20, 1, NULL),
(2203, 3, 1, 383, 36, 0, 2, 1, 1, 'Live', 5, 1, NULL),
(2204, 2, 1, 383, 36, 0, 2, 1, 1, 'Live', 22.5, 1, NULL),
(2205, 9, 1, 384, 37, 0, 9, 1, 1, 'Live', 1.5, 1, NULL),
(2206, 3, 1, 384, 37, 0, 9, 1, 1, 'Live', 5, 1, NULL),
(2207, 8, 1, 384, 37, 0, 10, 1, 1, 'Live', 20, 1, NULL),
(2208, 9, 1, 384, 37, 0, 10, 1, 1, 'Live', 1.5, 1, NULL),
(2209, 3, 1, 384, 37, 0, 10, 1, 1, 'Live', 5, 1, NULL),
(2210, 6, 1, 384, 37, 0, 11, 1, 1, 'Live', 10, 1, NULL),
(2211, 6, 1, 385, 38, 0, 11, 1, 1, 'Live', 10, 1, NULL),
(2212, 3, 1, 385, 38, 0, 2, 1, 1, 'Live', 5, 1, NULL),
(2213, 2, 1, 385, 38, 0, 2, 1, 1, 'Live', 22.5, 1, NULL),
(2214, 8, 1, 386, 39, 0, 10, 1, 1, 'Live', 20, 1, NULL),
(2215, 9, 1, 386, 39, 0, 10, 1, 1, 'Live', 1.5, 1, NULL),
(2216, 3, 1, 386, 39, 0, 10, 1, 1, 'Live', 5, 1, NULL),
(2217, 6, 1, 386, 39, 0, 11, 1, 1, 'Live', 10, 1, NULL),
(2218, 3, 1, 386, 39, 0, 2, 1, 1, 'Live', 5, 1, NULL),
(2219, 2, 1, 386, 39, 0, 2, 1, 1, 'Live', 22.5, 1, NULL),
(2220, 1, 0, 387, 40, 0, 3, 1, 1, 'Live', 20, 1, NULL),
(2221, 3, 0, 387, 40, 0, 3, 1, 1, 'Live', 5, 1, NULL),
(2222, 1, 1, 387, 40, 0, 1, 1, 1, 'Live', 20, 1, NULL),
(2223, 6, 1, 387, 40, 0, 11, 1, 1, 'Live', 10, 1, NULL),
(2224, 9, 1, 388, 41, 0, 9, 1, 1, 'Live', 1.5, 1, NULL),
(2225, 3, 1, 388, 41, 0, 9, 1, 1, 'Live', 5, 1, NULL),
(2226, 8, 1, 388, 41, 0, 10, 1, 1, 'Live', 20, 1, NULL),
(2227, 9, 1, 388, 41, 0, 10, 1, 1, 'Live', 1.5, 1, NULL),
(2228, 3, 1, 388, 41, 0, 10, 1, 1, 'Live', 5, 1, NULL),
(2229, 6, 1, 388, 41, 0, 11, 1, 1, 'Live', 10, 1, NULL),
(2230, 1, 1, 389, 42, 0, 1, 1, 1, 'Live', 20, 1, NULL),
(2231, 3, 1, 389, 42, 0, 2, 1, 1, 'Live', 5, 1, NULL),
(2232, 2, 1, 389, 42, 0, 2, 1, 1, 'Live', 22.5, 1, NULL),
(2233, 8, 1, 389, 42, 0, 10, 1, 1, 'Live', 20, 1, NULL),
(2234, 9, 1, 389, 42, 0, 10, 1, 1, 'Live', 1.5, 1, NULL),
(2235, 3, 1, 389, 42, 0, 10, 1, 1, 'Live', 5, 1, NULL),
(2236, 6, 1, 390, 43, 0, 11, 1, 1, 'Live', 10, 1, NULL),
(2237, 9, 1, 390, 43, 0, 9, 1, 1, 'Live', 1.5, 1, NULL),
(2238, 3, 1, 390, 43, 0, 9, 1, 1, 'Live', 5, 1, NULL),
(2239, 1, 0, 390, 43, 0, 3, 1, 1, 'Live', 20, 1, NULL),
(2240, 3, 0, 390, 43, 0, 3, 1, 1, 'Live', 5, 1, NULL),
(2241, 1, 1, 391, 44, 0, 1, 1, 1, 'Live', 20, 1, NULL),
(2242, 3, 1, 391, 44, 0, 2, 1, 1, 'Live', 5, 1, NULL),
(2243, 2, 1, 391, 44, 0, 2, 1, 1, 'Live', 22.5, 1, NULL),
(2244, 8, 1, 391, 44, 0, 10, 1, 1, 'Live', 20, 1, NULL),
(2245, 9, 1, 391, 44, 0, 10, 1, 1, 'Live', 1.5, 1, NULL),
(2246, 3, 1, 391, 44, 0, 10, 1, 1, 'Live', 5, 1, NULL),
(2247, 3, 1, 392, 45, 0, 2, 1, 1, 'Live', 5, 1, NULL),
(2248, 2, 1, 392, 45, 0, 2, 1, 1, 'Live', 22.5, 1, NULL),
(2249, 8, 1, 392, 45, 0, 10, 1, 1, 'Live', 20, 1, NULL),
(2250, 9, 1, 392, 45, 0, 10, 1, 1, 'Live', 1.5, 1, NULL),
(2251, 3, 1, 392, 45, 0, 10, 1, 1, 'Live', 5, 1, NULL),
(2252, 1, 1, 393, 46, 0, 1, 1, 1, 'Live', 20, 1, NULL),
(2253, 6, 1, 393, 46, 0, 11, 1, 1, 'Live', 10, 1, NULL),
(2254, 8, 1, 393, 46, 0, 10, 1, 1, 'Live', 20, 1, NULL),
(2255, 9, 1, 393, 46, 0, 10, 1, 1, 'Live', 1.5, 1, NULL),
(2256, 3, 1, 393, 46, 0, 10, 1, 1, 'Live', 5, 1, NULL),
(2257, 3, 1, 393, 46, 0, 2, 1, 1, 'Live', 5, 1, NULL),
(2258, 2, 1, 393, 46, 0, 2, 1, 1, 'Live', 22.5, 1, NULL),
(2263, 6, 1, 395, 47, 0, 11, 1, 1, 'Live', 10, 1, NULL),
(2264, 1, 1, 395, 47, 0, 1, 1, 1, 'Live', 20, 1, NULL),
(2265, 3, 1, 395, 47, 0, 2, 1, 1, 'Live', 5, 1, NULL),
(2266, 2, 1, 395, 47, 0, 2, 1, 1, 'Live', 22.5, 1, NULL),
(2280, 1, 1, 399, 50, 0, 1, 1, 1, 'Live', 20, 1, NULL),
(2281, 9, 1, 399, 50, 0, 9, 1, 1, 'Live', 1.5, 1, NULL),
(2282, 3, 1, 399, 50, 0, 9, 1, 1, 'Live', 5, 1, NULL),
(2283, 6, 1, 399, 50, 0, 11, 1, 1, 'Live', 10, 1, NULL),
(2284, 8, 1, 399, 50, 0, 10, 1, 1, 'Live', 20, 1, NULL),
(2285, 9, 1, 399, 50, 0, 10, 1, 1, 'Live', 1.5, 1, NULL),
(2286, 3, 1, 399, 50, 0, 10, 1, 1, 'Live', 5, 1, NULL),
(2295, 9, 1, 406, 55, 0, 9, 1, 1, 'Live', 1.5, 1, NULL),
(2296, 3, 1, 406, 55, 0, 9, 1, 1, 'Live', 5, 1, NULL),
(2314, 6, 1, 410, 59, 0, 11, 1, 1, 'Live', 10, 1, NULL),
(2315, 3, 1, 410, 59, 0, 2, 1, 1, 'Live', 5, 1, NULL),
(2316, 2, 1, 410, 59, 0, 2, 1, 1, 'Live', 22.5, 1, NULL),
(2325, 8, 1, 413, 62, 0, 10, 1, 1, 'Live', 20, 1, NULL),
(2326, 9, 1, 413, 62, 0, 10, 1, 1, 'Live', 1.5, 1, NULL),
(2327, 3, 1, 413, 62, 0, 10, 1, 1, 'Live', 5, 1, NULL),
(2328, 3, 1, 413, 62, 0, 2, 1, 1, 'Live', 5, 1, NULL),
(2329, 2, 1, 413, 62, 0, 2, 1, 1, 'Live', 22.5, 1, NULL),
(2330, 6, 1, 413, 62, 0, 11, 1, 1, 'Live', 10, 1, NULL),
(2331, 6, 1, 414, 63, 0, 11, 1, 1, 'Live', 10, 1, NULL),
(2332, 3, 1, 414, 63, 0, 2, 1, 1, 'Live', 5, 1, NULL),
(2333, 2, 1, 414, 63, 0, 2, 1, 1, 'Live', 22.5, 1, NULL),
(2334, 1, 0, 414, 63, 0, 3, 1, 1, 'Live', 20, 1, NULL),
(2335, 3, 0, 414, 63, 0, 3, 1, 1, 'Live', 5, 1, NULL),
(2336, 1, 1, 414, 63, 0, 1, 1, 1, 'Live', 20, 1, NULL),
(2351, 8, 1, 418, 65, 0, 10, 1, 1, 'Live', 20, 1, NULL),
(2352, 9, 1, 418, 65, 0, 10, 1, 1, 'Live', 1.5, 1, NULL),
(2353, 3, 1, 418, 65, 0, 10, 1, 1, 'Live', 5, 1, NULL),
(2354, 1, 1, 418, 65, 0, 1, 1, 1, 'Live', 20, 1, NULL),
(2355, 3, 1, 418, 65, 0, 2, 1, 1, 'Live', 5, 1, NULL),
(2356, 2, 1, 418, 65, 0, 2, 1, 1, 'Live', 22.5, 1, NULL),
(2367, 1, 1, 421, 67, 0, 1, 1, 1, 'Live', 20, 1, NULL),
(2368, 6, 1, 421, 67, 0, 11, 1, 1, 'Live', 10, 1, NULL),
(2369, 9, 1, 421, 67, 0, 9, 1, 1, 'Live', 1.5, 1, NULL),
(2370, 3, 1, 421, 67, 0, 9, 1, 1, 'Live', 5, 1, NULL),
(2371, 1, 0, 421, 67, 0, 3, 1, 1, 'Live', 20, 1, NULL),
(2372, 3, 0, 421, 67, 0, 3, 1, 1, 'Live', 5, 1, NULL),
(2379, 6, 1, 424, 68, 0, 11, 1, 1, 'Live', 10, 1, NULL),
(2380, 3, 1, 424, 68, 0, 2, 1, 1, 'Live', 5, 1, NULL),
(2381, 2, 1, 424, 68, 0, 2, 1, 1, 'Live', 22.5, 1, NULL),
(2382, 6, 1, 425, 69, 0, 11, 1, 1, 'Live', 10, 1, NULL),
(2383, 3, 1, 425, 69, 0, 2, 1, 1, 'Live', 5, 1, NULL),
(2384, 2, 1, 425, 69, 0, 2, 1, 1, 'Live', 22.5, 1, NULL),
(2385, 1, 1, 426, 70, 0, 1, 1, 1, 'Live', 20, 1, NULL),
(2386, 3, 1, 426, 70, 0, 2, 1, 1, 'Live', 5, 1, NULL),
(2387, 2, 1, 426, 70, 0, 2, 1, 1, 'Live', 22.5, 1, NULL),
(2388, 3, 1, 427, 71, 0, 2, 1, 1, 'Live', 5, 1, NULL),
(2389, 2, 1, 427, 71, 0, 2, 1, 1, 'Live', 22.5, 1, NULL),
(2390, 1, 1, 427, 71, 0, 1, 1, 1, 'Live', 20, 1, NULL),
(2399, 1, 0, 430, 73, 0, 3, 1, 1, 'Live', 20, 1, NULL),
(2400, 3, 0, 430, 73, 0, 3, 1, 1, 'Live', 5, 1, NULL),
(2401, 1, 1, 430, 73, 0, 1, 1, 1, 'Live', 20, 1, NULL),
(2402, 3, 1, 430, 73, 0, 2, 1, 1, 'Live', 5, 1, NULL),
(2403, 2, 1, 430, 73, 0, 2, 1, 1, 'Live', 22.5, 1, NULL),
(2404, 6, 1, 430, 73, 0, 11, 1, 1, 'Live', 10, 1, NULL),
(2405, 3, 1, 431, 74, 0, 2, 1, 1, 'Live', 5, 1, NULL),
(2406, 2, 1, 431, 74, 0, 2, 1, 1, 'Live', 22.5, 1, NULL),
(2407, 1, 1, 432, 75, 0, 1, 1, 1, 'Live', 20, 1, NULL),
(2408, 3, 1, 432, 75, 0, 2, 1, 1, 'Live', 5, 1, NULL),
(2409, 2, 1, 432, 75, 0, 2, 1, 1, 'Live', 22.5, 1, NULL),
(2410, 6, 1, 432, 75, 0, 11, 1, 1, 'Live', 10, 1, NULL),
(2419, 6, 1, 434, 76, 0, 11, 1, 1, 'Live', 10, 1, NULL),
(2420, 3, 1, 434, 76, 0, 2, 1, 1, 'Live', 5, 1, NULL),
(2421, 2, 1, 434, 76, 0, 2, 1, 1, 'Live', 22.5, 1, NULL),
(2422, 8, 1, 434, 76, 0, 10, 1, 1, 'Live', 20, 1, NULL),
(2423, 9, 1, 434, 76, 0, 10, 1, 1, 'Live', 1.5, 1, NULL),
(2424, 3, 1, 434, 76, 0, 10, 1, 1, 'Live', 5, 1, NULL),
(2425, 1, 0, 434, 76, 0, 3, 1, 1, 'Live', 20, 1, NULL),
(2426, 3, 0, 434, 76, 0, 3, 1, 1, 'Live', 5, 1, NULL),
(2436, 8, 1, 438, 79, 0, 10, 1, 1, 'Live', 20, 1, NULL),
(2437, 9, 1, 438, 79, 0, 10, 1, 1, 'Live', 1.5, 1, NULL),
(2438, 3, 1, 438, 79, 0, 10, 1, 1, 'Live', 5, 1, NULL),
(2444, 1, 0, 440, 81, 0, 3, 1, 1, 'Live', 20, 1, NULL),
(2445, 3, 0, 440, 81, 0, 3, 1, 1, 'Live', 5, 1, NULL),
(2446, 9, 1, 440, 81, 0, 9, 1, 1, 'Live', 1.5, 1, NULL),
(2447, 3, 1, 440, 81, 0, 9, 1, 1, 'Live', 5, 1, NULL),
(2448, 1, 0, 441, 82, 0, 3, 1, 1, 'Live', 20, 1, NULL),
(2449, 3, 0, 441, 82, 0, 3, 1, 1, 'Live', 5, 1, NULL),
(2450, 1, 1, 441, 82, 0, 1, 1, 1, 'Live', 20, 1, NULL),
(2451, 3, 1, 441, 82, 0, 2, 1, 1, 'Live', 5, 1, NULL),
(2452, 2, 1, 441, 82, 0, 2, 1, 1, 'Live', 22.5, 1, NULL),
(2453, 6, 1, 442, 83, 0, 11, 1, 1, 'Live', 10, 1, NULL),
(2454, 1, 1, 442, 83, 0, 1, 1, 1, 'Live', 20, 1, NULL),
(2455, 3, 1, 442, 83, 0, 2, 1, 1, 'Live', 5, 1, NULL),
(2456, 2, 1, 442, 83, 0, 2, 1, 1, 'Live', 22.5, 1, NULL),
(2459, 6, 1, 444, 85, 0, 11, 1, 1, 'Live', 10, 1, NULL),
(2460, 3, 1, 444, 85, 0, 2, 1, 1, 'Live', 5, 1, NULL),
(2461, 2, 1, 444, 85, 0, 2, 1, 1, 'Live', 22.5, 1, NULL),
(2462, 1, 0, 444, 85, 0, 3, 1, 1, 'Live', 20, 1, NULL),
(2463, 3, 0, 444, 85, 0, 3, 1, 1, 'Live', 5, 1, NULL),
(2464, 9, 1, 445, 86, 0, 9, 1, 1, 'Live', 1.5, 1, NULL),
(2465, 3, 1, 445, 86, 0, 9, 1, 1, 'Live', 5, 1, NULL),
(2466, 8, 1, 445, 86, 0, 10, 1, 1, 'Live', 20, 1, NULL),
(2467, 9, 1, 445, 86, 0, 10, 1, 1, 'Live', 1.5, 1, NULL),
(2468, 3, 1, 445, 86, 0, 10, 1, 1, 'Live', 5, 1, NULL),
(2476, 8, 1, 449, 90, 0, 10, 1, 1, 'Live', 20, 1, NULL),
(2477, 9, 1, 449, 90, 0, 10, 1, 1, 'Live', 1.5, 1, NULL),
(2478, 3, 1, 449, 90, 0, 10, 1, 1, 'Live', 5, 1, NULL),
(2479, 6, 1, 449, 90, 0, 11, 1, 1, 'Live', 10, 1, NULL),
(2482, 9, 1, 453, 93, 0, 9, 1, 1, 'Live', 1.5, 1, NULL),
(2483, 3, 1, 453, 93, 0, 9, 1, 1, 'Live', 5, 1, NULL),
(2484, 8, 1, 453, 93, 0, 10, 1, 1, 'Live', 20, 1, NULL),
(2485, 9, 1, 453, 93, 0, 10, 1, 1, 'Live', 1.5, 1, NULL),
(2486, 3, 1, 453, 93, 0, 10, 1, 1, 'Live', 5, 1, NULL),
(2487, 1, 1, 454, 94, 0, 1, 1, 1, 'Live', 20, 1, NULL),
(2488, 9, 1, 454, 94, 0, 9, 1, 1, 'Live', 1.5, 1, NULL),
(2489, 3, 1, 454, 94, 0, 9, 1, 1, 'Live', 5, 1, NULL),
(2490, 8, 1, 454, 94, 0, 10, 1, 1, 'Live', 20, 1, NULL),
(2491, 9, 1, 454, 94, 0, 10, 1, 1, 'Live', 1.5, 1, NULL),
(2492, 3, 1, 454, 94, 0, 10, 1, 1, 'Live', 5, 1, NULL),
(2499, 9, 1, 456, 95, 0, 9, 1, 1, 'Live', 1.5, 1, NULL),
(2500, 3, 1, 456, 95, 0, 9, 1, 1, 'Live', 5, 1, NULL),
(2501, 6, 1, 456, 95, 0, 11, 1, 1, 'Live', 10, 1, NULL),
(2502, 8, 1, 456, 95, 0, 10, 1, 1, 'Live', 20, 1, NULL),
(2503, 9, 1, 456, 95, 0, 10, 1, 1, 'Live', 1.5, 1, NULL),
(2504, 3, 1, 456, 95, 0, 10, 1, 1, 'Live', 5, 1, NULL),
(2505, 3, 1, 457, 96, 0, 2, 1, 1, 'Live', 5, 1, NULL),
(2506, 2, 1, 457, 96, 0, 2, 1, 1, 'Live', 22.5, 1, NULL),
(2508, 1, 0, 459, 98, 0, 3, 1, 1, 'Live', 20, 1, NULL),
(2509, 3, 0, 459, 98, 0, 3, 1, 1, 'Live', 5, 1, NULL),
(2510, 1, 1, 460, 99, 0, 1, 1, 1, 'Live', 20, 1, NULL),
(2511, 3, 1, 460, 99, 0, 2, 1, 1, 'Live', 5, 1, NULL),
(2512, 2, 1, 460, 99, 0, 2, 1, 1, 'Live', 22.5, 1, NULL),
(2513, 6, 1, 461, 100, 0, 11, 1, 1, 'Live', 10, 1, NULL),
(2514, 1, 1, 461, 100, 0, 1, 1, 1, 'Live', 20, 1, NULL),
(2515, 3, 1, 461, 100, 0, 2, 1, 1, 'Live', 5, 1, NULL),
(2516, 2, 1, 461, 100, 0, 2, 1, 1, 'Live', 22.5, 1, NULL),
(2525, 9, 1, 464, 101, 0, 9, 1, 1, 'Live', 1.5, 1, NULL),
(2526, 3, 1, 464, 101, 0, 9, 1, 1, 'Live', 5, 1, NULL),
(2527, 1, 0, 464, 101, 0, 3, 1, 1, 'Live', 20, 1, NULL),
(2528, 3, 0, 464, 101, 0, 3, 1, 1, 'Live', 5, 1, NULL),
(2529, 1, 1, 465, 102, 0, 1, 1, 1, 'Live', 20, 1, NULL),
(2530, 3, 1, 465, 102, 0, 2, 1, 1, 'Live', 5, 1, NULL),
(2531, 2, 1, 465, 102, 0, 2, 1, 1, 'Live', 22.5, 1, NULL),
(2532, 6, 1, 465, 102, 0, 11, 1, 1, 'Live', 10, 1, NULL),
(2543, 1, 1, 470, 105, 0, 1, 1, 1, 'Live', 20, 1, NULL),
(2544, 3, 1, 470, 105, 0, 2, 1, 1, 'Live', 5, 1, NULL),
(2545, 2, 1, 470, 105, 0, 2, 1, 1, 'Live', 22.5, 1, NULL),
(2546, 1, 0, 471, 106, 0, 3, 1, 1, 'Live', 20, 1, NULL),
(2547, 3, 0, 471, 106, 0, 3, 1, 1, 'Live', 5, 1, NULL),
(2548, 9, 1, 471, 106, 0, 9, 1, 1, 'Live', 1.5, 1, NULL),
(2549, 3, 1, 471, 106, 0, 9, 1, 1, 'Live', 5, 1, NULL),
(2554, 8, 1, 473, 108, 0, 10, 1, 1, 'Live', 20, 1, NULL),
(2555, 9, 1, 473, 108, 0, 10, 1, 1, 'Live', 1.5, 1, NULL),
(2556, 3, 1, 473, 108, 0, 10, 1, 1, 'Live', 5, 1, NULL),
(2557, 6, 1, 473, 108, 0, 11, 1, 1, 'Live', 10, 1, NULL),
(2558, 3, 1, 473, 108, 0, 2, 1, 1, 'Live', 5, 1, NULL),
(2559, 2, 1, 473, 108, 0, 2, 1, 1, 'Live', 22.5, 1, NULL),
(2560, 9, 1, 474, 109, 0, 9, 1, 1, 'Live', 1.5, 1, NULL),
(2561, 3, 1, 474, 109, 0, 9, 1, 1, 'Live', 5, 1, NULL),
(2562, 1, 0, 474, 109, 0, 3, 1, 1, 'Live', 20, 1, NULL),
(2563, 3, 0, 474, 109, 0, 3, 1, 1, 'Live', 5, 1, NULL),
(2564, 3, 1, 474, 109, 0, 2, 1, 1, 'Live', 5, 1, NULL),
(2565, 2, 1, 474, 109, 0, 2, 1, 1, 'Live', 22.5, 1, NULL),
(2566, 6, 1, 474, 109, 0, 11, 1, 1, 'Live', 10, 1, NULL),
(2572, 6, 1, 479, 113, 0, 11, 1, 1, 'Live', 10, 1, NULL),
(2573, 6, 1, 480, 114, 0, 11, 1, 1, 'Live', 10, 1, NULL),
(2579, 9, 1, 482, 115, 0, 9, 1, 1, 'Live', 1.5, 1, NULL),
(2580, 3, 1, 482, 115, 0, 9, 1, 1, 'Live', 5, 1, NULL),
(2581, 1, 1, 482, 115, 0, 1, 1, 1, 'Live', 20, 1, NULL),
(2582, 3, 1, 482, 115, 0, 2, 1, 1, 'Live', 5, 1, NULL),
(2583, 2, 1, 482, 115, 0, 2, 1, 1, 'Live', 22.5, 1, NULL),
(2584, 1, 0, 483, 116, 0, 3, 1, 1, 'Live', 20, 1, NULL),
(2585, 3, 0, 483, 116, 0, 3, 1, 1, 'Live', 5, 1, NULL),
(2586, 1, 1, 483, 116, 0, 1, 1, 1, 'Live', 20, 1, NULL),
(2587, 3, 1, 483, 116, 0, 2, 1, 1, 'Live', 5, 1, NULL),
(2588, 2, 1, 483, 116, 0, 2, 1, 1, 'Live', 22.5, 1, NULL),
(2589, 3, 1, 484, 117, 0, 2, 1, 1, 'Live', 5, 1, NULL),
(2590, 2, 1, 484, 117, 0, 2, 1, 1, 'Live', 22.5, 1, NULL),
(2591, 1, 2, 484, 117, 0, 1, 1, 1, 'Live', 20, 1, NULL),
(2598, 8, 1, 486, 118, 0, 10, 1, 1, 'Live', 20, 1, NULL),
(2599, 9, 1, 486, 118, 0, 10, 1, 1, 'Live', 1.5, 1, NULL),
(2600, 3, 1, 486, 118, 0, 10, 1, 1, 'Live', 5, 1, NULL),
(2601, 1, 1, 486, 118, 0, 1, 1, 1, 'Live', 20, 1, NULL),
(2602, 3, 1, 486, 118, 0, 2, 1, 1, 'Live', 5, 1, NULL),
(2603, 2, 1, 486, 118, 0, 2, 1, 1, 'Live', 22.5, 1, NULL),
(2604, 1, 1, 487, 119, 0, 1, 1, 1, 'Live', 20, 1, NULL),
(2605, 3, 1, 487, 119, 0, 2, 1, 1, 'Live', 5, 1, NULL),
(2606, 2, 1, 487, 119, 0, 2, 1, 1, 'Live', 22.5, 1, NULL),
(2637, 8, 1, 497, 127, 0, 10, 1, 1, 'Live', 20, 1, NULL),
(2638, 9, 1, 497, 127, 0, 10, 1, 1, 'Live', 1.5, 1, NULL),
(2639, 3, 1, 497, 127, 0, 10, 1, 1, 'Live', 5, 1, NULL),
(2640, 9, 1, 497, 127, 0, 9, 1, 1, 'Live', 1.5, 1, NULL),
(2641, 3, 1, 497, 127, 0, 9, 1, 1, 'Live', 5, 1, NULL),
(2642, 1, 1, 497, 127, 0, 1, 1, 1, 'Live', 20, 1, NULL),
(2860, 6, 1, 569, 198, 0, 11, 1, 1, 'Live', 10, 1, NULL),
(2861, 8, 1, 569, 198, 0, 10, 1, 1, 'Live', 20, 1, NULL),
(2862, 9, 1, 569, 198, 0, 10, 1, 1, 'Live', 1.5, 1, NULL),
(2863, 3, 1, 569, 198, 0, 10, 1, 1, 'Live', 5, 1, NULL),
(2864, 1, 1, 569, 198, 0, 1, 1, 1, 'Live', 20, 1, NULL),
(2865, 3, 1, 569, 198, 0, 2, 1, 1, 'Live', 5, 1, NULL),
(2866, 2, 1, 569, 198, 0, 2, 1, 1, 'Live', 22.5, 1, NULL),
(3286, 1, 0, 709, 337, 0, 3, 1, 1, 'Live', 20, 1, NULL),
(3287, 3, 0, 709, 337, 0, 3, 1, 1, 'Live', 5, 1, NULL),
(3288, 3, 1, 709, 337, 0, 2, 1, 1, 'Live', 5, 1, NULL),
(3289, 2, 1, 709, 337, 0, 2, 1, 1, 'Live', 22.5, 1, NULL),
(3290, 1, 1, 709, 337, 0, 1, 1, 1, 'Live', 20, 1, NULL),
(4425, 1, 1, 1088, 45, 0, 1, 1, 1, 'Live', 20, 1, NULL),
(4426, 3, 1, 1088, 45, 0, 2, 1, 1, 'Live', 5, 1, NULL),
(4427, 2, 1, 1088, 45, 0, 2, 1, 1, 'Live', 22.5, 1, NULL),
(4428, 8, 1, 1089, 46, 0, 10, 1, 1, 'Live', 20, 1, NULL),
(4429, 9, 1, 1089, 46, 0, 10, 1, 1, 'Live', 1.5, 1, NULL),
(4430, 3, 1, 1089, 46, 0, 10, 1, 1, 'Live', 5, 1, NULL),
(4431, 3, 1, 1089, 46, 0, 2, 1, 1, 'Live', 5, 1, NULL),
(4432, 2, 1, 1089, 46, 0, 2, 1, 1, 'Live', 22.5, 1, NULL),
(4433, 1, 1, 1089, 46, 0, 1, 1, 1, 'Live', 20, 1, NULL),
(4434, 9, 1, 1090, 47, 0, 9, 1, 1, 'Live', 1.5, 1, NULL),
(4435, 3, 1, 1090, 47, 0, 9, 1, 1, 'Live', 5, 1, NULL),
(4436, 8, 1, 1090, 47, 0, 10, 1, 1, 'Live', 20, 1, NULL),
(4437, 9, 1, 1090, 47, 0, 10, 1, 1, 'Live', 1.5, 1, NULL),
(4438, 3, 1, 1090, 47, 0, 10, 1, 1, 'Live', 5, 1, NULL),
(4439, 3, 1, 1090, 47, 0, 2, 1, 1, 'Live', 5, 1, NULL),
(4440, 2, 1, 1090, 47, 0, 2, 1, 1, 'Live', 22.5, 1, NULL),
(4737, 1, 1, 1165, 48, 0, 1, 1, 1, 'Live', 20, 1, NULL),
(4738, 8, 1, 1165, 48, 0, 10, 1, 1, 'Live', 20, 1, NULL),
(4739, 9, 1, 1165, 48, 0, 10, 1, 1, 'Live', 1.5, 1, NULL),
(4740, 3, 1, 1165, 48, 0, 10, 1, 1, 'Live', 5, 1, NULL),
(4744, 1, 0, 1167, 49, 0, 3, 1, 1, 'Live', 20, 1, NULL),
(4745, 3, 0, 1167, 49, 0, 3, 1, 1, 'Live', 5, 1, NULL),
(4746, 1, 1, 1167, 49, 0, 1, 1, 1, 'Live', 20, 1, NULL),
(4747, 9, 1, 1168, 50, 0, 9, 1, 1, 'Live', 1.5, 1, NULL),
(4748, 3, 1, 1168, 50, 0, 9, 1, 1, 'Live', 5, 1, NULL),
(4749, 1, 0, 1168, 50, 0, 3, 1, 1, 'Live', 20, 1, NULL),
(4750, 3, 0, 1168, 50, 0, 3, 1, 1, 'Live', 5, 1, NULL),
(5481, 1, 0, 1323, 51, 0, 3, 1, 1, 'Live', 20, 1, NULL),
(5482, 3, 0, 1323, 51, 0, 3, 1, 1, 'Live', 5, 1, NULL),
(5483, 9, 1, 1323, 51, 0, 9, 1, 1, 'Live', 1.5, 1, NULL),
(5484, 3, 1, 1323, 51, 0, 9, 1, 1, 'Live', 5, 1, NULL),
(5485, 1, 1, 1323, 51, 0, 1, 1, 1, 'Live', 20, 1, NULL),
(5486, 9, 1, 1324, 52, 0, 9, 1, 1, 'Live', 1.5, 1, NULL),
(5487, 3, 1, 1324, 52, 0, 9, 1, 1, 'Live', 5, 1, NULL),
(5488, 3, 1, 1324, 52, 0, 2, 1, 1, 'Live', 5, 1, NULL),
(5489, 2, 1, 1324, 52, 0, 2, 1, 1, 'Live', 22.5, 1, NULL),
(5490, 1, 1, 1325, 53, 0, 1, 1, 1, 'Live', 20, 1, NULL),
(5491, 9, 1, 1325, 53, 0, 9, 1, 1, 'Live', 1.5, 1, NULL),
(5492, 3, 1, 1325, 53, 0, 9, 1, 1, 'Live', 5, 1, NULL),
(5498, 3, 1, 1327, 54, 0, 2, 1, 1, 'Live', 5, 1, NULL),
(5499, 2, 1, 1327, 54, 0, 2, 1, 1, 'Live', 22.5, 1, NULL),
(5500, 1, 1, 1327, 54, 0, 1, 1, 1, 'Live', 20, 1, NULL),
(5501, 9, 1, 1327, 54, 0, 9, 1, 1, 'Live', 1.5, 1, NULL),
(5502, 3, 1, 1327, 54, 0, 9, 1, 1, 'Live', 5, 1, NULL),
(5508, 1, 0, 1330, 56, 0, 3, 1, 1, 'Live', 20, 1, NULL),
(5509, 3, 0, 1330, 56, 0, 3, 1, 1, 'Live', 5, 1, NULL),
(5510, 8, 1, 1330, 56, 0, 10, 1, 1, 'Live', 20, 1, NULL),
(5511, 9, 1, 1330, 56, 0, 10, 1, 1, 'Live', 1.5, 1, NULL),
(5512, 3, 1, 1330, 56, 0, 10, 1, 1, 'Live', 5, 1, NULL),
(5517, 1, 1, 1332, 57, 0, 1, 1, 1, 'Live', 20, 1, NULL),
(5518, 8, 1, 1332, 57, 0, 10, 1, 1, 'Live', 20, 1, NULL),
(5519, 9, 1, 1332, 57, 0, 10, 1, 1, 'Live', 1.5, 1, NULL),
(5520, 3, 1, 1332, 57, 0, 10, 1, 1, 'Live', 5, 1, NULL),
(5525, 9, 1, 1334, 58, 0, 9, 1, 1, 'Live', 1.5, 1, NULL),
(5526, 3, 1, 1334, 58, 0, 9, 1, 1, 'Live', 5, 1, NULL),
(5527, 1, 0, 1334, 58, 0, 3, 1, 1, 'Live', 20, 1, NULL),
(5528, 3, 0, 1334, 58, 0, 3, 1, 1, 'Live', 5, 1, NULL),
(5529, 8, 1, 1335, 59, 0, 10, 1, 1, 'Live', 20, 1, NULL),
(5530, 9, 1, 1335, 59, 0, 10, 1, 1, 'Live', 1.5, 1, NULL),
(5531, 3, 1, 1335, 59, 0, 10, 1, 1, 'Live', 5, 1, NULL),
(5532, 1, 0, 1335, 59, 0, 3, 1, 1, 'Live', 20, 1, NULL),
(5533, 3, 0, 1335, 59, 0, 3, 1, 1, 'Live', 5, 1, NULL),
(5536, 3, 1, 1337, 60, 0, 2, 1, 1, 'Live', 5, 1, NULL),
(5537, 2, 1, 1337, 60, 0, 2, 1, 1, 'Live', 22.5, 1, NULL),
(5542, 9, 1, 1339, 61, 0, 9, 1, 1, 'Live', 1.5, 1, NULL),
(5543, 3, 1, 1339, 61, 0, 9, 1, 1, 'Live', 5, 1, NULL),
(5544, 3, 1, 1339, 61, 0, 2, 1, 1, 'Live', 5, 1, NULL),
(5545, 2, 1, 1339, 61, 0, 2, 1, 1, 'Live', 22.5, 1, NULL),
(5546, 1, 0, 1340, 62, 0, 3, 1, 1, 'Live', 20, 1, NULL),
(5547, 3, 0, 1340, 62, 0, 3, 1, 1, 'Live', 5, 1, NULL),
(5548, 1, 1, 1341, 63, 0, 1, 1, 1, 'Live', 20, 1, NULL),
(5549, 1, 0, 1341, 63, 0, 3, 1, 1, 'Live', 20, 1, NULL),
(5550, 3, 0, 1341, 63, 0, 3, 1, 1, 'Live', 5, 1, NULL),
(5556, 3, 1, 1343, 64, 0, 2, 1, 1, 'Live', 5, 1, NULL),
(5557, 2, 1, 1343, 64, 0, 2, 1, 1, 'Live', 22.5, 1, NULL),
(5558, 8, 1, 1343, 64, 0, 10, 1, 1, 'Live', 20, 1, NULL),
(5559, 9, 1, 1343, 64, 0, 10, 1, 1, 'Live', 1.5, 1, NULL),
(5560, 3, 1, 1343, 64, 0, 10, 1, 1, 'Live', 5, 1, NULL),
(5561, 8, 1, 1344, 65, 0, 10, 1, 1, 'Live', 20, 1, NULL),
(5562, 9, 1, 1344, 65, 0, 10, 1, 1, 'Live', 1.5, 1, NULL),
(5563, 3, 1, 1344, 65, 0, 10, 1, 1, 'Live', 5, 1, NULL),
(5567, 1, 1, 1346, 66, 0, 1, 1, 1, 'Live', 20, 1, NULL),
(5568, 1, 0, 1346, 66, 0, 3, 1, 1, 'Live', 20, 1, NULL),
(5569, 3, 0, 1346, 66, 0, 3, 1, 1, 'Live', 5, 1, NULL),
(5570, 8, 1, 1347, 67, 0, 10, 1, 1, 'Live', 20, 1, NULL),
(5571, 9, 1, 1347, 67, 0, 10, 1, 1, 'Live', 1.5, 1, NULL),
(5572, 3, 1, 1347, 67, 0, 10, 1, 1, 'Live', 5, 1, NULL),
(5573, 3, 1, 1348, 68, 0, 2, 1, 1, 'Live', 5, 1, NULL),
(5574, 2, 1, 1348, 68, 0, 2, 1, 1, 'Live', 22.5, 1, NULL),
(5575, 9, 1, 1348, 68, 0, 9, 1, 1, 'Live', 1.5, 1, NULL),
(5576, 3, 1, 1348, 68, 0, 9, 1, 1, 'Live', 5, 1, NULL),
(5577, 1, 0, 1349, 69, 0, 3, 1, 1, 'Live', 20, 1, NULL),
(5578, 3, 0, 1349, 69, 0, 3, 1, 1, 'Live', 5, 1, NULL),
(5579, 1, 1, 1349, 69, 0, 1, 1, 1, 'Live', 20, 1, NULL),
(5580, 1, 1, 1350, 70, 0, 1, 1, 1, 'Live', 20, 1, NULL),
(5581, 9, 1, 1350, 70, 0, 9, 1, 1, 'Live', 1.5, 1, NULL),
(5582, 3, 1, 1350, 70, 0, 9, 1, 1, 'Live', 5, 1, NULL),
(5583, 1, 0, 1351, 71, 0, 3, 1, 1, 'Live', 20, 1, NULL),
(5584, 3, 0, 1351, 71, 0, 3, 1, 1, 'Live', 5, 1, NULL),
(5585, 1, 1, 1351, 71, 0, 1, 1, 1, 'Live', 20, 1, NULL),
(5589, 3, 1, 1353, 72, 0, 2, 1, 1, 'Live', 5, 1, NULL),
(5590, 2, 1, 1353, 72, 0, 2, 1, 1, 'Live', 22.5, 1, NULL),
(5591, 1, 1, 1353, 72, 0, 1, 1, 1, 'Live', 20, 1, NULL),
(5592, 3, 1, 1354, 73, 0, 2, 1, 1, 'Live', 5, 1, NULL),
(5593, 2, 1, 1354, 73, 0, 2, 1, 1, 'Live', 22.5, 1, NULL),
(5594, 1, 1, 1354, 73, 0, 1, 1, 1, 'Live', 20, 1, NULL),
(5595, 1, 0, 1355, 74, 0, 3, 1, 1, 'Live', 20, 1, NULL),
(5596, 3, 0, 1355, 74, 0, 3, 1, 1, 'Live', 5, 1, NULL),
(5597, 9, 1, 1355, 74, 0, 9, 1, 1, 'Live', 1.5, 1, NULL),
(5598, 3, 1, 1355, 74, 0, 9, 1, 1, 'Live', 5, 1, NULL),
(5599, 1, 1, 1355, 74, 0, 1, 1, 1, 'Live', 20, 1, NULL),
(5600, 8, 1, 1355, 74, 0, 10, 1, 1, 'Live', 20, 1, NULL),
(5601, 9, 1, 1355, 74, 0, 10, 1, 1, 'Live', 1.5, 1, NULL),
(5602, 3, 1, 1355, 74, 0, 10, 1, 1, 'Live', 5, 1, NULL),
(5603, 6, 1, 1356, 75, 0, 11, 1, 1, 'Live', 10, 1, NULL),
(5604, 8, 1, 1356, 75, 0, 10, 1, 1, 'Live', 20, 1, NULL),
(5605, 9, 1, 1356, 75, 0, 10, 1, 1, 'Live', 1.5, 1, NULL),
(5606, 3, 1, 1356, 75, 0, 10, 1, 1, 'Live', 5, 1, NULL),
(5607, 9, 1, 1356, 75, 0, 9, 1, 1, 'Live', 1.5, 1, NULL),
(5608, 3, 1, 1356, 75, 0, 9, 1, 1, 'Live', 5, 1, NULL),
(5609, 1, 1, 1356, 75, 0, 1, 1, 1, 'Live', 20, 1, NULL),
(5610, 3, 1, 1357, 76, 0, 2, 1, 1, 'Live', 5, 1, NULL),
(5611, 2, 1, 1357, 76, 0, 2, 1, 1, 'Live', 22.5, 1, NULL),
(5612, 1, 1, 1357, 76, 0, 1, 1, 1, 'Live', 20, 1, NULL),
(5613, 1, 0, 1357, 76, 0, 3, 1, 1, 'Live', 20, 1, NULL),
(5614, 3, 0, 1357, 76, 0, 3, 1, 1, 'Live', 5, 1, NULL),
(5621, 8, 1, 1359, 77, 0, 10, 1, 1, 'Live', 20, 1, NULL),
(5622, 9, 1, 1359, 77, 0, 10, 1, 1, 'Live', 1.5, 1, NULL),
(5623, 3, 1, 1359, 77, 0, 10, 1, 1, 'Live', 5, 1, NULL),
(5624, 1, 1, 1359, 77, 0, 1, 1, 1, 'Live', 20, 1, NULL),
(5625, 9, 1, 1359, 77, 0, 9, 1, 1, 'Live', 1.5, 1, NULL),
(5626, 3, 1, 1359, 77, 0, 9, 1, 1, 'Live', 5, 1, NULL),
(5633, 8, 1, 1361, 78, 0, 10, 1, 1, 'Live', 20, 1, NULL),
(5634, 9, 1, 1361, 78, 0, 10, 1, 1, 'Live', 1.5, 1, NULL),
(5635, 3, 1, 1361, 78, 0, 10, 1, 1, 'Live', 5, 1, NULL),
(5636, 3, 1, 1361, 78, 0, 2, 1, 1, 'Live', 5, 1, NULL),
(5637, 2, 1, 1361, 78, 0, 2, 1, 1, 'Live', 22.5, 1, NULL),
(5638, 1, 1, 1361, 78, 0, 1, 1, 1, 'Live', 20, 1, NULL),
(5639, 8, 1, 1362, 79, 0, 10, 1, 1, 'Live', 20, 1, NULL),
(5640, 9, 1, 1362, 79, 0, 10, 1, 1, 'Live', 1.5, 1, NULL),
(5641, 3, 1, 1362, 79, 0, 10, 1, 1, 'Live', 5, 1, NULL),
(5642, 3, 1, 1362, 79, 0, 2, 1, 1, 'Live', 5, 1, NULL),
(5643, 2, 1, 1362, 79, 0, 2, 1, 1, 'Live', 22.5, 1, NULL),
(5644, 1, 1, 1362, 79, 0, 1, 1, 1, 'Live', 20, 1, NULL),
(5650, 9, 1, 1364, 80, 0, 9, 1, 1, 'Live', 1.5, 1, NULL),
(5651, 3, 1, 1364, 80, 0, 9, 1, 1, 'Live', 5, 1, NULL),
(5652, 3, 1, 1364, 80, 0, 2, 1, 1, 'Live', 5, 1, NULL),
(5653, 2, 1, 1364, 80, 0, 2, 1, 1, 'Live', 22.5, 1, NULL),
(5654, 1, 1, 1364, 80, 0, 1, 1, 1, 'Live', 20, 1, NULL),
(5655, 3, 1, 1365, 81, 0, 2, 1, 1, 'Live', 5, 1, NULL),
(5656, 2, 1, 1365, 81, 0, 2, 1, 1, 'Live', 22.5, 1, NULL),
(5657, 1, 1, 1365, 81, 0, 1, 1, 1, 'Live', 20, 1, NULL),
(5658, 1, 1, 1366, 82, 0, 1, 1, 1, 'Live', 20, 1, NULL),
(5659, 1, 0, 1366, 82, 0, 3, 1, 1, 'Live', 20, 1, NULL),
(5660, 3, 0, 1366, 82, 0, 3, 1, 1, 'Live', 5, 1, NULL),
(5661, 9, 1, 1367, 83, 0, 9, 1, 1, 'Live', 1.5, 1, NULL),
(5662, 3, 1, 1367, 83, 0, 9, 1, 1, 'Live', 5, 1, NULL),
(5663, 1, 0, 1367, 83, 0, 3, 1, 1, 'Live', 20, 1, NULL),
(5664, 3, 0, 1367, 83, 0, 3, 1, 1, 'Live', 5, 1, NULL),
(5665, 1, 1, 1367, 83, 0, 1, 1, 1, 'Live', 20, 1, NULL),
(5676, 9, 1, 1370, 84, 0, 9, 1, 1, 'Live', 1.5, 1, NULL),
(5677, 3, 1, 1370, 84, 0, 9, 1, 1, 'Live', 5, 1, NULL),
(5678, 1, 1, 1370, 84, 0, 1, 1, 1, 'Live', 20, 1, NULL),
(5679, 3, 1, 1370, 84, 0, 2, 1, 1, 'Live', 5, 1, NULL),
(5680, 2, 1, 1370, 84, 0, 2, 1, 1, 'Live', 22.5, 1, NULL),
(5681, 1, 0, 1371, 85, 0, 3, 1, 1, 'Live', 20, 1, NULL),
(5682, 3, 0, 1371, 85, 0, 3, 1, 1, 'Live', 5, 1, NULL),
(5683, 1, 1, 1371, 85, 0, 1, 1, 1, 'Live', 20, 1, NULL),
(5684, 3, 1, 1371, 85, 0, 2, 1, 1, 'Live', 5, 1, NULL),
(5685, 2, 1, 1371, 85, 0, 2, 1, 1, 'Live', 22.5, 1, NULL),
(5686, 1, 0, 1372, 86, 0, 3, 1, 1, 'Live', 20, 1, NULL),
(5687, 3, 0, 1372, 86, 0, 3, 1, 1, 'Live', 5, 1, NULL),
(5688, 1, 1, 1372, 86, 0, 1, 1, 1, 'Live', 20, 1, NULL),
(5689, 3, 1, 1373, 87, 0, 2, 1, 1, 'Live', 5, 1, NULL),
(5690, 2, 1, 1373, 87, 0, 2, 1, 1, 'Live', 22.5, 1, NULL),
(5691, 8, 1, 1373, 87, 0, 10, 1, 1, 'Live', 20, 1, NULL),
(5692, 9, 1, 1373, 87, 0, 10, 1, 1, 'Live', 1.5, 1, NULL),
(5693, 3, 1, 1373, 87, 0, 10, 1, 1, 'Live', 5, 1, NULL),
(5694, 9, 1, 1373, 87, 0, 9, 1, 1, 'Live', 1.5, 1, NULL),
(5695, 3, 1, 1373, 87, 0, 9, 1, 1, 'Live', 5, 1, NULL),
(5696, 1, 1, 1373, 87, 0, 1, 1, 1, 'Live', 20, 1, NULL),
(5852, 1, 1, 1405, 89, 0, 1, 1, 1, 'Live', 20, 1, NULL),
(5853, 9, 1, 1405, 89, 0, 9, 1, 1, 'Live', 1.5, 1, NULL),
(5854, 3, 1, 1405, 89, 0, 9, 1, 1, 'Live', 5, 1, NULL),
(6850, 1, 1, 1605, 90, 0, 1, 1, 1, 'Live', 20, 1, NULL),
(6851, 9, 1, 1605, 90, 0, 9, 1, 1, 'Live', 1.5, 1, NULL),
(6852, 3, 1, 1605, 90, 0, 9, 1, 1, 'Live', 5, 1, NULL),
(8283, 1, 0, 1892, 88, 0, 3, 1, 1, 'Live', 20, 1, NULL),
(8284, 3, 0, 1892, 88, 0, 3, 1, 1, 'Live', 5, 1, NULL),
(8285, 3, 1, 1892, 88, 0, 2, 1, 1, 'Live', 5, 1, NULL),
(8286, 2, 1, 1892, 88, 0, 2, 1, 1, 'Live', 22.5, 1, NULL),
(8287, 1, 1, 1892, 88, 0, 1, 1, 1, 'Live', 20, 1, NULL),
(8288, 1, 0, 1893, 91, 0, 3, 1, 1, 'Live', 20, 1, NULL),
(8289, 3, 0, 1893, 91, 0, 3, 1, 1, 'Live', 5, 1, NULL),
(8290, 1, 1, 1893, 91, 0, 1, 1, 1, 'Live', 20, 1, NULL),
(8291, 3, 1, 1893, 91, 0, 2, 1, 1, 'Live', 5, 1, NULL),
(8292, 2, 1, 1893, 91, 0, 2, 1, 1, 'Live', 22.5, 1, NULL),
(8293, 1, 0, 1894, 92, 0, 3, 1, 1, 'Live', 20, 1, NULL),
(8294, 3, 0, 1894, 92, 0, 3, 1, 1, 'Live', 5, 1, NULL),
(8295, 9, 1, 1895, 93, 0, 9, 1, 1, 'Live', 1.5, 1, NULL),
(8296, 3, 1, 1895, 93, 0, 9, 1, 1, 'Live', 5, 1, NULL),
(8297, 1, 1, 1897, 95, 0, 1, 1, 1, 'Live', 20, 1, NULL),
(8298, 3, 1, 1898, 96, 0, 2, 1, 1, 'Live', 5, 1, NULL),
(8299, 2, 1, 1898, 96, 0, 2, 1, 1, 'Live', 22.5, 1, NULL),
(8300, 1, 1, 1898, 96, 0, 1, 1, 1, 'Live', 20, 1, NULL),
(8304, 3, 1, 1900, 97, 0, 2, 1, 1, 'Live', 5, 1, NULL),
(8305, 2, 1, 1900, 97, 0, 2, 1, 1, 'Live', 22.5, 1, NULL),
(8306, 1, 1, 1900, 97, 0, 1, 1, 1, 'Live', 20, 1, NULL),
(8307, 8, 1, 1901, 98, 0, 10, 1, 1, 'Live', 20, 1, NULL),
(8308, 9, 1, 1901, 98, 0, 10, 1, 1, 'Live', 1.5, 1, NULL),
(8309, 3, 1, 1901, 98, 0, 10, 1, 1, 'Live', 5, 1, NULL),
(8310, 1, 0, 1902, 99, 0, 3, 1, 1, 'Live', 20, 1, NULL),
(8311, 3, 0, 1902, 99, 0, 3, 1, 1, 'Live', 5, 1, NULL),
(8312, 3, 1, 1902, 99, 0, 2, 1, 1, 'Live', 5, 1, NULL),
(8313, 2, 1, 1902, 99, 0, 2, 1, 1, 'Live', 22.5, 1, NULL),
(8314, 1, 1, 1902, 99, 0, 1, 1, 1, 'Live', 20, 1, NULL),
(8315, 3, 1, 1903, 100, 0, 2, 1, 1, 'Live', 5, 1, NULL),
(8316, 2, 1, 1903, 100, 0, 2, 1, 1, 'Live', 22.5, 1, NULL),
(8317, 1, 1, 1903, 100, 0, 1, 1, 1, 'Live', 20, 1, NULL),
(8318, 8, 1, 1904, 101, 0, 10, 1, 1, 'Live', 20, 1, NULL),
(8319, 9, 1, 1904, 101, 0, 10, 1, 1, 'Live', 1.5, 1, NULL),
(8320, 3, 1, 1904, 101, 0, 10, 1, 1, 'Live', 5, 1, NULL),
(8321, 3, 1, 1904, 101, 0, 2, 1, 1, 'Live', 5, 1, NULL),
(8322, 2, 1, 1904, 101, 0, 2, 1, 1, 'Live', 22.5, 1, NULL),
(8323, 1, 1, 1904, 101, 0, 1, 1, 1, 'Live', 20, 1, NULL),
(8324, 9, 1, 1905, 102, 0, 9, 1, 1, 'Live', 1.5, 1, NULL),
(8325, 3, 1, 1905, 102, 0, 9, 1, 1, 'Live', 5, 1, NULL),
(8326, 1, 1, 1905, 102, 0, 1, 1, 1, 'Live', 20, 1, NULL),
(8631, 8, 1, 1982, 103, 0, 10, 1, 1, 'Live', 20, 1, NULL),
(8632, 9, 1, 1982, 103, 0, 10, 1, 1, 'Live', 1.5, 1, NULL),
(8633, 3, 1, 1982, 103, 0, 10, 1, 1, 'Live', 5, 1, NULL),
(8634, 1, 1, 1982, 103, 0, 1, 1, 1, 'Live', 20, 1, NULL),
(8659, 1, 1, 1986, 104, 0, 1, 1, 1, 'Live', 20, 1, NULL),
(8660, 8, 1, 1986, 104, 0, 10, 1, 1, 'Live', 20, 1, NULL),
(8661, 9, 1, 1986, 104, 0, 10, 1, 1, 'Live', 1.5, 1, NULL),
(8662, 3, 1, 1986, 104, 0, 10, 1, 1, 'Live', 5, 1, NULL),
(8663, 1, 0, 1986, 104, 0, 3, 1, 1, 'Live', 20, 1, NULL),
(8664, 3, 0, 1986, 104, 0, 3, 1, 1, 'Live', 5, 1, NULL),
(8665, 3, 1, 1986, 104, 0, 2, 1, 1, 'Live', 5, 1, NULL),
(8666, 2, 1, 1986, 104, 0, 2, 1, 1, 'Live', 22.5, 1, NULL),
(8667, 3, 1, 1987, 105, 0, 2, 1, 1, 'Live', 5, 1, NULL),
(8668, 2, 1, 1987, 105, 0, 2, 1, 1, 'Live', 22.5, 1, NULL),
(8669, 1, 1, 1987, 105, 0, 1, 1, 1, 'Live', 20, 1, NULL),
(8670, 3, 1, 1988, 106, 0, 2, 1, 1, 'Live', 5, 1, NULL),
(8671, 2, 1, 1988, 106, 0, 2, 1, 1, 'Live', 22.5, 1, NULL),
(8672, 1, 1, 1988, 106, 0, 1, 1, 1, 'Live', 20, 1, NULL),
(8674, 1, 1, 1990, 107, 0, 1, 1, 1, 'Live', 20, 1, NULL),
(8675, 3, 1, 1991, 108, 0, 2, 1, 1, 'Live', 5, 1, NULL),
(8676, 2, 1, 1991, 108, 0, 2, 1, 1, 'Live', 22.5, 1, NULL),
(8677, 1, 1, 1991, 108, 0, 1, 1, 1, 'Live', 20, 1, NULL),
(8678, 1, 0, 1992, 109, 0, 3, 1, 1, 'Live', 20, 1, NULL),
(8679, 3, 0, 1992, 109, 0, 3, 1, 1, 'Live', 5, 1, NULL),
(8680, 3, 1, 1992, 109, 0, 2, 1, 1, 'Live', 5, 1, NULL),
(8681, 2, 1, 1992, 109, 0, 2, 1, 1, 'Live', 22.5, 1, NULL),
(8682, 1, 1, 1992, 109, 0, 1, 1, 1, 'Live', 20, 1, NULL),
(8683, 9, 1, 1993, 110, 0, 9, 1, 1, 'Live', 1.5, 1, NULL),
(8684, 3, 1, 1993, 110, 0, 9, 1, 1, 'Live', 5, 1, NULL),
(8685, 1, 1, 1993, 110, 0, 1, 1, 1, 'Live', 20, 1, NULL),
(8691, 8, 1, 1995, 111, 0, 10, 1, 1, 'Live', 20, 1, NULL),
(8692, 9, 1, 1995, 111, 0, 10, 1, 1, 'Live', 1.5, 1, NULL),
(8693, 3, 1, 1995, 111, 0, 10, 1, 1, 'Live', 5, 1, NULL),
(8694, 9, 1, 1995, 111, 0, 9, 1, 1, 'Live', 1.5, 1, NULL),
(8695, 3, 1, 1995, 111, 0, 9, 1, 1, 'Live', 5, 1, NULL),
(8696, 3, 1, 1996, 112, 0, 2, 1, 1, 'Live', 5, 1, NULL),
(8697, 2, 1, 1996, 112, 0, 2, 1, 1, 'Live', 22.5, 1, NULL),
(8698, 1, 1, 1996, 112, 0, 1, 1, 1, 'Live', 20, 1, NULL),
(8699, 3, 1, 1997, 113, 0, 2, 1, 1, 'Live', 5, 1, NULL),
(8700, 2, 1, 1997, 113, 0, 2, 1, 1, 'Live', 22.5, 1, NULL),
(8701, 1, 1, 1997, 113, 0, 1, 1, 1, 'Live', 20, 1, NULL),
(8702, 3, 1, 1998, 114, 0, 2, 1, 1, 'Live', 5, 1, NULL),
(8703, 2, 1, 1998, 114, 0, 2, 1, 1, 'Live', 22.5, 1, NULL),
(8704, 1, 1, 1998, 114, 0, 1, 1, 1, 'Live', 20, 1, NULL),
(8705, 3, 1, 1999, 115, 0, 2, 1, 1, 'Live', 5, 1, NULL),
(8706, 2, 1, 1999, 115, 0, 2, 1, 1, 'Live', 22.5, 1, NULL),
(8707, 1, 1, 1999, 115, 0, 1, 1, 1, 'Live', 20, 1, NULL),
(8708, 1, 1, 2000, 116, 0, 1, 1, 1, 'Live', 20, 1, NULL),
(8709, 3, 1, 2001, 117, 0, 2, 1, 1, 'Live', 5, 1, NULL),
(8710, 2, 1, 2001, 117, 0, 2, 1, 1, 'Live', 22.5, 1, NULL),
(8711, 1, 1, 2001, 117, 0, 1, 1, 1, 'Live', 20, 1, NULL),
(8712, 1, 1, 2002, 118, 0, 1, 1, 1, 'Live', 20, 1, NULL),
(8713, 3, 1, 2002, 118, 0, 2, 1, 1, 'Live', 5, 1, NULL),
(8714, 2, 1, 2002, 118, 0, 2, 1, 1, 'Live', 22.5, 1, NULL),
(8715, 3, 1, 2003, 119, 0, 2, 1, 1, 'Live', 5, 1, NULL),
(8716, 2, 1, 2003, 119, 0, 2, 1, 1, 'Live', 22.5, 1, NULL),
(8717, 1, 1, 2003, 119, 0, 1, 1, 1, 'Live', 20, 1, NULL),
(8718, 9, 1, 2004, 120, 0, 9, 1, 1, 'Live', 1.5, 1, NULL),
(8719, 3, 1, 2004, 120, 0, 9, 1, 1, 'Live', 5, 1, NULL),
(8720, 1, 1, 2004, 120, 0, 1, 1, 1, 'Live', 20, 1, NULL),
(8724, 8, 1, 2006, 121, 0, 10, 1, 1, 'Live', 20, 1, NULL),
(8725, 9, 1, 2006, 121, 0, 10, 1, 1, 'Live', 1.5, 1, NULL),
(8726, 3, 1, 2006, 121, 0, 10, 1, 1, 'Live', 5, 1, NULL),
(8727, 3, 1, 2007, 122, 0, 2, 1, 1, 'Live', 5, 1, NULL),
(8728, 2, 1, 2007, 122, 0, 2, 1, 1, 'Live', 22.5, 1, NULL),
(8729, 1, 1, 2007, 122, 0, 1, 1, 1, 'Live', 20, 1, NULL),
(8730, 1, 0, 2008, 123, 0, 3, 1, 1, 'Live', 20, 1, NULL),
(8731, 3, 0, 2008, 123, 0, 3, 1, 1, 'Live', 5, 1, NULL),
(8732, 1, 1, 2008, 123, 0, 1, 1, 1, 'Live', 20, 1, NULL),
(8733, 3, 1, 2009, 124, 0, 2, 1, 1, 'Live', 5, 1, NULL),
(8734, 2, 1, 2009, 124, 0, 2, 1, 1, 'Live', 22.5, 1, NULL),
(8735, 1, 1, 2009, 124, 0, 1, 1, 1, 'Live', 20, 1, NULL),
(8736, 3, 1, 2010, 125, 0, 2, 1, 1, 'Live', 5, 1, NULL),
(8737, 2, 1, 2010, 125, 0, 2, 1, 1, 'Live', 22.5, 1, NULL),
(8738, 8, 1, 2010, 125, 0, 10, 1, 1, 'Live', 20, 1, NULL),
(8739, 9, 1, 2010, 125, 0, 10, 1, 1, 'Live', 1.5, 1, NULL),
(8740, 3, 1, 2010, 125, 0, 10, 1, 1, 'Live', 5, 1, NULL),
(8741, 9, 1, 2011, 126, 0, 9, 1, 1, 'Live', 1.5, 1, NULL),
(8742, 3, 1, 2011, 126, 0, 9, 1, 1, 'Live', 5, 1, NULL);

-- --------------------------------------------------------

--
-- Table structure for table `tbl_sale_consumptions_of_modifiers_of_menus`
--

CREATE TABLE `tbl_sale_consumptions_of_modifiers_of_menus` (
  `id` bigint(20) NOT NULL,
  `ingredient_id` int(11) DEFAULT NULL,
  `consumption` float DEFAULT NULL,
  `sale_consumption_id` int(11) DEFAULT NULL,
  `sales_id` int(11) NOT NULL,
  `order_status` tinyint(1) NOT NULL COMMENT '1=new order,2=invoiced order, 3=closed order',
  `food_menu_id` int(11) NOT NULL,
  `user_id` int(11) DEFAULT NULL,
  `outlet_id` int(11) DEFAULT NULL,
  `del_status` varchar(50) DEFAULT 'Live',
  `cost` float DEFAULT NULL
) ENGINE=InnoDB DEFAULT CHARSET=utf8 COLLATE=utf8_general_ci;

--
-- Dumping data for table `tbl_sale_consumptions_of_modifiers_of_menus`
--

INSERT INTO `tbl_sale_consumptions_of_modifiers_of_menus` (`id`, `ingredient_id`, `consumption`, `sale_consumption_id`, `sales_id`, `order_status`, `food_menu_id`, `user_id`, `outlet_id`, `del_status`, `cost`) VALUES
(1, 6, 2, 480, 114, 0, 11, 1, 1, 'Live', NULL),
(3, 6, 2, 569, 198, 0, 11, 1, 1, 'Live', NULL);

-- --------------------------------------------------------

--
-- Table structure for table `tbl_sale_payments`
--

CREATE TABLE `tbl_sale_payments` (
  `id` int(11) NOT NULL,
  `payment_id` int(11) DEFAULT NULL,
  `currency_type` int(11) DEFAULT NULL,
  `loyalty_rate` float DEFAULT NULL,
  `multi_currency` varchar(10) DEFAULT NULL,
  `multi_currency_rate` float DEFAULT NULL,
  `amount` float DEFAULT NULL,
  `usage_point` float DEFAULT NULL,
  `sale_id` int(11) DEFAULT NULL,
  `date_time` timestamp NULL DEFAULT NULL,
  `del_status` varchar(20) NOT NULL DEFAULT 'Live',
  `user_id` int(11) DEFAULT NULL,
  `outlet_id` int(11) DEFAULT NULL,
  `payment_name` varchar(100) DEFAULT NULL
) ENGINE=InnoDB DEFAULT CHARSET=utf8 COLLATE=utf8_general_ci;

--
-- Dumping data for table `tbl_sale_payments`
--

INSERT INTO `tbl_sale_payments` (`id`, `payment_id`, `currency_type`, `loyalty_rate`, `multi_currency`, `multi_currency_rate`, `amount`, `usage_point`, `sale_id`, `date_time`, `del_status`, `user_id`, `outlet_id`, `payment_name`) VALUES
(1, 1, NULL, NULL, NULL, NULL, 193.5, NULL, 1, '2023-09-19 01:51:16', 'Live', 11, 1, 'Cash'),
(2, 1, NULL, NULL, NULL, NULL, 280, NULL, 2, '2023-09-18 20:53:18', 'Live', 18, 1, 'Cash'),
(3, 1, NULL, NULL, NULL, NULL, 193.5, NULL, 3, '2023-09-19 01:54:45', 'Live', 11, 1, 'Cash'),
(4, 1, NULL, NULL, NULL, NULL, 193.5, NULL, 4, '2023-09-19 02:04:37', 'Live', 11, 1, 'Cash'),
(5, 1, NULL, NULL, NULL, NULL, 615, NULL, 5, '2023-09-19 23:11:34', 'Live', 18, 1, 'Cash'),
(6, 1, NULL, NULL, NULL, NULL, 580, NULL, 6, '2023-09-19 23:07:04', 'Live', 18, 1, 'Cash'),
(7, 1, NULL, NULL, NULL, NULL, 190, NULL, 7, '2024-01-14 05:57:25', 'Live', 1, 1, 'Cash'),
(9, 1, NULL, NULL, NULL, NULL, 120, NULL, 8, '2024-01-14 06:09:06', 'Live', 1, 1, 'Cash'),
(10, 1, NULL, NULL, NULL, NULL, 220, NULL, 9, '2024-01-14 12:21:08', 'Live', 1, 1, 'Cash'),
(11, 1, NULL, NULL, NULL, NULL, 190, NULL, 10, '2024-01-14 12:52:36', 'Live', 1, 1, 'Cash'),
(12, 1, NULL, NULL, NULL, NULL, 360, NULL, 11, '2024-01-14 12:53:23', 'Live', 1, 1, 'Cash'),
(13, 1, NULL, NULL, NULL, NULL, 213, NULL, 12, '2024-01-15 11:17:56', 'Live', 1, 1, 'Cash'),
(14, 1, NULL, NULL, NULL, NULL, 190, NULL, 13, '2024-01-14 12:51:57', 'Live', 1, 1, 'Cash'),
(15, 1, NULL, NULL, NULL, NULL, 80, NULL, 14, '2024-01-15 11:22:53', 'Live', 1, 1, 'Cash'),
(16, 1, NULL, NULL, NULL, NULL, 325, NULL, 15, '2024-01-14 06:08:45', 'Live', 1, 1, 'Cash'),
(17, 1, NULL, NULL, NULL, NULL, 200, NULL, 16, '2024-01-15 12:37:17', 'Live', 1, 1, 'Cash'),
(18, 1, NULL, NULL, NULL, NULL, 80, NULL, 17, '2024-01-15 12:38:48', 'Live', 1, 1, 'Cash'),
(19, 1, NULL, NULL, NULL, NULL, 130, NULL, 18, '2024-01-15 12:40:25', 'Live', 1, 1, 'Cash'),
(20, 1, NULL, NULL, NULL, NULL, 190, NULL, 19, '2024-01-16 11:09:54', 'Live', 1, 1, 'Cash'),
(21, 1, NULL, NULL, NULL, NULL, 70, NULL, 20, '2024-01-20 10:03:33', 'Live', 1, 1, 'Cash'),
(22, 1, NULL, NULL, NULL, NULL, 480, NULL, 21, '2024-01-20 11:32:01', 'Live', 1, 1, 'Cash'),
(23, 1, NULL, NULL, NULL, NULL, 270, NULL, 22, '2024-01-24 16:16:34', 'Live', 1, 1, 'Cash'),
(24, 1, NULL, NULL, NULL, NULL, 215, NULL, 23, '2024-01-24 16:23:14', 'Live', 1, 1, 'Cash'),
(26, 1, NULL, NULL, NULL, NULL, 145, NULL, 24, '2024-01-24 16:24:47', 'Live', 1, 1, 'Cash'),
(27, 1, NULL, NULL, NULL, NULL, 100, NULL, 25, '2024-01-24 16:25:29', 'Live', 1, 1, 'Cash'),
(28, 1, NULL, NULL, NULL, NULL, 215, NULL, 26, '2024-01-24 16:28:11', 'Live', 1, 1, 'Cash'),
(29, 1, NULL, NULL, NULL, NULL, 200, NULL, 27, '2024-01-24 16:31:08', 'Live', 1, 1, 'Cash'),
(30, 1, NULL, NULL, NULL, NULL, 225, NULL, 28, '2024-01-25 02:33:25', 'Live', 1, 1, 'Cash'),
(31, 1, NULL, NULL, NULL, NULL, 130, NULL, 29, '2024-01-25 02:36:27', 'Live', 1, 1, 'Cash'),
(33, 1, NULL, NULL, NULL, NULL, 210, NULL, 30, '2024-01-25 02:38:27', 'Live', 1, 1, 'Cash'),
(34, 1, NULL, NULL, NULL, NULL, 170, NULL, 31, '2024-01-24 16:22:35', 'Live', 1, 1, 'Cash'),
(35, 1, NULL, NULL, NULL, NULL, 85, NULL, 32, '2024-01-20 11:11:18', 'Live', 1, 1, 'Cash'),
(36, 1, NULL, NULL, NULL, NULL, 200, NULL, 33, '2024-01-25 10:46:59', 'Live', 1, 1, 'Cash'),
(37, 1, NULL, NULL, NULL, NULL, 125, NULL, 34, '2024-01-25 11:13:20', 'Live', 1, 1, 'Cash'),
(39, 1, NULL, NULL, NULL, NULL, 435, NULL, 35, '2024-01-25 11:10:55', 'Live', 1, 1, 'Cash'),
(383, 1, NULL, NULL, NULL, NULL, 260, NULL, 36, '2024-01-25 15:41:32', 'Live', 1, 1, 'Cash'),
(384, 1, NULL, NULL, NULL, NULL, 310, NULL, 37, '2024-01-25 15:43:07', 'Live', 1, 1, 'Cash'),
(385, 1, NULL, NULL, NULL, NULL, 145, NULL, 38, '2024-01-25 16:08:05', 'Live', 1, 1, 'Cash'),
(386, 1, NULL, NULL, NULL, NULL, 245, NULL, 39, '2024-01-25 16:04:03', 'Live', 1, 1, 'Cash'),
(387, 1, NULL, NULL, NULL, NULL, 170, NULL, 40, '2024-01-25 15:54:34', 'Live', 1, 1, 'Cash'),
(388, 1, NULL, NULL, NULL, NULL, 230, NULL, 41, '2024-01-25 15:53:13', 'Live', 1, 1, 'Cash'),
(389, 1, NULL, NULL, NULL, NULL, 215, NULL, 42, '2024-01-20 10:09:56', 'Live', 1, 1, 'Cash'),
(390, 1, NULL, NULL, NULL, NULL, 210, NULL, 43, '2024-01-20 10:10:09', 'Live', 1, 1, 'Cash'),
(391, 1, NULL, NULL, NULL, NULL, 215, NULL, 44, '2024-01-20 10:15:08', 'Live', 1, 1, 'Cash'),
(392, 1, NULL, NULL, NULL, NULL, 200, NULL, 45, '2024-01-25 16:34:55', 'Live', 1, 1, 'Cash'),
(393, 1, NULL, NULL, NULL, NULL, 260, NULL, 46, '2024-01-20 10:15:38', 'Live', 1, 1, 'Cash'),
(395, 1, NULL, NULL, NULL, NULL, 160, NULL, 47, '2024-01-20 10:20:36', 'Live', 1, 1, 'Cash'),
(399, 1, NULL, NULL, NULL, NULL, 255, NULL, 50, '2024-01-20 10:35:24', 'Live', 1, 1, 'Cash'),
(403, 1, NULL, NULL, NULL, NULL, 90, NULL, 53, '2024-01-20 11:09:00', 'Live', 1, 1, 'Cash'),
(406, 1, NULL, NULL, NULL, NULL, 85, NULL, 55, '2024-01-20 11:10:17', 'Live', 1, 1, 'Cash'),
(410, 1, NULL, NULL, NULL, NULL, 145, NULL, 59, '2024-01-25 17:04:55', 'Live', 1, 1, 'Cash'),
(413, 1, NULL, NULL, NULL, NULL, 245, NULL, 62, '2024-01-27 02:44:37', 'Live', 1, 1, 'Cash'),
(414, 1, NULL, NULL, NULL, NULL, 260, NULL, 63, '2024-01-27 02:46:18', 'Live', 1, 1, 'Cash'),
(418, 1, NULL, NULL, NULL, NULL, 225, NULL, 65, '2024-01-27 03:10:54', 'Live', 1, 1, 'Cash'),
(421, 1, NULL, NULL, NULL, NULL, 245, NULL, 67, '2024-01-27 03:52:15', 'Live', 1, 1, 'Cash'),
(424, 1, NULL, NULL, NULL, NULL, 145, NULL, 68, '2024-01-27 03:52:03', 'Live', 1, 1, 'Cash'),
(425, 1, NULL, NULL, NULL, NULL, 145, NULL, 69, '2024-01-27 04:58:27', 'Live', 1, 1, 'Cash'),
(426, 1, NULL, NULL, NULL, NULL, 125, NULL, 70, '2024-01-27 04:59:27', 'Live', 1, 1, 'Cash'),
(427, 1, NULL, NULL, NULL, NULL, 125, NULL, 71, '2024-01-27 05:01:12', 'Live', 1, 1, 'Cash'),
(430, 1, NULL, NULL, NULL, NULL, 260, NULL, 73, '2024-01-27 09:59:16', 'Live', 1, 1, 'Cash'),
(431, 1, NULL, NULL, NULL, NULL, 90, NULL, 74, '2023-09-18 16:06:22', 'Live', 1, 1, 'Cash'),
(432, 1, NULL, NULL, NULL, NULL, 170, NULL, 75, '2024-01-27 10:05:05', 'Live', 1, 1, 'Cash'),
(434, 1, NULL, NULL, NULL, NULL, 335, NULL, 76, '2024-01-27 10:16:15', 'Live', 1, 1, 'Cash'),
(438, 1, NULL, NULL, NULL, NULL, 180, NULL, 79, '2024-01-27 10:32:38', 'Live', 1, 1, 'Cash'),
(440, 1, NULL, NULL, NULL, NULL, 175, NULL, 81, '2024-01-27 03:52:07', 'Live', 1, 1, 'Cash'),
(441, 1, NULL, NULL, NULL, NULL, 215, NULL, 82, '2024-01-27 10:48:35', 'Live', 1, 1, 'Cash'),
(442, 1, NULL, NULL, NULL, NULL, 170, NULL, 83, '2024-01-27 10:49:24', 'Live', 1, 1, 'Cash'),
(444, 1, NULL, NULL, NULL, NULL, 235, NULL, 85, '2024-01-27 10:49:11', 'Live', 1, 1, 'Cash'),
(445, 1, NULL, NULL, NULL, NULL, 335, NULL, 86, '2024-01-27 10:59:26', 'Live', 1, 1, 'Cash'),
(446, 1, NULL, NULL, NULL, NULL, 160, NULL, 87, '2024-01-27 11:05:24', 'Live', 1, 1, 'Cash'),
(448, 1, NULL, NULL, NULL, NULL, 235, NULL, 89, '2024-01-27 11:07:10', 'Live', 1, 1, 'Cash'),
(449, 1, NULL, NULL, NULL, NULL, 235, NULL, 90, '2024-01-27 11:08:09', 'Live', 1, 1, 'Cash'),
(452, 1, NULL, NULL, NULL, NULL, 160, NULL, 92, '2024-01-27 11:09:44', 'Live', 1, 1, 'Cash'),
(453, 1, NULL, NULL, NULL, NULL, 330, NULL, 93, '2024-01-27 11:10:20', 'Live', 1, 1, 'Cash'),
(454, 1, NULL, NULL, NULL, NULL, 285, NULL, 94, '2024-01-27 11:09:34', 'Live', 1, 1, 'Cash'),
(456, 1, NULL, NULL, NULL, NULL, 230, NULL, 95, '2024-01-27 11:08:26', 'Live', 1, 1, 'Cash'),
(457, 1, NULL, NULL, NULL, NULL, 100, NULL, 96, '2024-01-27 11:12:01', 'Live', 1, 1, 'Cash'),
(459, 1, NULL, NULL, NULL, NULL, 100, NULL, 98, '2024-01-27 11:12:21', 'Live', 1, 1, 'Cash'),
(460, 1, NULL, NULL, NULL, NULL, 125, NULL, 99, '2024-01-27 11:12:16', 'Live', 1, 1, 'Cash'),
(461, 1, NULL, NULL, NULL, NULL, 170, NULL, 100, '2024-01-27 11:14:31', 'Live', 1, 1, 'Cash'),
(464, 1, NULL, NULL, NULL, NULL, 175, NULL, 101, '2024-01-27 11:15:40', 'Live', 1, 1, 'Cash'),
(465, 1, NULL, NULL, NULL, NULL, 170, NULL, 102, '2024-01-27 11:18:13', 'Live', 1, 1, 'Cash'),
(470, 1, NULL, NULL, NULL, NULL, 125, NULL, 105, '2024-01-27 11:20:56', 'Live', 1, 1, 'Cash'),
(471, 1, NULL, NULL, NULL, NULL, 175, NULL, 106, '2024-01-27 11:24:22', 'Live', 1, 1, 'Cash'),
(473, 1, NULL, NULL, NULL, NULL, 245, NULL, 108, '2024-01-28 02:31:58', 'Live', 1, 1, 'Cash'),
(474, 1, NULL, NULL, NULL, NULL, 310, NULL, 109, '2024-01-28 02:32:59', 'Live', 1, 1, 'Cash'),
(476, 1, NULL, NULL, NULL, NULL, 165, NULL, 110, '2024-01-28 02:34:14', 'Live', 1, 1, 'Cash'),
(478, 1, NULL, NULL, NULL, NULL, 160, NULL, 112, '2024-01-28 02:33:59', 'Live', 1, 1, 'Cash'),
(479, 1, NULL, NULL, NULL, NULL, 140, NULL, 113, '2024-01-28 02:36:09', 'Live', 1, 1, 'Cash'),
(480, 1, NULL, NULL, NULL, NULL, 75, NULL, 114, '2024-01-28 06:51:44', 'Live', 1, 1, 'Cash'),
(482, 1, NULL, NULL, NULL, NULL, 200, NULL, 115, '2024-01-29 03:46:40', 'Live', 1, 1, 'Cash'),
(483, 1, NULL, NULL, NULL, NULL, 215, NULL, 116, '2024-01-29 03:43:08', 'Live', 1, 1, 'Cash'),
(484, 1, NULL, NULL, NULL, NULL, 150, NULL, 117, '2024-01-29 09:14:22', 'Live', 1, 1, 'Cash'),
(486, 1, NULL, NULL, NULL, NULL, 225, NULL, 118, '2024-01-29 03:51:53', 'Live', 1, 1, 'Cash'),
(487, 1, NULL, NULL, NULL, NULL, 125, NULL, 119, '2024-01-29 03:42:20', 'Live', 1, 1, 'Cash'),
(497, 1, NULL, NULL, NULL, NULL, 210, NULL, 127, '2024-01-29 10:24:56', 'Live', 1, 1, 'Cash'),
(569, 1, NULL, NULL, NULL, NULL, 290, NULL, 198, '2024-01-29 10:26:17', 'Live', 1, 1, 'Cash'),
(709, 1, NULL, NULL, NULL, NULL, 190, NULL, 337, '2024-01-29 10:48:09', 'Live', 1, 1, 'Cash'),
(1088, 1, NULL, NULL, NULL, NULL, 125, NULL, 45, '2024-01-29 03:11:27', 'Live', 1, 1, 'Cash'),
(1089, 1, NULL, NULL, NULL, NULL, 225, NULL, 46, '2024-01-30 05:16:45', 'Live', 1, 1, 'Cash'),
(1090, 1, NULL, NULL, NULL, NULL, 275, NULL, 47, '2024-01-30 05:26:45', 'Live', 1, 1, 'Cash'),
(1165, 1, NULL, NULL, NULL, NULL, 135, NULL, 48, '2024-01-30 07:14:21', 'Live', 1, 1, 'Cash'),
(1167, 1, NULL, NULL, NULL, NULL, 125, NULL, 49, '2024-01-30 07:16:37', 'Live', 1, 1, 'Cash'),
(1168, 1, NULL, NULL, NULL, NULL, 175, NULL, 50, '2024-01-30 07:25:48', 'Live', 1, 1, 'Cash'),
(1323, 1, NULL, NULL, NULL, NULL, 200, NULL, 51, '2024-01-31 11:06:34', 'Live', 1, 1, 'Cash'),
(1324, 1, NULL, NULL, NULL, NULL, 175, NULL, 52, '2024-01-31 11:31:11', 'Live', 1, 1, 'Cash'),
(1325, 1, NULL, NULL, NULL, NULL, 110, NULL, 53, '2024-01-31 11:36:42', 'Live', 1, 1, 'Cash'),
(1327, 1, NULL, NULL, NULL, NULL, 200, NULL, 54, '2024-02-01 02:52:20', 'Live', 1, 1, 'Cash'),
(1328, 1, NULL, NULL, NULL, NULL, 50, NULL, 55, '2024-02-01 02:52:10', 'Live', 1, 1, 'Cash'),
(1330, 1, NULL, NULL, NULL, NULL, 200, NULL, 56, '2024-02-01 02:52:06', 'Live', 1, 1, 'Cash'),
(1332, 1, NULL, NULL, NULL, NULL, 135, NULL, 57, '2024-01-31 11:36:32', 'Live', 1, 1, 'Cash'),
(1334, 1, NULL, NULL, NULL, NULL, 255, NULL, 58, '2024-01-31 11:36:20', 'Live', 1, 1, 'Cash'),
(1335, 1, NULL, NULL, NULL, NULL, 200, NULL, 59, '2024-02-01 03:28:27', 'Live', 1, 1, 'Cash'),
(1337, 1, NULL, NULL, NULL, NULL, 180, NULL, 60, '2024-02-01 03:32:03', 'Live', 1, 1, 'Cash'),
(1339, 1, NULL, NULL, NULL, NULL, 175, NULL, 61, '2024-02-01 03:28:31', 'Live', 1, 1, 'Cash'),
(1340, 1, NULL, NULL, NULL, NULL, 180, NULL, 62, '2024-02-01 03:34:18', 'Live', 1, 1, 'Cash'),
(1341, 1, NULL, NULL, NULL, NULL, 125, NULL, 63, '2024-02-01 03:32:12', 'Live', 1, 1, 'Cash'),
(1343, 1, NULL, NULL, NULL, NULL, 200, NULL, 64, '2024-02-01 03:37:19', 'Live', 1, 1, 'Cash'),
(1344, 1, NULL, NULL, NULL, NULL, 190, NULL, 65, '2024-02-01 03:38:43', 'Live', 1, 1, 'Cash'),
(1346, 1, NULL, NULL, NULL, NULL, 125, NULL, 66, '2024-02-01 03:36:03', 'Live', 1, 1, 'Cash'),
(1347, 1, NULL, NULL, NULL, NULL, 150, NULL, 67, '2024-02-01 03:42:30', 'Live', 1, 1, 'Cash'),
(1348, 1, NULL, NULL, NULL, NULL, 175, NULL, 68, '2024-02-01 03:51:45', 'Live', 1, 1, 'Cash'),
(1349, 1, NULL, NULL, NULL, NULL, 125, NULL, 69, '2024-02-01 03:52:38', 'Live', 1, 1, 'Cash'),
(1350, 1, NULL, NULL, NULL, NULL, 110, NULL, 70, '2024-02-01 03:42:25', 'Live', 1, 1, 'Cash'),
(1351, 1, NULL, NULL, NULL, NULL, 125, NULL, 71, '2024-02-01 03:56:48', 'Live', 1, 1, 'Cash'),
(1353, 1, NULL, NULL, NULL, NULL, 205, NULL, 72, '2024-02-01 04:01:10', 'Live', 1, 1, 'Cash'),
(1354, 1, NULL, NULL, NULL, NULL, 165, NULL, 73, '2024-02-01 04:12:08', 'Live', 1, 1, 'Cash'),
(1355, 1, NULL, NULL, NULL, NULL, 300, NULL, 74, '2024-02-01 04:12:49', 'Live', 1, 1, 'Cash'),
(1356, 1, NULL, NULL, NULL, NULL, 335, NULL, 75, '2024-02-01 04:14:10', 'Live', 1, 1, 'Cash'),
(1357, 1, NULL, NULL, NULL, NULL, 295, NULL, 76, '2024-02-01 04:19:55', 'Live', 1, 1, 'Cash'),
(1359, 1, NULL, NULL, NULL, NULL, 210, NULL, 77, '2024-02-01 04:23:22', 'Live', 1, 1, 'Cash'),
(1361, 1, NULL, NULL, NULL, NULL, 305, NULL, 78, '2024-02-01 04:26:54', 'Live', 1, 1, 'Cash'),
(1362, 1, NULL, NULL, NULL, NULL, 225, NULL, 79, '2024-02-01 04:37:50', 'Live', 1, 1, 'Cash'),
(1364, 1, NULL, NULL, NULL, NULL, 200, NULL, 80, '2024-02-01 04:38:47', 'Live', 1, 1, 'Cash'),
(1365, 1, NULL, NULL, NULL, NULL, 125, NULL, 81, '2024-02-01 05:32:22', 'Live', 1, 1, 'Cash'),
(1366, 1, NULL, NULL, NULL, NULL, 125, NULL, 82, '2024-02-01 05:57:31', 'Live', 1, 1, 'Cash'),
(1367, 1, NULL, NULL, NULL, NULL, 200, NULL, 83, '2024-02-01 04:19:43', 'Live', 1, 1, 'Cash'),
(1370, 1, NULL, NULL, NULL, NULL, 200, NULL, 84, '2024-02-01 06:00:15', 'Live', 1, 1, 'Cash'),
(1371, 1, NULL, NULL, NULL, NULL, 215, NULL, 85, '2024-02-01 06:01:47', 'Live', 1, 1, 'Cash'),
(1372, 1, NULL, NULL, NULL, NULL, 125, NULL, 86, '2024-02-01 04:19:25', 'Live', 1, 1, 'Cash'),
(1373, 1, NULL, NULL, NULL, NULL, 300, NULL, 87, '2024-02-01 08:44:15', 'Live', 1, 1, 'Cash'),
(1405, 1, NULL, NULL, NULL, NULL, 110, NULL, 89, '2024-02-01 09:57:09', 'Live', 1, 1, 'Cash'),
(1605, 1, NULL, NULL, NULL, NULL, 110, NULL, 90, '2024-01-31 11:36:28', 'Live', 1, 1, 'Cash'),
(1892, 1, NULL, NULL, NULL, NULL, 215, NULL, 88, '2024-02-01 09:53:19', 'Live', 1, 1, 'Cash'),
(1893, 1, NULL, NULL, NULL, NULL, 215, NULL, 91, '2024-02-01 11:06:41', 'Live', 1, 1, 'Cash'),
(1894, 1, NULL, NULL, NULL, NULL, 100, NULL, 92, '2024-02-03 04:44:41', 'Live', 1, 1, 'Cash'),
(1895, 1, NULL, NULL, NULL, NULL, 155, NULL, 93, '2024-02-03 04:45:00', 'Live', 1, 1, 'Cash'),
(1896, 1, NULL, NULL, NULL, NULL, 85, NULL, 94, '2024-02-03 04:44:51', 'Live', 1, 1, 'Cash'),
(1897, 1, NULL, NULL, NULL, NULL, 35, NULL, 95, '2024-02-03 04:50:17', 'Live', 1, 1, 'Cash'),
(1898, 1, NULL, NULL, NULL, NULL, 125, NULL, 96, '2024-02-03 04:52:39', 'Live', 1, 1, 'Cash'),
(1900, 1, NULL, NULL, NULL, NULL, 125, NULL, 97, '2024-02-03 04:53:22', 'Live', 1, 1, 'Cash'),
(1901, 1, NULL, NULL, NULL, NULL, 190, NULL, 98, '2024-02-03 04:43:36', 'Live', 1, 1, 'Cash'),
(1902, 1, NULL, NULL, NULL, NULL, 215, NULL, 99, '2024-02-03 05:04:11', 'Live', 1, 1, 'Cash'),
(1903, 1, NULL, NULL, NULL, NULL, 125, NULL, 100, '2024-02-03 05:06:42', 'Live', 1, 1, 'Cash'),
(1904, 1, NULL, NULL, NULL, NULL, 225, NULL, 101, '2024-02-03 05:07:18', 'Live', 1, 1, 'Cash'),
(1905, 1, NULL, NULL, NULL, NULL, 110, NULL, 102, '2024-02-03 04:43:31', 'Live', 1, 1, 'Cash'),
(1982, 1, NULL, NULL, NULL, NULL, 135, NULL, 103, '2024-02-03 04:43:18', 'Live', 1, 1, 'Cash'),
(1986, 1, NULL, NULL, NULL, NULL, 315, NULL, 104, '2024-02-01 11:16:45', 'Live', 1, 1, 'Cash'),
(1987, 1, NULL, NULL, NULL, NULL, 125, NULL, 105, '2024-02-28 05:23:20', 'Live', 1, 1, 'Cash'),
(1988, 1, NULL, NULL, NULL, NULL, 125, NULL, 106, '2024-02-28 05:28:00', 'Live', 1, 1, 'Cash'),
(1990, 1, NULL, NULL, NULL, NULL, 35, NULL, 107, '2024-02-28 05:25:20', 'Live', 1, 1, 'Cash'),
(1991, 1, NULL, NULL, NULL, NULL, 125, NULL, 108, '2024-02-28 05:27:31', 'Live', 1, 1, 'Cash'),
(1992, 1, NULL, NULL, NULL, NULL, 215, NULL, 109, '2024-02-28 05:47:31', 'Live', 1, 1, 'Cash'),
(1993, 1, NULL, NULL, NULL, NULL, 110, NULL, 110, '2024-02-28 05:36:16', 'Live', 1, 1, 'Cash'),
(1995, 1, NULL, NULL, NULL, NULL, 185, NULL, 111, '2024-02-28 05:50:30', 'Live', 1, 1, 'Cash'),
(1996, 1, NULL, NULL, NULL, NULL, 125, NULL, 112, '2024-02-28 05:55:26', 'Live', 1, 1, 'Cash'),
(1997, 1, NULL, NULL, NULL, NULL, 125, NULL, 113, '2024-02-28 05:57:39', 'Live', 1, 1, 'Cash'),
(1998, 1, NULL, NULL, NULL, NULL, 125, NULL, 114, '2024-02-28 06:05:03', 'Live', 1, 1, 'Cash'),
(1999, 1, NULL, NULL, NULL, NULL, 125, NULL, 115, '2024-02-28 06:06:23', 'Live', 1, 1, 'Cash'),
(2000, 1, NULL, NULL, NULL, NULL, 35, NULL, 116, '2024-02-28 06:06:40', 'Live', 1, 1, 'Cash'),
(2001, 1, NULL, NULL, NULL, NULL, 125, NULL, 117, '2024-02-28 06:10:14', 'Live', 1, 1, 'Cash'),
(2002, 1, NULL, NULL, NULL, NULL, 125, NULL, 118, '2024-02-28 06:08:18', 'Live', 1, 1, 'Cash'),
(2003, 1, NULL, NULL, NULL, NULL, 125, NULL, 119, '2024-02-28 06:13:07', 'Live', 1, 1, 'Cash'),
(2004, 1, NULL, NULL, NULL, NULL, 110, NULL, 120, '2024-02-28 06:14:33', 'Live', 1, 1, 'Cash'),
(2006, 1, NULL, NULL, NULL, NULL, 110, NULL, 121, '2024-02-28 06:14:11', 'Live', 1, 1, 'Cash'),
(2007, 1, NULL, NULL, NULL, NULL, 125, NULL, 122, '2024-02-28 06:13:55', 'Live', 1, 1, 'Cash'),
(2008, 1, NULL, NULL, NULL, NULL, 125, NULL, 123, '2024-02-28 06:15:54', 'Live', 1, 1, 'Cash'),
(2009, 1, NULL, NULL, NULL, NULL, 125, NULL, 124, '2024-02-28 06:23:13', 'Live', 1, 1, 'Cash'),
(2010, 1, NULL, NULL, NULL, NULL, 200, NULL, 125, '2024-02-28 06:27:14', 'Live', 1, 1, 'Cash'),
(2011, 1, NULL, NULL, NULL, NULL, 85, NULL, 126, '2024-03-06 04:27:34', 'Live', 1, 1, 'Cash');

-- --------------------------------------------------------

--
-- Table structure for table `tbl_sessions`
--

CREATE TABLE `tbl_sessions` (
  `id` varchar(128) NOT NULL,
  `ip_address` varchar(45) NOT NULL,
  `timestamp` int(10) UNSIGNED NOT NULL DEFAULT 0,
  `data` blob NOT NULL
) ENGINE=InnoDB DEFAULT CHARSET=utf8 COLLATE=utf8_general_ci;

--
-- Dumping data for table `tbl_sessions`
--

INSERT INTO `tbl_sessions` (`id`, `ip_address`, `timestamp`, `data`) VALUES
('6cofmgapqakkmcjm6asq7kcv449n01k2', '::1', 1709699181, 0x[BLOB]),
('bprh1928lp346ng7f61afgh3akotd9tr', '::1', 1709699319, 0x[BLOB]);

-- --------------------------------------------------------

--
-- Table structure for table `tbl_settings`
--

CREATE TABLE `tbl_settings` (
  `id` int(11) NOT NULL,
  `site_name` varchar(300) DEFAULT NULL,
  `footer` varchar(300) DEFAULT NULL,
  `system_logo` text CHARACTER SET utf32 COLLATE utf32_general_ci DEFAULT NULL,
  `company_id` int(11) DEFAULT NULL,
  `del_status` varchar(10) NOT NULL DEFAULT 'Live'
) ENGINE=InnoDB DEFAULT CHARSET=utf8 COLLATE=utf8_general_ci;

--
-- Dumping data for table `tbl_settings`
--

INSERT INTO `tbl_settings` (`id`, `site_name`, `footer`, `system_logo`, `company_id`, `del_status`) VALUES
(4, 'MAAT POS', 'MAAT POS', '93ddd1cfd25f29986c3815608532212f.png', 1, 'Live');

-- --------------------------------------------------------

--
-- Table structure for table `tbl_suppliers`
--

CREATE TABLE `tbl_suppliers` (
  `id` int(11) NOT NULL,
  `name` varchar(50) DEFAULT NULL,
  `contact_person` varchar(50) DEFAULT NULL,
  `phone` varchar(50) DEFAULT NULL,
  `email` varchar(100) DEFAULT NULL,
  `address` varchar(300) DEFAULT NULL,
  `description` varchar(500) DEFAULT NULL,
  `user_id` int(11) DEFAULT NULL,
  `company_id` int(11) DEFAULT NULL,
  `del_status` varchar(10) DEFAULT 'Live',
  `added_date` timestamp NOT NULL DEFAULT current_timestamp()
) ENGINE=InnoDB DEFAULT CHARSET=utf8 COLLATE=utf8_general_ci;

--
-- Dumping data for table `tbl_suppliers`
--

INSERT INTO `tbl_suppliers` (`id`, `name`, `contact_person`, `phone`, `email`, `address`, `description`, `user_id`, `company_id`, `del_status`, `added_date`) VALUES
(1, 'Aswak salam', '23343211345 (ice)', '212634567898', '', 'agadir,morocco', '', 1, 1, 'Live', '2023-08-27 15:00:24'),
(2, 'Marjan', '12334356', '212654738904', '', '', '', 1, 1, 'Live', '2023-08-27 15:01:11');

-- --------------------------------------------------------

--
-- Table structure for table `tbl_supplier_payments`
--

CREATE TABLE `tbl_supplier_payments` (
  `id` int(11) NOT NULL,
  `date` date DEFAULT NULL,
  `supplier_id` int(11) DEFAULT NULL,
  `amount` float DEFAULT NULL,
  `note` varchar(200) DEFAULT NULL,
  `user_id` int(11) DEFAULT NULL,
  `outlet_id` int(11) DEFAULT NULL,
  `del_status` varchar(50) DEFAULT 'Live',
  `payment_id` int(11) NOT NULL DEFAULT 0,
  `added_date_time` timestamp NOT NULL DEFAULT current_timestamp()
) ENGINE=InnoDB DEFAULT CHARSET=utf8 COLLATE=utf8_general_ci;

-- --------------------------------------------------------

--
-- Table structure for table `tbl_tables`
--

CREATE TABLE `tbl_tables` (
  `id` int(11) NOT NULL,
  `area` int(11) DEFAULT NULL,
  `name` varchar(50) DEFAULT NULL,
  `sit_capacity` varchar(50) DEFAULT NULL,
  `position` varchar(50) DEFAULT NULL,
  `description` varchar(100) DEFAULT NULL,
  `user_id` int(11) DEFAULT NULL,
  `outlet_id` int(11) DEFAULT NULL,
  `company_id` int(11) DEFAULT NULL,
  `del_status` varchar(50) DEFAULT 'Live'
) ENGINE=InnoDB DEFAULT CHARSET=utf8 COLLATE=utf8_general_ci;

--
-- Dumping data for table `tbl_tables`
--

INSERT INTO `tbl_tables` (`id`, `area`, `name`, `sit_capacity`, `position`, `description`, `user_id`, `outlet_id`, `company_id`, `del_status`) VALUES
(1, 2, 'D1', '1', '', '', 1, 1, 1, 'Live'),
(2, 3, 'C2', '1', '', '', 1, 1, 1, 'Live'),
(3, 2, 'D1', '4', '', '', 1, 1, 1, 'Live'),
(4, 3, 'T3', '4', '', '', 1, 1, 1, 'Live'),
(5, 2, 'Big table', '12', '', '', 1, 1, 1, 'Live'),
(6, 1, 'FAMILY ROOM', '1', '', '', 1, 1, 1, 'Live');

-- --------------------------------------------------------

--
-- Table structure for table `tbl_time_zone`
--

CREATE TABLE `tbl_time_zone` (
  `id` int(11) NOT NULL,
  `country_code` varchar(2) DEFAULT NULL,
  `zone_name` varchar(35) DEFAULT NULL,
  `del_status` varchar(10) DEFAULT 'Live'
) ENGINE=InnoDB DEFAULT CHARSET=utf8 COLLATE=utf8_general_ci;

--
-- Dumping data for table `tbl_time_zone`
--

INSERT INTO `tbl_time_zone` (`id`, `country_code`, `zone_name`, `del_status`) VALUES
(1, 'AD', 'Europe/Andorra', 'Live'),
(2, 'AE', 'Asia/Dubai', 'Live'),
(3, 'AF', 'Asia/Kabul', 'Live'),
(4, 'AG', 'America/Antigua', 'Live'),
(5, 'AI', 'America/Anguilla', 'Live'),
(6, 'AL', 'Europe/Tirane', 'Live'),
(7, 'AM', 'Asia/Yerevan', 'Live'),
(8, 'AO', 'Africa/Luanda', 'Live'),
(9, 'AQ', 'Antarctica/McMurdo', 'Live'),
(10, 'AQ', 'Antarctica/Casey', 'Live'),
(11, 'AQ', 'Antarctica/Davis', 'Live'),
(12, 'AQ', 'Antarctica/DumontDUrville', 'Live'),
(13, 'AQ', 'Antarctica/Mawson', 'Live'),
(14, 'AQ', 'Antarctica/Palmer', 'Live'),
(15, 'AQ', 'Antarctica/Rothera', 'Live'),
(16, 'AQ', 'Antarctica/Syowa', 'Live'),
(17, 'AQ', 'Antarctica/Troll', 'Live'),
(18, 'AQ', 'Antarctica/Vostok', 'Live'),
(19, 'AR', 'America/Argentina/Buenos_Aires', 'Live'),
(20, 'AR', 'America/Argentina/Cordoba', 'Live'),
(21, 'AR', 'America/Argentina/Salta', 'Live'),
(22, 'AR', 'America/Argentina/Jujuy', 'Live'),
(23, 'AR', 'America/Argentina/Tucuman', 'Live'),
(24, 'AR', 'America/Argentina/Catamarca', 'Live'),
(25, 'AR', 'America/Argentina/La_Rioja', 'Live'),
(26, 'AR', 'America/Argentina/San_Juan', 'Live'),
(27, 'AR', 'America/Argentina/Mendoza', 'Live'),
(28, 'AR', 'America/Argentina/San_Luis', 'Live'),
(29, 'AR', 'America/Argentina/Rio_Gallegos', 'Live'),
(30, 'AR', 'America/Argentina/Ushuaia', 'Live'),
(31, 'AS', 'Pacific/Pago_Pago', 'Live'),
(32, 'AT', 'Europe/Vienna', 'Live'),
(33, 'AU', 'Australia/Lord_Howe', 'Live'),
(34, 'AU', 'Antarctica/Macquarie', 'Live'),
(35, 'AU', 'Australia/Hobart', 'Live'),
(36, 'AU', 'Australia/Currie', 'Live'),
(37, 'AU', 'Australia/Melbourne', 'Live'),
(38, 'AU', 'Australia/Sydney', 'Live'),
(39, 'AU', 'Australia/Broken_Hill', 'Live'),
(40, 'AU', 'Australia/Brisbane', 'Live'),
(41, 'AU', 'Australia/Lindeman', 'Live'),
(42, 'AU', 'Australia/Adelaide', 'Live'),
(43, 'AU', 'Australia/Darwin', 'Live'),
(44, 'AU', 'Australia/Perth', 'Live'),
(45, 'AU', 'Australia/Eucla', 'Live'),
(46, 'AW', 'America/Aruba', 'Live'),
(47, 'AX', 'Europe/Mariehamn', 'Live'),
(48, 'AZ', 'Asia/Baku', 'Live'),
(49, 'BA', 'Europe/Sarajevo', 'Live'),
(50, 'BB', 'America/Barbados', 'Live'),
(51, 'BD', 'Asia/Dhaka', 'Live'),
(52, 'BE', 'Europe/Brussels', 'Live'),
(53, 'BF', 'Africa/Ouagadougou', 'Live'),
(54, 'BG', 'Europe/Sofia', 'Live'),
(55, 'BH', 'Asia/Bahrain', 'Live'),
(56, 'BI', 'Africa/Bujumbura', 'Live'),
(57, 'BJ', 'Africa/Porto-Novo', 'Live'),
(58, 'BL', 'America/St_Barthelemy', 'Live'),
(59, 'BM', 'Atlantic/Bermuda', 'Live'),
(60, 'BN', 'Asia/Brunei', 'Live'),
(61, 'BO', 'America/La_Paz', 'Live'),
(62, 'BQ', 'America/Kralendijk', 'Live'),
(63, 'BR', 'America/Noronha', 'Live'),
(64, 'BR', 'America/Belem', 'Live'),
(65, 'BR', 'America/Fortaleza', 'Live'),
(66, 'BR', 'America/Recife', 'Live'),
(67, 'BR', 'America/Araguaina', 'Live'),
(68, 'BR', 'America/Maceio', 'Live'),
(69, 'BR', 'America/Bahia', 'Live'),
(70, 'BR', 'America/Sao_Paulo', 'Live'),
(71, 'BR', 'America/Campo_Grande', 'Live'),
(72, 'BR', 'America/Cuiaba', 'Live'),
(73, 'BR', 'America/Santarem', 'Live'),
(74, 'BR', 'America/Porto_Velho', 'Live'),
(75, 'BR', 'America/Boa_Vista', 'Live'),
(76, 'BR', 'America/Manaus', 'Live'),
(77, 'BR', 'America/Eirunepe', 'Live'),
(78, 'BR', 'America/Rio_Branco', 'Live'),
(79, 'BS', 'America/Nassau', 'Live'),
(80, 'BT', 'Asia/Thimphu', 'Live'),
(81, 'BW', 'Africa/Gaborone', 'Live'),
(82, 'BY', 'Europe/Minsk', 'Live'),
(83, 'BZ', 'America/Belize', 'Live'),
(84, 'CA', 'America/St_Johns', 'Live'),
(85, 'CA', 'America/Halifax', 'Live'),
(86, 'CA', 'America/Glace_Bay', 'Live'),
(87, 'CA', 'America/Moncton', 'Live'),
(88, 'CA', 'America/Goose_Bay', 'Live'),
(89, 'CA', 'America/Blanc-Sablon', 'Live'),
(90, 'CA', 'America/Toronto', 'Live'),
(91, 'CA', 'America/Nipigon', 'Live'),
(92, 'CA', 'America/Thunder_Bay', 'Live'),
(93, 'CA', 'America/Iqaluit', 'Live'),
(94, 'CA', 'America/Pangnirtung', 'Live'),
(95, 'CA', 'America/Atikokan', 'Live'),
(96, 'CA', 'America/Winnipeg', 'Live'),
(97, 'CA', 'America/Rainy_River', 'Live'),
(98, 'CA', 'America/Resolute', 'Live'),
(99, 'CA', 'America/Rankin_Inlet', 'Live'),
(100, 'CA', 'America/Regina', 'Live'),
(101, 'CA', 'America/Swift_Current', 'Live'),
(102, 'CA', 'America/Edmonton', 'Live'),
(103, 'CA', 'America/Cambridge_Bay', 'Live'),
(104, 'CA', 'America/Yellowknife', 'Live'),
(105, 'CA', 'America/Inuvik', 'Live'),
(106, 'CA', 'America/Creston', 'Live'),
(107, 'CA', 'America/Dawson_Creek', 'Live'),
(108, 'CA', 'America/Fort_Nelson', 'Live'),
(109, 'CA', 'America/Vancouver', 'Live'),
(110, 'CA', 'America/Whitehorse', 'Live'),
(111, 'CA', 'America/Dawson', 'Live'),
(112, 'CC', 'Indian/Cocos', 'Live'),
(113, 'CD', 'Africa/Kinshasa', 'Live'),
(114, 'CD', 'Africa/Lubumbashi', 'Live'),
(115, 'CF', 'Africa/Bangui', 'Live'),
(116, 'CG', 'Africa/Brazzaville', 'Live'),
(117, 'CH', 'Europe/Zurich', 'Live'),
(118, 'CI', 'Africa/Abidjan', 'Live'),
(119, 'CK', 'Pacific/Rarotonga', 'Live'),
(120, 'CL', 'America/Santiago', 'Live'),
(121, 'CL', 'America/Punta_Arenas', 'Live'),
(122, 'CL', 'Pacific/Easter', 'Live'),
(123, 'CM', 'Africa/Douala', 'Live'),
(124, 'CN', 'Asia/Shanghai', 'Live'),
(125, 'CN', 'Asia/Urumqi', 'Live'),
(126, 'CO', 'America/Bogota', 'Live'),
(127, 'CR', 'America/Costa_Rica', 'Live'),
(128, 'CU', 'America/Havana', 'Live'),
(129, 'CV', 'Atlantic/Cape_Verde', 'Live'),
(130, 'CW', 'America/Curacao', 'Live'),
(131, 'CX', 'Indian/Christmas', 'Live'),
(132, 'CY', 'Asia/Nicosia', 'Live'),
(133, 'CY', 'Asia/Famagusta', 'Live'),
(134, 'CZ', 'Europe/Prague', 'Live'),
(135, 'DE', 'Europe/Berlin', 'Live'),
(136, 'DE', 'Europe/Busingen', 'Live'),
(137, 'DJ', 'Africa/Djibouti', 'Live'),
(138, 'DK', 'Europe/Copenhagen', 'Live'),
(139, 'DM', 'America/Dominica', 'Live'),
(140, 'DO', 'America/Santo_Domingo', 'Live'),
(141, 'DZ', 'Africa/Algiers', 'Live'),
(142, 'EC', 'America/Guayaquil', 'Live'),
(143, 'EC', 'Pacific/Galapagos', 'Live'),
(144, 'EE', 'Europe/Tallinn', 'Live'),
(145, 'EG', 'Africa/Cairo', 'Live'),
(146, 'EH', 'Africa/El_Aaiun', 'Live'),
(147, 'ER', 'Africa/Asmara', 'Live'),
(148, 'ES', 'Europe/Madrid', 'Live'),
(149, 'ES', 'Africa/Ceuta', 'Live'),
(150, 'ES', 'Atlantic/Canary', 'Live'),
(151, 'ET', 'Africa/Addis_Ababa', 'Live'),
(152, 'FI', 'Europe/Helsinki', 'Live'),
(153, 'FJ', 'Pacific/Fiji', 'Live'),
(154, 'FK', 'Atlantic/Stanley', 'Live'),
(155, 'FM', 'Pacific/Chuuk', 'Live'),
(156, 'FM', 'Pacific/Pohnpei', 'Live'),
(157, 'FM', 'Pacific/Kosrae', 'Live'),
(158, 'FO', 'Atlantic/Faroe', 'Live'),
(159, 'FR', 'Europe/Paris', 'Live'),
(160, 'GA', 'Africa/Libreville', 'Live'),
(161, 'GB', 'Europe/London', 'Live'),
(162, 'GD', 'America/Grenada', 'Live'),
(163, 'GE', 'Asia/Tbilisi', 'Live'),
(164, 'GF', 'America/Cayenne', 'Live'),
(165, 'GG', 'Europe/Guernsey', 'Live'),
(166, 'GH', 'Africa/Accra', 'Live'),
(167, 'GI', 'Europe/Gibraltar', 'Live'),
(168, 'GL', 'America/Godthab', 'Live'),
(169, 'GL', 'America/Danmarkshavn', 'Live'),
(170, 'GL', 'America/Scoresbysund', 'Live'),
(171, 'GL', 'America/Thule', 'Live'),
(172, 'GM', 'Africa/Banjul', 'Live'),
(173, 'GN', 'Africa/Conakry', 'Live'),
(174, 'GP', 'America/Guadeloupe', 'Live'),
(175, 'GQ', 'Africa/Malabo', 'Live'),
(176, 'GR', 'Europe/Athens', 'Live'),
(177, 'GS', 'Atlantic/South_Georgia', 'Live'),
(178, 'GT', 'America/Guatemala', 'Live'),
(179, 'GU', 'Pacific/Guam', 'Live'),
(180, 'GW', 'Africa/Bissau', 'Live'),
(181, 'GY', 'America/Guyana', 'Live'),
(182, 'HK', 'Asia/Hong_Kong', 'Live'),
(183, 'HN', 'America/Tegucigalpa', 'Live'),
(184, 'HR', 'Europe/Zagreb', 'Live'),
(185, 'HT', 'America/Port-au-Prince', 'Live'),
(186, 'HU', 'Europe/Budapest', 'Live'),
(187, 'ID', 'Asia/Jakarta', 'Live'),
(188, 'ID', 'Asia/Pontianak', 'Live'),
(189, 'ID', 'Asia/Makassar', 'Live'),
(190, 'ID', 'Asia/Jayapura', 'Live'),
(191, 'IE', 'Europe/Dublin', 'Live'),
(192, 'IL', 'Asia/Jerusalem', 'Live'),
(193, 'IM', 'Europe/Isle_of_Man', 'Live'),
(194, 'IN', 'Asia/Kolkata', 'Live'),
(195, 'IO', 'Indian/Chagos', 'Live'),
(196, 'IQ', 'Asia/Baghdad', 'Live'),
(197, 'IR', 'Asia/Tehran', 'Live'),
(198, 'IS', 'Atlantic/Reykjavik', 'Live'),
(199, 'IT', 'Europe/Rome', 'Live'),
(200, 'JE', 'Europe/Jersey', 'Live'),
(201, 'JM', 'America/Jamaica', 'Live'),
(202, 'JO', 'Asia/Amman', 'Live'),
(203, 'JP', 'Asia/Tokyo', 'Live'),
(204, 'KE', 'Africa/Nairobi', 'Live'),
(205, 'KG', 'Asia/Bishkek', 'Live'),
(206, 'KH', 'Asia/Phnom_Penh', 'Live'),
(207, 'KI', 'Pacific/Tarawa', 'Live'),
(208, 'KI', 'Pacific/Enderbury', 'Live'),
(209, 'KI', 'Pacific/Kiritimati', 'Live'),
(210, 'KM', 'Indian/Comoro', 'Live'),
(211, 'KN', 'America/St_Kitts', 'Live'),
(212, 'KP', 'Asia/Pyongyang', 'Live'),
(213, 'KR', 'Asia/Seoul', 'Live'),
(214, 'KW', 'Asia/Kuwait', 'Live'),
(215, 'KY', 'America/Cayman', 'Live'),
(216, 'KZ', 'Asia/Almaty', 'Live'),
(217, 'KZ', 'Asia/Qyzylorda', 'Live'),
(218, 'KZ', 'Asia/Aqtobe', 'Live'),
(219, 'KZ', 'Asia/Aqtau', 'Live'),
(220, 'KZ', 'Asia/Atyrau', 'Live'),
(221, 'KZ', 'Asia/Oral', 'Live'),
(222, 'LA', 'Asia/Vientiane', 'Live'),
(223, 'LB', 'Asia/Beirut', 'Live'),
(224, 'LC', 'America/St_Lucia', 'Live'),
(225, 'LI', 'Europe/Vaduz', 'Live'),
(226, 'LK', 'Asia/Colombo', 'Live'),
(227, 'LR', 'Africa/Monrovia', 'Live'),
(228, 'LS', 'Africa/Maseru', 'Live'),
(229, 'LT', 'Europe/Vilnius', 'Live'),
(230, 'LU', 'Europe/Luxembourg', 'Live'),
(231, 'LV', 'Europe/Riga', 'Live'),
(232, 'LY', 'Africa/Tripoli', 'Live'),
(233, 'MA', 'Africa/Casablanca', 'Live'),
(234, 'MC', 'Europe/Monaco', 'Live'),
(235, 'MD', 'Europe/Chisinau', 'Live'),
(236, 'ME', 'Europe/Podgorica', 'Live'),
(237, 'MF', 'America/Marigot', 'Live'),
(238, 'MG', 'Indian/Antananarivo', 'Live'),
(239, 'MH', 'Pacific/Majuro', 'Live'),
(240, 'MH', 'Pacific/Kwajalein', 'Live'),
(241, 'MK', 'Europe/Skopje', 'Live'),
(242, 'ML', 'Africa/Bamako', 'Live'),
(243, 'MM', 'Asia/Yangon', 'Live'),
(244, 'MN', 'Asia/Ulaanbaatar', 'Live'),
(245, 'MN', 'Asia/Hovd', 'Live'),
(246, 'MN', 'Asia/Choibalsan', 'Live'),
(247, 'MO', 'Asia/Macau', 'Live'),
(248, 'MP', 'Pacific/Saipan', 'Live'),
(249, 'MQ', 'America/Martinique', 'Live'),
(250, 'MR', 'Africa/Nouakchott', 'Live'),
(251, 'MS', 'America/Montserrat', 'Live'),
(252, 'MT', 'Europe/Malta', 'Live'),
(253, 'MU', 'Indian/Mauritius', 'Live'),
(254, 'MV', 'Indian/Maldives', 'Live'),
(255, 'MW', 'Africa/Blantyre', 'Live'),
(256, 'MX', 'America/Mexico_City', 'Live'),
(257, 'MX', 'America/Cancun', 'Live'),
(258, 'MX', 'America/Merida', 'Live'),
(259, 'MX', 'America/Monterrey', 'Live'),
(260, 'MX', 'America/Matamoros', 'Live'),
(261, 'MX', 'America/Mazatlan', 'Live'),
(262, 'MX', 'America/Chihuahua', 'Live'),
(263, 'MX', 'America/Ojinaga', 'Live'),
(264, 'MX', 'America/Hermosillo', 'Live'),
(265, 'MX', 'America/Tijuana', 'Live'),
(266, 'MX', 'America/Bahia_Banderas', 'Live'),
(267, 'MY', 'Asia/Kuala_Lumpur', 'Live'),
(268, 'MY', 'Asia/Kuching', 'Live'),
(269, 'MZ', 'Africa/Maputo', 'Live'),
(270, 'NA', 'Africa/Windhoek', 'Live'),
(271, 'NC', 'Pacific/Noumea', 'Live'),
(272, 'NE', 'Africa/Niamey', 'Live'),
(273, 'NF', 'Pacific/Norfolk', 'Live'),
(274, 'NG', 'Africa/Lagos', 'Live'),
(275, 'NI', 'America/Managua', 'Live'),
(276, 'NL', 'Europe/Amsterdam', 'Live'),
(277, 'NO', 'Europe/Oslo', 'Live'),
(278, 'NP', 'Asia/Kathmandu', 'Live'),
(279, 'NR', 'Pacific/Nauru', 'Live'),
(280, 'NU', 'Pacific/Niue', 'Live'),
(281, 'NZ', 'Pacific/Auckland', 'Live'),
(282, 'NZ', 'Pacific/Chatham', 'Live'),
(283, 'OM', 'Asia/Muscat', 'Live'),
(284, 'PA', 'America/Panama', 'Live'),
(285, 'PE', 'America/Lima', 'Live'),
(286, 'PF', 'Pacific/Tahiti', 'Live'),
(287, 'PF', 'Pacific/Marquesas', 'Live'),
(288, 'PF', 'Pacific/Gambier', 'Live'),
(289, 'PG', 'Pacific/Port_Moresby', 'Live'),
(290, 'PG', 'Pacific/Bougainville', 'Live'),
(291, 'PH', 'Asia/Manila', 'Live'),
(292, 'PK', 'Asia/Karachi', 'Live'),
(293, 'PL', 'Europe/Warsaw', 'Live'),
(294, 'PM', 'America/Miquelon', 'Live'),
(295, 'PN', 'Pacific/Pitcairn', 'Live'),
(296, 'PR', 'America/Puerto_Rico', 'Live'),
(297, 'PS', 'Asia/Gaza', 'Live'),
(298, 'PS', 'Asia/Hebron', 'Live'),
(299, 'PT', 'Europe/Lisbon', 'Live'),
(300, 'PT', 'Atlantic/Madeira', 'Live'),
(301, 'PT', 'Atlantic/Azores', 'Live'),
(302, 'PW', 'Pacific/Palau', 'Live'),
(303, 'PY', 'America/Asuncion', 'Live'),
(304, 'QA', 'Asia/Qatar', 'Live'),
(305, 'RE', 'Indian/Reunion', 'Live'),
(306, 'RO', 'Europe/Bucharest', 'Live'),
(307, 'RS', 'Europe/Belgrade', 'Live'),
(308, 'RU', 'Europe/Kaliningrad', 'Live'),
(309, 'RU', 'Europe/Moscow', 'Live'),
(310, 'RU', 'Europe/Simferopol', 'Live'),
(311, 'RU', 'Europe/Volgograd', 'Live'),
(312, 'RU', 'Europe/Kirov', 'Live'),
(313, 'RU', 'Europe/Astrakhan', 'Live'),
(314, 'RU', 'Europe/Saratov', 'Live'),
(315, 'RU', 'Europe/Ulyanovsk', 'Live'),
(316, 'RU', 'Europe/Samara', 'Live'),
(317, 'RU', 'Asia/Yekaterinburg', 'Live'),
(318, 'RU', 'Asia/Omsk', 'Live'),
(319, 'RU', 'Asia/Novosibirsk', 'Live'),
(320, 'RU', 'Asia/Barnaul', 'Live'),
(321, 'RU', 'Asia/Tomsk', 'Live'),
(322, 'RU', 'Asia/Novokuznetsk', 'Live'),
(323, 'RU', 'Asia/Krasnoyarsk', 'Live'),
(324, 'RU', 'Asia/Irkutsk', 'Live'),
(325, 'RU', 'Asia/Chita', 'Live'),
(326, 'RU', 'Asia/Yakutsk', 'Live'),
(327, 'RU', 'Asia/Khandyga', 'Live'),
(328, 'RU', 'Asia/Vladivostok', 'Live'),
(329, 'RU', 'Asia/Ust-Nera', 'Live'),
(330, 'RU', 'Asia/Magadan', 'Live'),
(331, 'RU', 'Asia/Sakhalin', 'Live'),
(332, 'RU', 'Asia/Srednekolymsk', 'Live'),
(333, 'RU', 'Asia/Kamchatka', 'Live'),
(334, 'RU', 'Asia/Anadyr', 'Live'),
(335, 'RW', 'Africa/Kigali', 'Live'),
(336, 'SA', 'Asia/Riyadh', 'Live'),
(337, 'SB', 'Pacific/Guadalcanal', 'Live'),
(338, 'SC', 'Indian/Mahe', 'Live'),
(339, 'SD', 'Africa/Khartoum', 'Live'),
(340, 'SE', 'Europe/Stockholm', 'Live'),
(341, 'SG', 'Asia/Singapore', 'Live'),
(342, 'SH', 'Atlantic/St_Helena', 'Live'),
(343, 'SI', 'Europe/Ljubljana', 'Live'),
(344, 'SJ', 'Arctic/Longyearbyen', 'Live'),
(345, 'SK', 'Europe/Bratislava', 'Live'),
(346, 'SL', 'Africa/Freetown', 'Live'),
(347, 'SM', 'Europe/San_Marino', 'Live'),
(348, 'SN', 'Africa/Dakar', 'Live'),
(349, 'SO', 'Africa/Mogadishu', 'Live'),
(350, 'SR', 'America/Paramaribo', 'Live'),
(351, 'SS', 'Africa/Juba', 'Live'),
(352, 'ST', 'Africa/Sao_Tome', 'Live'),
(353, 'SV', 'America/El_Salvador', 'Live'),
(354, 'SX', 'America/Lower_Princes', 'Live'),
(355, 'SY', 'Asia/Damascus', 'Live'),
(356, 'SZ', 'Africa/Mbabane', 'Live'),
(357, 'TC', 'America/Grand_Turk', 'Live'),
(358, 'TD', 'Africa/Ndjamena', 'Live'),
(359, 'TF', 'Indian/Kerguelen', 'Live'),
(360, 'TG', 'Africa/Lome', 'Live'),
(361, 'TH', 'Asia/Bangkok', 'Live'),
(362, 'TJ', 'Asia/Dushanbe', 'Live'),
(363, 'TK', 'Pacific/Fakaofo', 'Live'),
(364, 'TL', 'Asia/Dili', 'Live'),
(365, 'TM', 'Asia/Ashgabat', 'Live'),
(366, 'TN', 'Africa/Tunis', 'Live'),
(367, 'TO', 'Pacific/Tongatapu', 'Live'),
(368, 'TR', 'Europe/Istanbul', 'Live'),
(369, 'TT', 'America/Port_of_Spain', 'Live'),
(370, 'TV', 'Pacific/Funafuti', 'Live'),
(371, 'TW', 'Asia/Taipei', 'Live'),
(372, 'TZ', 'Africa/Dar_es_Salaam', 'Live'),
(373, 'UA', 'Europe/Kiev', 'Live'),
(374, 'UA', 'Europe/Uzhgorod', 'Live'),
(375, 'UA', 'Europe/Zaporozhye', 'Live'),
(376, 'UG', 'Africa/Kampala', 'Live'),
(377, 'UM', 'Pacific/Midway', 'Live'),
(378, 'UM', 'Pacific/Wake', 'Live'),
(379, 'US', 'America/New_York', 'Live'),
(380, 'US', 'America/Detroit', 'Live'),
(381, 'US', 'America/Kentucky/Louisville', 'Live'),
(382, 'US', 'America/Kentucky/Monticello', 'Live'),
(383, 'US', 'America/Indiana/Indianapolis', 'Live'),
(384, 'US', 'America/Indiana/Vincennes', 'Live'),
(385, 'US', 'America/Indiana/Winamac', 'Live'),
(386, 'US', 'America/Indiana/Marengo', 'Live'),
(387, 'US', 'America/Indiana/Petersburg', 'Live'),
(388, 'US', 'America/Indiana/Vevay', 'Live'),
(389, 'US', 'America/Chicago', 'Live'),
(390, 'US', 'America/Indiana/Tell_City', 'Live'),
(391, 'US', 'America/Indiana/Knox', 'Live'),
(392, 'US', 'America/Menominee', 'Live'),
(393, 'US', 'America/North_Dakota/Center', 'Live'),
(394, 'US', 'America/North_Dakota/New_Salem', 'Live'),
(395, 'US', 'America/North_Dakota/Beulah', 'Live'),
(396, 'US', 'America/Denver', 'Live'),
(397, 'US', 'America/Boise', 'Live'),
(398, 'US', 'America/Phoenix', 'Live'),
(399, 'US', 'America/Los_Angeles', 'Live'),
(400, 'US', 'America/Anchorage', 'Live'),
(401, 'US', 'America/Juneau', 'Live'),
(402, 'US', 'America/Sitka', 'Live'),
(403, 'US', 'America/Metlakatla', 'Live'),
(404, 'US', 'America/Yakutat', 'Live'),
(405, 'US', 'America/Nome', 'Live'),
(406, 'US', 'America/Adak', 'Live'),
(407, 'US', 'Pacific/Honolulu', 'Live'),
(408, 'UY', 'America/Montevideo', 'Live'),
(409, 'UZ', 'Asia/Samarkand', 'Live'),
(410, 'UZ', 'Asia/Tashkent', 'Live'),
(411, 'VA', 'Europe/Vatican', 'Live'),
(412, 'VC', 'America/St_Vincent', 'Live'),
(413, 'VE', 'America/Caracas', 'Live'),
(414, 'VG', 'America/Tortola', 'Live'),
(415, 'VI', 'America/St_Thomas', 'Live'),
(416, 'VN', 'Asia/Ho_Chi_Minh', 'Live'),
(417, 'VU', 'Pacific/Efate', 'Live'),
(418, 'WF', 'Pacific/Wallis', 'Live'),
(419, 'WS', 'Pacific/Apia', 'Live'),
(420, 'YE', 'Asia/Aden', 'Live'),
(421, 'YT', 'Indian/Mayotte', 'Live'),
(422, 'ZA', 'Africa/Johannesburg', 'Live'),
(423, 'ZM', 'Africa/Lusaka', 'Live'),
(424, 'ZW', 'Africa/Harare', 'Live');

-- --------------------------------------------------------

--
-- Table structure for table `tbl_transfer`
--

CREATE TABLE `tbl_transfer` (
  `id` int(11) NOT NULL,
  `transfer_type` int(11) NOT NULL DEFAULT 1,
  `reference_no` varchar(50) DEFAULT NULL,
  `date` varchar(15) NOT NULL,
  `received_date` date DEFAULT NULL,
  `note_for_sender` varchar(300) DEFAULT NULL,
  `note_for_receiver` varchar(300) DEFAULT NULL,
  `user_id` int(11) DEFAULT NULL,
  `outlet_id` int(11) DEFAULT NULL,
  `from_outlet_id` int(11) DEFAULT NULL,
  `to_outlet_id` int(11) DEFAULT NULL,
  `status` int(11) DEFAULT NULL,
  `del_status` varchar(50) DEFAULT 'Live'
) ENGINE=InnoDB DEFAULT CHARSET=utf8 COLLATE=utf8_general_ci;

-- --------------------------------------------------------

--
-- Table structure for table `tbl_transfer_ingredients`
--

CREATE TABLE `tbl_transfer_ingredients` (
  `id` int(11) NOT NULL,
  `transfer_type` int(11) NOT NULL DEFAULT 1,
  `status` int(11) DEFAULT NULL,
  `ingredient_id` int(11) DEFAULT NULL,
  `quantity_amount` float DEFAULT NULL,
  `unit_price` float DEFAULT NULL,
  `transfer_id` int(11) DEFAULT NULL,
  `from_outlet_id` int(11) DEFAULT NULL,
  `to_outlet_id` int(11) DEFAULT NULL,
  `total_cost` float DEFAULT NULL,
  `single_cost_total` float DEFAULT NULL,
  `single_total_tax` float DEFAULT NULL,
  `single_total_sale_amount` float DEFAULT NULL,
  `total_tax` float DEFAULT NULL,
  `total_sale_amount` float DEFAULT NULL,
  `del_status` varchar(10) DEFAULT 'Live'
) ENGINE=InnoDB DEFAULT CHARSET=utf8 COLLATE=utf8_general_ci;

-- --------------------------------------------------------

--
-- Table structure for table `tbl_transfer_received_ingredients`
--

CREATE TABLE `tbl_transfer_received_ingredients` (
  `id` int(11) NOT NULL,
  `transfer_type` int(11) NOT NULL DEFAULT 1,
  `status` int(11) DEFAULT NULL,
  `ingredient_id` int(11) DEFAULT NULL,
  `quantity_amount` float DEFAULT NULL,
  `unit_price` float DEFAULT NULL,
  `transfer_id` int(11) DEFAULT NULL,
  `from_outlet_id` int(11) DEFAULT NULL,
  `to_outlet_id` int(11) DEFAULT NULL,
  `total_cost` float DEFAULT NULL,
  `single_cost_total` float DEFAULT NULL,
  `single_total_tax` float DEFAULT NULL,
  `single_total_sale_amount` float DEFAULT NULL,
  `total_tax` float DEFAULT NULL,
  `total_sale_amount` float DEFAULT NULL,
  `del_status` varchar(10) DEFAULT 'Live'
) ENGINE=InnoDB DEFAULT CHARSET=utf8 COLLATE=utf8_general_ci;

-- --------------------------------------------------------

--
-- Table structure for table `tbl_units`
--

CREATE TABLE `tbl_units` (
  `id` int(11) NOT NULL,
  `unit_name` varchar(10) DEFAULT NULL,
  `description` varchar(50) DEFAULT NULL,
  `company_id` int(11) DEFAULT NULL,
  `del_status` varchar(10) DEFAULT 'Live'
) ENGINE=InnoDB DEFAULT CHARSET=utf8 COLLATE=utf8_general_ci;

--
-- Dumping data for table `tbl_units`
--

INSERT INTO `tbl_units` (`id`, `unit_name`, `description`, `company_id`, `del_status`) VALUES
(1, 'Kg', 'Kilo Gram', 1, 'Live'),
(2, 'L', 'Liter', 1, 'Live'),
(3, 'Pcs', 'Piece', 1, 'Live'),
(4, 'g', 'gram', 1, 'Live'),
(5, 'ml', 'Mili Liter', 1, 'Live'),
(6, 'Box', NULL, 1, 'Live'),
(7, 'kg', '', 1, 'Live'),
(8, 'cl', '', 1, 'Live');

-- --------------------------------------------------------

--
-- Table structure for table `tbl_user_menu_access`
--

CREATE TABLE `tbl_user_menu_access` (
  `id` int(11) NOT NULL,
  `menu_id` int(11) DEFAULT 0,
  `user_id` int(11) DEFAULT 0
) ENGINE=InnoDB DEFAULT CHARSET=utf8 COLLATE=utf8_general_ci;

-- --------------------------------------------------------

--
-- Table structure for table `tbl_wastes`
--

CREATE TABLE `tbl_wastes` (
  `id` int(11) NOT NULL,
  `reference_no` varchar(50) DEFAULT NULL,
  `date` date NOT NULL,
  `total_loss` float(10,2) DEFAULT NULL,
  `note` varchar(200) DEFAULT NULL,
  `employee_id` int(11) DEFAULT NULL,
  `user_id` int(11) DEFAULT NULL,
  `outlet_id` int(11) DEFAULT NULL,
  `del_status` varchar(50) DEFAULT 'Live',
  `food_menu_id` int(11) DEFAULT NULL,
  `food_menu_waste_qty` int(11) DEFAULT NULL
) ENGINE=InnoDB DEFAULT CHARSET=utf8 COLLATE=utf8_general_ci;

--
-- Dumping data for table `tbl_wastes`
--

INSERT INTO `tbl_wastes` (`id`, `reference_no`, `date`, `total_loss`, `note`, `employee_id`, `user_id`, `outlet_id`, `del_status`, `food_menu_id`, `food_menu_waste_qty`) VALUES
(1, '000001', '2023-08-30', 40.00, '', 1, 1, 1, 'Live', 0, 0);

-- --------------------------------------------------------

--
-- Table structure for table `tbl_waste_ingredients`
--

CREATE TABLE `tbl_waste_ingredients` (
  `id` int(11) NOT NULL,
  `ingredient_id` int(11) DEFAULT NULL,
  `waste_amount` float(10,2) DEFAULT NULL,
  `last_purchase_price` float(10,2) DEFAULT NULL,
  `loss_amount` float(10,2) DEFAULT NULL,
  `waste_id` int(11) DEFAULT NULL,
  `outlet_id` int(11) DEFAULT NULL,
  `del_status` varchar(10) DEFAULT 'Live'
) ENGINE=InnoDB DEFAULT CHARSET=utf8 COLLATE=utf8_general_ci;

--
-- Dumping data for table `tbl_waste_ingredients`
--

INSERT INTO `tbl_waste_ingredients` (`id`, `ingredient_id`, `waste_amount`, `last_purchase_price`, `loss_amount`, `waste_id`, `outlet_id`, `del_status`) VALUES
(1, 1, 2.00, 20.00, 40.00, 1, 1, 'Live');

--
-- Indexes for dumped tables
--

--
-- Indexes for table `tbl_access`
--
ALTER TABLE `tbl_access`
  ADD PRIMARY KEY (`id`);

--
-- Indexes for table `tbl_amount_encrypt`
--
ALTER TABLE `tbl_amount_encrypt`
  ADD PRIMARY KEY (`id`);

--
-- Indexes for table `tbl_areas`
--
ALTER TABLE `tbl_areas`
  ADD PRIMARY KEY (`id`);

--
-- Indexes for table `tbl_attendance`
--
ALTER TABLE `tbl_attendance`
  ADD PRIMARY KEY (`id`);

--
-- Indexes for table `tbl_audit_logs`
--
ALTER TABLE `tbl_audit_logs`
  ADD PRIMARY KEY (`id`);

--
-- Indexes for table `tbl_combo_food_menus`
--
ALTER TABLE `tbl_combo_food_menus`
  ADD PRIMARY KEY (`id`),
  ADD KEY `food_menu_del` (`food_menu_id`,`del_status`);

--
-- Indexes for table `tbl_companies`
--
ALTER TABLE `tbl_companies`
  ADD PRIMARY KEY (`id`);

--
-- Indexes for table `tbl_customer_address`
--
ALTER TABLE `tbl_customer_address`
  ADD PRIMARY KEY (`id`);

--
-- Indexes for table `tbl_customer_due_receives`
--
ALTER TABLE `tbl_customer_due_receives`
  ADD PRIMARY KEY (`id`);

--
-- Indexes for table `tbl_delivery_partners`
--
ALTER TABLE `tbl_delivery_partners`
  ADD PRIMARY KEY (`id`);

--
-- Indexes for table `tbl_denominations`
--
ALTER TABLE `tbl_denominations`
  ADD PRIMARY KEY (`id`);

--
-- Indexes for table `tbl_expenses`
--
ALTER TABLE `tbl_expenses`
  ADD PRIMARY KEY (`id`);

--
-- Indexes for table `tbl_expense_items`
--
ALTER TABLE `tbl_expense_items`
  ADD PRIMARY KEY (`id`);

--
-- Indexes for table `tbl_food_menus`
--
ALTER TABLE `tbl_food_menus`
  ADD PRIMARY KEY (`id`),
  ADD KEY `company_del` (`company_id`,`del_status`),
  ADD KEY `id_del` (`id`,`del_status`);

--
-- Indexes for table `tbl_food_menus_ingredients`
--
ALTER TABLE `tbl_food_menus_ingredients`
  ADD PRIMARY KEY (`id`);

--
-- Indexes for table `tbl_food_menus_modifiers`
--
ALTER TABLE `tbl_food_menus_modifiers`
  ADD PRIMARY KEY (`id`);

--
-- Indexes for table `tbl_food_menu_categories`
--
ALTER TABLE `tbl_food_menu_categories`
  ADD PRIMARY KEY (`id`);

--
-- Indexes for table `tbl_holds`
--
ALTER TABLE `tbl_holds`
  ADD PRIMARY KEY (`id`);

--
-- Indexes for table `tbl_holds_details`
--
ALTER TABLE `tbl_holds_details`
  ADD PRIMARY KEY (`id`);

--
-- Indexes for table `tbl_holds_details_modifiers`
--
ALTER TABLE `tbl_holds_details_modifiers`
  ADD PRIMARY KEY (`id`);

--
-- Indexes for table `tbl_holds_table`
--
ALTER TABLE `tbl_holds_table`
  ADD PRIMARY KEY (`id`);

--
-- Indexes for table `tbl_ingredients`
--
ALTER TABLE `tbl_ingredients`
  ADD PRIMARY KEY (`id`),
  ADD KEY `del` (`del_status`);

--
-- Indexes for table `tbl_ingredient_categories`
--
ALTER TABLE `tbl_ingredient_categories`
  ADD PRIMARY KEY (`id`);

--
-- Indexes for table `tbl_inventory_adjustment`
--
ALTER TABLE `tbl_inventory_adjustment`
  ADD PRIMARY KEY (`id`);

--
-- Indexes for table `tbl_inventory_adjustment_ingredients`
--
ALTER TABLE `tbl_inventory_adjustment_ingredients`
  ADD PRIMARY KEY (`id`);

--
-- Indexes for table `tbl_kitchens`
--
ALTER TABLE `tbl_kitchens`
  ADD PRIMARY KEY (`id`);

--
-- Indexes for table `tbl_kitchen_categories`
--
ALTER TABLE `tbl_kitchen_categories`
  ADD PRIMARY KEY (`id`);

--
-- Indexes for table `tbl_kitchen_sales`
--
ALTER TABLE `tbl_kitchen_sales`
  ADD PRIMARY KEY (`id`),
  ADD KEY `os_del_out` (`order_status`,`del_status`,`outlet_id`),
  ADD KEY `id_del_outlet` (`id`,`del_status`,`outlet_id`),
  ADD KEY `outlet_order_status` (`outlet_id`,`order_status`),
  ADD KEY `id_del` (`id`,`del_status`),
  ADD KEY `user_date_time_del_order` (`user_id`,`date_time`,`del_status`,`order_status`),
  ADD KEY `table_id_status` (`table_id`,`order_status`),
  ADD KEY `outlet_id_waiter_id_order_status` (`outlet_id`,`waiter_id`,`order_status`);

--
-- Indexes for table `tbl_kitchen_sales_details`
--
ALTER TABLE `tbl_kitchen_sales_details`
  ADD PRIMARY KEY (`id`);

--
-- Indexes for table `tbl_kitchen_sales_details_modifiers`
--
ALTER TABLE `tbl_kitchen_sales_details_modifiers`
  ADD PRIMARY KEY (`id`),
  ADD KEY `sales_id_details_id` (`sales_id`,`sales_details_id`);

--
-- Indexes for table `tbl_main_modules`
--
ALTER TABLE `tbl_main_modules`
  ADD PRIMARY KEY (`id`);

--
-- Indexes for table `tbl_modifiers`
--
ALTER TABLE `tbl_modifiers`
  ADD PRIMARY KEY (`id`);

--
-- Indexes for table `tbl_modifier_ingredients`
--
ALTER TABLE `tbl_modifier_ingredients`
  ADD PRIMARY KEY (`id`);

--
-- Indexes for table `tbl_multiple_currencies`
--
ALTER TABLE `tbl_multiple_currencies`
  ADD PRIMARY KEY (`id`);

--
-- Indexes for table `tbl_notifications`
--
ALTER TABLE `tbl_notifications`
  ADD PRIMARY KEY (`id`);

--
-- Indexes for table `tbl_notification_bar_kitchen_panel`
--
ALTER TABLE `tbl_notification_bar_kitchen_panel`
  ADD PRIMARY KEY (`id`);

--
-- Indexes for table `tbl_orders_table`
--
ALTER TABLE `tbl_orders_table`
  ADD PRIMARY KEY (`id`);

--
-- Indexes for table `tbl_outlets`
--
ALTER TABLE `tbl_outlets`
  ADD PRIMARY KEY (`id`);

--
-- Indexes for table `tbl_payment_histories`
--
ALTER TABLE `tbl_payment_histories`
  ADD PRIMARY KEY (`id`);

--
-- Indexes for table `tbl_payment_methods`
--
ALTER TABLE `tbl_payment_methods`
  ADD PRIMARY KEY (`id`);

--
-- Indexes for table `tbl_plugins`
--
ALTER TABLE `tbl_plugins`
  ADD PRIMARY KEY (`id`);

--
-- Indexes for table `tbl_premade_ingredients`
--
ALTER TABLE `tbl_premade_ingredients`
  ADD PRIMARY KEY (`id`),
  ADD KEY `food_menu_del` (`pre_made_id`,`del_status`);

--
-- Indexes for table `tbl_pricing_plans`
--
ALTER TABLE `tbl_pricing_plans`
  ADD PRIMARY KEY (`id`);

--
-- Indexes for table `tbl_printers`
--
ALTER TABLE `tbl_printers`
  ADD PRIMARY KEY (`id`);

--
-- Indexes for table `tbl_production`
--
ALTER TABLE `tbl_production`
  ADD PRIMARY KEY (`id`);

--
-- Indexes for table `tbl_production_ingredients`
--
ALTER TABLE `tbl_production_ingredients`
  ADD PRIMARY KEY (`id`);

--
-- Indexes for table `tbl_promotions`
--
ALTER TABLE `tbl_promotions`
  ADD PRIMARY KEY (`id`);

--
-- Indexes for table `tbl_purchase`
--
ALTER TABLE `tbl_purchase`
  ADD PRIMARY KEY (`id`);

--
-- Indexes for table `tbl_purchase_ingredients`
--
ALTER TABLE `tbl_purchase_ingredients`
  ADD PRIMARY KEY (`id`);

--
-- Indexes for table `tbl_register`
--
ALTER TABLE `tbl_register`
  ADD PRIMARY KEY (`id`);

--
-- Indexes for table `tbl_reservations`
--
ALTER TABLE `tbl_reservations`
  ADD PRIMARY KEY (`id`);

--
-- Indexes for table `tbl_roles`
--
ALTER TABLE `tbl_roles`
  ADD PRIMARY KEY (`id`);

--
-- Indexes for table `tbl_role_access`
--
ALTER TABLE `tbl_role_access`
  ADD PRIMARY KEY (`id`);

--
-- Indexes for table `tbl_running_orders`
--
ALTER TABLE `tbl_running_orders`
  ADD PRIMARY KEY (`id`);

--
-- Indexes for table `tbl_running_order_tables`
--
ALTER TABLE `tbl_running_order_tables`
  ADD PRIMARY KEY (`id`);

--
-- Indexes for table `tbl_sales`
--
ALTER TABLE `tbl_sales`
  ADD PRIMARY KEY (`id`),
  ADD KEY `os_del_out` (`order_status`,`del_status`,`outlet_id`),
  ADD KEY `id_del_outlet` (`id`,`del_status`,`outlet_id`),
  ADD KEY `outlet_order_status` (`outlet_id`,`order_status`),
  ADD KEY `id_del` (`id`,`del_status`),
  ADD KEY `user_date_time_del_order` (`user_id`,`date_time`,`del_status`,`order_status`),
  ADD KEY `table_id_status` (`table_id`,`order_status`),
  ADD KEY `outlet_id_waiter_id_order_status` (`outlet_id`,`waiter_id`,`order_status`),
  ADD KEY `get_orders_for_delete_runnig_orders` (`sale_no`,`del_status`);

--
-- Indexes for table `tbl_sales_details`
--
ALTER TABLE `tbl_sales_details`
  ADD PRIMARY KEY (`id`);

--
-- Indexes for table `tbl_sales_details_modifiers`
--
ALTER TABLE `tbl_sales_details_modifiers`
  ADD PRIMARY KEY (`id`),
  ADD KEY `sales_id_details_id` (`sales_id`,`sales_details_id`);

--
-- Indexes for table `tbl_sale_consumptions`
--
ALTER TABLE `tbl_sale_consumptions`
  ADD PRIMARY KEY (`id`);

--
-- Indexes for table `tbl_sale_consumptions_of_menus`
--
ALTER TABLE `tbl_sale_consumptions_of_menus`
  ADD PRIMARY KEY (`id`);

--
-- Indexes for table `tbl_sale_consumptions_of_modifiers_of_menus`
--
ALTER TABLE `tbl_sale_consumptions_of_modifiers_of_menus`
  ADD PRIMARY KEY (`id`);

--
-- Indexes for table `tbl_sale_payments`
--
ALTER TABLE `tbl_sale_payments`
  ADD PRIMARY KEY (`id`);

--
-- Indexes for table `tbl_sessions`
--
ALTER TABLE `tbl_sessions`
  ADD KEY `ci_sessions_timestamp` (`timestamp`);

--
-- Indexes for table `tbl_settings`
--
ALTER TABLE `tbl_settings`
  ADD PRIMARY KEY (`id`);

--
-- Indexes for table `tbl_suppliers`
--
ALTER TABLE `tbl_suppliers`
  ADD PRIMARY KEY (`id`);

--
-- Indexes for table `tbl_supplier_payments`
--
ALTER TABLE `tbl_supplier_payments`
  ADD PRIMARY KEY (`id`);

--
-- Indexes for table `tbl_tables`
--
ALTER TABLE `tbl_tables`
  ADD PRIMARY KEY (`id`);

--
-- Indexes for table `tbl_time_zone`
--
ALTER TABLE `tbl_time_zone`
  ADD PRIMARY KEY (`id`);

--
-- Indexes for table `tbl_transfer`
--
ALTER TABLE `tbl_transfer`
  ADD PRIMARY KEY (`id`) USING BTREE;

--
-- Indexes for table `tbl_transfer_ingredients`
--
ALTER TABLE `tbl_transfer_ingredients`
  ADD PRIMARY KEY (`id`);

--
-- Indexes for table `tbl_transfer_received_ingredients`
--
ALTER TABLE `tbl_transfer_received_ingredients`
  ADD PRIMARY KEY (`id`);

--
-- Indexes for table `tbl_units`
--
ALTER TABLE `tbl_units`
  ADD PRIMARY KEY (`id`);

--
-- Indexes for table `tbl_user_menu_access`
--
ALTER TABLE `tbl_user_menu_access`
  ADD PRIMARY KEY (`id`);

--
-- Indexes for table `tbl_wastes`
--
ALTER TABLE `tbl_wastes`
  ADD PRIMARY KEY (`id`);

--
-- Indexes for table `tbl_waste_ingredients`
--
ALTER TABLE `tbl_waste_ingredients`
  ADD PRIMARY KEY (`id`);

--
-- AUTO_INCREMENT for dumped tables
--

--
-- AUTO_INCREMENT for table `tbl_access`
--
ALTER TABLE `tbl_access`
  MODIFY `id` int(11) NOT NULL AUTO_INCREMENT, AUTO_INCREMENT=353;

--
-- AUTO_INCREMENT for table `tbl_amount_encrypt`
--
ALTER TABLE `tbl_amount_encrypt`
  MODIFY `id` bigint(20) NOT NULL AUTO_INCREMENT, AUTO_INCREMENT=32;

--
-- AUTO_INCREMENT for table `tbl_areas`
--
ALTER TABLE `tbl_areas`
  MODIFY `id` int(11) NOT NULL AUTO_INCREMENT, AUTO_INCREMENT=4;

--
-- AUTO_INCREMENT for table `tbl_attendance`
--
ALTER TABLE `tbl_attendance`
  MODIFY `id` int(11) NOT NULL AUTO_INCREMENT, AUTO_INCREMENT=68;

--
-- AUTO_INCREMENT for table `tbl_audit_logs`
--
ALTER TABLE `tbl_audit_logs`
  MODIFY `id` int(11) NOT NULL AUTO_INCREMENT, AUTO_INCREMENT=49;

--
-- AUTO_INCREMENT for table `tbl_combo_food_menus`
--
ALTER TABLE `tbl_combo_food_menus`
  MODIFY `id` bigint(20) NOT NULL AUTO_INCREMENT;

--
-- AUTO_INCREMENT for table `tbl_companies`
--
ALTER TABLE `tbl_companies`
  MODIFY `id` int(11) NOT NULL AUTO_INCREMENT, AUTO_INCREMENT=15;

--
-- AUTO_INCREMENT for table `tbl_customer_address`
--
ALTER TABLE `tbl_customer_address`
  MODIFY `id` int(11) NOT NULL AUTO_INCREMENT, AUTO_INCREMENT=2;

--
-- AUTO_INCREMENT for table `tbl_customer_due_receives`
--
ALTER TABLE `tbl_customer_due_receives`
  MODIFY `id` int(11) NOT NULL AUTO_INCREMENT;

--
-- AUTO_INCREMENT for table `tbl_delivery_partners`
--
ALTER TABLE `tbl_delivery_partners`
  MODIFY `id` int(11) NOT NULL AUTO_INCREMENT, AUTO_INCREMENT=2;

--
-- AUTO_INCREMENT for table `tbl_denominations`
--
ALTER TABLE `tbl_denominations`
  MODIFY `id` int(11) NOT NULL AUTO_INCREMENT;

--
-- AUTO_INCREMENT for table `tbl_expenses`
--
ALTER TABLE `tbl_expenses`
  MODIFY `id` int(11) NOT NULL AUTO_INCREMENT;

--
-- AUTO_INCREMENT for table `tbl_expense_items`
--
ALTER TABLE `tbl_expense_items`
  MODIFY `id` int(11) NOT NULL AUTO_INCREMENT;

--
-- AUTO_INCREMENT for table `tbl_food_menus`
--
ALTER TABLE `tbl_food_menus`
  MODIFY `id` int(11) NOT NULL AUTO_INCREMENT, AUTO_INCREMENT=12;

--
-- AUTO_INCREMENT for table `tbl_food_menus_ingredients`
--
ALTER TABLE `tbl_food_menus_ingredients`
  MODIFY `id` bigint(20) NOT NULL AUTO_INCREMENT, AUTO_INCREMENT=24;

--
-- AUTO_INCREMENT for table `tbl_food_menus_modifiers`
--
ALTER TABLE `tbl_food_menus_modifiers`
  MODIFY `id` bigint(20) NOT NULL AUTO_INCREMENT, AUTO_INCREMENT=2;

--
-- AUTO_INCREMENT for table `tbl_food_menu_categories`
--
ALTER TABLE `tbl_food_menu_categories`
  MODIFY `id` int(11) NOT NULL AUTO_INCREMENT, AUTO_INCREMENT=24;

--
-- AUTO_INCREMENT for table `tbl_holds`
--
ALTER TABLE `tbl_holds`
  MODIFY `id` int(11) NOT NULL AUTO_INCREMENT;

--
-- AUTO_INCREMENT for table `tbl_holds_details`
--
ALTER TABLE `tbl_holds_details`
  MODIFY `id` int(11) NOT NULL AUTO_INCREMENT;

--
-- AUTO_INCREMENT for table `tbl_holds_details_modifiers`
--
ALTER TABLE `tbl_holds_details_modifiers`
  MODIFY `id` int(11) NOT NULL AUTO_INCREMENT;

--
-- AUTO_INCREMENT for table `tbl_holds_table`
--
ALTER TABLE `tbl_holds_table`
  MODIFY `id` bigint(20) NOT NULL AUTO_INCREMENT;

--
-- AUTO_INCREMENT for table `tbl_ingredients`
--
ALTER TABLE `tbl_ingredients`
  MODIFY `id` int(11) NOT NULL AUTO_INCREMENT, AUTO_INCREMENT=12;

--
-- AUTO_INCREMENT for table `tbl_ingredient_categories`
--
ALTER TABLE `tbl_ingredient_categories`
  MODIFY `id` int(11) NOT NULL AUTO_INCREMENT, AUTO_INCREMENT=11;

--
-- AUTO_INCREMENT for table `tbl_inventory_adjustment`
--
ALTER TABLE `tbl_inventory_adjustment`
  MODIFY `id` int(11) NOT NULL AUTO_INCREMENT, AUTO_INCREMENT=4;

--
-- AUTO_INCREMENT for table `tbl_inventory_adjustment_ingredients`
--
ALTER TABLE `tbl_inventory_adjustment_ingredients`
  MODIFY `id` int(11) NOT NULL AUTO_INCREMENT, AUTO_INCREMENT=4;

--
-- AUTO_INCREMENT for table `tbl_kitchens`
--
ALTER TABLE `tbl_kitchens`
  MODIFY `id` int(11) NOT NULL AUTO_INCREMENT, AUTO_INCREMENT=3;

--
-- AUTO_INCREMENT for table `tbl_kitchen_categories`
--
ALTER TABLE `tbl_kitchen_categories`
  MODIFY `id` int(11) NOT NULL AUTO_INCREMENT, AUTO_INCREMENT=8;

--
-- AUTO_INCREMENT for table `tbl_kitchen_sales`
--
ALTER TABLE `tbl_kitchen_sales`
  MODIFY `id` int(11) NOT NULL AUTO_INCREMENT, AUTO_INCREMENT=85;

--
-- AUTO_INCREMENT for table `tbl_kitchen_sales_details`
--
ALTER TABLE `tbl_kitchen_sales_details`
  MODIFY `id` bigint(20) NOT NULL AUTO_INCREMENT, AUTO_INCREMENT=190;

--
-- AUTO_INCREMENT for table `tbl_kitchen_sales_details_modifiers`
--
ALTER TABLE `tbl_kitchen_sales_details_modifiers`
  MODIFY `id` bigint(20) NOT NULL AUTO_INCREMENT, AUTO_INCREMENT=3;

--
-- AUTO_INCREMENT for table `tbl_main_modules`
--
ALTER TABLE `tbl_main_modules`
  MODIFY `id` int(11) NOT NULL AUTO_INCREMENT, AUTO_INCREMENT=1093;

--
-- AUTO_INCREMENT for table `tbl_modifiers`
--
ALTER TABLE `tbl_modifiers`
  MODIFY `id` int(11) NOT NULL AUTO_INCREMENT, AUTO_INCREMENT=2;

--
-- AUTO_INCREMENT for table `tbl_modifier_ingredients`
--
ALTER TABLE `tbl_modifier_ingredients`
  MODIFY `id` bigint(20) NOT NULL AUTO_INCREMENT, AUTO_INCREMENT=2;

--
-- AUTO_INCREMENT for table `tbl_multiple_currencies`
--
ALTER TABLE `tbl_multiple_currencies`
  MODIFY `id` int(11) NOT NULL AUTO_INCREMENT;

--
-- AUTO_INCREMENT for table `tbl_notifications`
--
ALTER TABLE `tbl_notifications`
  MODIFY `id` bigint(20) NOT NULL AUTO_INCREMENT, AUTO_INCREMENT=41;

--
-- AUTO_INCREMENT for table `tbl_notification_bar_kitchen_panel`
--
ALTER TABLE `tbl_notification_bar_kitchen_panel`
  MODIFY `id` int(11) NOT NULL AUTO_INCREMENT, AUTO_INCREMENT=20;

--
-- AUTO_INCREMENT for table `tbl_orders_table`
--
ALTER TABLE `tbl_orders_table`
  MODIFY `id` bigint(20) NOT NULL AUTO_INCREMENT, AUTO_INCREMENT=60;

--
-- AUTO_INCREMENT for table `tbl_outlets`
--
ALTER TABLE `tbl_outlets`
  MODIFY `id` int(11) NOT NULL AUTO_INCREMENT, AUTO_INCREMENT=4;

--
-- AUTO_INCREMENT for table `tbl_payment_histories`
--
ALTER TABLE `tbl_payment_histories`
  MODIFY `id` int(11) NOT NULL AUTO_INCREMENT;

--
-- AUTO_INCREMENT for table `tbl_payment_methods`
--
ALTER TABLE `tbl_payment_methods`
  MODIFY `id` int(11) NOT NULL AUTO_INCREMENT, AUTO_INCREMENT=7;

--
-- AUTO_INCREMENT for table `tbl_plugins`
--
ALTER TABLE `tbl_plugins`
  MODIFY `id` int(11) NOT NULL AUTO_INCREMENT, AUTO_INCREMENT=2;

--
-- AUTO_INCREMENT for table `tbl_premade_ingredients`
--
ALTER TABLE `tbl_premade_ingredients`
  MODIFY `id` bigint(20) NOT NULL AUTO_INCREMENT;

--
-- AUTO_INCREMENT for table `tbl_pricing_plans`
--
ALTER TABLE `tbl_pricing_plans`
  MODIFY `id` int(11) NOT NULL AUTO_INCREMENT, AUTO_INCREMENT=4;

--
-- AUTO_INCREMENT for table `tbl_printers`
--
ALTER TABLE `tbl_printers`
  MODIFY `id` int(11) NOT NULL AUTO_INCREMENT, AUTO_INCREMENT=2;

--
-- AUTO_INCREMENT for table `tbl_production`
--
ALTER TABLE `tbl_production`
  MODIFY `id` int(11) NOT NULL AUTO_INCREMENT;

--
-- AUTO_INCREMENT for table `tbl_production_ingredients`
--
ALTER TABLE `tbl_production_ingredients`
  MODIFY `id` int(11) NOT NULL AUTO_INCREMENT;

--
-- AUTO_INCREMENT for table `tbl_promotions`
--
ALTER TABLE `tbl_promotions`
  MODIFY `id` int(11) NOT NULL AUTO_INCREMENT, AUTO_INCREMENT=4;

--
-- AUTO_INCREMENT for table `tbl_purchase`
--
ALTER TABLE `tbl_purchase`
  MODIFY `id` int(11) NOT NULL AUTO_INCREMENT, AUTO_INCREMENT=7;

--
-- AUTO_INCREMENT for table `tbl_purchase_ingredients`
--
ALTER TABLE `tbl_purchase_ingredients`
  MODIFY `id` int(11) NOT NULL AUTO_INCREMENT, AUTO_INCREMENT=14;

--
-- AUTO_INCREMENT for table `tbl_register`
--
ALTER TABLE `tbl_register`
  MODIFY `id` int(11) NOT NULL AUTO_INCREMENT, AUTO_INCREMENT=4;

--
-- AUTO_INCREMENT for table `tbl_reservations`
--
ALTER TABLE `tbl_reservations`
  MODIFY `id` int(11) NOT NULL AUTO_INCREMENT;

--
-- AUTO_INCREMENT for table `tbl_roles`
--
ALTER TABLE `tbl_roles`
  MODIFY `id` int(11) NOT NULL AUTO_INCREMENT, AUTO_INCREMENT=5;

--
-- AUTO_INCREMENT for table `tbl_role_access`
--
ALTER TABLE `tbl_role_access`
  MODIFY `id` int(11) NOT NULL AUTO_INCREMENT, AUTO_INCREMENT=428;

--
-- AUTO_INCREMENT for table `tbl_running_orders`
--
ALTER TABLE `tbl_running_orders`
  MODIFY `id` int(11) NOT NULL AUTO_INCREMENT, AUTO_INCREMENT=73;

--
-- AUTO_INCREMENT for table `tbl_running_order_tables`
--
ALTER TABLE `tbl_running_order_tables`
  MODIFY `id` int(11) NOT NULL AUTO_INCREMENT, AUTO_INCREMENT=40;

--
-- AUTO_INCREMENT for table `tbl_sales`
--
ALTER TABLE `tbl_sales`
  MODIFY `id` int(11) NOT NULL AUTO_INCREMENT, AUTO_INCREMENT=127;

--
-- AUTO_INCREMENT for table `tbl_sales_details`
--
ALTER TABLE `tbl_sales_details`
  MODIFY `id` bigint(20) NOT NULL AUTO_INCREMENT, AUTO_INCREMENT=2515;

--
-- AUTO_INCREMENT for table `tbl_sales_details_modifiers`
--
ALTER TABLE `tbl_sales_details_modifiers`
  MODIFY `id` bigint(20) NOT NULL AUTO_INCREMENT;

--
-- AUTO_INCREMENT for table `tbl_sale_consumptions`
--
ALTER TABLE `tbl_sale_consumptions`
  MODIFY `id` bigint(20) NOT NULL AUTO_INCREMENT, AUTO_INCREMENT=2012;

--
-- AUTO_INCREMENT for table `tbl_sale_consumptions_of_menus`
--
ALTER TABLE `tbl_sale_consumptions_of_menus`
  MODIFY `id` bigint(20) NOT NULL AUTO_INCREMENT, AUTO_INCREMENT=8743;

--
-- AUTO_INCREMENT for table `tbl_sale_consumptions_of_modifiers_of_menus`
--
ALTER TABLE `tbl_sale_consumptions_of_modifiers_of_menus`
  MODIFY `id` bigint(20) NOT NULL AUTO_INCREMENT, AUTO_INCREMENT=4;

--
-- AUTO_INCREMENT for table `tbl_sale_payments`
--
ALTER TABLE `tbl_sale_payments`
  MODIFY `id` int(11) NOT NULL AUTO_INCREMENT, AUTO_INCREMENT=2012;

--
-- AUTO_INCREMENT for table `tbl_settings`
--
ALTER TABLE `tbl_settings`
  MODIFY `id` int(11) NOT NULL AUTO_INCREMENT, AUTO_INCREMENT=5;

--
-- AUTO_INCREMENT for table `tbl_suppliers`
--
ALTER TABLE `tbl_suppliers`
  MODIFY `id` int(11) NOT NULL AUTO_INCREMENT, AUTO_INCREMENT=3;

--
-- AUTO_INCREMENT for table `tbl_supplier_payments`
--
ALTER TABLE `tbl_supplier_payments`
  MODIFY `id` int(11) NOT NULL AUTO_INCREMENT;

--
-- AUTO_INCREMENT for table `tbl_tables`
--
ALTER TABLE `tbl_tables`
  MODIFY `id` int(11) NOT NULL AUTO_INCREMENT, AUTO_INCREMENT=7;

--
-- AUTO_INCREMENT for table `tbl_time_zone`
--
ALTER TABLE `tbl_time_zone`
  MODIFY `id` int(11) NOT NULL AUTO_INCREMENT, AUTO_INCREMENT=425;

--
-- AUTO_INCREMENT for table `tbl_transfer`
--
ALTER TABLE `tbl_transfer`
  MODIFY `id` int(11) NOT NULL AUTO_INCREMENT;

--
-- AUTO_INCREMENT for table `tbl_transfer_ingredients`
--
ALTER TABLE `tbl_transfer_ingredients`
  MODIFY `id` int(11) NOT NULL AUTO_INCREMENT;

--
-- AUTO_INCREMENT for table `tbl_transfer_received_ingredients`
--
ALTER TABLE `tbl_transfer_received_ingredients`
  MODIFY `id` int(11) NOT NULL AUTO_INCREMENT;

--
-- AUTO_INCREMENT for table `tbl_units`
--
ALTER TABLE `tbl_units`
  MODIFY `id` int(11) NOT NULL AUTO_INCREMENT, AUTO_INCREMENT=9;

--
-- AUTO_INCREMENT for table `tbl_user_menu_access`
--
ALTER TABLE `tbl_user_menu_access`
  MODIFY `id` int(11) NOT NULL AUTO_INCREMENT;

--
-- AUTO_INCREMENT for table `tbl_wastes`
--
ALTER TABLE `tbl_wastes`
  MODIFY `id` int(11) NOT NULL AUTO_INCREMENT, AUTO_INCREMENT=2;

--
-- AUTO_INCREMENT for table `tbl_waste_ingredients`
--
ALTER TABLE `tbl_waste_ingredients`
  MODIFY `id` int(11) NOT NULL AUTO_INCREMENT, AUTO_INCREMENT=2;
COMMIT;

