INSERT INTO `ensurvey_table` (`anwser_id`, `master_id`, `employee_id`, `question_id`, `marks`) VALUES
(43680, 711, 54, 64, 4),
(43681, 712, 84, 23, 4),
(43682, 712, 84, 24, 4),
(43683, 712, 84, 25, 4),
(43684, 712, 84, 26, 4),
(43685, 712, 84, 27, 4),
(43686, 712, 84, 28, 4),
(43687, 712, 84, 29, 4),
(43688, 712, 84, 30, 4),
(43689, 712, 84, 31, 4),
(43690, 712, 84, 32, 4),
(43691, 712, 84, 33, 4),
(43692, 712, 84, 34, 4),
(43693, 712, 84, 35, 4),
(43694, 712, 84, 36, 4),
(43695, 712, 84, 37, 4),
(43696, 712, 84, 38, 4),
(43697, 712, 84, 39, 4),
(43698, 712, 84, 40, 4),
(43699, 712, 84, 41, 4),
(43700, 712, 84, 42, 4),
(43701, 712, 84, 43, 4),
(43702, 712, 84, 44, 4),
(43703, 712, 84, 45, 4),
(43704, 712, 84, 46, 4),
(43705, 712, 84, 47, 4),
(43706, 712, 84, 48, 4),
(43707, 712, 84, 49, 4),
(43708, 712, 84, 50, 4),
(43709, 712, 84, 51, 4),
(43710, 712, 84, 52, 4),
(43711, 712, 84, 53, 4),
(43712, 712, 84, 54, 4),
(43713, 712, 84, 55, 4),
(43714, 712, 84, 56, 4),
(43715, 712, 84, 57, 4),
(43716, 712, 84, 58, 4),
(43717, 712, 84, 59, 4),
(43718, 712, 84, 60, 4),
(43719, 712, 84, 61, 4),
(43720, 712, 84, 62, 4),
(43721, 712, 84, 63, 4),
(43722, 712, 84, 64, 4),
(43723, 713, 535, 23, 4),
(43724, 713, 535, 24, 4),
(43725, 713, 535, 25, 4),
(43726, 713, 535, 26, 4),
(43727, 713, 535, 27, 4),
(43728, 713, 535, 28, 4),
(43729, 713, 535, 29, 4),
(43730, 713, 535, 30, 4),
(43731, 713, 535, 31, 4),
(43732, 713, 535, 32, 4),
(43733, 713, 535, 33, 4),
(43734, 713, 535, 34, 4),
(43735, 713, 535, 35, 4),
(43736, 713, 535, 36, 4),
(43737, 713, 535, 37, 4),
(43738, 713, 535, 38, 4),
(43739, 713, 535, 39, 4),
(43740, 713, 535, 40, 4),
(43741, 713, 535, 41, 4),
(43742, 713, 535, 42, 4),
(43743, 713, 535, 43, 4),
(43744, 713, 535, 44, 4),
(43745, 713, 535, 45, 4),
(43746, 713, 535, 46, 4),
(43747, 713, 535, 47, 4),
(43748, 713, 535, 48, 4),
(43749, 713, 535, 49, 4),
(43750, 713, 535, 50, 4),
(43751, 713, 535, 51, 4),
(43752, 713, 535, 52, 4),
(43753, 713, 535, 53, 4),
(43754, 713, 535, 54, 4),
(43755, 713, 535, 55, 4),
(43756, 713, 535, 56, 4),
(43757, 713, 535, 57, 4),
(43758, 713, 535, 58, 4),
(43759, 713, 535, 59, 4),
(43760, 713, 535, 60, 4),
(43761, 713, 535, 61, 4),
(43762, 713, 535, 62, 4),
(43763, 713, 535, 63, 4),
(43764, 713, 535, 64, 4),
(43765, 714, 13, 23, 5),
(43766, 714, 13, 24, 4),
(43767, 714, 13, 25, 5),
(43768, 714, 13, 26, 5),
(43769, 714, 13, 27, 5),
(43770, 714, 13, 28, 4),
(43771, 714, 13, 29, 5),
(43772, 714, 13, 30, 5),
(43773, 714, 13, 31, 5),
(43774, 714, 13, 32, 5),
(43775, 714, 13, 33, 5),
(43776, 714, 13, 34, 5),
(43777, 714, 13, 35, 4),
(43778, 714, 13, 36, 4),
(43779, 714, 13, 37, 5),
(43780, 714, 13, 38, 5),
(43781, 714, 13, 39, 5),
(43782, 714, 13, 40, 5),
(43783, 714, 13, 41, 5),
(43784, 714, 13, 42, 5),
(43785, 714, 13, 43, 4),
(43786, 714, 13, 44, 5),
(43787, 714, 13, 45, 5),
(43788, 714, 13, 46, 5),
(43789, 714, 13, 47, 5),
(43790, 714, 13, 48, 5),
(43791, 714, 13, 49, 5),
(43792, 714, 13, 50, 5),
(43793, 714, 13, 51, 5),
(43794, 714, 13, 52, 5),
(43795, 714, 13, 53, 5),
(43796, 714, 13, 54, 4),
(43797, 714, 13, 55, 5),
(43798, 714, 13, 56, 4),
(43799, 714, 13, 57, 4),
(43800, 714, 13, 58, 5),
(43801, 714, 13, 59, 5),
(43802, 714, 13, 60, 5),
(43803, 714, 13, 61, 4),
(43804, 714, 13, 62, 4),
(43805, 714, 13, 63, 5),
(43806, 714, 13, 64, 4),
(43807, 715, 75, 23, 5),
(43808, 715, 75, 24, 4),
(43809, 715, 75, 25, 4),
(43810, 715, 75, 26, 5),
(43811, 715, 75, 27, 5),
(43812, 715, 75, 28, 5),
(43813, 715, 75, 29, 5),
(43814, 715, 75, 30, 5),
(43815, 715, 75, 31, 5),
(43816, 715, 75, 32, 5),
(43817, 715, 75, 33, 5),
(43818, 715, 75, 34, 4),
(43819, 715, 75, 35, 5),
(43820, 715, 75, 36, 4),
(43821, 715, 75, 37, 4),
(43822, 715, 75, 38, 5),
(43823, 715, 75, 39, 5),
(43824, 715, 75, 40, 5),
(43825, 715, 75, 41, 5),
(43826, 715, 75, 42, 5),
(43827, 715, 75, 43, 5),
(43828, 715, 75, 44, 5),
(43829, 715, 75, 45, 5),
(43830, 715, 75, 46, 4),
(43831, 715, 75, 47, 4),
(43832, 715, 75, 48, 5),
(43833, 715, 75, 49, 4),
(43834, 715, 75, 50, 4),
(43835, 715, 75, 51, 5),
(43836, 715, 75, 52, 4),
(43837, 715, 75, 53, 4),
(43838, 715, 75, 54, 5),
(43839, 715, 75, 55, 4),
(43840, 715, 75, 56, 4),
(43841, 715, 75, 57, 3),
(43842, 715, 75, 58, 4),
(43843, 715, 75, 59, 5),
(43844, 715, 75, 60, 4),
(43845, 715, 75, 61, 4),
(43846, 715, 75, 62, 4),
(43847, 715, 75, 63, 4),
(43848, 715, 75, 64, 3),
(43849, 716, 96, 23, 4),
(43850, 716, 96, 24, 3),
(43851, 716, 96, 25, 4),
(43852, 716, 96, 26, 5),
(43853, 716, 96, 27, 3),
(43854, 716, 96, 28, 3),
(43855, 716, 96, 29, 5),
(43856, 716, 96, 30, 4),
(43857, 716, 96, 31, 4),
(43858, 716, 96, 32, 4),
(43859, 716, 96, 33, 3),
(43860, 716, 96, 34, 4),
(43861, 716, 96, 35, 3),
(43862, 716, 96, 36, 5),
(43863, 716, 96, 37, 4),
(43864, 716, 96, 38, 4),
(43865, 716, 96, 39, 4),
(43866, 716, 96, 40, 5),
(43867, 716, 96, 41, 4),
(43868, 716, 96, 42, 4),
(43869, 716, 96, 43, 4),
(43870, 716, 96, 44, 5),
(43871, 716, 96, 45, 5),
(43872, 716, 96, 46, 4),
(43873, 716, 96, 47, 4),
(43874, 716, 96, 48, 4),
(43875, 716, 96, 49, 4),
(43876, 716, 96, 50, 3),
(43877, 716, 96, 51, 4),
(43878, 716, 96, 52, 3),
(43879, 716, 96, 53, 4),
(43880, 716, 96, 54, 3),
(43881, 716, 96, 55, 4),
(43882, 716, 96, 56, 3),
(43883, 716, 96, 57, 3),
(43884, 716, 96, 58, 4),
(43885, 716, 96, 59, 4),
(43886, 716, 96, 60, 4),
(43887, 716, 96, 61, 4),
(43888, 716, 96, 62, 4),
(43889, 716, 96, 63, 4),
(43890, 716, 96, 64, 4),
(43891, 717, 18, 23, 5),
(43892, 717, 18, 24, 5),
(43893, 717, 18, 25, 5),
(43894, 717, 18, 26, 5),
(43895, 717, 18, 27, 5),
(43896, 717, 18, 28, 5),
(43897, 717, 18, 29, 5),
(43898, 717, 18, 30, 5),
(43899, 717, 18, 31, 5),
(43900, 717, 18, 32, 5),
(43901, 717, 18, 33, 5),
(43902, 717, 18, 34, 5),
(43903, 717, 18, 35, 5),
(43904, 717, 18, 36, 4),
(43905, 717, 18, 37, 5),
(43906, 717, 18, 38, 5),
(43907, 717, 18, 39, 5),
(43908, 717, 18, 40, 5),
(43909, 717, 18, 41, 5),
(43910, 717, 18, 42, 5),
(43911, 717, 18, 43, 5),
(43912, 717, 18, 44, 5),
(43913, 717, 18, 45, 5),
(43914, 717, 18, 46, 5),
(43915, 717, 18, 47, 5),
(43916, 717, 18, 48, 5),
(43917, 717, 18, 49, 5),
(43918, 717, 18, 50, 5),
(43919, 717, 18, 51, 5),
(43920, 717, 18, 52, 5),
(43921, 717, 18, 53, 5),
(43922, 717, 18, 54, 5),
(43923, 717, 18, 55, 5),
(43924, 717, 18, 56, 5),
(43925, 717, 18, 57, 4),
(43926, 717, 18, 58, 5),
(43927, 717, 18, 59, 5),
(43928, 717, 18, 60, 5),
(43929, 717, 18, 61, 5),
(43930, 717, 18, 62, 5),
(43931, 717, 18, 63, 5),
(43932, 717, 18, 64, 5),
(43933, 718, 499, 23, 5),
(43934, 718, 499, 24, 5),
(43935, 718, 499, 25, 5),
(43936, 718, 499, 26, 5),
(43937, 718, 499, 27, 5),
(43938, 718, 499, 28, 5),
(43939, 718, 499, 29, 5),
(43940, 718, 499, 30, 5),
(43941, 718, 499, 31, 5),
(43942, 718, 499, 32, 5),
(43943, 718, 499, 33, 5),
(43944, 718, 499, 34, 5),
(43945, 718, 499, 35, 5),
(43946, 718, 499, 36, 5),
(43947, 718, 499, 37, 5),
(43948, 718, 499, 38, 5),
(43949, 718, 499, 39, 5),
(43950, 718, 499, 40, 5),
(43951, 718, 499, 41, 5),
(43952, 718, 499, 42, 5),
(43953, 718, 499, 43, 5),
(43954, 718, 499, 44, 5),
(43955, 718, 499, 45, 5),
(43956, 718, 499, 46, 5),
(43957, 718, 499, 47, 5),
(43958, 718, 499, 48, 5),
(43959, 718, 499, 49, 5),
(43960, 718, 499, 50, 5),
(43961, 718, 499, 51, 5),
(43962, 718, 499, 52, 5),
(43963, 718, 499, 53, 5),
(43964, 718, 499, 54, 5),
(43965, 718, 499, 55, 5),
(43966, 718, 499, 56, 5),
(43967, 718, 499, 57, 5),
(43968, 718, 499, 58, 5),
(43969, 718, 499, 59, 5),
(43970, 718, 499, 60, 5),
(43971, 718, 499, 61, 5),
(43972, 718, 499, 62, 5),
(43973, 718, 499, 63, 5),
(43974, 718, 499, 64, 5),
(43975, 719, 504, 23, 5),
(43976, 719, 504, 24, 5),
(43977, 719, 504, 25, 5),
(43978, 719, 504, 26, 5),
(43979, 719, 504, 27, 5),
(43980, 719, 504, 28, 5),
(43981, 719, 504, 29, 5),
(43982, 719, 504, 30, 5),
(43983, 719, 504, 31, 5),
(43984, 719, 504, 32, 5),
(43985, 719, 504, 33, 5),
(43986, 719, 504, 34, 5),
(43987, 719, 504, 35, 5),
(43988, 719, 504, 36, 5),
(43989, 719, 504, 37, 5),
(43990, 719, 504, 38, 5),
(43991, 719, 504, 39, 5),
(43992, 719, 504, 40, 5),
(43993, 719, 504, 41, 5),
(43994, 719, 504, 42, 5),
(43995, 719, 504, 43, 5),
(43996, 719, 504, 44, 5),
(43997, 719, 504, 45, 5),
(43998, 719, 504, 46, 5),
(43999, 719, 504, 47, 5),
(44000, 719, 504, 48, 4),
(44001, 719, 504, 49, 5),
(44002, 719, 504, 50, 5),
(44003, 719, 504, 51, 5),
(44004, 719, 504, 52, 5),
(44005, 719, 504, 53, 5),
(44006, 719, 504, 54, 5),
(44007, 719, 504, 55, 5),
(44008, 719, 504, 56, 5),
(44009, 719, 504, 57, 5),
(44010, 719, 504, 58, 5),
(44011, 719, 504, 59, 5),
(44012, 719, 504, 60, 5),
(44013, 719, 504, 61, 5),
(44014, 719, 504, 62, 5),
(44015, 719, 504, 63, 5),
(44016, 719, 504, 64, 5),
(44017, 720, 83, 23, 4),
(44018, 720, 83, 24, 5),
(44019, 720, 83, 25, 5),
(44020, 720, 83, 26, 5),
(44021, 720, 83, 27, 5),
(44022, 720, 83, 28, 3),
(44023, 720, 83, 29, 4),
(44024, 720, 83, 30, 5),
(44025, 720, 83, 31, 5),
(44026, 720, 83, 32, 5),
(44027, 720, 83, 33, 5),
(44028, 720, 83, 34, 5),
(44029, 720, 83, 35, 4),
(44030, 720, 83, 36, 4),
(44031, 720, 83, 37, 5),
(44032, 720, 83, 38, 4),
(44033, 720, 83, 39, 4),
(44034, 720, 83, 40, 5),
(44035, 720, 83, 41, 5),
(44036, 720, 83, 42, 4),
(44037, 720, 83, 43, 5),
(44038, 720, 83, 44, 5),
(44039, 720, 83, 45, 5),
(44040, 720, 83, 46, 5),
(44041, 720, 83, 47, 5),
(44042, 720, 83, 48, 4),
(44043, 720, 83, 49, 5),
(44044, 720, 83, 50, 4),
(44045, 720, 83, 51, 4),
(44046, 720, 83, 52, 3),
(44047, 720, 83, 53, 5),
(44048, 720, 83, 54, 4),
(44049, 720, 83, 55, 4),
(44050, 720, 83, 56, 4),
(44051, 720, 83, 57, 4),
(44052, 720, 83, 58, 4),
(44053, 720, 83, 59, 5),
(44054, 720, 83, 60, 4),
(44055, 720, 83, 61, 5),
(44056, 720, 83, 62, 5),
(44057, 720, 83, 63, 5),
(44058, 720, 83, 64, 5),
(44059, 721, 423, 23, 5),
(44060, 721, 423, 24, 5),
(44061, 721, 423, 25, 4),
(44062, 721, 423, 26, 5),
(44063, 721, 423, 27, 4),
(44064, 721, 423, 28, 3),
(44065, 721, 423, 29, 5),
(44066, 721, 423, 30, 5),
(44067, 721, 423, 31, 4),
(44068, 721, 423, 32, 5),
(44069, 721, 423, 33, 5),
(44070, 721, 423, 34, 5),
(44071, 721, 423, 35, 3),
(44072, 721, 423, 36, 4),
(44073, 721, 423, 37, 4),
(44074, 721, 423, 38, 3),
(44075, 721, 423, 39, 4),
(44076, 721, 423, 40, 5),
(44077, 721, 423, 41, 4),
(44078, 721, 423, 42, 4),
(44079, 721, 423, 43, 5),
(44080, 721, 423, 44, 5),
(44081, 721, 423, 45, 5),
(44082, 721, 423, 46, 4),
(44083, 721, 423, 47, 5),
(44084, 721, 423, 48, 5),
(44085, 721, 423, 49, 4),
(44086, 721, 423, 50, 4),
(44087, 721, 423, 51, 4),
(44088, 721, 423, 52, 4),
(44089, 721, 423, 53, 3),
(44090, 721, 423, 54, 3),
(44091, 721, 423, 55, 5),
(44092, 721, 423, 56, 4),
(44093, 721, 423, 57, 3),
(44094, 721, 423, 58, 4),
(44095, 721, 423, 59, 4),
(44096, 721, 423, 60, 5),
(44097, 721, 423, 61, 4),
(44098, 721, 423, 62, 5),
(44099, 721, 423, 63, 5),
(44100, 721, 423, 64, 5),
(44101, 722, 29, 23, 5),
(44102, 722, 29, 24, 5),
(44103, 722, 29, 25, 4),
(44104, 722, 29, 26, 3),
(44105, 722, 29, 27, 4),
(44106, 722, 29, 28, 3),
(44107, 722, 29, 29, 4),
(44108, 722, 29, 30, 4),
(44109, 722, 29, 31, 4),
(44110, 722, 29, 32, 2),
(44111, 722, 29, 33, 3),
(44112, 722, 29, 34, 4),
(44113, 722, 29, 35, 4),
(44114, 722, 29, 36, 3),
(44115, 722, 29, 37, 4),
(44116, 722, 29, 38, 4),
(44117, 722, 29, 39, 4),
(44118, 722, 29, 40, 5),
(44119, 722, 29, 41, 4),
(44120, 722, 29, 42, 4),
(44121, 722, 29, 43, 5),
(44122, 722, 29, 44, 4),
(44123, 722, 29, 45, 4),
(44124, 722, 29, 46, 4),
(44125, 722, 29, 47, 4),
(44126, 722, 29, 48, 5),
(44127, 722, 29, 49, 5),
(44128, 722, 29, 50, 4),
(44129, 722, 29, 51, 4),
(44130, 722, 29, 52, 5),
(44131, 722, 29, 53, 3),
(44132, 722, 29, 54, 4),
(44133, 722, 29, 55, 5),
(44134, 722, 29, 56, 4),
(44135, 722, 29, 57, 4),
(44136, 722, 29, 58, 4),
(44137, 722, 29, 59, 5),
(44138, 722, 29, 60, 4),
(44139, 722, 29, 61, 5),
(44140, 722, 29, 62, 4),
(44141, 722, 29, 63, 5),
(44142, 722, 29, 64, 4),
(44143, 723, 437, 23, 5),
(44144, 723, 437, 24, 5),
(44145, 723, 437, 25, 5),
(44146, 723, 437, 26, 5),
(44147, 723, 437, 27, 5),
(44148, 723, 437, 28, 5),
(44149, 723, 437, 29, 5),
(44150, 723, 437, 30, 5),
(44151, 723, 437, 31, 5),
(44152, 723, 437, 32, 5),
(44153, 723, 437, 33, 5),
(44154, 723, 437, 34, 5),
(44155, 723, 437, 35, 5),
(44156, 723, 437, 36, 5),
(44157, 723, 437, 37, 5),
(44158, 723, 437, 38, 5),
(44159, 723, 437, 39, 5),
(44160, 723, 437, 40, 5),
(44161, 723, 437, 41, 5),
(44162, 723, 437, 42, 5),
(44163, 723, 437, 43, 5),
(44164, 723, 437, 44, 5),
(44165, 723, 437, 45, 5),
(44166, 723, 437, 46, 5),
(44167, 723, 437, 47, 5),
(44168, 723, 437, 48, 5),
(44169, 723, 437, 49, 5),
(44170, 723, 437, 50, 4),
(44171, 723, 437, 51, 4),
(44172, 723, 437, 52, 5),
(44173, 723, 437, 53, 4),
(44174, 723, 437, 54, 4),
(44175, 723, 437, 55, 5),
(44176, 723, 437, 56, 5),
(44177, 723, 437, 57, 5),
(44178, 723, 437, 58, 5),
(44179, 723, 437, 59, 5),
(44180, 723, 437, 60, 5),
(44181, 723, 437, 61, 5),
(44182, 723, 437, 62, 5),
(44183, 723, 437, 63, 5),
(44184, 723, 437, 64, 5),
(44185, 724, 92, 23, 5),
(44186, 724, 92, 24, 5),
(44187, 724, 92, 25, 4),
(44188, 724, 92, 26, 4),
(44189, 724, 92, 27, 4),
(44190, 724, 92, 28, 5),
(44191, 724, 92, 29, 4),
(44192, 724, 92, 30, 5),
(44193, 724, 92, 31, 4),
(44194, 724, 92, 32, 4),
(44195, 724, 92, 33, 4),
(44196, 724, 92, 34, 5),
(44197, 724, 92, 35, 4),
(44198, 724, 92, 36, 5),
(44199, 724, 92, 37, 4),
(44200, 724, 92, 38, 4),
(44201, 724, 92, 39, 5),
(44202, 724, 92, 40, 5),
(44203, 724, 92, 41, 4),
(44204, 724, 92, 42, 4),
(44205, 724, 92, 43, 5),
(44206, 724, 92, 44, 5),
(44207, 724, 92, 45, 5),
(44208, 724, 92, 46, 5),
(44209, 724, 92, 47, 4),
(44210, 724, 92, 48, 5),
(44211, 724, 92, 49, 4),
(44212, 724, 92, 50, 4),
(44213, 724, 92, 51, 4),
(44214, 724, 92, 52, 5),
(44215, 724, 92, 53, 5),
(44216, 724, 92, 54, 4),
(44217, 724, 92, 55, 5),
(44218, 724, 92, 56, 4),
(44219, 724, 92, 57, 4),
(44220, 724, 92, 58, 5),
(44221, 724, 92, 59, 5),
(44222, 724, 92, 60, 4),
(44223, 724, 92, 61, 4),
(44224, 724, 92, 62, 5),
(44225, 724, 92, 63, 5),
(44226, 724, 92, 64, 5),
(44227, 725, 424, 23, 5),
(44228, 725, 424, 24, 4),
(44229, 725, 424, 25, 5),
(44230, 725, 424, 26, 5),
(44231, 725, 424, 27, 5),
(44232, 725, 424, 28, 5),
(44233, 725, 424, 29, 4),
(44234, 725, 424, 30, 5),
(44235, 725, 424, 31, 5),
(44236, 725, 424, 32, 5),
(44237, 725, 424, 33, 5),
(44238, 725, 424, 34, 5),
(44239, 725, 424, 35, 5),
(44240, 725, 424, 36, 5),
(44241, 725, 424, 37, 5),
(44242, 725, 424, 38, 5),
(44243, 725, 424, 39, 5),
(44244, 725, 424, 40, 5),
(44245, 725, 424, 41, 5),
(44246, 725, 424, 42, 5),
(44247, 725, 424, 43, 5),
(44248, 725, 424, 44, 5),
(44249, 725, 424, 45, 5),
(44250, 725, 424, 46, 5),
(44251, 725, 424, 47, 5),
(44252, 725, 424, 48, 5),
(44253, 725, 424, 49, 5),
(44254, 725, 424, 50, 5),
(44255, 725, 424, 51, 5),
(44256, 725, 424, 52, 5),
(44257, 725, 424, 53, 5),
(44258, 725, 424, 54, 5),
(44259, 725, 424, 55, 5),
(44260, 725, 424, 56, 5),
(44261, 725, 424, 57, 5),
(44262, 725, 424, 58, 5),
(44263, 725, 424, 59, 5),
(44264, 725, 424, 60, 5),
(44265, 725, 424, 61, 5),
(44266, 725, 424, 62, 5),
(44267, 725, 424, 63, 5),
(44268, 725, 424, 64, 5),
(44269, 726, 50, 23, 4),
(44270, 726, 50, 24, 5),
(44271, 726, 50, 25, 3),
(44272, 726, 50, 26, 4),
(44273, 726, 50, 27, 3),
(44274, 726, 50, 28, 5),
(44275, 726, 50, 29, 5),
(44276, 726, 50, 30, 5),
(44277, 726, 50, 31, 3),
(44278, 726, 50, 32, 4),
(44279, 726, 50, 33, 3),
(44280, 726, 50, 34, 4),
(44281, 726, 50, 35, 4),
(44282, 726, 50, 36, 4),
(44283, 726, 50, 37, 3),
(44284, 726, 50, 38, 4),
(44285, 726, 50, 39, 5),
(44286, 726, 50, 40, 5),
(44287, 726, 50, 41, 4),
(44288, 726, 50, 42, 4),
(44289, 726, 50, 43, 4),
(44290, 726, 50, 44, 5),
(44291, 726, 50, 45, 5),
(44292, 726, 50, 46, 4),
(44293, 726, 50, 47, 4),
(44294, 726, 50, 48, 4),
(44295, 726, 50, 49, 3),
(44296, 726, 50, 50, 4),
(44297, 726, 50, 51, 4),
(44298, 726, 50, 52, 4),
(44299, 726, 50, 53, 5),
(44300, 726, 50, 54, 3),
(44301, 726, 50, 55, 3),
(44302, 726, 50, 56, 4),
(44303, 726, 50, 57, 4),
(44304, 726, 50, 58, 4),
(44305, 726, 50, 59, 3),
(44306, 726, 50, 60, 3),
(44307, 726, 50, 61, 3),
(44308, 726, 50, 62, 3),
(44309, 726, 50, 63, 3),
(44310, 726, 50, 64, 3),
(44353, 727, 19, 23, 4),
(44354, 727, 19, 24, 3),
(44355, 727, 19, 25, 4),
(44356, 727, 19, 26, 5),
(44357, 727, 19, 27, 4),
(44358, 727, 19, 28, 3),
(44359, 727, 19, 29, 5),
(44360, 727, 19, 30, 4),
(44361, 727, 19, 31, 4),
(44362, 727, 19, 32, 4),
(44363, 727, 19, 33, 4),
(44364, 727, 19, 34, 4),
(44365, 727, 19, 35, 4),
(44366, 727, 19, 36, 4),
(44367, 727, 19, 37, 4),
(44368, 727, 19, 38, 4),
(44369, 727, 19, 39, 4),
(44370, 727, 19, 40, 4),
(44371, 727, 19, 41, 5),
(44372, 727, 19, 42, 4),
(44373, 727, 19, 43, 4),
(44374, 727, 19, 44, 5),
(44375, 727, 19, 45, 5),
(44376, 727, 19, 46, 4),
(44377, 727, 19, 47, 4),
(44378, 727, 19, 48, 4),
(44379, 727, 19, 49, 5),
(44380, 727, 19, 50, 4),
(44381, 727, 19, 51, 4),
(44382, 727, 19, 52, 4),
(44383, 727, 19, 53, 4),
(44384, 727, 19, 54, 4),
(44385, 727, 19, 55, 4),
(44386, 727, 19, 56, 4),
(44387, 727, 19, 57, 4),
(44388, 727, 19, 58, 4),
(44389, 727, 19, 59, 4),
(44390, 727, 19, 60, 4),
(44391, 727, 19, 61, 4),
(44392, 727, 19, 62, 4),
(44393, 727, 19, 63, 4),
(44394, 727, 19, 64, 4),
(44395, 728, 43, 23, 5),
(44396, 728, 43, 24, 4),
(44397, 728, 43, 25, 5),
(44398, 728, 43, 26, 5),
(44399, 728, 43, 27, 4),
(44400, 728, 43, 28, 4),
(44401, 728, 43, 29, 5),
(44402, 728, 43, 30, 4),
(44403, 728, 43, 31, 5),
(44404, 728, 43, 32, 5),
(44405, 728, 43, 33, 5),
(44406, 728, 43, 34, 5),
(44407, 728, 43, 35, 4),
(44408, 728, 43, 36, 5),
(44409, 728, 43, 37, 5),
(44410, 728, 43, 38, 4),
(44411, 728, 43, 39, 5),
(44412, 728, 43, 40, 5),
(44413, 728, 43, 41, 5),
(44414, 728, 43, 42, 5),
(44415, 728, 43, 43, 5),
(44416, 728, 43, 44, 5),
(44417, 728, 43, 45, 5),
(44418, 728, 43, 46, 5),
(44419, 728, 43, 47, 5),
(44420, 728, 43, 48, 5),
(44421, 728, 43, 49, 4),
(44422, 728, 43, 50, 4),
(44423, 728, 43, 51, 4),
(44424, 728, 43, 52, 5),
(44425, 728, 43, 53, 5),
(44426, 728, 43, 54, 4),
(44427, 728, 43, 55, 5),
(44428, 728, 43, 56, 5),
(44429, 728, 43, 57, 5),
(44430, 728, 43, 58, 5),
(44431, 728, 43, 59, 5),
(44432, 728, 43, 60, 3),
(44433, 728, 43, 61, 4),
(44434, 728, 43, 62, 5),
(44435, 728, 43, 63, 4),
(44436, 728, 43, 64, 5),
(44437, 729, 419, 23, 5),
(44438, 729, 419, 24, 5),
(44439, 729, 419, 25, 5),
(44440, 729, 419, 26, 5),
(44441, 729, 419, 27, 5),
(44442, 729, 419, 28, 5),
(44443, 729, 419, 29, 4),
(44444, 729, 419, 30, 5),
(44445, 729, 419, 31, 5),
(44446, 729, 419, 32, 5),
(44447, 729, 419, 33, 5),
(44448, 729, 419, 34, 5),
(44449, 729, 419, 35, 3),
(44450, 729, 419, 36, 3),
(44451, 729, 419, 37, 5),
(44452, 729, 419, 38, 4),
(44453, 729, 419, 39, 5),
(44454, 729, 419, 40, 4),
(44455, 729, 419, 41, 5),
(44456, 729, 419, 42, 4),
(44457, 729, 419, 43, 5),
(44458, 729, 419, 44, 5),
(44459, 729, 419, 45, 5),
(44460, 729, 419, 46, 5),
(44461, 729, 419, 47, 5),
(44462, 729, 419, 48, 5),
(44463, 729, 419, 49, 4),
(44464, 729, 419, 50, 3),
(44465, 729, 419, 51, 3),
(44466, 729, 419, 52, 4),
(44467, 729, 419, 53, 5),
(44468, 729, 419, 54, 3),
(44469, 729, 419, 55, 5),
(44470, 729, 419, 56, 4),
(44471, 729, 419, 57, 4),
(44472, 729, 419, 58, 5),
(44473, 729, 419, 59, 5),
(44474, 729, 419, 60, 5),
(44475, 729, 419, 61, 4),
(44476, 729, 419, 62, 5),
(44477, 729, 419, 63, 4),
(44478, 729, 419, 64, 5),
(44479, 730, 446, 23, 5),
(44480, 730, 446, 24, 4),
(44481, 730, 446, 25, 4),
(44482, 730, 446, 26, 5),
(44483, 730, 446, 27, 5),
(44484, 730, 446, 28, 5),
(44485, 730, 446, 29, 5),
(44486, 730, 446, 30, 5),
(44487, 730, 446, 31, 5),
(44488, 730, 446, 32, 4),
(44489, 730, 446, 33, 5),
(44490, 730, 446, 34, 5),
(44491, 730, 446, 35, 5),
(44492, 730, 446, 36, 4),
(44493, 730, 446, 37, 5),
(44494, 730, 446, 38, 4),
(44495, 730, 446, 39, 4),
(44496, 730, 446, 40, 4),
(44497, 730, 446, 41, 5),
(44498, 730, 446, 42, 4),
(44499, 730, 446, 43, 4),
(44500, 730, 446, 44, 5),
(44501, 730, 446, 45, 5),
(44502, 730, 446, 46, 4),
(44503, 730, 446, 47, 4),
(44504, 730, 446, 48, 5),
(44505, 730, 446, 49, 4),
(44506, 730, 446, 50, 4),
(44507, 730, 446, 51, 5),
(44508, 730, 446, 52, 4),
(44509, 730, 446, 53, 5),
(44510, 730, 446, 54, 4),
(44511, 730, 446, 55, 4),
(44512, 730, 446, 56, 4),
(44513, 730, 446, 57, 4),
(44514, 730, 446, 58, 5),
(44515, 730, 446, 59, 5),
(44516, 730, 446, 60, 5),
(44517, 730, 446, 61, 1),
(44518, 730, 446, 62, 4),
(44519, 730, 446, 63, 5),
(44520, 730, 446, 64, 4),
(44563, 732, 91, 23, 4),
(44564, 732, 91, 24, 4),
(44565, 732, 91, 25, 4),
(44566, 732, 91, 26, 4),
(44567, 732, 91, 27, 4),
(44568, 732, 91, 28, 4),
(44569, 732, 91, 29, 5),
(44570, 732, 91, 30, 4),
(44571, 732, 91, 31, 4),
(44572, 732, 91, 32, 3),
(44573, 732, 91, 33, 4),
(44574, 732, 91, 34, 4),
(44575, 732, 91, 35, 4),
(44576, 732, 91, 36, 5),
(44577, 732, 91, 37, 4),
(44578, 732, 91, 38, 4),
(44579, 732, 91, 39, 5),
(44580, 732, 91, 40, 5),
(44581, 732, 91, 41, 5),
(44582, 732, 91, 42, 4),
(44583, 732, 91, 43, 4),
(44584, 732, 91, 44, 5),
(44585, 732, 91, 45, 5),
(44586, 732, 91, 46, 4),
(44587, 732, 91, 47, 4),
(44588, 732, 91, 48, 4),
(44589, 732, 91, 49, 3),
(44590, 732, 91, 50, 3),
(44591, 732, 91, 51, 3),
(44592, 732, 91, 52, 3),
(44593, 732, 91, 53, 4),
(44594, 732, 91, 54, 3),
(44595, 732, 91, 55, 3),
(44596, 732, 91, 56, 2),
(44597, 732, 91, 57, 3),
(44598, 732, 91, 58, 4),
(44599, 732, 91, 59, 3),
(44600, 732, 91, 60, 3),
(44601, 732, 91, 61, 4),
(44602, 732, 91, 62, 4),
(44603, 732, 91, 63, 3),
(44604, 732, 91, 64, 4),
(44605, 731, 98, 23, 4),
(44606, 731, 98, 24, 4),
(44607, 731, 98, 25, 4),
(44608, 731, 98, 26, 5),
(44609, 731, 98, 27, 4),
(44610, 731, 98, 28, 4),
(44611, 731, 98, 29, 4),
(44612, 731, 98, 30, 4),
(44613, 731, 98, 31, 3),
(44614, 731, 98, 32, 4),
(44615, 731, 98, 33, 4),
(44616, 731, 98, 34, 3),
(44617, 731, 98, 35, 5),
(44618, 731, 98, 36, 5),
(44619, 731, 98, 37, 5),
(44620, 731, 98, 38, 5),
(44621, 731, 98, 39, 5),
(44622, 731, 98, 40, 5),
(44623, 731, 98, 41, 5),
(44624, 731, 98, 42, 5),
(44625, 731, 98, 43, 3),
(44626, 731, 98, 44, 5),
(44627, 731, 98, 45, 5),
(44628, 731, 98, 46, 4),
(44629, 731, 98, 47, 4),
(44630, 731, 98, 48, 5),
(44631, 731, 98, 49, 4),
(44632, 731, 98, 50, 5),
(44633, 731, 98, 51, 5),
(44634, 731, 98, 52, 3),
(44635, 731, 98, 53, 4),
(44636, 731, 98, 54, 5),
(44637, 731, 98, 55, 5),
(44638, 731, 98, 56, 5),
(44639, 731, 98, 57, 4),
(44640, 731, 98, 58, 4),
(44641, 731, 98, 59, 3),
(44642, 731, 98, 60, 4),
(44643, 731, 98, 61, 3),
(44644, 731, 98, 62, 4),
(44645, 731, 98, 63, 4),
(44646, 731, 98, 64, 4),
(44689, 733, 105, 23, 4),
(44690, 733, 105, 24, 4),
(44691, 733, 105, 25, 4),
(44692, 733, 105, 26, 4),
(44693, 733, 105, 27, 4),
(44694, 733, 105, 28, 4),
(44695, 733, 105, 29, 4),
(44696, 733, 105, 30, 4),
(44697, 733, 105, 31, 4),
(44698, 733, 105, 32, 4),
(44699, 733, 105, 33, 4),
(44700, 733, 105, 34, 4),
(44701, 733, 105, 35, 4),
(44702, 733, 105, 36, 4),
(44703, 733, 105, 37, 4),
(44704, 733, 105, 38, 4),
(44705, 733, 105, 39, 4),
(44706, 733, 105, 40, 4),
(44707, 733, 105, 41, 4),
(44708, 733, 105, 42, 4),
(44709, 733, 105, 43, 4),
(44710, 733, 105, 44, 4),
(44711, 733, 105, 45, 4),
(44712, 733, 105, 46, 4),
(44713, 733, 105, 47, 4),
(44714, 733, 105, 48, 4),
(44715, 733, 105, 49, 4),
(44716, 733, 105, 50, 4),
(44717, 733, 105, 51, 4),
(44718, 733, 105, 52, 4),
(44719, 733, 105, 53, 4),
(44720, 733, 105, 54, 4),
(44721, 733, 105, 55, 4),
(44722, 733, 105, 56, 4),
(44723, 733, 105, 57, 4),
(44724, 733, 105, 58, 4),
(44725, 733, 105, 59, 4),
(44726, 733, 105, 60, 4),
(44727, 733, 105, 61, 4),
(44728, 733, 105, 62, 4),
(44729, 733, 105, 63, 4),
(44730, 733, 105, 64, 4),
(44731, 734, 74, 23, 4),
(44732, 734, 74, 24, 4),
(44733, 734, 74, 25, 4),
(44734, 734, 74, 26, 4),
(44735, 734, 74, 27, 4),
(44736, 734, 74, 28, 4),
(44737, 734, 74, 29, 4),
(44738, 734, 74, 30, 4),
(44739, 734, 74, 31, 4),
(44740, 734, 74, 32, 4),
(44741, 734, 74, 33, 3),
(44742, 734, 74, 34, 4),
(44743, 734, 74, 35, 3),
(44744, 734, 74, 36, 4),
(44745, 734, 74, 37, 3),
(44746, 734, 74, 38, 4),
(44747, 734, 74, 39, 4),
(44748, 734, 74, 40, 4),
(44749, 734, 74, 41, 4),
(44750, 734, 74, 42, 4),
(44751, 734, 74, 43, 4),
(44752, 734, 74, 44, 4),
(44753, 734, 74, 45, 4),
(44754, 734, 74, 46, 4),
(44755, 734, 74, 47, 4),
(44756, 734, 74, 48, 4),
(44757, 734, 74, 49, 4),
(44758, 734, 74, 50, 4),
(44759, 734, 74, 51, 4),
(44760, 734, 74, 52, 4),
(44761, 734, 74, 53, 4),
(44762, 734, 74, 54, 4),
(44763, 734, 74, 55, 4),
(44764, 734, 74, 56, 4),
(44765, 734, 74, 57, 4),
(44766, 734, 74, 58, 4),
(44767, 734, 74, 59, 4),
(44768, 734, 74, 60, 4),
(44769, 734, 74, 61, 4),
(44770, 734, 74, 62, 4),
(44771, 734, 74, 63, 4),
(44772, 734, 74, 64, 4),
(44773, 735, 80, 23, 5),
(44774, 735, 80, 24, 5),
(44775, 735, 80, 25, 5),
(44776, 735, 80, 26, 5),
(44777, 735, 80, 27, 5),
(44778, 735, 80, 28, 5),
(44779, 735, 80, 29, 4),
(44780, 735, 80, 30, 5),
(44781, 735, 80, 31, 5),
(44782, 735, 80, 32, 5),
(44783, 735, 80, 33, 5),
(44784, 735, 80, 34, 5),
(44785, 735, 80, 35, 5),
(44786, 735, 80, 36, 5),
(44787, 735, 80, 37, 5),
(44788, 735, 80, 38, 4),
(44789, 735, 80, 39, 5),
(44790, 735, 80, 40, 5),
(44791, 735, 80, 41, 5),
(44792, 735, 80, 42, 4),
(44793, 735, 80, 43, 4),
(44794, 735, 80, 44, 5),
(44795, 735, 80, 45, 5),
(44796, 735, 80, 46, 5),
(44797, 735, 80, 47, 5),
(44798, 735, 80, 48, 4),
(44799, 735, 80, 49, 4),
(44800, 735, 80, 50, 4),
(44801, 735, 80, 51, 4),
(44802, 735, 80, 52, 5),
(44803, 735, 80, 53, 5),
(44804, 735, 80, 54, 5),
(44805, 735, 80, 55, 5),
(44806, 735, 80, 56, 5),
(44807, 735, 80, 57, 5),
(44808, 735, 80, 58, 5),
(44809, 735, 80, 59, 5),
(44810, 735, 80, 60, 5),
(44811, 735, 80, 61, 4),
(44812, 735, 80, 62, 4),
(44813, 735, 80, 63, 5),
(44814, 735, 80, 64, 4),
(44815, 736, 100, 23, 5),
(44816, 736, 100, 24, 5),
(44817, 736, 100, 25, 5),
(44818, 736, 100, 26, 5),
(44819, 736, 100, 27, 5),
(44820, 736, 100, 28, 4),
(44821, 736, 100, 29, 5),
(44822, 736, 100, 30, 5),
(44823, 736, 100, 31, 5),
(44824, 736, 100, 32, 5),
(44825, 736, 100, 33, 5),
(44826, 736, 100, 34, 5),
(44827, 736, 100, 35, 5),
(44828, 736, 100, 36, 5),
(44829, 736, 100, 37, 5),
(44830, 736, 100, 38, 5),
(44831, 736, 100, 39, 5),
(44832, 736, 100, 40, 5),
(44833, 736, 100, 41, 5),
(44834, 736, 100, 42, 5),
(44835, 736, 100, 43, 5),
(44836, 736, 100, 44, 5),
(44837, 736, 100, 45, 5),
(44838, 736, 100, 46, 5),
(44839, 736, 100, 47, 5),
(44840, 736, 100, 48, 5),
(44841, 736, 100, 49, 5),
(44842, 736, 100, 50, 5),
(44843, 736, 100, 51, 5),
(44844, 736, 100, 52, 5),
(44845, 736, 100, 53, 5),
(44846, 736, 100, 54, 5),
(44847, 736, 100, 55, 5),
(44848, 736, 100, 56, 5),
(44849, 736, 100, 57, 5),
(44850, 736, 100, 58, 5),
(44851, 736, 100, 59, 5),
(44852, 736, 100, 60, 5),
(44853, 736, 100, 61, 3),
(44854, 736, 100, 62, 5),
(44855, 736, 100, 63, 5),
(44856, 736, 100, 64, 5),
(44857, 737, 440, 23, 4),
(44858, 737, 440, 24, 4),
(44859, 737, 440, 25, 4),
(44860, 737, 440, 26, 4),
(44861, 737, 440, 27, 4),
(44862, 737, 440, 28, 4),
(44863, 737, 440, 29, 4),
(44864, 737, 440, 30, 4),
(44865, 737, 440, 31, 4),
(44866, 737, 440, 32, 4),
(44867, 737, 440, 33, 4),
(44868, 737, 440, 34, 4),
(44869, 737, 440, 35, 4),
(44870, 737, 440, 36, 4),
(44871, 737, 440, 37, 4),
(44872, 737, 440, 38, 4),
(44873, 737, 440, 39, 4),
(44874, 737, 440, 40, 4),
(44875, 737, 440, 41, 4),
(44876, 737, 440, 42, 3),
(44877, 737, 440, 43, 4),
(44878, 737, 440, 44, 5),
(44879, 737, 440, 45, 5),
(44880, 737, 440, 46, 4),
(44881, 737, 440, 47, 4),
(44882, 737, 440, 48, 4),
(44883, 737, 440, 49, 4),
(44884, 737, 440, 50, 3),
(44885, 737, 440, 51, 3),
(44886, 737, 440, 52, 4),
(44887, 737, 440, 53, 5),
(44888, 737, 440, 54, 2),
(44889, 737, 440, 55, 4),
(44890, 737, 440, 56, 4),
(44891, 737, 440, 57, 5),
(44892, 737, 440, 58, 4),
(44893, 737, 440, 59, 4),
(44894, 737, 440, 60, 3),
(44895, 737, 440, 61, 3),
(44896, 737, 440, 62, 3),
(44897, 737, 440, 63, 4),
(44898, 737, 440, 64, 3),
(44941, 738, 452, 23, 5),
(44942, 738, 452, 24, 4),
(44943, 738, 452, 25, 5),
(44944, 738, 452, 26, 5),
(44945, 738, 452, 27, 4),
(44946, 738, 452, 28, 4),
(44947, 738, 452, 29, 5),
(44948, 738, 452, 30, 5),
(44949, 738, 452, 31, 5),
(44950, 738, 452, 32, 4),
(44951, 738, 452, 33, 5),
(44952, 738, 452, 34, 5),
(44953, 738, 452, 35, 4),
(44954, 738, 452, 36, 4),
(44955, 738, 452, 37, 5),
(44956, 738, 452, 38, 4),
(44957, 738, 452, 39, 5),
(44958, 738, 452, 40, 5),
(44959, 738, 452, 41, 3),
(44960, 738, 452, 42, 3),
(44961, 738, 452, 43, 5),
(44962, 738, 452, 44, 5),
(44963, 738, 452, 45, 5),
(44964, 738, 452, 46, 4),
(44965, 738, 452, 47, 4),
(44966, 738, 452, 48, 5),
(44967, 738, 452, 49, 5),
(44968, 738, 452, 50, 3),
(44969, 738, 452, 51, 4),
(44970, 738, 452, 52, 5),
(44971, 738, 452, 53, 5),
(44972, 738, 452, 54, 4),
(44973, 738, 452, 55, 4),
(44974, 738, 452, 56, 4),
(44975, 738, 452, 57, 4),
(44976, 738, 452, 58, 4),
(44977, 738, 452, 59, 4),
(44978, 738, 452, 60, 5),
(44979, 738, 452, 61, 5),
(44980, 738, 452, 62, 5),
(44981, 738, 452, 63, 5),
(44982, 738, 452, 64, 5),
(44983, 739, 421, 23, 4),
(44984, 739, 421, 24, 5),
(44985, 739, 421, 25, 4),
(44986, 739, 421, 26, 5),
(44987, 739, 421, 27, 5),
(44988, 739, 421, 28, 4),
(44989, 739, 421, 29, 4),
(44990, 739, 421, 30, 4),
(44991, 739, 421, 31, 3),
(44992, 739, 421, 32, 4),
(44993, 739, 421, 33, 5),
(44994, 739, 421, 34, 5),
(44995, 739, 421, 35, 5),
(44996, 739, 421, 36, 4),
(44997, 739, 421, 37, 5),
(44998, 739, 421, 38, 4),
(44999, 739, 421, 39, 5),
(45000, 739, 421, 40, 5),
(45001, 739, 421, 41, 5),
(45002, 739, 421, 42, 4),
(45003, 739, 421, 43, 5),
(45004, 739, 421, 44, 5),
(45005, 739, 421, 45, 5),
(45006, 739, 421, 46, 4),
(45007, 739, 421, 47, 5),
(45008, 739, 421, 48, 5),
(45009, 739, 421, 49, 5),
(45010, 739, 421, 50, 5),
(45011, 739, 421, 51, 4),
(45012, 739, 421, 52, 5),
(45013, 739, 421, 53, 5),
(45014, 739, 421, 54, 3),
(45015, 739, 421, 55, 5),
(45016, 739, 421, 56, 5),
(45017, 739, 421, 57, 4),
(45018, 739, 421, 58, 5),
(45019, 739, 421, 59, 5),
(45020, 739, 421, 60, 5),
(45021, 739, 421, 61, 2),
(45022, 739, 421, 62, 5),
(45023, 739, 421, 63, 5),
(45024, 739, 421, 64, 5),
(45025, 740, 44, 23, 5),
(45026, 740, 44, 24, 5),
(45027, 740, 44, 25, 5),
(45028, 740, 44, 26, 5),
(45029, 740, 44, 27, 5),
(45030, 740, 44, 28, 4),
(45031, 740, 44, 29, 5),
(45032, 740, 44, 30, 5),
(45033, 740, 44, 31, 5),
(45034, 740, 44, 32, 5),
(45035, 740, 44, 33, 5),
(45036, 740, 44, 34, 5),
(45037, 740, 44, 35, 5),
(45038, 740, 44, 36, 5),
(45039, 740, 44, 37, 5),
(45040, 740, 44, 38, 5),
(45041, 740, 44, 39, 5),
(45042, 740, 44, 40, 5),
(45043, 740, 44, 41, 5),
(45044, 740, 44, 42, 5),
(45045, 740, 44, 43, 5),
(45046, 740, 44, 44, 5),
(45047, 740, 44, 45, 5),
(45048, 740, 44, 46, 5),
(45049, 740, 44, 47, 5),
(45050, 740, 44, 48, 5),
(45051, 740, 44, 49, 4),
(45052, 740, 44, 50, 5),
(45053, 740, 44, 51, 5),
(45054, 740, 44, 52, 5),
(45055, 740, 44, 53, 5),
(45056, 740, 44, 54, 4),
(45057, 740, 44, 55, 5),
(45058, 740, 44, 56, 5),
(45059, 740, 44, 57, 5),
(45060, 740, 44, 58, 5),
(45061, 740, 44, 59, 5),
(45062, 740, 44, 60, 5),
(45063, 740, 44, 61, 2),
(45064, 740, 44, 62, 5),
(45065, 740, 44, 63, 5),
(45066, 740, 44, 64, 5),
(45067, 741, 104, 23, 4),
(45068, 741, 104, 24, 5),
(45069, 741, 104, 25, 5),
(45070, 741, 104, 26, 4),
(45071, 741, 104, 27, 5),
(45072, 741, 104, 28, 5),
(45073, 741, 104, 29, 5),
(45074, 741, 104, 30, 4),
(45075, 741, 104, 31, 5),
(45076, 741, 104, 32, 4),
(45077, 741, 104, 33, 5),
(45078, 741, 104, 34, 5),
(45079, 741, 104, 35, 4),
(45080, 741, 104, 36, 4),
(45081, 741, 104, 37, 5),
(45082, 741, 104, 38, 5),
(45083, 741, 104, 39, 5),
(45084, 741, 104, 40, 5),
(45085, 741, 104, 41, 5),
(45086, 741, 104, 42, 5),
(45087, 741, 104, 43, 4),
(45088, 741, 104, 44, 5),
(45089, 741, 104, 45, 5),
(45090, 741, 104, 46, 4),
(45091, 741, 104, 47, 4),
(45092, 741, 104, 48, 4),
(45093, 741, 104, 49, 4),
(45094, 741, 104, 50, 2),
(45095, 741, 104, 51, 3),
(45096, 741, 104, 52, 4),
(45097, 741, 104, 53, 4),
(45098, 741, 104, 54, 3),
(45099, 741, 104, 55, 2),
(45100, 741, 104, 56, 3),
(45101, 741, 104, 57, 1),
(45102, 741, 104, 58, 4),
(45103, 741, 104, 59, 4),
(45104, 741, 104, 60, 3),
(45105, 741, 104, 61, 4),
(45106, 741, 104, 62, 4),
(45107, 741, 104, 63, 3),
(45108, 741, 104, 64, 4),
(45193, 744, 64, 23, 5),
(45194, 744, 64, 24, 5),
(45195, 744, 64, 25, 5),
(45196, 744, 64, 26, 5),
(45197, 744, 64, 27, 5),
(45198, 744, 64, 28, 5),
(45199, 744, 64, 29, 5),
(45200, 744, 64, 30, 5),
(45201, 744, 64, 31, 5),
(45202, 744, 64, 32, 5),
(45203, 744, 64, 33, 5),
(45204, 744, 64, 34, 5),
(45205, 744, 64, 35, 5),
(45206, 744, 64, 36, 5),
(45207, 744, 64, 37, 5),
(45208, 744, 64, 38, 5),
(45209, 744, 64, 39, 5),
(45210, 744, 64, 40, 5),
(45211, 744, 64, 41, 5),
(45212, 744, 64, 42, 5),
(45213, 744, 64, 43, 5),
(45214, 744, 64, 44, 5),
(45215, 744, 64, 45, 5),
(45216, 744, 64, 46, 5),
(45217, 744, 64, 47, 5),
(45218, 744, 64, 48, 5),
(45219, 744, 64, 49, 5),
(45220, 744, 64, 50, 5),
(45221, 744, 64, 51, 5),
(45222, 744, 64, 52, 5),
(45223, 744, 64, 53, 5),
(45224, 744, 64, 54, 5),
(45225, 744, 64, 55, 5),
(45226, 744, 64, 56, 5),
(45227, 744, 64, 57, 5),
(45228, 744, 64, 58, 5),
(45229, 744, 64, 59, 5),
(45230, 744, 64, 60, 5),
(45231, 744, 64, 61, 5),
(45232, 744, 64, 62, 5),
(45233, 744, 64, 63, 5),
(45234, 744, 64, 64, 5),
(45235, 745, 69, 23, 5),
(45236, 745, 69, 24, 4),
(45237, 745, 69, 25, 4),
(45238, 745, 69, 26, 5),
(45239, 745, 69, 27, 5),
(45240, 745, 69, 28, 5),
(45241, 745, 69, 29, 5),
(45242, 745, 69, 30, 4),
(45243, 745, 69, 31, 5),
(45244, 745, 69, 32, 4),
(45245, 745, 69, 33, 5),
(45246, 745, 69, 34, 5),
(45247, 745, 69, 35, 5),
(45248, 745, 69, 36, 5),
(45249, 745, 69, 37, 5),
(45250, 745, 69, 38, 4),
(45251, 745, 69, 39, 5),
(45252, 745, 69, 40, 5),
(45253, 745, 69, 41, 5),
(45254, 745, 69, 42, 4),
(45255, 745, 69, 43, 5),
(45256, 745, 69, 44, 5),
(45257, 745, 69, 45, 5),
(45258, 745, 69, 46, 5),
(45259, 745, 69, 47, 4),
(45260, 745, 69, 48, 5),
(45261, 745, 69, 49, 4),
(45262, 745, 69, 50, 5),
(45263, 745, 69, 51, 5),
(45264, 745, 69, 52, 3),
(45265, 745, 69, 53, 5),
(45266, 745, 69, 54, 5),
(45267, 745, 69, 55, 5),
(45268, 745, 69, 56, 4),
(45269, 745, 69, 57, 5),
(45270, 745, 69, 58, 5),
(45271, 745, 69, 59, 4),
(45272, 745, 69, 60, 4),
(45273, 745, 69, 61, 5),
(45274, 745, 69, 62, 5),
(45275, 745, 69, 63, 5),
(45276, 745, 69, 64, 5),
(45277, 743, 58, 23, 4),
(45278, 743, 58, 24, 5),
(45279, 743, 58, 25, 5),
(45280, 743, 58, 26, 4),
(45281, 743, 58, 27, 4),
(45282, 743, 58, 28, 5),
(45283, 743, 58, 29, 5),
(45284, 743, 58, 30, 5),
(45285, 743, 58, 31, 4),
(45286, 743, 58, 32, 4),
(45287, 743, 58, 33, 4),
(45288, 743, 58, 34, 5),
(45289, 743, 58, 35, 4),
(45290, 743, 58, 36, 5),
(45291, 743, 58, 37, 4),
(45292, 743, 58, 38, 5),
(45293, 743, 58, 39, 5),
(45294, 743, 58, 40, 5),
(45295, 743, 58, 41, 5),
(45296, 743, 58, 42, 5),
(45297, 743, 58, 43, 4),
(45298, 743, 58, 44, 5),
(45299, 743, 58, 45, 5),
(45300, 743, 58, 46, 4),
(45301, 743, 58, 47, 5),
(45302, 743, 58, 48, 4),
(45303, 743, 58, 49, 3),
(45304, 743, 58, 50, 4),
(45305, 743, 58, 51, 4),
(45306, 743, 58, 52, 3),
(45307, 743, 58, 53, 5),
(45308, 743, 58, 54, 3),
(45309, 743, 58, 55, 3),
(45310, 743, 58, 56, 3),
(45311, 743, 58, 57, 4),
(45312, 743, 58, 58, 4),
(45313, 743, 58, 59, 4),
(45314, 743, 58, 60, 4),
(45315, 743, 58, 61, 4),
(45316, 743, 58, 62, 4),
(45317, 743, 58, 63, 4),
(45318, 743, 58, 64, 4),
(45361, 747, 617, 23, 4),
(45362, 747, 617, 24, 5),
(45363, 747, 617, 25, 5),
(45364, 747, 617, 26, 5),
(45365, 747, 617, 27, 5),
(45366, 747, 617, 28, 4),
(45367, 747, 617, 29, 5),
(45368, 747, 617, 30, 4),
(45369, 747, 617, 31, 5),
(45370, 747, 617, 32, 4),
(45371, 747, 617, 33, 5),
(45372, 747, 617, 34, 5),
(45373, 747, 617, 35, 4),
(45374, 747, 617, 36, 4),
(45375, 747, 617, 37, 4),
(45376, 747, 617, 38, 4),
(45377, 747, 617, 39, 4),
(45378, 747, 617, 40, 4),
(45379, 747, 617, 41, 4),
(45380, 747, 617, 42, 4),
(45381, 747, 617, 43, 4),
(45382, 747, 617, 44, 4),
(45383, 747, 617, 45, 4),
(45384, 747, 617, 46, 4),
(45385, 747, 617, 47, 4),
(45386, 747, 617, 48, 4),
(45387, 747, 617, 49, 4),
(45388, 747, 617, 50, 4),
(45389, 747, 617, 51, 4),
(45390, 747, 617, 52, 4),
(45391, 747, 617, 53, 4),
(45392, 747, 617, 54, 4),
(45393, 747, 617, 55, 4),
(45394, 747, 617, 56, 4),
(45395, 747, 617, 57, 4),
(45396, 747, 617, 58, 4),
(45397, 747, 617, 59, 4),
(45398, 747, 617, 60, 4),
(45399, 747, 617, 61, 4),
(45400, 747, 617, 62, 4),
(45401, 747, 617, 63, 4),
(45402, 747, 617, 64, 4),
(45487, 748, 57, 23, 5),
(45488, 748, 57, 24, 5),
(45489, 748, 57, 25, 5),
(45490, 748, 57, 26, 5),
(45491, 748, 57, 27, 5),
(45492, 748, 57, 28, 5),
(45493, 748, 57, 29, 5),
(45494, 748, 57, 30, 5),
(45495, 748, 57, 31, 5),
(45496, 748, 57, 32, 5),
(45497, 748, 57, 33, 5),
(45498, 748, 57, 34, 5),
(45499, 748, 57, 35, 4),
(45500, 748, 57, 36, 4),
(45501, 748, 57, 37, 5),
(45502, 748, 57, 38, 4),
(45503, 748, 57, 39, 5),
(45504, 748, 57, 40, 5),
(45505, 748, 57, 41, 5),
(45506, 748, 57, 42, 5),
(45507, 748, 57, 43, 4),
(45508, 748, 57, 44, 5),
(45509, 748, 57, 45, 5),
(45510, 748, 57, 46, 5),
(45511, 748, 57, 47, 5),
(45512, 748, 57, 48, 4),
(45513, 748, 57, 49, 4),
(45514, 748, 57, 50, 4),
(45515, 748, 57, 51, 4),
(45516, 748, 57, 52, 4),
(45517, 748, 57, 53, 4),
(45518, 748, 57, 54, 4),
(45519, 748, 57, 55, 4),
(45520, 748, 57, 56, 4),
(45521, 748, 57, 57, 4),
(45522, 748, 57, 58, 5),
(45523, 748, 57, 59, 5),
(45524, 748, 57, 60, 4),
(45525, 748, 57, 61, 4),
(45526, 748, 57, 62, 4),
(45527, 748, 57, 63, 4),
(45528, 748, 57, 64, 5),
(45571, 751, 590, 23, 5),
(45572, 751, 590, 24, 5),
(45573, 751, 590, 25, 5),
(45574, 751, 590, 26, 5),
(45575, 751, 590, 27, 4),
(45576, 751, 590, 28, 5),
(45577, 751, 590, 29, 5),
(45578, 751, 590, 30, 4),
(45579, 751, 590, 31, 5),
(45580, 751, 590, 32, 5),
(45581, 751, 590, 33, 5),
(45582, 751, 590, 34, 5),
(45583, 751, 590, 35, 5),
(45584, 751, 590, 36, 5),
(45585, 751, 590, 37, 5),
(45586, 751, 590, 38, 5),
(45587, 751, 590, 39, 5),
(45588, 751, 590, 40, 5),
(45589, 751, 590, 41, 5),
(45590, 751, 590, 42, 4),
(45591, 751, 590, 43, 5),
(45592, 751, 590, 44, 5),
(45593, 751, 590, 45, 4),
(45594, 751, 590, 46, 5),
(45595, 751, 590, 47, 5),
(45596, 751, 590, 48, 5),
(45597, 751, 590, 49, 5),
(45598, 751, 590, 50, 5),
(45599, 751, 590, 51, 5),
(45600, 751, 590, 52, 5),
(45601, 751, 590, 53, 5),
(45602, 751, 590, 54, 3),
(45603, 751, 590, 55, 5),
(45604, 751, 590, 56, 4),
(45605, 751, 590, 57, 2),
(45606, 751, 590, 58, 5),
(45607, 751, 590, 59, 5),
(45608, 751, 590, 60, 5),
(45609, 751, 590, 61, 1),
(45610, 751, 590, 62, 5),
(45611, 751, 590, 63, 5),
(45612, 751, 590, 64, 4),
(45613, 750, 687, 23, 4),
(45614, 750, 687, 24, 4),
(45615, 750, 687, 25, 5),
(45616, 750, 687, 26, 5),
(45617, 750, 687, 27, 4),
(45618, 750, 687, 28, 3),
(45619, 750, 687, 29, 4),
(45620, 750, 687, 30, 4),
(45621, 750, 687, 31, 3),
(45622, 750, 687, 32, 3),
(45623, 750, 687, 33, 3),
(45624, 750, 687, 34, 2),
(45625, 750, 687, 35, 3),
(45626, 750, 687, 36, 4),
(45627, 750, 687, 37, 4),
(45628, 750, 687, 38, 5),
(45629, 750, 687, 39, 4),
(45630, 750, 687, 40, 4),
(45631, 750, 687, 41, 4),
(45632, 750, 687, 42, 4),
(45633, 750, 687, 43, 2),
(45634, 750, 687, 44, 5),
(45635, 750, 687, 45, 5),
(45636, 750, 687, 46, 3),
(45637, 750, 687, 47, 3),
(45638, 750, 687, 48, 4),
(45639, 750, 687, 49, 4),
(45640, 750, 687, 50, 4),
(45641, 750, 687, 51, 5),
(45642, 750, 687, 52, 4),
(45643, 750, 687, 53, 4),
(45644, 750, 687, 54, 3),
(45645, 750, 687, 55, 4),
(45646, 750, 687, 56, 5),
(45647, 750, 687, 57, 4),
(45648, 750, 687, 58, 3),
(45649, 750, 687, 59, 3),
(45650, 750, 687, 60, 4),
(45651, 750, 687, 61, 4),
(45652, 750, 687, 62, 3),
(45653, 750, 687, 63, 4),
(45654, 750, 687, 64, 2),
(45655, 752, 522, 23, 5),
(45656, 752, 522, 24, 5),
(45657, 752, 522, 25, 5),
(45658, 752, 522, 26, 5),
(45659, 752, 522, 27, 4),
(45660, 752, 522, 28, 4),
(45661, 752, 522, 29, 4),
(45662, 752, 522, 30, 5),
(45663, 752, 522, 31, 5),
(45664, 752, 522, 32, 4),
(45665, 752, 522, 33, 4),
(45666, 752, 522, 34, 5),
(45667, 752, 522, 35, 3),
(45668, 752, 522, 36, 3),
(45669, 752, 522, 37, 5),
(45670, 752, 522, 38, 5),
(45671, 752, 522, 39, 4),
(45672, 752, 522, 40, 4),
(45673, 752, 522, 41, 4),
(45674, 752, 522, 42, 3),
(45675, 752, 522, 43, 2),
(45676, 752, 522, 44, 5),
(45677, 752, 522, 45, 4),
(45678, 752, 522, 46, 4),
(45679, 752, 522, 47, 4),
(45680, 752, 522, 48, 4),
(45681, 752, 522, 49, 4),
(45682, 752, 522, 50, 4),
(45683, 752, 522, 51, 4),
(45684, 752, 522, 52, 1),
(45685, 752, 522, 53, 4),
(45686, 752, 522, 54, 5),
(45687, 752, 522, 55, 3),
(45688, 752, 522, 56, 4),
(45689, 752, 522, 57, 2),
(45690, 752, 522, 58, 4),
(45691, 752, 522, 59, 4),
(45692, 752, 522, 60, 5),
(45693, 752, 522, 61, 4),
(45694, 752, 522, 62, 3),
(45695, 752, 522, 63, 4),
(45696, 752, 522, 64, 4),
(45697, 753, 95, 23, 5),
(45698, 753, 95, 24, 5),
(45699, 753, 95, 25, 5),
(45700, 753, 95, 26, 5),
(45701, 753, 95, 27, 5),
(45702, 753, 95, 28, 5),
(45703, 753, 95, 29, 5),
(45704, 753, 95, 30, 5),
(45705, 753, 95, 31, 5),
(45706, 753, 95, 32, 5),
(45707, 753, 95, 33, 5),
(45708, 753, 95, 34, 5),
(45709, 753, 95, 35, 5),
(45710, 753, 95, 36, 5),
(45711, 753, 95, 37, 5),
(45712, 753, 95, 38, 5),
(45713, 753, 95, 39, 5),
(45714, 753, 95, 40, 5),
(45715, 753, 95, 41, 5),
(45716, 753, 95, 42, 5),
(45717, 753, 95, 43, 5),
(45718, 753, 95, 44, 5),
(45719, 753, 95, 45, 5),
(45720, 753, 95, 46, 5),
(45721, 753, 95, 47, 5),
(45722, 753, 95, 48, 5),
(45723, 753, 95, 49, 5),
(45724, 753, 95, 50, 5),
(45725, 753, 95, 51, 5),
(45726, 753, 95, 52, 5),
(45727, 753, 95, 53, 5),
(45728, 753, 95, 54, 5),
(45729, 753, 95, 55, 5),
(45730, 753, 95, 56, 5),
(45731, 753, 95, 57, 5),
(45732, 753, 95, 58, 5),
(45733, 753, 95, 59, 5),
(45734, 753, 95, 60, 5),
(45735, 753, 95, 61, 5),
(45736, 753, 95, 62, 5),
(45737, 753, 95, 63, 5),
(45738, 753, 95, 64, 5),
(45739, 754, 699, 23, 5),
(45740, 754, 699, 24, 5),
(45741, 754, 699, 25, 5),
(45742, 754, 699, 26, 5),
(45743, 754, 699, 27, 5),
(45744, 754, 699, 28, 4),
(45745, 754, 699, 29, 5),
(45746, 754, 699, 30, 5),
(45747, 754, 699, 31, 5),
(45748, 754, 699, 32, 5),
(45749, 754, 699, 33, 5),
(45750, 754, 699, 34, 5),
(45751, 754, 699, 35, 4),
(45752, 754, 699, 36, 5),
(45753, 754, 699, 37, 5),
(45754, 754, 699, 38, 5),
(45755, 754, 699, 39, 5),
(45756, 754, 699, 40, 5),
(45757, 754, 699, 41, 5),
(45758, 754, 699, 42, 5),
(45759, 754, 699, 43, 5),
(45760, 754, 699, 44, 5),
(45761, 754, 699, 45, 5),
(45762, 754, 699, 46, 5),
(45763, 754, 699, 47, 5),
(45764, 754, 699, 48, 5),
(45765, 754, 699, 49, 5),
(45766, 754, 699, 50, 5),
(45767, 754, 699, 51, 5),
(45768, 754, 699, 52, 5),
(45769, 754, 699, 53, 5),
(45770, 754, 699, 54, 4),
(45771, 754, 699, 55, 5),
(45772, 754, 699, 56, 5),
(45773, 754, 699, 57, 3),
(45774, 754, 699, 58, 5),
(45775, 754, 699, 59, 5),
(45776, 754, 699, 60, 5),
(45777, 754, 699, 61, 1),
(45778, 754, 699, 62, 5),
(45779, 754, 699, 63, 5),
(45780, 754, 699, 64, 5),
(45781, 755, 51, 23, 3),
(45782, 755, 51, 24, 5),
(45783, 755, 51, 25, 3),
(45784, 755, 51, 26, 5),
(45785, 755, 51, 27, 5),
(45786, 755, 51, 28, 2),
(45787, 755, 51, 29, 5),
(45788, 755, 51, 30, 5),
(45789, 755, 51, 31, 3),
(45790, 755, 51, 32, 3),
(45791, 755, 51, 33, 3),
(45792, 755, 51, 34, 5),
(45793, 755, 51, 35, 5),
(45794, 755, 51, 36, 5),
(45795, 755, 51, 37, 5),
(45796, 755, 51, 38, 4),
(45797, 755, 51, 39, 5),
(45798, 755, 51, 40, 5),
(45799, 755, 51, 41, 3),
(45800, 755, 51, 42, 4),
(45801, 755, 51, 43, 3),
(45802, 755, 51, 44, 5),
(45803, 755, 51, 45, 5),
(45804, 755, 51, 46, 4),
(45805, 755, 51, 47, 5),
(45806, 755, 51, 48, 5),
(45807, 755, 51, 49, 5),
(45808, 755, 51, 50, 5),
(45809, 755, 51, 51, 5),
(45810, 755, 51, 52, 5),
(45811, 755, 51, 53, 5),
(45812, 755, 51, 54, 5),
(45813, 755, 51, 55, 5),
(45814, 755, 51, 56, 5),
(45815, 755, 51, 57, 5),
(45816, 755, 51, 58, 5),
(45817, 755, 51, 59, 4),
(45818, 755, 51, 60, 4),
(45819, 755, 51, 61, 4),
(45820, 755, 51, 62, 5),
(45821, 755, 51, 63, 5),
(45822, 755, 51, 64, 5),
(45823, 756, 442, 23, 5),
(45824, 756, 442, 24, 4),
(45825, 756, 442, 25, 4),
(45826, 756, 442, 26, 4),
(45827, 756, 442, 27, 4),
(45828, 756, 442, 28, 4),
(45829, 756, 442, 29, 4),
(45830, 756, 442, 30, 4),
(45831, 756, 442, 31, 5),
(45832, 756, 442, 32, 5),
(45833, 756, 442, 33, 5),
(45834, 756, 442, 34, 5),
(45835, 756, 442, 35, 4),
(45836, 756, 442, 36, 4),
(45837, 756, 442, 37, 4),
(45838, 756, 442, 38, 4),
(45839, 756, 442, 39, 4),
(45840, 756, 442, 40, 4),
(45841, 756, 442, 41, 4),
(45842, 756, 442, 42, 4),
(45843, 756, 442, 43, 4),
(45844, 756, 442, 44, 4),
(45845, 756, 442, 45, 4),
(45846, 756, 442, 46, 4),
(45847, 756, 442, 47, 4),
(45848, 756, 442, 48, 4),
(45849, 756, 442, 49, 4),
(45850, 756, 442, 50, 4),
(45851, 756, 442, 51, 4),
(45852, 756, 442, 52, 4),
(45853, 756, 442, 53, 4),
(45854, 756, 442, 54, 4),
(45855, 756, 442, 55, 4),
(45856, 756, 442, 56, 4),
(45857, 756, 442, 57, 4),
(45858, 756, 442, 58, 4),
(45859, 756, 442, 59, 4),
(45860, 756, 442, 60, 4),
(45861, 756, 442, 61, 4),
(45862, 756, 442, 62, 4),
(45863, 756, 442, 63, 4),
(45864, 756, 442, 64, 4),
(45865, 757, 49, 23, 5),
(45866, 757, 49, 24, 5),
(45867, 757, 49, 25, 5),
(45868, 757, 49, 26, 5),
(45869, 757, 49, 27, 5),
(45870, 757, 49, 28, 4),
(45871, 757, 49, 29, 5),
(45872, 757, 49, 30, 5),
(45873, 757, 49, 31, 4),
(45874, 757, 49, 32, 5),
(45875, 757, 49, 33, 4),
(45876, 757, 49, 34, 5),
(45877, 757, 49, 35, 5),
(45878, 757, 49, 36, 5),
(45879, 757, 49, 37, 5),
(45880, 757, 49, 38, 5),
(45881, 757, 49, 39, 5),
(45882, 757, 49, 40, 5),
(45883, 757, 49, 41, 5),
(45884, 757, 49, 42, 5),
(45885, 757, 49, 43, 5),
(45886, 757, 49, 44, 5),
(45887, 757, 49, 45, 5),
(45888, 757, 49, 46, 5),
(45889, 757, 49, 47, 5),
(45890, 757, 49, 48, 5),
(45891, 757, 49, 49, 5),
(45892, 757, 49, 50, 5),
(45893, 757, 49, 51, 5),
(45894, 757, 49, 52, 5),
(45895, 757, 49, 53, 5),
(45896, 757, 49, 54, 5),
(45897, 757, 49, 55, 5),
(45898, 757, 49, 56, 4),
(45899, 757, 49, 57, 4),
(45900, 757, 49, 58, 5),
(45901, 757, 49, 59, 5),
(45902, 757, 49, 60, 5),
(45903, 757, 49, 61, 5),
(45904, 757, 49, 62, 5),
(45905, 757, 49, 63, 5),
(45906, 757, 49, 64, 5),
(45907, 758, 101, 23, 4),
(45908, 758, 101, 24, 4),
(45909, 758, 101, 25, 4),
(45910, 758, 101, 26, 5),
(45911, 758, 101, 27, 5),
(45912, 758, 101, 28, 4),
(45913, 758, 101, 29, 5),
(45914, 758, 101, 30, 5),
(45915, 758, 101, 31, 4),
(45916, 758, 101, 32, 4),
(45917, 758, 101, 33, 4),
(45918, 758, 101, 34, 5),
(45919, 758, 101, 35, 5),
(45920, 758, 101, 36, 4),
(45921, 758, 101, 37, 4),
(45922, 758, 101, 38, 4),
(45923, 758, 101, 39, 5),
(45924, 758, 101, 40, 5),
(45925, 758, 101, 41, 4),
(45926, 758, 101, 42, 4),
(45927, 758, 101, 43, 4),
(45928, 758, 101, 44, 5),
(45929, 758, 101, 45, 5),
(45930, 758, 101, 46, 4),
(45931, 758, 101, 47, 4),
(45932, 758, 101, 48, 4),
(45933, 758, 101, 49, 3),
(45934, 758, 101, 50, 4),
(45935, 758, 101, 51, 4),
(45936, 758, 101, 52, 4),
(45937, 758, 101, 53, 4),
(45938, 758, 101, 54, 4),
(45939, 758, 101, 55, 4),
(45940, 758, 101, 56, 4),
(45941, 758, 101, 57, 3),
(45942, 758, 101, 58, 4),
(45943, 758, 101, 59, 4),
(45944, 758, 101, 60, 4),
(45945, 758, 101, 61, 3),
(45946, 758, 101, 62, 3),
(45947, 758, 101, 63, 3),
(45948, 758, 101, 64, 4),
(45949, 759, 94, 23, 5),
(45950, 759, 94, 24, 3),
(45951, 759, 94, 25, 5),
(45952, 759, 94, 26, 5),
(45953, 759, 94, 27, 5),
(45954, 759, 94, 28, 4),
(45955, 759, 94, 29, 5),
(45956, 759, 94, 30, 5),
(45957, 759, 94, 31, 4),
(45958, 759, 94, 32, 4),
(45959, 759, 94, 33, 4),
(45960, 759, 94, 34, 5),
(45961, 759, 94, 35, 5),
(45962, 759, 94, 36, 5),
(45963, 759, 94, 37, 5),
(45964, 759, 94, 38, 5),
(45965, 759, 94, 39, 5),
(45966, 759, 94, 40, 5),
(45967, 759, 94, 41, 5),
(45968, 759, 94, 42, 5),
(45969, 759, 94, 43, 5),
(45970, 759, 94, 44, 5),
(45971, 759, 94, 45, 5),
(45972, 759, 94, 46, 4),
(45973, 759, 94, 47, 4),
(45974, 759, 94, 48, 5),
(45975, 759, 94, 49, 4),
(45976, 759, 94, 50, 3),
(45977, 759, 94, 51, 4),
(45978, 759, 94, 52, 3),
(45979, 759, 94, 53, 5),
(45980, 759, 94, 54, 3),
(45981, 759, 94, 55, 3),
(45982, 759, 94, 56, 3),
(45983, 759, 94, 57, 4),
(45984, 759, 94, 58, 4),
(45985, 759, 94, 59, 5),
(45986, 759, 94, 60, 4),
(45987, 759, 94, 61, 4),
(45988, 759, 94, 62, 4),
(45989, 759, 94, 63, 4),
(45990, 759, 94, 64, 3),
(45991, 760, 94, 23, 5),
(45992, 760, 94, 24, 3),
(45993, 760, 94, 25, 5),
(45994, 760, 94, 26, 5),
(45995, 760, 94, 27, 5),
(45996, 760, 94, 28, 4),
(45997, 760, 94, 29, 5),
(45998, 760, 94, 30, 5),
(45999, 760, 94, 31, 4),
(46000, 760, 94, 32, 4),
(46001, 760, 94, 33, 4),
(46002, 760, 94, 34, 5),
(46003, 760, 94, 35, 5),
(46004, 760, 94, 36, 5),
(46005, 760, 94, 37, 5),
(46006, 760, 94, 38, 5),
(46007, 760, 94, 39, 5),
(46008, 760, 94, 40, 5),
(46009, 760, 94, 41, 5),
(46010, 760, 94, 42, 5),
(46011, 760, 94, 43, 5),
(46012, 760, 94, 44, 5),
(46013, 760, 94, 45, 5),
(46014, 760, 94, 46, 4),
(46015, 760, 94, 47, 4),
(46016, 760, 94, 48, 5),
(46017, 760, 94, 49, 4),
(46018, 760, 94, 50, 3),
(46019, 760, 94, 51, 4),
(46020, 760, 94, 52, 3),
(46021, 760, 94, 53, 5),
(46022, 760, 94, 54, 3),
(46023, 760, 94, 55, 3),
(46024, 760, 94, 56, 3),
(46025, 760, 94, 57, 4),
(46026, 760, 94, 58, 4),
(46027, 760, 94, 59, 5),
(46028, 760, 94, 60, 4),
(46029, 760, 94, 61, 4),
(46030, 760, 94, 62, 4),
(46031, 760, 94, 63, 4),
(46032, 760, 94, 64, 3),
(46033, 761, 690, 23, 5),
(46034, 761, 690, 24, 5),
(46035, 761, 690, 25, 5),
(46036, 761, 690, 26, 5),
(46037, 761, 690, 27, 5),
(46038, 761, 690, 28, 5),
(46039, 761, 690, 29, 5),
(46040, 761, 690, 30, 5),
(46041, 761, 690, 31, 5),
(46042, 761, 690, 32, 5),
(46043, 761, 690, 33, 5),
(46044, 761, 690, 34, 5),
(46045, 761, 690, 35, 5),
(46046, 761, 690, 36, 5),
(46047, 761, 690, 37, 5),
(46048, 761, 690, 38, 5),
(46049, 761, 690, 39, 5),
(46050, 761, 690, 40, 5),
(46051, 761, 690, 41, 5),
(46052, 761, 690, 42, 5),
(46053, 761, 690, 43, 5),
(46054, 761, 690, 44, 5),
(46055, 761, 690, 45, 5),
(46056, 761, 690, 46, 5),
(46057, 761, 690, 47, 5),
(46058, 761, 690, 48, 5),
(46059, 761, 690, 49, 5),
(46060, 761, 690, 50, 5),
(46061, 761, 690, 51, 5),
(46062, 761, 690, 52, 5),
(46063, 761, 690, 53, 5),
(46064, 761, 690, 54, 5),
(46065, 761, 690, 55, 5),
(46066, 761, 690, 56, 5),
(46067, 761, 690, 57, 5),
(46068, 761, 690, 58, 5),
(46069, 761, 690, 59, 5),
(46070, 761, 690, 60, 5),
(46071, 761, 690, 61, 5),
(46072, 761, 690, 62, 5),
(46073, 761, 690, 63, 5),
(46074, 761, 690, 64, 5),
(46075, 762, 109, 23, 4),
(46076, 762, 109, 24, 5),
(46077, 762, 109, 25, 4),
(46078, 762, 109, 26, 5),
(46079, 762, 109, 27, 4),
(46080, 762, 109, 28, 4),
(46081, 762, 109, 29, 5),
(46082, 762, 109, 30, 4),
(46083, 762, 109, 31, 5),
(46084, 762, 109, 32, 4),
(46085, 762, 109, 33, 5),
(46086, 762, 109, 34, 5),
(46087, 762, 109, 35, 5),
(46088, 762, 109, 36, 5),
(46089, 762, 109, 37, 5),
(46090, 762, 109, 38, 4),
(46091, 762, 109, 39, 5),
(46092, 762, 109, 40, 4),
(46093, 762, 109, 41, 4),
(46094, 762, 109, 42, 4),
(46095, 762, 109, 43, 4),
(46096, 762, 109, 44, 5),
(46097, 762, 109, 45, 5),
(46098, 762, 109, 46, 5),
(46099, 762, 109, 47, 5),
(46100, 762, 109, 48, 5),
(46101, 762, 109, 49, 5),
(46102, 762, 109, 50, 4),
(46103, 762, 109, 51, 4),
(46104, 762, 109, 52, 5),
(46105, 762, 109, 53, 5),
(46106, 762, 109, 54, 4),
(46107, 762, 109, 55, 5),
(46108, 762, 109, 56, 5),
(46109, 762, 109, 57, 5),
(46110, 762, 109, 58, 5),
(46111, 762, 109, 59, 5),
(46112, 762, 109, 60, 5),
(46113, 762, 109, 61, 3),
(46114, 762, 109, 62, 5),
(46115, 762, 109, 63, 4),
(46116, 762, 109, 64, 4),
(46117, 763, 5, 23, 4),
(46118, 763, 5, 24, 4),
(46119, 763, 5, 25, 5),
(46120, 763, 5, 26, 4),
(46121, 763, 5, 27, 5),
(46122, 763, 5, 28, 4),
(46123, 763, 5, 29, 5),
(46124, 763, 5, 30, 4),
(46125, 763, 5, 31, 4),
(46126, 763, 5, 32, 4),
(46127, 763, 5, 33, 4),
(46128, 763, 5, 34, 2),
(46129, 763, 5, 35, 5),
(46130, 763, 5, 36, 4),
(46131, 763, 5, 37, 4),
(46132, 763, 5, 38, 1),
(46133, 763, 5, 39, 5),
(46134, 763, 5, 40, 5),
(46135, 763, 5, 41, 5),
(46136, 763, 5, 42, 4),
(46137, 763, 5, 43, 4),
(46138, 763, 5, 44, 4),
(46139, 763, 5, 45, 4),
(46140, 763, 5, 46, 4),
(46141, 763, 5, 47, 4),
(46142, 763, 5, 48, 4),
(46143, 763, 5, 49, 5),
(46144, 763, 5, 50, 4),
(46145, 763, 5, 51, 5),
(46146, 763, 5, 52, 2),
(46147, 763, 5, 53, 4),
(46148, 763, 5, 54, 4),
(46149, 763, 5, 55, 2),
(46150, 763, 5, 56, 4),
(46151, 763, 5, 57, 4),
(46152, 763, 5, 58, 4),
(46153, 763, 5, 59, 4),
(46154, 763, 5, 60, 5),
(46155, 763, 5, 61, 4),
(46156, 763, 5, 62, 4),
(46157, 763, 5, 63, 4),
(46158, 763, 5, 64, 4),
(46159, 764, 117, 23, 4),
(46160, 764, 117, 24, 5),
(46161, 764, 117, 25, 5),
(46162, 764, 117, 26, 4),
(46163, 764, 117, 27, 5),
(46164, 764, 117, 28, 5),
(46165, 764, 117, 29, 4),
(46166, 764, 117, 30, 5),
(46167, 764, 117, 31, 5),
(46168, 764, 117, 32, 4),
(46169, 764, 117, 33, 4),
(46170, 764, 117, 34, 4),
(46171, 764, 117, 35, 5),
(46172, 764, 117, 36, 5),
(46173, 764, 117, 37, 4),
(46174, 764, 117, 38, 3),
(46175, 764, 117, 39, 4),
(46176, 764, 117, 40, 5),
(46177, 764, 117, 41, 5),
(46178, 764, 117, 42, 5),
(46179, 764, 117, 43, 5),
(46180, 764, 117, 44, 5),
(46181, 764, 117, 45, 4),
(46182, 764, 117, 46, 5),
(46183, 764, 117, 47, 5),
(46184, 764, 117, 48, 5),
(46185, 764, 117, 49, 4),
(46186, 764, 117, 50, 4),
(46187, 764, 117, 51, 5),
(46188, 764, 117, 52, 5),
(46189, 764, 117, 53, 4),
(46190, 764, 117, 54, 5),
(46191, 764, 117, 55, 5),
(46192, 764, 117, 56, 4),
(46193, 764, 117, 57, 5),
(46194, 764, 117, 58, 5),
(46195, 764, 117, 59, 4),
(46196, 764, 117, 60, 5),
(46197, 764, 117, 61, 4),
(46198, 764, 117, 62, 5),
(46199, 764, 117, 63, 5),
(46200, 764, 117, 64, 4),
(46243, 765, 77, 23, 5),
(46244, 765, 77, 24, 5),
(46245, 765, 77, 25, 5),
(46246, 765, 77, 26, 5),
(46247, 765, 77, 27, 5),
(46248, 765, 77, 28, 4),
(46249, 765, 77, 29, 5),
(46250, 765, 77, 30, 5),
(46251, 765, 77, 31, 5),
(46252, 765, 77, 32, 5),
(46253, 765, 77, 33, 5),
(46254, 765, 77, 34, 5),
(46255, 765, 77, 35, 5),
(46256, 765, 77, 36, 5),
(46257, 765, 77, 37, 4),
(46258, 765, 77, 38, 5),
(46259, 765, 77, 39, 5),
(46260, 765, 77, 40, 5),
(46261, 765, 77, 41, 5),
(46262, 765, 77, 42, 5),
(46263, 765, 77, 43, 5),
(46264, 765, 77, 44, 5),
(46265, 765, 77, 45, 5),
(46266, 765, 77, 46, 5),
(46267, 765, 77, 47, 5),
(46268, 765, 77, 48, 5);
INSERT INTO `ensurvey_table` (`anwser_id`, `master_id`, `employee_id`, `question_id`, `marks`) VALUES
(46269, 765, 77, 49, 5),
(46270, 765, 77, 50, 4),
(46271, 765, 77, 51, 5),
(46272, 765, 77, 52, 5),
(46273, 765, 77, 53, 5),
(46274, 765, 77, 54, 5),
(46275, 765, 77, 55, 5),
(46276, 765, 77, 56, 5),
(46277, 765, 77, 57, 5),
(46278, 765, 77, 58, 5),
(46279, 765, 77, 59, 5),
(46280, 765, 77, 60, 5),
(46281, 765, 77, 61, 5),
(46282, 765, 77, 62, 4),
(46283, 765, 77, 63, 5),
(46284, 765, 77, 64, 5),
(46285, 766, 112, 23, 4),
(46286, 766, 112, 24, 4),
(46287, 766, 112, 25, 5),
(46288, 766, 112, 26, 4),
(46289, 766, 112, 27, 4),
(46290, 766, 112, 28, 5),
(46291, 766, 112, 29, 5),
(46292, 766, 112, 30, 5),
(46293, 766, 112, 31, 5),
(46294, 766, 112, 32, 5),
(46295, 766, 112, 33, 4),
(46296, 766, 112, 34, 5),
(46297, 766, 112, 35, 5),
(46298, 766, 112, 36, 5),
(46299, 766, 112, 37, 5),
(46300, 766, 112, 38, 4),
(46301, 766, 112, 39, 5),
(46302, 766, 112, 40, 5),
(46303, 766, 112, 41, 4),
(46304, 766, 112, 42, 4),
(46305, 766, 112, 43, 4),
(46306, 766, 112, 44, 5),
(46307, 766, 112, 45, 5),
(46308, 766, 112, 46, 4),
(46309, 766, 112, 47, 4),
(46310, 766, 112, 48, 4),
(46311, 766, 112, 49, 3),
(46312, 766, 112, 50, 2),
(46313, 766, 112, 51, 3),
(46314, 766, 112, 52, 4),
(46315, 766, 112, 53, 4),
(46316, 766, 112, 54, 3),
(46317, 766, 112, 55, 3),
(46318, 766, 112, 56, 3),
(46319, 766, 112, 57, 2),
(46320, 766, 112, 58, 4),
(46321, 766, 112, 59, 4),
(46322, 766, 112, 60, 4),
(46323, 766, 112, 61, 4),
(46324, 766, 112, 62, 4),
(46325, 766, 112, 63, 4),
(46326, 766, 112, 64, 4),
(46411, 767, 63, 23, 5),
(46412, 767, 63, 24, 4),
(46413, 767, 63, 25, 5),
(46414, 767, 63, 26, 5),
(46415, 767, 63, 27, 4),
(46416, 767, 63, 28, 4),
(46417, 767, 63, 29, 3),
(46418, 767, 63, 30, 5),
(46419, 767, 63, 31, 4),
(46420, 767, 63, 32, 5),
(46421, 767, 63, 33, 5),
(46422, 767, 63, 34, 4),
(46423, 767, 63, 35, 5),
(46424, 767, 63, 36, 3),
(46425, 767, 63, 37, 4),
(46426, 767, 63, 38, 4),
(46427, 767, 63, 39, 5),
(46428, 767, 63, 40, 5),
(46429, 767, 63, 41, 5),
(46430, 767, 63, 42, 4),
(46431, 767, 63, 43, 5),
(46432, 767, 63, 44, 5),
(46433, 767, 63, 45, 5),
(46434, 767, 63, 46, 4),
(46435, 767, 63, 47, 4),
(46436, 767, 63, 48, 5),
(46437, 767, 63, 49, 5),
(46438, 767, 63, 50, 4),
(46439, 767, 63, 51, 5),
(46440, 767, 63, 52, 4),
(46441, 767, 63, 53, 4),
(46442, 767, 63, 54, 4),
(46443, 767, 63, 55, 4),
(46444, 767, 63, 56, 4),
(46445, 767, 63, 57, 4),
(46446, 767, 63, 58, 4),
(46447, 767, 63, 59, 4),
(46448, 767, 63, 60, 5),
(46449, 767, 63, 61, 2),
(46450, 767, 63, 62, 5),
(46451, 767, 63, 63, 5),
(46452, 767, 63, 64, 5),
(46453, 768, 103, 23, 5),
(46454, 768, 103, 24, 5),
(46455, 768, 103, 25, 5),
(46456, 768, 103, 26, 5),
(46457, 768, 103, 27, 5),
(46458, 768, 103, 28, 5),
(46459, 768, 103, 29, 5),
(46460, 768, 103, 30, 5),
(46461, 768, 103, 31, 5),
(46462, 768, 103, 32, 5),
(46463, 768, 103, 33, 5),
(46464, 768, 103, 34, 5),
(46465, 768, 103, 35, 5),
(46466, 768, 103, 36, 5),
(46467, 768, 103, 37, 5),
(46468, 768, 103, 38, 4),
(46469, 768, 103, 39, 5),
(46470, 768, 103, 40, 5),
(46471, 768, 103, 41, 5),
(46472, 768, 103, 42, 4),
(46473, 768, 103, 43, 4),
(46474, 768, 103, 44, 5),
(46475, 768, 103, 45, 5),
(46476, 768, 103, 46, 5),
(46477, 768, 103, 47, 5),
(46478, 768, 103, 48, 5),
(46479, 768, 103, 49, 4),
(46480, 768, 103, 50, 4),
(46481, 768, 103, 51, 4),
(46482, 768, 103, 52, 4),
(46483, 768, 103, 53, 5),
(46484, 768, 103, 54, 4),
(46485, 768, 103, 55, 5),
(46486, 768, 103, 56, 4),
(46487, 768, 103, 57, 3),
(46488, 768, 103, 58, 5),
(46489, 768, 103, 59, 5),
(46490, 768, 103, 60, 5),
(46491, 768, 103, 61, 1),
(46492, 768, 103, 62, 5),
(46493, 768, 103, 63, 5),
(46494, 768, 103, 64, 5),
(46495, 769, 72, 23, 4),
(46496, 769, 72, 24, 4),
(46497, 769, 72, 25, 4),
(46498, 769, 72, 26, 4),
(46499, 769, 72, 27, 5),
(46500, 769, 72, 28, 4),
(46501, 769, 72, 29, 5),
(46502, 769, 72, 30, 4),
(46503, 769, 72, 31, 4),
(46504, 769, 72, 32, 4),
(46505, 769, 72, 33, 5),
(46506, 769, 72, 34, 5),
(46507, 769, 72, 35, 5),
(46508, 769, 72, 36, 5),
(46509, 769, 72, 37, 4),
(46510, 769, 72, 38, 5),
(46511, 769, 72, 39, 5),
(46512, 769, 72, 40, 5),
(46513, 769, 72, 41, 5),
(46514, 769, 72, 42, 4),
(46515, 769, 72, 43, 5),
(46516, 769, 72, 44, 4),
(46517, 769, 72, 45, 5),
(46518, 769, 72, 46, 4),
(46519, 769, 72, 47, 5),
(46520, 769, 72, 48, 4),
(46521, 769, 72, 49, 4),
(46522, 769, 72, 50, 5),
(46523, 769, 72, 51, 5),
(46524, 769, 72, 52, 5),
(46525, 769, 72, 53, 5),
(46526, 769, 72, 54, 5),
(46527, 769, 72, 55, 5),
(46528, 769, 72, 56, 4),
(46529, 769, 72, 57, 4),
(46530, 769, 72, 58, 4),
(46531, 769, 72, 59, 3),
(46532, 769, 72, 60, 4),
(46533, 769, 72, 61, 4),
(46534, 769, 72, 62, 3),
(46535, 769, 72, 63, 3),
(46536, 769, 72, 64, 4),
(46537, 770, 79, 23, 4),
(46538, 770, 79, 24, 5),
(46539, 770, 79, 25, 5),
(46540, 770, 79, 26, 4),
(46541, 770, 79, 27, 5),
(46542, 770, 79, 28, 5),
(46543, 770, 79, 29, 5),
(46544, 770, 79, 30, 5),
(46545, 770, 79, 31, 5),
(46546, 770, 79, 32, 5),
(46547, 770, 79, 33, 5),
(46548, 770, 79, 34, 5),
(46549, 770, 79, 35, 4),
(46550, 770, 79, 36, 2),
(46551, 770, 79, 37, 5),
(46552, 770, 79, 38, 5),
(46553, 770, 79, 39, 5),
(46554, 770, 79, 40, 5),
(46555, 770, 79, 41, 4),
(46556, 770, 79, 42, 4),
(46557, 770, 79, 43, 4),
(46558, 770, 79, 44, 5),
(46559, 770, 79, 45, 5),
(46560, 770, 79, 46, 5),
(46561, 770, 79, 47, 5),
(46562, 770, 79, 48, 4),
(46563, 770, 79, 49, 4),
(46564, 770, 79, 50, 4),
(46565, 770, 79, 51, 4),
(46566, 770, 79, 52, 4),
(46567, 770, 79, 53, 4),
(46568, 770, 79, 54, 4),
(46569, 770, 79, 55, 5),
(46570, 770, 79, 56, 5),
(46571, 770, 79, 57, 4),
(46572, 770, 79, 58, 4),
(46573, 770, 79, 59, 4),
(46574, 770, 79, 60, 4),
(46575, 770, 79, 61, 4),
(46576, 770, 79, 62, 4),
(46577, 770, 79, 63, 4),
(46578, 770, 79, 64, 4),
(46579, 771, 97, 23, 4),
(46580, 771, 97, 24, 3),
(46581, 771, 97, 25, 4),
(46582, 771, 97, 26, 5),
(46583, 771, 97, 27, 4),
(46584, 771, 97, 28, 3),
(46585, 771, 97, 29, 5),
(46586, 771, 97, 30, 5),
(46587, 771, 97, 31, 4),
(46588, 771, 97, 32, 4),
(46589, 771, 97, 33, 4),
(46590, 771, 97, 34, 3),
(46591, 771, 97, 35, 5),
(46592, 771, 97, 36, 5),
(46593, 771, 97, 37, 4),
(46594, 771, 97, 38, 4),
(46595, 771, 97, 39, 5),
(46596, 771, 97, 40, 5),
(46597, 771, 97, 41, 5),
(46598, 771, 97, 42, 5),
(46599, 771, 97, 43, 5),
(46600, 771, 97, 44, 5),
(46601, 771, 97, 45, 5),
(46602, 771, 97, 46, 5),
(46603, 771, 97, 47, 5),
(46604, 771, 97, 48, 4),
(46605, 771, 97, 49, 5),
(46606, 771, 97, 50, 1),
(46607, 771, 97, 51, 4),
(46608, 771, 97, 52, 2),
(46609, 771, 97, 53, 4),
(46610, 771, 97, 54, 2),
(46611, 771, 97, 55, 4),
(46612, 771, 97, 56, 1),
(46613, 771, 97, 57, 3),
(46614, 771, 97, 58, 4),
(46615, 771, 97, 59, 4),
(46616, 771, 97, 60, 3),
(46617, 771, 97, 61, 4),
(46618, 771, 97, 62, 4),
(46619, 771, 97, 63, 4),
(46620, 771, 97, 64, 4),
(46621, 772, 85, 23, 5),
(46622, 772, 85, 24, 5),
(46623, 772, 85, 25, 5),
(46624, 772, 85, 26, 5),
(46625, 772, 85, 27, 5),
(46626, 772, 85, 28, 4),
(46627, 772, 85, 29, 4),
(46628, 772, 85, 30, 4),
(46629, 772, 85, 31, 5),
(46630, 772, 85, 32, 4),
(46631, 772, 85, 33, 4),
(46632, 772, 85, 34, 4),
(46633, 772, 85, 35, 5),
(46634, 772, 85, 36, 4),
(46635, 772, 85, 37, 5),
(46636, 772, 85, 38, 4),
(46637, 772, 85, 39, 5),
(46638, 772, 85, 40, 5),
(46639, 772, 85, 41, 5),
(46640, 772, 85, 42, 5),
(46641, 772, 85, 43, 5),
(46642, 772, 85, 44, 5),
(46643, 772, 85, 45, 4),
(46644, 772, 85, 46, 5),
(46645, 772, 85, 47, 4),
(46646, 772, 85, 48, 4),
(46647, 772, 85, 49, 5),
(46648, 772, 85, 50, 5),
(46649, 772, 85, 51, 5),
(46650, 772, 85, 52, 5),
(46651, 772, 85, 53, 5),
(46652, 772, 85, 54, 4),
(46653, 772, 85, 55, 5),
(46654, 772, 85, 56, 5),
(46655, 772, 85, 57, 4),
(46656, 772, 85, 58, 4),
(46657, 772, 85, 59, 5),
(46658, 772, 85, 60, 4),
(46659, 772, 85, 61, 5),
(46660, 772, 85, 62, 4),
(46661, 772, 85, 63, 4),
(46662, 772, 85, 64, 5),
(46663, 773, 61, 23, 5),
(46664, 773, 61, 24, 4),
(46665, 773, 61, 25, 4),
(46666, 773, 61, 26, 5),
(46667, 773, 61, 27, 4),
(46668, 773, 61, 28, 4),
(46669, 773, 61, 29, 4),
(46670, 773, 61, 30, 5),
(46671, 773, 61, 31, 4),
(46672, 773, 61, 32, 4),
(46673, 773, 61, 33, 4),
(46674, 773, 61, 34, 4),
(46675, 773, 61, 35, 4),
(46676, 773, 61, 36, 5),
(46677, 773, 61, 37, 4),
(46678, 773, 61, 38, 4),
(46679, 773, 61, 39, 4),
(46680, 773, 61, 40, 4),
(46681, 773, 61, 41, 4),
(46682, 773, 61, 42, 5),
(46683, 773, 61, 43, 4),
(46684, 773, 61, 44, 4),
(46685, 773, 61, 45, 4),
(46686, 773, 61, 46, 4),
(46687, 773, 61, 47, 3),
(46688, 773, 61, 48, 4),
(46689, 773, 61, 49, 3),
(46690, 773, 61, 50, 3),
(46691, 773, 61, 51, 4),
(46692, 773, 61, 52, 4),
(46693, 773, 61, 53, 3),
(46694, 773, 61, 54, 3),
(46695, 773, 61, 55, 4),
(46696, 773, 61, 56, 4),
(46697, 773, 61, 57, 4),
(46698, 773, 61, 58, 4),
(46699, 773, 61, 59, 3),
(46700, 773, 61, 60, 4),
(46701, 773, 61, 61, 4),
(46702, 773, 61, 62, 4),
(46703, 773, 61, 63, 4),
(46704, 773, 61, 64, 4),
(46789, 776, 500, 23, 4),
(46790, 776, 500, 24, 4),
(46791, 776, 500, 25, 4),
(46792, 776, 500, 26, 4),
(46793, 776, 500, 27, 4),
(46794, 776, 500, 28, 3),
(46795, 776, 500, 29, 4),
(46796, 776, 500, 30, 4),
(46797, 776, 500, 31, 4),
(46798, 776, 500, 32, 4),
(46799, 776, 500, 33, 4),
(46800, 776, 500, 34, 4),
(46801, 776, 500, 35, 4),
(46802, 776, 500, 36, 4),
(46803, 776, 500, 37, 4),
(46804, 776, 500, 38, 4),
(46805, 776, 500, 39, 4),
(46806, 776, 500, 40, 4),
(46807, 776, 500, 41, 4),
(46808, 776, 500, 42, 4),
(46809, 776, 500, 43, 4),
(46810, 776, 500, 44, 4),
(46811, 776, 500, 45, 4),
(46812, 776, 500, 46, 4),
(46813, 776, 500, 47, 4),
(46814, 776, 500, 48, 4),
(46815, 776, 500, 49, 4),
(46816, 776, 500, 50, 4),
(46817, 776, 500, 51, 4),
(46818, 776, 500, 52, 4),
(46819, 776, 500, 53, 4),
(46820, 776, 500, 54, 4),
(46821, 776, 500, 55, 4),
(46822, 776, 500, 56, 4),
(46823, 776, 500, 57, 3),
(46824, 776, 500, 58, 4),
(46825, 776, 500, 59, 4),
(46826, 776, 500, 60, 4),
(46827, 776, 500, 61, 4),
(46828, 776, 500, 62, 4),
(46829, 776, 500, 63, 4),
(46830, 776, 500, 64, 4),
(46831, 777, 40, 23, 5),
(46832, 777, 40, 24, 5),
(46833, 777, 40, 25, 5),
(46834, 777, 40, 26, 5),
(46835, 777, 40, 27, 5),
(46836, 777, 40, 28, 5),
(46837, 777, 40, 29, 5),
(46838, 777, 40, 30, 2),
(46839, 777, 40, 31, 4),
(46840, 777, 40, 32, 4),
(46841, 777, 40, 33, 5),
(46842, 777, 40, 34, 5),
(46843, 777, 40, 35, 5),
(46844, 777, 40, 36, 4),
(46845, 777, 40, 37, 4),
(46846, 777, 40, 38, 4),
(46847, 777, 40, 39, 4),
(46848, 777, 40, 40, 5),
(46849, 777, 40, 41, 5),
(46850, 777, 40, 42, 5),
(46851, 777, 40, 43, 5),
(46852, 777, 40, 44, 5),
(46853, 777, 40, 45, 5),
(46854, 777, 40, 46, 5),
(46855, 777, 40, 47, 5),
(46856, 777, 40, 48, 4),
(46857, 777, 40, 49, 4),
(46858, 777, 40, 50, 5),
(46859, 777, 40, 51, 5),
(46860, 777, 40, 52, 5),
(46861, 777, 40, 53, 5),
(46862, 777, 40, 54, 4),
(46863, 777, 40, 55, 4),
(46864, 777, 40, 56, 5),
(46865, 777, 40, 57, 5),
(46866, 777, 40, 58, 5),
(46867, 777, 40, 59, 5),
(46868, 777, 40, 60, 5),
(46869, 777, 40, 61, 2),
(46870, 777, 40, 62, 5),
(46871, 777, 40, 63, 5),
(46872, 777, 40, 64, 5),
(46873, 778, 711, 23, 5),
(46874, 778, 711, 24, 5),
(46875, 778, 711, 25, 4),
(46876, 778, 711, 26, 5),
(46877, 778, 711, 27, 4),
(46878, 778, 711, 28, 3),
(46879, 778, 711, 29, 5),
(46880, 778, 711, 30, 5),
(46881, 778, 711, 31, 5),
(46882, 778, 711, 32, 5),
(46883, 778, 711, 33, 5),
(46884, 778, 711, 34, 5),
(46885, 778, 711, 35, 5),
(46886, 778, 711, 36, 5),
(46887, 778, 711, 37, 5),
(46888, 778, 711, 38, 5),
(46889, 778, 711, 39, 5),
(46890, 778, 711, 40, 4),
(46891, 778, 711, 41, 5),
(46892, 778, 711, 42, 5),
(46893, 778, 711, 43, 5),
(46894, 778, 711, 44, 5),
(46895, 778, 711, 45, 5),
(46896, 778, 711, 46, 5),
(46897, 778, 711, 47, 5),
(46898, 778, 711, 48, 4),
(46899, 778, 711, 49, 5),
(46900, 778, 711, 50, 1),
(46901, 778, 711, 51, 1),
(46902, 778, 711, 52, 5),
(46903, 778, 711, 53, 1),
(46904, 778, 711, 54, 5),
(46905, 778, 711, 55, 4),
(46906, 778, 711, 56, 4),
(46907, 778, 711, 57, 4),
(46908, 778, 711, 58, 5),
(46909, 778, 711, 59, 5),
(46910, 778, 711, 60, 5),
(46911, 778, 711, 61, 5),
(46912, 778, 711, 62, 5),
(46913, 778, 711, 63, 1),
(46914, 778, 711, 64, 5),
(46915, 779, 11, 23, 5),
(46916, 779, 11, 24, 5),
(46917, 779, 11, 25, 5),
(46918, 779, 11, 26, 5),
(46919, 779, 11, 27, 5),
(46920, 779, 11, 28, 5),
(46921, 779, 11, 29, 5),
(46922, 779, 11, 30, 5),
(46923, 779, 11, 31, 5),
(46924, 779, 11, 32, 5),
(46925, 779, 11, 33, 5),
(46926, 779, 11, 34, 5),
(46927, 779, 11, 35, 5),
(46928, 779, 11, 36, 5),
(46929, 779, 11, 37, 5),
(46930, 779, 11, 38, 5),
(46931, 779, 11, 39, 5),
(46932, 779, 11, 40, 5),
(46933, 779, 11, 41, 5),
(46934, 779, 11, 42, 5),
(46935, 779, 11, 43, 5),
(46936, 779, 11, 44, 5),
(46937, 779, 11, 45, 5),
(46938, 779, 11, 46, 5),
(46939, 779, 11, 47, 5),
(46940, 779, 11, 48, 5),
(46941, 779, 11, 49, 5),
(46942, 779, 11, 50, 5),
(46943, 779, 11, 51, 5),
(46944, 779, 11, 52, 5),
(46945, 779, 11, 53, 5),
(46946, 779, 11, 54, 5),
(46947, 779, 11, 55, 5),
(46948, 779, 11, 56, 5),
(46949, 779, 11, 57, 4),
(46950, 779, 11, 58, 5),
(46951, 779, 11, 59, 5),
(46952, 779, 11, 60, 5),
(46953, 779, 11, 61, 5),
(46954, 779, 11, 62, 5),
(46955, 779, 11, 63, 5),
(46956, 779, 11, 64, 5),
(46957, 780, 10, 23, 5),
(46958, 780, 10, 24, 5),
(46959, 780, 10, 25, 5),
(46960, 780, 10, 26, 5),
(46961, 780, 10, 27, 5),
(46962, 780, 10, 28, 5),
(46963, 780, 10, 29, 5),
(46964, 780, 10, 30, 5),
(46965, 780, 10, 31, 5),
(46966, 780, 10, 32, 5),
(46967, 780, 10, 33, 5),
(46968, 780, 10, 34, 5),
(46969, 780, 10, 35, 5),
(46970, 780, 10, 36, 5),
(46971, 780, 10, 37, 5),
(46972, 780, 10, 38, 5),
(46973, 780, 10, 39, 5),
(46974, 780, 10, 40, 5),
(46975, 780, 10, 41, 5),
(46976, 780, 10, 42, 5),
(46977, 780, 10, 43, 5),
(46978, 780, 10, 44, 5),
(46979, 780, 10, 45, 5),
(46980, 780, 10, 46, 5),
(46981, 780, 10, 47, 5),
(46982, 780, 10, 48, 5),
(46983, 780, 10, 49, 5),
(46984, 780, 10, 50, 5),
(46985, 780, 10, 51, 5),
(46986, 780, 10, 52, 5),
(46987, 780, 10, 53, 5),
(46988, 780, 10, 54, 5),
(46989, 780, 10, 55, 5),
(46990, 780, 10, 56, 5),
(46991, 780, 10, 57, 4),
(46992, 780, 10, 58, 5),
(46993, 780, 10, 59, 5),
(46994, 780, 10, 60, 5),
(46995, 780, 10, 61, 5),
(46996, 780, 10, 62, 5),
(46997, 780, 10, 63, 5),
(46998, 780, 10, 64, 5),
(47125, 774, 102, 23, 4),
(47126, 774, 102, 24, 5),
(47127, 774, 102, 25, 4),
(47128, 774, 102, 26, 5),
(47129, 774, 102, 27, 5),
(47130, 774, 102, 28, 5),
(47131, 774, 102, 29, 5),
(47132, 774, 102, 30, 5),
(47133, 774, 102, 31, 4),
(47134, 774, 102, 32, 4),
(47135, 774, 102, 33, 4),
(47136, 774, 102, 34, 1),
(47137, 774, 102, 35, 4),
(47138, 774, 102, 36, 4),
(47139, 774, 102, 37, 4),
(47140, 774, 102, 38, 1),
(47141, 774, 102, 39, 5),
(47142, 774, 102, 40, 5),
(47143, 774, 102, 41, 4),
(47144, 774, 102, 42, 4),
(47145, 774, 102, 43, 3),
(47146, 774, 102, 44, 5),
(47147, 774, 102, 45, 5),
(47148, 774, 102, 46, 5),
(47149, 774, 102, 47, 4),
(47150, 774, 102, 48, 4),
(47151, 774, 102, 49, 4),
(47152, 774, 102, 50, 3),
(47153, 774, 102, 51, 4),
(47154, 774, 102, 52, 3),
(47155, 774, 102, 53, 5),
(47156, 774, 102, 54, 4),
(47157, 774, 102, 55, 4),
(47158, 774, 102, 56, 4),
(47159, 774, 102, 57, 4),
(47160, 774, 102, 58, 4),
(47161, 774, 102, 59, 5),
(47162, 774, 102, 60, 4),
(47163, 774, 102, 61, 4),
(47164, 774, 102, 62, 4),
(47165, 774, 102, 63, 4),
(47166, 774, 102, 64, 1),
(47209, 782, 456, 23, 5),
(47210, 782, 456, 24, 5),
(47211, 782, 456, 25, 5),
(47212, 782, 456, 26, 5),
(47213, 782, 456, 27, 5),
(47214, 782, 456, 28, 1),
(47215, 782, 456, 29, 4),
(47216, 782, 456, 30, 5),
(47217, 782, 456, 31, 5),
(47218, 782, 456, 32, 5),
(47219, 782, 456, 33, 5),
(47220, 782, 456, 34, 5),
(47221, 782, 456, 35, 5),
(47222, 782, 456, 36, 4),
(47223, 782, 456, 37, 5),
(47224, 782, 456, 38, 1),
(47225, 782, 456, 39, 5),
(47226, 782, 456, 40, 1),
(47227, 782, 456, 41, 5),
(47228, 782, 456, 42, 4),
(47229, 782, 456, 43, 5),
(47230, 782, 456, 44, 5),
(47231, 782, 456, 45, 5),
(47232, 782, 456, 46, 5),
(47233, 782, 456, 47, 5),
(47234, 782, 456, 48, 1),
(47235, 782, 456, 49, 1),
(47236, 782, 456, 50, 4),
(47237, 782, 456, 51, 5),
(47238, 782, 456, 52, 4),
(47239, 782, 456, 53, 5),
(47240, 782, 456, 54, 4),
(47241, 782, 456, 55, 5),
(47242, 782, 456, 56, 4),
(47243, 782, 456, 57, 5),
(47244, 782, 456, 58, 5),
(47245, 782, 456, 59, 5),
(47246, 782, 456, 60, 1),
(47247, 782, 456, 61, 1),
(47248, 782, 456, 62, 5),
(47249, 782, 456, 63, 1),
(47250, 782, 456, 64, 5),
(47251, 783, 468, 23, 4),
(47252, 783, 468, 24, 5),
(47253, 783, 468, 25, 4),
(47254, 783, 468, 26, 4),
(47255, 783, 468, 27, 4),
(47256, 783, 468, 28, 4),
(47257, 783, 468, 29, 4),
(47258, 783, 468, 30, 4),
(47259, 783, 468, 31, 4),
(47260, 783, 468, 32, 4),
(47261, 783, 468, 33, 4),
(47262, 783, 468, 34, 5),
(47263, 783, 468, 35, 4),
(47264, 783, 468, 36, 5),
(47265, 783, 468, 37, 4),
(47266, 783, 468, 38, 4),
(47267, 783, 468, 39, 4),
(47268, 783, 468, 40, 4),
(47269, 783, 468, 41, 4),
(47270, 783, 468, 42, 4),
(47271, 783, 468, 43, 4),
(47272, 783, 468, 44, 4),
(47273, 783, 468, 45, 4),
(47274, 783, 468, 46, 4),
(47275, 783, 468, 47, 4),
(47276, 783, 468, 48, 4),
(47277, 783, 468, 49, 5),
(47278, 783, 468, 50, 4),
(47279, 783, 468, 51, 4),
(47280, 783, 468, 52, 4),
(47281, 783, 468, 53, 4),
(47282, 783, 468, 54, 4),
(47283, 783, 468, 55, 4),
(47284, 783, 468, 56, 4),
(47285, 783, 468, 57, 4),
(47286, 783, 468, 58, 4),
(47287, 783, 468, 59, 4),
(47288, 783, 468, 60, 4),
(47289, 783, 468, 61, 4),
(47290, 783, 468, 62, 4),
(47291, 783, 468, 63, 4),
(47292, 783, 468, 64, 4),
(47293, 784, 41, 23, 5),
(47294, 784, 41, 24, 5),
(47295, 784, 41, 25, 4),
(47296, 784, 41, 26, 5),
(47297, 784, 41, 27, 5),
(47298, 784, 41, 28, 4),
(47299, 784, 41, 29, 5),
(47300, 784, 41, 30, 5),
(47301, 784, 41, 31, 4),
(47302, 784, 41, 32, 5),
(47303, 784, 41, 33, 5),
(47304, 784, 41, 34, 5),
(47305, 784, 41, 35, 4),
(47306, 784, 41, 36, 5),
(47307, 784, 41, 37, 5),
(47308, 784, 41, 38, 4),
(47309, 784, 41, 39, 5),
(47310, 784, 41, 40, 5),
(47311, 784, 41, 41, 5),
(47312, 784, 41, 42, 5),
(47313, 784, 41, 43, 5),
(47314, 784, 41, 44, 5),
(47315, 784, 41, 45, 5),
(47316, 784, 41, 46, 5),
(47317, 784, 41, 47, 5),
(47318, 784, 41, 48, 5),
(47319, 784, 41, 49, 5),
(47320, 784, 41, 50, 5),
(47321, 784, 41, 51, 5),
(47322, 784, 41, 52, 5),
(47323, 784, 41, 53, 5),
(47324, 784, 41, 54, 5),
(47325, 784, 41, 55, 5),
(47326, 784, 41, 56, 5),
(47327, 784, 41, 57, 4),
(47328, 784, 41, 58, 5),
(47329, 784, 41, 59, 5),
(47330, 784, 41, 60, 5),
(47331, 784, 41, 61, 5),
(47332, 784, 41, 62, 5),
(47333, 784, 41, 63, 5),
(47334, 784, 41, 64, 5),
(47377, 786, 37, 23, 4),
(47378, 786, 37, 24, 5),
(47379, 786, 37, 25, 4),
(47380, 786, 37, 26, 5),
(47381, 786, 37, 27, 5),
(47382, 786, 37, 28, 4),
(47383, 786, 37, 29, 5),
(47384, 786, 37, 30, 4),
(47385, 786, 37, 31, 4),
(47386, 786, 37, 32, 4),
(47387, 786, 37, 33, 4),
(47388, 786, 37, 34, 4),
(47389, 786, 37, 35, 4),
(47390, 786, 37, 36, 5),
(47391, 786, 37, 37, 4),
(47392, 786, 37, 38, 5),
(47393, 786, 37, 39, 5),
(47394, 786, 37, 40, 5),
(47395, 786, 37, 41, 5),
(47396, 786, 37, 42, 5),
(47397, 786, 37, 43, 4),
(47398, 786, 37, 44, 5),
(47399, 786, 37, 45, 5),
(47400, 786, 37, 46, 4),
(47401, 786, 37, 47, 4),
(47402, 786, 37, 48, 5),
(47403, 786, 37, 49, 5),
(47404, 786, 37, 50, 5),
(47405, 786, 37, 51, 5),
(47406, 786, 37, 52, 4),
(47407, 786, 37, 53, 5),
(47408, 786, 37, 54, 4),
(47409, 786, 37, 55, 4),
(47410, 786, 37, 56, 5),
(47411, 786, 37, 57, 5),
(47412, 786, 37, 58, 4),
(47413, 786, 37, 59, 4),
(47414, 786, 37, 60, 4),
(47415, 786, 37, 61, 4),
(47416, 786, 37, 62, 3),
(47417, 786, 37, 63, 4),
(47418, 786, 37, 64, 4),
(47419, 787, 476, 23, 5),
(47420, 787, 476, 24, 4),
(47421, 787, 476, 25, 5),
(47422, 787, 476, 26, 5),
(47423, 787, 476, 27, 5),
(47424, 787, 476, 28, 5),
(47425, 787, 476, 29, 4),
(47426, 787, 476, 30, 5),
(47427, 787, 476, 31, 5),
(47428, 787, 476, 32, 5),
(47429, 787, 476, 33, 5),
(47430, 787, 476, 34, 5),
(47431, 787, 476, 35, 5),
(47432, 787, 476, 36, 4),
(47433, 787, 476, 37, 5),
(47434, 787, 476, 38, 5),
(47435, 787, 476, 39, 5),
(47436, 787, 476, 40, 5),
(47437, 787, 476, 41, 5),
(47438, 787, 476, 42, 5),
(47439, 787, 476, 43, 5),
(47440, 787, 476, 44, 4),
(47441, 787, 476, 45, 5),
(47442, 787, 476, 46, 5),
(47443, 787, 476, 47, 5),
(47444, 787, 476, 48, 5),
(47445, 787, 476, 49, 5),
(47446, 787, 476, 50, 5),
(47447, 787, 476, 51, 4),
(47448, 787, 476, 52, 5),
(47449, 787, 476, 53, 5),
(47450, 787, 476, 54, 5),
(47451, 787, 476, 55, 5),
(47452, 787, 476, 56, 5),
(47453, 787, 476, 57, 5),
(47454, 787, 476, 58, 5),
(47455, 787, 476, 59, 5),
(47456, 787, 476, 60, 5),
(47457, 787, 476, 61, 5),
(47458, 787, 476, 62, 5),
(47459, 787, 476, 63, 5),
(47460, 787, 476, 64, 5),
(47461, 788, 469, 23, 5),
(47462, 788, 469, 24, 5),
(47463, 788, 469, 25, 5),
(47464, 788, 469, 26, 5),
(47465, 788, 469, 27, 4),
(47466, 788, 469, 28, 5),
(47467, 788, 469, 29, 5),
(47468, 788, 469, 30, 5),
(47469, 788, 469, 31, 5),
(47470, 788, 469, 32, 5),
(47471, 788, 469, 33, 5),
(47472, 788, 469, 34, 5),
(47473, 788, 469, 35, 5),
(47474, 788, 469, 36, 5),
(47475, 788, 469, 37, 5),
(47476, 788, 469, 38, 5),
(47477, 788, 469, 39, 5),
(47478, 788, 469, 40, 5),
(47479, 788, 469, 41, 5),
(47480, 788, 469, 42, 5),
(47481, 788, 469, 43, 5),
(47482, 788, 469, 44, 5),
(47483, 788, 469, 45, 5),
(47484, 788, 469, 46, 5),
(47485, 788, 469, 47, 5),
(47486, 788, 469, 48, 5),
(47487, 788, 469, 49, 5),
(47488, 788, 469, 50, 5),
(47489, 788, 469, 51, 5),
(47490, 788, 469, 52, 5),
(47491, 788, 469, 53, 5),
(47492, 788, 469, 54, 5),
(47493, 788, 469, 55, 5),
(47494, 788, 469, 56, 5),
(47495, 788, 469, 57, 5),
(47496, 788, 469, 58, 5),
(47497, 788, 469, 59, 5),
(47498, 788, 469, 60, 5),
(47499, 788, 469, 61, 5),
(47500, 788, 469, 62, 5),
(47501, 788, 469, 63, 4),
(47502, 788, 469, 64, 5),
(47503, 789, 290, 23, 5),
(47504, 789, 290, 24, 5),
(47505, 789, 290, 25, 5),
(47506, 789, 290, 26, 5),
(47507, 789, 290, 27, 5),
(47508, 789, 290, 28, 5),
(47509, 789, 290, 29, 5),
(47510, 789, 290, 30, 4),
(47511, 789, 290, 31, 5),
(47512, 789, 290, 32, 5),
(47513, 789, 290, 33, 5),
(47514, 789, 290, 34, 5),
(47515, 789, 290, 35, 4),
(47516, 789, 290, 36, 5),
(47517, 789, 290, 37, 5),
(47518, 789, 290, 38, 5),
(47519, 789, 290, 39, 5),
(47520, 789, 290, 40, 5),
(47521, 789, 290, 41, 5),
(47522, 789, 290, 42, 5),
(47523, 789, 290, 43, 4),
(47524, 789, 290, 44, 5),
(47525, 789, 290, 45, 5),
(47526, 789, 290, 46, 5),
(47527, 789, 290, 47, 5),
(47528, 789, 290, 48, 5),
(47529, 789, 290, 49, 5),
(47530, 789, 290, 50, 5),
(47531, 789, 290, 51, 5),
(47532, 789, 290, 52, 5),
(47533, 789, 290, 53, 5),
(47534, 789, 290, 54, 5),
(47535, 789, 290, 55, 5),
(47536, 789, 290, 56, 5),
(47537, 789, 290, 57, 5),
(47538, 789, 290, 58, 5),
(47539, 789, 290, 59, 5),
(47540, 789, 290, 60, 5),
(47541, 789, 290, 61, 5),
(47542, 789, 290, 62, 5),
(47543, 789, 290, 63, 5),
(47544, 789, 290, 64, 5),
(47545, 790, 473, 23, 5),
(47546, 790, 473, 24, 5),
(47547, 790, 473, 25, 5),
(47548, 790, 473, 26, 5),
(47549, 790, 473, 27, 5),
(47550, 790, 473, 28, 5),
(47551, 790, 473, 29, 5),
(47552, 790, 473, 30, 5),
(47553, 790, 473, 31, 5),
(47554, 790, 473, 32, 5),
(47555, 790, 473, 33, 5),
(47556, 790, 473, 34, 5),
(47557, 790, 473, 35, 5),
(47558, 790, 473, 36, 5),
(47559, 790, 473, 37, 5),
(47560, 790, 473, 38, 5),
(47561, 790, 473, 39, 5),
(47562, 790, 473, 40, 5),
(47563, 790, 473, 41, 5),
(47564, 790, 473, 42, 5),
(47565, 790, 473, 43, 5),
(47566, 790, 473, 44, 5),
(47567, 790, 473, 45, 5),
(47568, 790, 473, 46, 5),
(47569, 790, 473, 47, 5),
(47570, 790, 473, 48, 5),
(47571, 790, 473, 49, 5),
(47572, 790, 473, 50, 5),
(47573, 790, 473, 51, 5),
(47574, 790, 473, 52, 5),
(47575, 790, 473, 53, 5),
(47576, 790, 473, 54, 5),
(47577, 790, 473, 55, 5),
(47578, 790, 473, 56, 5),
(47579, 790, 473, 57, 2),
(47580, 790, 473, 58, 5),
(47581, 790, 473, 59, 5),
(47582, 790, 473, 60, 5),
(47583, 790, 473, 61, 5),
(47584, 790, 473, 62, 5),
(47585, 790, 473, 63, 5),
(47586, 790, 473, 64, 5),
(47587, 791, 470, 23, 5),
(47588, 791, 470, 24, 5),
(47589, 791, 470, 25, 5),
(47590, 791, 470, 26, 5),
(47591, 791, 470, 27, 5),
(47592, 791, 470, 28, 5),
(47593, 791, 470, 29, 5),
(47594, 791, 470, 30, 5),
(47595, 791, 470, 31, 5),
(47596, 791, 470, 32, 5),
(47597, 791, 470, 33, 5),
(47598, 791, 470, 34, 5),
(47599, 791, 470, 35, 5),
(47600, 791, 470, 36, 5),
(47601, 791, 470, 37, 5),
(47602, 791, 470, 38, 5),
(47603, 791, 470, 39, 5),
(47604, 791, 470, 40, 5),
(47605, 791, 470, 41, 5),
(47606, 791, 470, 42, 5),
(47607, 791, 470, 43, 5),
(47608, 791, 470, 44, 5),
(47609, 791, 470, 45, 5),
(47610, 791, 470, 46, 5),
(47611, 791, 470, 47, 5),
(47612, 791, 470, 48, 5),
(47613, 791, 470, 49, 5),
(47614, 791, 470, 50, 5),
(47615, 791, 470, 51, 5),
(47616, 791, 470, 52, 5),
(47617, 791, 470, 53, 5),
(47618, 791, 470, 54, 5),
(47619, 791, 470, 55, 5),
(47620, 791, 470, 56, 5),
(47621, 791, 470, 57, 5),
(47622, 791, 470, 58, 5),
(47623, 791, 470, 59, 5),
(47624, 791, 470, 60, 5),
(47625, 791, 470, 61, 5),
(47626, 791, 470, 62, 5),
(47627, 791, 470, 63, 5),
(47628, 791, 470, 64, 5),
(47713, 792, 279, 23, 5),
(47714, 792, 279, 24, 4),
(47715, 792, 279, 25, 5),
(47716, 792, 279, 26, 3),
(47717, 792, 279, 27, 5),
(47718, 792, 279, 28, 4),
(47719, 792, 279, 29, 4),
(47720, 792, 279, 30, 4),
(47721, 792, 279, 31, 4),
(47722, 792, 279, 32, 4),
(47723, 792, 279, 33, 4),
(47724, 792, 279, 34, 4),
(47725, 792, 279, 35, 4),
(47726, 792, 279, 36, 4),
(47727, 792, 279, 37, 4),
(47728, 792, 279, 38, 4),
(47729, 792, 279, 39, 5),
(47730, 792, 279, 40, 5),
(47731, 792, 279, 41, 4),
(47732, 792, 279, 42, 4),
(47733, 792, 279, 43, 3),
(47734, 792, 279, 44, 5),
(47735, 792, 279, 45, 5),
(47736, 792, 279, 46, 4),
(47737, 792, 279, 47, 4),
(47738, 792, 279, 48, 4),
(47739, 792, 279, 49, 3),
(47740, 792, 279, 50, 4),
(47741, 792, 279, 51, 4),
(47742, 792, 279, 52, 4),
(47743, 792, 279, 53, 4),
(47744, 792, 279, 54, 4),
(47745, 792, 279, 55, 4),
(47746, 792, 279, 56, 3),
(47747, 792, 279, 57, 3),
(47748, 792, 279, 58, 4),
(47749, 792, 279, 59, 4),
(47750, 792, 279, 60, 3),
(47751, 792, 279, 61, 4),
(47752, 792, 279, 62, 4),
(47753, 792, 279, 63, 4),
(47754, 792, 279, 64, 4),
(47797, 749, 25, 23, 5),
(47798, 749, 25, 24, 5),
(47799, 749, 25, 25, 5),
(47800, 749, 25, 26, 5),
(47801, 749, 25, 27, 5),
(47802, 749, 25, 28, 5),
(47803, 749, 25, 29, 5),
(47804, 749, 25, 30, 4),
(47805, 749, 25, 31, 5),
(47806, 749, 25, 32, 4),
(47807, 749, 25, 33, 4),
(47808, 749, 25, 34, 5),
(47809, 749, 25, 35, 4),
(47810, 749, 25, 36, 5),
(47811, 749, 25, 37, 5),
(47812, 749, 25, 38, 5),
(47813, 749, 25, 39, 5),
(47814, 749, 25, 40, 5),
(47815, 749, 25, 41, 5),
(47816, 749, 25, 42, 5),
(47817, 749, 25, 43, 5),
(47818, 749, 25, 44, 5),
(47819, 749, 25, 45, 5),
(47820, 749, 25, 46, 4),
(47821, 749, 25, 47, 5),
(47822, 749, 25, 48, 4),
(47823, 749, 25, 49, 5),
(47824, 749, 25, 50, 5),
(47825, 749, 25, 51, 4),
(47826, 749, 25, 52, 5),
(47827, 749, 25, 53, 5),
(47828, 749, 25, 54, 4),
(47829, 749, 25, 55, 4),
(47830, 749, 25, 56, 5),
(47831, 749, 25, 57, 4),
(47832, 749, 25, 58, 5),
(47833, 749, 25, 59, 5),
(47834, 749, 25, 60, 5),
(47835, 749, 25, 61, 4),
(47836, 749, 25, 62, 5),
(47837, 749, 25, 63, 3),
(47838, 749, 25, 64, 5),
(47839, 793, 55, 23, 5),
(47840, 793, 55, 24, 5),
(47841, 793, 55, 25, 5),
(47842, 793, 55, 26, 5),
(47843, 793, 55, 27, 5),
(47844, 793, 55, 28, 5),
(47845, 793, 55, 29, 5),
(47846, 793, 55, 30, 5),
(47847, 793, 55, 31, 5),
(47848, 793, 55, 32, 5),
(47849, 793, 55, 33, 5),
(47850, 793, 55, 34, 5),
(47851, 793, 55, 35, 5),
(47852, 793, 55, 36, 5),
(47853, 793, 55, 37, 5),
(47854, 793, 55, 38, 5),
(47855, 793, 55, 39, 5),
(47856, 793, 55, 40, 5),
(47857, 793, 55, 41, 5),
(47858, 793, 55, 42, 5),
(47859, 793, 55, 43, 5),
(47860, 793, 55, 44, 5),
(47861, 793, 55, 45, 5),
(47862, 793, 55, 46, 5),
(47863, 793, 55, 47, 5),
(47864, 793, 55, 48, 5),
(47865, 793, 55, 49, 5),
(47866, 793, 55, 50, 5),
(47867, 793, 55, 51, 5),
(47868, 793, 55, 52, 5),
(47869, 793, 55, 53, 5),
(47870, 793, 55, 54, 5),
(47871, 793, 55, 55, 5),
(47872, 793, 55, 56, 5),
(47873, 793, 55, 57, 5),
(47874, 793, 55, 58, 5),
(47875, 793, 55, 59, 5),
(47876, 793, 55, 60, 5),
(47877, 793, 55, 61, 2),
(47878, 793, 55, 62, 5),
(47879, 793, 55, 63, 5),
(47880, 793, 55, 64, 5),
(47881, 794, 68, 23, 5),
(47882, 794, 68, 24, 4),
(47883, 794, 68, 25, 5),
(47884, 794, 68, 26, 5),
(47885, 794, 68, 27, 5),
(47886, 794, 68, 28, 4),
(47887, 794, 68, 29, 4),
(47888, 794, 68, 30, 5),
(47889, 794, 68, 31, 4),
(47890, 794, 68, 32, 4),
(47891, 794, 68, 33, 5),
(47892, 794, 68, 34, 5),
(47893, 794, 68, 35, 4),
(47894, 794, 68, 36, 4),
(47895, 794, 68, 37, 5),
(47896, 794, 68, 38, 4),
(47897, 794, 68, 39, 5),
(47898, 794, 68, 40, 4),
(47899, 794, 68, 41, 5),
(47900, 794, 68, 42, 5),
(47901, 794, 68, 43, 4),
(47902, 794, 68, 44, 5),
(47903, 794, 68, 45, 4),
(47904, 794, 68, 46, 4),
(47905, 794, 68, 47, 4),
(47906, 794, 68, 48, 4),
(47907, 794, 68, 49, 5),
(47908, 794, 68, 50, 5),
(47909, 794, 68, 51, 4),
(47910, 794, 68, 52, 4),
(47911, 794, 68, 53, 5),
(47912, 794, 68, 54, 5),
(47913, 794, 68, 55, 5),
(47914, 794, 68, 56, 5),
(47915, 794, 68, 57, 4),
(47916, 794, 68, 58, 5),
(47917, 794, 68, 59, 4),
(47918, 794, 68, 60, 4),
(47919, 794, 68, 61, 3),
(47920, 794, 68, 62, 4),
(47921, 794, 68, 63, 4),
(47922, 794, 68, 64, 4),
(47923, 795, 475, 23, 5),
(47924, 795, 475, 24, 5),
(47925, 795, 475, 25, 5),
(47926, 795, 475, 26, 5),
(47927, 795, 475, 27, 5),
(47928, 795, 475, 28, 5),
(47929, 795, 475, 29, 4),
(47930, 795, 475, 30, 5),
(47931, 795, 475, 31, 5),
(47932, 795, 475, 32, 5),
(47933, 795, 475, 33, 5),
(47934, 795, 475, 34, 5),
(47935, 795, 475, 35, 5),
(47936, 795, 475, 36, 5),
(47937, 795, 475, 37, 5),
(47938, 795, 475, 38, 5),
(47939, 795, 475, 39, 5),
(47940, 795, 475, 40, 5),
(47941, 795, 475, 41, 5),
(47942, 795, 475, 42, 5),
(47943, 795, 475, 43, 5),
(47944, 795, 475, 44, 5),
(47945, 795, 475, 45, 5),
(47946, 795, 475, 46, 4),
(47947, 795, 475, 47, 5),
(47948, 795, 475, 48, 5),
(47949, 795, 475, 49, 5),
(47950, 795, 475, 50, 5),
(47951, 795, 475, 51, 5),
(47952, 795, 475, 52, 5),
(47953, 795, 475, 53, 5),
(47954, 795, 475, 54, 3),
(47955, 795, 475, 55, 5),
(47956, 795, 475, 56, 5),
(47957, 795, 475, 57, 5),
(47958, 795, 475, 58, 5),
(47959, 795, 475, 59, 3),
(47960, 795, 475, 60, 5),
(47961, 795, 475, 61, 4),
(47962, 795, 475, 62, 5),
(47963, 795, 475, 63, 5),
(47964, 795, 475, 64, 5),
(47965, 796, 33, 23, 4),
(47966, 796, 33, 24, 5),
(47967, 796, 33, 25, 5),
(47968, 796, 33, 26, 5),
(47969, 796, 33, 27, 5),
(47970, 796, 33, 28, 4),
(47971, 796, 33, 29, 5),
(47972, 796, 33, 30, 5),
(47973, 796, 33, 31, 4),
(47974, 796, 33, 32, 4),
(47975, 796, 33, 33, 4),
(47976, 796, 33, 34, 5),
(47977, 796, 33, 35, 5),
(47978, 796, 33, 36, 5),
(47979, 796, 33, 37, 4),
(47980, 796, 33, 38, 4),
(47981, 796, 33, 39, 5),
(47982, 796, 33, 40, 5),
(47983, 796, 33, 41, 5),
(47984, 796, 33, 42, 5),
(47985, 796, 33, 43, 5),
(47986, 796, 33, 44, 5),
(47987, 796, 33, 45, 5),
(47988, 796, 33, 46, 5),
(47989, 796, 33, 47, 4),
(47990, 796, 33, 48, 5),
(47991, 796, 33, 49, 5),
(47992, 796, 33, 50, 5),
(47993, 796, 33, 51, 5),
(47994, 796, 33, 52, 5),
(47995, 796, 33, 53, 4),
(47996, 796, 33, 54, 3),
(47997, 796, 33, 55, 5),
(47998, 796, 33, 56, 5),
(47999, 796, 33, 57, 5),
(48000, 796, 33, 58, 4),
(48001, 796, 33, 59, 4),
(48002, 796, 33, 60, 4),
(48003, 796, 33, 61, 4),
(48004, 796, 33, 62, 4),
(48005, 796, 33, 63, 4),
(48006, 796, 33, 64, 4),
(48007, 797, 697, 23, 4),
(48008, 797, 697, 24, 5),
(48009, 797, 697, 25, 5),
(48010, 797, 697, 26, 5),
(48011, 797, 697, 27, 5),
(48012, 797, 697, 28, 5),
(48013, 797, 697, 29, 5),
(48014, 797, 697, 30, 5),
(48015, 797, 697, 31, 4),
(48016, 797, 697, 32, 4),
(48017, 797, 697, 33, 4),
(48018, 797, 697, 34, 4),
(48019, 797, 697, 35, 5),
(48020, 797, 697, 36, 5),
(48021, 797, 697, 37, 5),
(48022, 797, 697, 38, 5),
(48023, 797, 697, 39, 5),
(48024, 797, 697, 40, 5),
(48025, 797, 697, 41, 5),
(48026, 797, 697, 42, 5),
(48027, 797, 697, 43, 5),
(48028, 797, 697, 44, 5),
(48029, 797, 697, 45, 5),
(48030, 797, 697, 46, 5),
(48031, 797, 697, 47, 5),
(48032, 797, 697, 48, 5),
(48033, 797, 697, 49, 5),
(48034, 797, 697, 50, 5),
(48035, 797, 697, 51, 5),
(48036, 797, 697, 52, 5),
(48037, 797, 697, 53, 5),
(48038, 797, 697, 54, 5),
(48039, 797, 697, 55, 5),
(48040, 797, 697, 56, 4),
(48041, 797, 697, 57, 4),
(48042, 797, 697, 58, 5),
(48043, 797, 697, 59, 5),
(48044, 797, 697, 60, 5),
(48045, 797, 697, 61, 5),
(48046, 797, 697, 62, 5),
(48047, 797, 697, 63, 5),
(48048, 797, 697, 64, 5),
(48049, 798, 512, 23, 5),
(48050, 798, 512, 24, 4),
(48051, 798, 512, 25, 4),
(48052, 798, 512, 26, 4),
(48053, 798, 512, 27, 4),
(48054, 798, 512, 28, 4),
(48055, 798, 512, 29, 5),
(48056, 798, 512, 30, 4),
(48057, 798, 512, 31, 4),
(48058, 798, 512, 32, 4),
(48059, 798, 512, 33, 4),
(48060, 798, 512, 34, 4),
(48061, 798, 512, 35, 4),
(48062, 798, 512, 36, 4),
(48063, 798, 512, 37, 5),
(48064, 798, 512, 38, 4),
(48065, 798, 512, 39, 5),
(48066, 798, 512, 40, 5),
(48067, 798, 512, 41, 5),
(48068, 798, 512, 42, 5),
(48069, 798, 512, 43, 4),
(48070, 798, 512, 44, 4),
(48071, 798, 512, 45, 4),
(48072, 798, 512, 46, 4),
(48073, 798, 512, 47, 4),
(48074, 798, 512, 48, 4),
(48075, 798, 512, 49, 4),
(48076, 798, 512, 50, 4),
(48077, 798, 512, 51, 4),
(48078, 798, 512, 52, 4),
(48079, 798, 512, 53, 4),
(48080, 798, 512, 54, 4),
(48081, 798, 512, 55, 4),
(48082, 798, 512, 56, 4),
(48083, 798, 512, 57, 4),
(48084, 798, 512, 58, 3),
(48085, 798, 512, 59, 4),
(48086, 798, 512, 60, 4),
(48087, 798, 512, 61, 3),
(48088, 798, 512, 62, 3),
(48089, 798, 512, 63, 4),
(48090, 798, 512, 64, 4),
(48091, 799, 471, 23, 5),
(48092, 799, 471, 24, 5),
(48093, 799, 471, 25, 5),
(48094, 799, 471, 26, 5),
(48095, 799, 471, 27, 5),
(48096, 799, 471, 28, 5),
(48097, 799, 471, 29, 5),
(48098, 799, 471, 30, 5),
(48099, 799, 471, 31, 5),
(48100, 799, 471, 32, 5),
(48101, 799, 471, 33, 5),
(48102, 799, 471, 34, 5),
(48103, 799, 471, 35, 5),
(48104, 799, 471, 36, 5),
(48105, 799, 471, 37, 5),
(48106, 799, 471, 38, 5),
(48107, 799, 471, 39, 5),
(48108, 799, 471, 40, 5),
(48109, 799, 471, 41, 5),
(48110, 799, 471, 42, 5),
(48111, 799, 471, 43, 5),
(48112, 799, 471, 44, 5),
(48113, 799, 471, 45, 5),
(48114, 799, 471, 46, 5),
(48115, 799, 471, 47, 5),
(48116, 799, 471, 48, 5),
(48117, 799, 471, 49, 5),
(48118, 799, 471, 50, 5),
(48119, 799, 471, 51, 5),
(48120, 799, 471, 52, 5),
(48121, 799, 471, 53, 5),
(48122, 799, 471, 54, 5),
(48123, 799, 471, 55, 5),
(48124, 799, 471, 56, 5),
(48125, 799, 471, 57, 5),
(48126, 799, 471, 58, 5),
(48127, 799, 471, 59, 5),
(48128, 799, 471, 60, 5),
(48129, 799, 471, 61, 5),
(48130, 799, 471, 62, 5),
(48131, 799, 471, 63, 5),
(48132, 799, 471, 64, 5),
(48133, 800, 12, 23, 5),
(48134, 800, 12, 24, 5),
(48135, 800, 12, 25, 4),
(48136, 800, 12, 26, 5),
(48137, 800, 12, 27, 4),
(48138, 800, 12, 28, 5),
(48139, 800, 12, 29, 4),
(48140, 800, 12, 30, 5),
(48141, 800, 12, 31, 4),
(48142, 800, 12, 32, 4),
(48143, 800, 12, 33, 5),
(48144, 800, 12, 34, 5),
(48145, 800, 12, 35, 4),
(48146, 800, 12, 36, 5),
(48147, 800, 12, 37, 4),
(48148, 800, 12, 38, 4),
(48149, 800, 12, 39, 4),
(48150, 800, 12, 40, 5),
(48151, 800, 12, 41, 5),
(48152, 800, 12, 42, 5),
(48153, 800, 12, 43, 3),
(48154, 800, 12, 44, 5),
(48155, 800, 12, 45, 4),
(48156, 800, 12, 46, 5),
(48157, 800, 12, 47, 5),
(48158, 800, 12, 48, 5),
(48159, 800, 12, 49, 5),
(48160, 800, 12, 50, 5),
(48161, 800, 12, 51, 5),
(48162, 800, 12, 52, 2),
(48163, 800, 12, 53, 4),
(48164, 800, 12, 54, 5),
(48165, 800, 12, 55, 4),
(48166, 800, 12, 56, 4),
(48167, 800, 12, 57, 4),
(48168, 800, 12, 58, 5),
(48169, 800, 12, 59, 5),
(48170, 800, 12, 60, 4),
(48171, 800, 12, 61, 4),
(48172, 800, 12, 62, 3),
(48173, 800, 12, 63, 4),
(48174, 800, 12, 64, 4),
(48175, 801, 24, 23, 5),
(48176, 801, 24, 24, 5),
(48177, 801, 24, 25, 5),
(48178, 801, 24, 26, 5),
(48179, 801, 24, 27, 5),
(48180, 801, 24, 28, 5),
(48181, 801, 24, 29, 5),
(48182, 801, 24, 30, 5),
(48183, 801, 24, 31, 5),
(48184, 801, 24, 32, 5),
(48185, 801, 24, 33, 5),
(48186, 801, 24, 34, 5),
(48187, 801, 24, 35, 5),
(48188, 801, 24, 36, 5),
(48189, 801, 24, 37, 5),
(48190, 801, 24, 38, 5),
(48191, 801, 24, 39, 5),
(48192, 801, 24, 40, 5),
(48193, 801, 24, 41, 5),
(48194, 801, 24, 42, 5),
(48195, 801, 24, 43, 5),
(48196, 801, 24, 44, 5),
(48197, 801, 24, 45, 5),
(48198, 801, 24, 46, 5),
(48199, 801, 24, 47, 5),
(48200, 801, 24, 48, 5),
(48201, 801, 24, 49, 5),
(48202, 801, 24, 50, 5),
(48203, 801, 24, 51, 5),
(48204, 801, 24, 52, 5),
(48205, 801, 24, 53, 5),
(48206, 801, 24, 54, 5),
(48207, 801, 24, 55, 5),
(48208, 801, 24, 56, 5),
(48209, 801, 24, 57, 5),
(48210, 801, 24, 58, 5),
(48211, 801, 24, 59, 5),
(48212, 801, 24, 60, 5),
(48213, 801, 24, 61, 5),
(48214, 801, 24, 62, 5),
(48215, 801, 24, 63, 5),
(48216, 801, 24, 64, 5),
(48217, 802, 116, 23, 5),
(48218, 802, 116, 24, 5),
(48219, 802, 116, 25, 5),
(48220, 802, 116, 26, 5),
(48221, 802, 116, 27, 5),
(48222, 802, 116, 28, 5),
(48223, 802, 116, 29, 5),
(48224, 802, 116, 30, 5),
(48225, 802, 116, 31, 5),
(48226, 802, 116, 32, 5),
(48227, 802, 116, 33, 5),
(48228, 802, 116, 34, 5),
(48229, 802, 116, 35, 5),
(48230, 802, 116, 36, 5),
(48231, 802, 116, 37, 5),
(48232, 802, 116, 38, 5),
(48233, 802, 116, 39, 5),
(48234, 802, 116, 40, 5),
(48235, 802, 116, 41, 5),
(48236, 802, 116, 42, 5),
(48237, 802, 116, 43, 5),
(48238, 802, 116, 44, 5),
(48239, 802, 116, 45, 5),
(48240, 802, 116, 46, 5),
(48241, 802, 116, 47, 5),
(48242, 802, 116, 48, 5),
(48243, 802, 116, 49, 5),
(48244, 802, 116, 50, 5),
(48245, 802, 116, 51, 5),
(48246, 802, 116, 52, 5),
(48247, 802, 116, 53, 5),
(48248, 802, 116, 54, 5),
(48249, 802, 116, 55, 5),
(48250, 802, 116, 56, 5),
(48251, 802, 116, 57, 2),
(48252, 802, 116, 58, 5),
(48253, 802, 116, 59, 5),
(48254, 802, 116, 60, 5),
(48255, 802, 116, 61, 5),
(48256, 802, 116, 62, 5),
(48257, 802, 116, 63, 5),
(48258, 802, 116, 64, 5),
(48259, 803, 430, 23, 4),
(48260, 803, 430, 24, 5),
(48261, 803, 430, 25, 4),
(48262, 803, 430, 26, 4),
(48263, 803, 430, 27, 4),
(48264, 803, 430, 28, 4),
(48265, 803, 430, 29, 5),
(48266, 803, 430, 30, 4),
(48267, 803, 430, 31, 4),
(48268, 803, 430, 32, 4),
(48269, 803, 430, 33, 4),
(48270, 803, 430, 34, 4),
(48271, 803, 430, 35, 1),
(48272, 803, 430, 36, 4),
(48273, 803, 430, 37, 4),
(48274, 803, 430, 38, 4),
(48275, 803, 430, 39, 4),
(48276, 803, 430, 40, 5),
(48277, 803, 430, 41, 4),
(48278, 803, 430, 42, 4),
(48279, 803, 430, 43, 4),
(48280, 803, 430, 44, 4),
(48281, 803, 430, 45, 4),
(48282, 803, 430, 46, 4),
(48283, 803, 430, 47, 4),
(48284, 803, 430, 48, 4),
(48285, 803, 430, 49, 4),
(48286, 803, 430, 50, 2),
(48287, 803, 430, 51, 2),
(48288, 803, 430, 52, 2),
(48289, 803, 430, 53, 4),
(48290, 803, 430, 54, 3),
(48291, 803, 430, 55, 3),
(48292, 803, 430, 56, 2),
(48293, 803, 430, 57, 2),
(48294, 803, 430, 58, 4),
(48295, 803, 430, 59, 3),
(48296, 803, 430, 60, 3),
(48297, 803, 430, 61, 3),
(48298, 803, 430, 62, 3),
(48299, 803, 430, 63, 2),
(48300, 803, 430, 64, 3),
(48343, 804, 114, 23, 5),
(48344, 804, 114, 24, 5),
(48345, 804, 114, 25, 5),
(48346, 804, 114, 26, 5),
(48347, 804, 114, 27, 5),
(48348, 804, 114, 28, 5),
(48349, 804, 114, 29, 5),
(48350, 804, 114, 30, 5),
(48351, 804, 114, 31, 4),
(48352, 804, 114, 32, 2),
(48353, 804, 114, 33, 5),
(48354, 804, 114, 34, 3),
(48355, 804, 114, 35, 5),
(48356, 804, 114, 36, 5),
(48357, 804, 114, 37, 5),
(48358, 804, 114, 38, 5),
(48359, 804, 114, 39, 5),
(48360, 804, 114, 40, 5),
(48361, 804, 114, 41, 5),
(48362, 804, 114, 42, 5),
(48363, 804, 114, 43, 5),
(48364, 804, 114, 44, 5),
(48365, 804, 114, 45, 5),
(48366, 804, 114, 46, 5),
(48367, 804, 114, 47, 5),
(48368, 804, 114, 48, 5),
(48369, 804, 114, 49, 5),
(48370, 804, 114, 50, 2),
(48371, 804, 114, 51, 5),
(48372, 804, 114, 52, 2),
(48373, 804, 114, 53, 4),
(48374, 804, 114, 54, 5),
(48375, 804, 114, 55, 4),
(48376, 804, 114, 56, 4),
(48377, 804, 114, 57, 2),
(48378, 804, 114, 58, 5),
(48379, 804, 114, 59, 5),
(48380, 804, 114, 60, 3),
(48381, 804, 114, 61, 5),
(48382, 804, 114, 62, 5),
(48383, 804, 114, 63, 4),
(48384, 804, 114, 64, 5),
(48385, 805, 73, 23, 5),
(48386, 805, 73, 24, 5),
(48387, 805, 73, 25, 5),
(48388, 805, 73, 26, 5),
(48389, 805, 73, 27, 5),
(48390, 805, 73, 28, 5),
(48391, 805, 73, 29, 5),
(48392, 805, 73, 30, 5),
(48393, 805, 73, 31, 5),
(48394, 805, 73, 32, 5),
(48395, 805, 73, 33, 5),
(48396, 805, 73, 34, 5),
(48397, 805, 73, 35, 5),
(48398, 805, 73, 36, 5),
(48399, 805, 73, 37, 5),
(48400, 805, 73, 38, 5),
(48401, 805, 73, 39, 5),
(48402, 805, 73, 40, 5),
(48403, 805, 73, 41, 5),
(48404, 805, 73, 42, 5),
(48405, 805, 73, 43, 5),
(48406, 805, 73, 44, 5),
(48407, 805, 73, 45, 5),
(48408, 805, 73, 46, 5),
(48409, 805, 73, 47, 5),
(48410, 805, 73, 48, 5),
(48411, 805, 73, 49, 5),
(48412, 805, 73, 50, 5),
(48413, 805, 73, 51, 5),
(48414, 805, 73, 52, 5),
(48415, 805, 73, 53, 5),
(48416, 805, 73, 54, 5),
(48417, 805, 73, 55, 5),
(48418, 805, 73, 56, 5),
(48419, 805, 73, 57, 5),
(48420, 805, 73, 58, 5),
(48421, 805, 73, 59, 5),
(48422, 805, 73, 60, 5),
(48423, 805, 73, 61, 5),
(48424, 805, 73, 62, 5),
(48425, 805, 73, 63, 5),
(48426, 805, 73, 64, 5),
(48427, 806, 115, 23, 5),
(48428, 806, 115, 24, 5),
(48429, 806, 115, 25, 4),
(48430, 806, 115, 26, 5),
(48431, 806, 115, 27, 5),
(48432, 806, 115, 28, 5),
(48433, 806, 115, 29, 5),
(48434, 806, 115, 30, 5),
(48435, 806, 115, 31, 5),
(48436, 806, 115, 32, 4),
(48437, 806, 115, 33, 5),
(48438, 806, 115, 34, 5),
(48439, 806, 115, 35, 5),
(48440, 806, 115, 36, 5),
(48441, 806, 115, 37, 5),
(48442, 806, 115, 38, 5),
(48443, 806, 115, 39, 5),
(48444, 806, 115, 40, 5),
(48445, 806, 115, 41, 5),
(48446, 806, 115, 42, 5),
(48447, 806, 115, 43, 5),
(48448, 806, 115, 44, 5),
(48449, 806, 115, 45, 5),
(48450, 806, 115, 46, 5),
(48451, 806, 115, 47, 5),
(48452, 806, 115, 48, 5),
(48453, 806, 115, 49, 5),
(48454, 806, 115, 50, 5),
(48455, 806, 115, 51, 5),
(48456, 806, 115, 52, 5),
(48457, 806, 115, 53, 5),
(48458, 806, 115, 54, 5),
(48459, 806, 115, 55, 5),
(48460, 806, 115, 56, 5),
(48461, 806, 115, 57, 5),
(48462, 806, 115, 58, 5),
(48463, 806, 115, 59, 5),
(48464, 806, 115, 60, 5),
(48465, 806, 115, 61, 5),
(48466, 806, 115, 62, 5),
(48467, 806, 115, 63, 5),
(48468, 806, 115, 64, 5),
(48469, 807, 113, 23, 5),
(48470, 807, 113, 24, 5),
(48471, 807, 113, 25, 5),
(48472, 807, 113, 26, 5),
(48473, 807, 113, 27, 5),
(48474, 807, 113, 28, 5),
(48475, 807, 113, 29, 5),
(48476, 807, 113, 30, 5),
(48477, 807, 113, 31, 5),
(48478, 807, 113, 32, 5),
(48479, 807, 113, 33, 5),
(48480, 807, 113, 34, 5),
(48481, 807, 113, 35, 5),
(48482, 807, 113, 36, 5),
(48483, 807, 113, 37, 5),
(48484, 807, 113, 38, 5),
(48485, 807, 113, 39, 5),
(48486, 807, 113, 40, 5),
(48487, 807, 113, 41, 5),
(48488, 807, 113, 42, 5),
(48489, 807, 113, 43, 5),
(48490, 807, 113, 44, 5),
(48491, 807, 113, 45, 5),
(48492, 807, 113, 46, 5),
(48493, 807, 113, 47, 5),
(48494, 807, 113, 48, 5),
(48495, 807, 113, 49, 5),
(48496, 807, 113, 50, 5),
(48497, 807, 113, 51, 5),
(48498, 807, 113, 52, 4),
(48499, 807, 113, 53, 5),
(48500, 807, 113, 54, 5),
(48501, 807, 113, 55, 5),
(48502, 807, 113, 56, 5),
(48503, 807, 113, 57, 2),
(48504, 807, 113, 58, 5),
(48505, 807, 113, 59, 5),
(48506, 807, 113, 60, 5),
(48507, 807, 113, 61, 5),
(48508, 807, 113, 62, 5),
(48509, 807, 113, 63, 5),
(48510, 807, 113, 64, 5),
(48511, 808, 438, 23, 3),
(48512, 808, 438, 24, 5),
(48513, 808, 438, 25, 3),
(48514, 808, 438, 26, 5),
(48515, 808, 438, 27, 5),
(48516, 808, 438, 28, 5),
(48517, 808, 438, 29, 5),
(48518, 808, 438, 30, 2),
(48519, 808, 438, 31, 4),
(48520, 808, 438, 32, 2),
(48521, 808, 438, 33, 3),
(48522, 808, 438, 34, 4),
(48523, 808, 438, 35, 5),
(48524, 808, 438, 36, 5),
(48525, 808, 438, 37, 3),
(48526, 808, 438, 38, 5),
(48527, 808, 438, 39, 5),
(48528, 808, 438, 40, 5),
(48529, 808, 438, 41, 5),
(48530, 808, 438, 42, 5),
(48531, 808, 438, 43, 5),
(48532, 808, 438, 44, 5),
(48533, 808, 438, 45, 5),
(48534, 808, 438, 46, 3),
(48535, 808, 438, 47, 3),
(48536, 808, 438, 48, 5),
(48537, 808, 438, 49, 5),
(48538, 808, 438, 50, 5),
(48539, 808, 438, 51, 5),
(48540, 808, 438, 52, 2),
(48541, 808, 438, 53, 5),
(48542, 808, 438, 54, 5),
(48543, 808, 438, 55, 5),
(48544, 808, 438, 56, 5),
(48545, 808, 438, 57, 5),
(48546, 808, 438, 58, 4),
(48547, 808, 438, 59, 4),
(48548, 808, 438, 60, 5),
(48549, 808, 438, 61, 2),
(48550, 808, 438, 62, 4),
(48551, 808, 438, 63, 5),
(48552, 808, 438, 64, 3),
(48553, 809, 449, 23, 5),
(48554, 809, 449, 24, 5),
(48555, 809, 449, 25, 5),
(48556, 809, 449, 26, 5),
(48557, 809, 449, 27, 5),
(48558, 809, 449, 28, 5),
(48559, 809, 449, 29, 5),
(48560, 809, 449, 30, 5),
(48561, 809, 449, 31, 5),
(48562, 809, 449, 32, 5),
(48563, 809, 449, 33, 5),
(48564, 809, 449, 34, 5),
(48565, 809, 449, 35, 5),
(48566, 809, 449, 36, 5),
(48567, 809, 449, 37, 5),
(48568, 809, 449, 38, 5),
(48569, 809, 449, 39, 5),
(48570, 809, 449, 40, 5),
(48571, 809, 449, 41, 5),
(48572, 809, 449, 42, 5),
(48573, 809, 449, 43, 5),
(48574, 809, 449, 44, 5),
(48575, 809, 449, 45, 5),
(48576, 809, 449, 46, 5),
(48577, 809, 449, 47, 5),
(48578, 809, 449, 48, 5),
(48579, 809, 449, 49, 5),
(48580, 809, 449, 50, 5),
(48581, 809, 449, 51, 5),
(48582, 809, 449, 52, 5),
(48583, 809, 449, 53, 5),
(48584, 809, 449, 54, 5),
(48585, 809, 449, 55, 5),
(48586, 809, 449, 56, 5),
(48587, 809, 449, 57, 5),
(48588, 809, 449, 58, 5),
(48589, 809, 449, 59, 5),
(48590, 809, 449, 60, 5),
(48591, 809, 449, 61, 5),
(48592, 809, 449, 62, 5),
(48593, 809, 449, 63, 5),
(48594, 809, 449, 64, 5),
(48595, 810, 451, 23, 5),
(48596, 810, 451, 24, 5),
(48597, 810, 451, 25, 5),
(48598, 810, 451, 26, 5),
(48599, 810, 451, 27, 5),
(48600, 810, 451, 28, 5),
(48601, 810, 451, 29, 4),
(48602, 810, 451, 30, 5),
(48603, 810, 451, 31, 5),
(48604, 810, 451, 32, 5),
(48605, 810, 451, 33, 5),
(48606, 810, 451, 34, 5),
(48607, 810, 451, 35, 5),
(48608, 810, 451, 36, 5),
(48609, 810, 451, 37, 5),
(48610, 810, 451, 38, 5),
(48611, 810, 451, 39, 5),
(48612, 810, 451, 40, 5),
(48613, 810, 451, 41, 5),
(48614, 810, 451, 42, 5),
(48615, 810, 451, 43, 5),
(48616, 810, 451, 44, 5),
(48617, 810, 451, 45, 5),
(48618, 810, 451, 46, 5),
(48619, 810, 451, 47, 5),
(48620, 810, 451, 48, 5),
(48621, 810, 451, 49, 5),
(48622, 810, 451, 50, 5),
(48623, 810, 451, 51, 5),
(48624, 810, 451, 52, 5),
(48625, 810, 451, 53, 5),
(48626, 810, 451, 54, 5),
(48627, 810, 451, 55, 5),
(48628, 810, 451, 56, 5),
(48629, 810, 451, 57, 5),
(48630, 810, 451, 58, 5),
(48631, 810, 451, 59, 5),
(48632, 810, 451, 60, 5),
(48633, 810, 451, 61, 5),
(48634, 810, 451, 62, 5),
(48635, 810, 451, 63, 5),
(48636, 810, 451, 64, 5),
(48637, 811, 670, 23, 5),
(48638, 811, 670, 24, 5),
(48639, 811, 670, 25, 5),
(48640, 811, 670, 26, 5),
(48641, 811, 670, 27, 5),
(48642, 811, 670, 28, 5),
(48643, 811, 670, 29, 5),
(48644, 811, 670, 30, 5),
(48645, 811, 670, 31, 5),
(48646, 811, 670, 32, 5),
(48647, 811, 670, 33, 5),
(48648, 811, 670, 34, 4),
(48649, 811, 670, 35, 5),
(48650, 811, 670, 36, 5),
(48651, 811, 670, 37, 5),
(48652, 811, 670, 38, 5),
(48653, 811, 670, 39, 5),
(48654, 811, 670, 40, 5),
(48655, 811, 670, 41, 5),
(48656, 811, 670, 42, 5),
(48657, 811, 670, 43, 5),
(48658, 811, 670, 44, 5),
(48659, 811, 670, 45, 5),
(48660, 811, 670, 46, 5),
(48661, 811, 670, 47, 5),
(48662, 811, 670, 48, 5),
(48663, 811, 670, 49, 5),
(48664, 811, 670, 50, 5),
(48665, 811, 670, 51, 5),
(48666, 811, 670, 52, 5),
(48667, 811, 670, 53, 5),
(48668, 811, 670, 54, 5),
(48669, 811, 670, 55, 5),
(48670, 811, 670, 56, 5),
(48671, 811, 670, 57, 5),
(48672, 811, 670, 58, 5),
(48673, 811, 670, 59, 5),
(48674, 811, 670, 60, 5),
(48675, 811, 670, 61, 4),
(48676, 811, 670, 62, 5),
(48677, 811, 670, 63, 5),
(48678, 811, 670, 64, 5),
(48679, 812, 671, 23, 5),
(48680, 812, 671, 24, 5),
(48681, 812, 671, 25, 5),
(48682, 812, 671, 26, 5),
(48683, 812, 671, 27, 5),
(48684, 812, 671, 28, 5),
(48685, 812, 671, 29, 5),
(48686, 812, 671, 30, 5),
(48687, 812, 671, 31, 5),
(48688, 812, 671, 32, 5),
(48689, 812, 671, 33, 5),
(48690, 812, 671, 34, 4),
(48691, 812, 671, 35, 5),
(48692, 812, 671, 36, 5),
(48693, 812, 671, 37, 5),
(48694, 812, 671, 38, 5),
(48695, 812, 671, 39, 5),
(48696, 812, 671, 40, 5),
(48697, 812, 671, 41, 5),
(48698, 812, 671, 42, 5),
(48699, 812, 671, 43, 5),
(48700, 812, 671, 44, 5),
(48701, 812, 671, 45, 5),
(48702, 812, 671, 46, 5),
(48703, 812, 671, 47, 5),
(48704, 812, 671, 48, 5),
(48705, 812, 671, 49, 5),
(48706, 812, 671, 50, 5),
(48707, 812, 671, 51, 5),
(48708, 812, 671, 52, 5),
(48709, 812, 671, 53, 5),
(48710, 812, 671, 54, 5),
(48711, 812, 671, 55, 5),
(48712, 812, 671, 56, 5),
(48713, 812, 671, 57, 5),
(48714, 812, 671, 58, 5),
(48715, 812, 671, 59, 5),
(48716, 812, 671, 60, 5),
(48717, 812, 671, 61, 4),
(48718, 812, 671, 62, 5),
(48719, 812, 671, 63, 5),
(48720, 812, 671, 64, 5),
(48805, 814, 111, 23, 4),
(48806, 814, 111, 24, 4),
(48807, 814, 111, 25, 4),
(48808, 814, 111, 26, 5),
(48809, 814, 111, 27, 5),
(48810, 814, 111, 28, 4),
(48811, 814, 111, 29, 5),
(48812, 814, 111, 30, 5),
(48813, 814, 111, 31, 4),
(48814, 814, 111, 32, 4),
(48815, 814, 111, 33, 4),
(48816, 814, 111, 34, 5),
(48817, 814, 111, 35, 5),
(48818, 814, 111, 36, 4),
(48819, 814, 111, 37, 5),
(48820, 814, 111, 38, 5),
(48821, 814, 111, 39, 5),
(48822, 814, 111, 40, 5),
(48823, 814, 111, 41, 3),
(48824, 814, 111, 42, 4),
(48825, 814, 111, 43, 3),
(48826, 814, 111, 44, 5),
(48827, 814, 111, 45, 5),
(48828, 814, 111, 46, 4),
(48829, 814, 111, 47, 4),
(48830, 814, 111, 48, 5),
(48831, 814, 111, 49, 3),
(48832, 814, 111, 50, 2),
(48833, 814, 111, 51, 2),
(48834, 814, 111, 52, 3),
(48835, 814, 111, 53, 4),
(48836, 814, 111, 54, 2),
(48837, 814, 111, 55, 2),
(48838, 814, 111, 56, 2),
(48839, 814, 111, 57, 2),
(48840, 814, 111, 58, 4),
(48841, 814, 111, 59, 5),
(48842, 814, 111, 60, 4),
(48843, 814, 111, 61, 4),
(48844, 814, 111, 62, 5),
(48845, 814, 111, 63, 4),
(48846, 814, 111, 64, 4),
(48847, 815, 52, 23, 5),
(48848, 815, 52, 24, 5),
(48849, 815, 52, 25, 5),
(48850, 815, 52, 26, 5),
(48851, 815, 52, 27, 5),
(48852, 815, 52, 28, 5),
(48853, 815, 52, 29, 5),
(48854, 815, 52, 30, 5),
(48855, 815, 52, 31, 5),
(48856, 815, 52, 32, 5),
(48857, 815, 52, 33, 5),
(48858, 815, 52, 34, 5),
(48859, 815, 52, 35, 5),
(48860, 815, 52, 36, 5),
(48861, 815, 52, 37, 5),
(48862, 815, 52, 38, 5),
(48863, 815, 52, 39, 5),
(48864, 815, 52, 40, 5),
(48865, 815, 52, 41, 5),
(48866, 815, 52, 42, 5),
(48867, 815, 52, 43, 5),
(48868, 815, 52, 44, 5),
(48869, 815, 52, 45, 5),
(48870, 815, 52, 46, 5),
(48871, 815, 52, 47, 5),
(48872, 815, 52, 48, 5),
(48873, 815, 52, 49, 5),
(48874, 815, 52, 50, 4),
(48875, 815, 52, 51, 5),
(48876, 815, 52, 52, 5),
(48877, 815, 52, 53, 5),
(48878, 815, 52, 54, 5),
(48879, 815, 52, 55, 5),
(48880, 815, 52, 56, 4),
(48881, 815, 52, 57, 5),
(48882, 815, 52, 58, 5),
(48883, 815, 52, 59, 5),
(48884, 815, 52, 60, 5),
(48885, 815, 52, 61, 5),
(48886, 815, 52, 62, 5),
(48887, 815, 52, 63, 5),
(48888, 815, 52, 64, 5),
(48889, 816, 86, 23, 5),
(48890, 816, 86, 24, 5),
(48891, 816, 86, 25, 5),
(48892, 816, 86, 26, 5),
(48893, 816, 86, 27, 5),
(48894, 816, 86, 28, 4),
(48895, 816, 86, 29, 5),
(48896, 816, 86, 30, 4),
(48897, 816, 86, 31, 5),
(48898, 816, 86, 32, 5),
(48899, 816, 86, 33, 5),
(48900, 816, 86, 34, 5),
(48901, 816, 86, 35, 4),
(48902, 816, 86, 36, 5),
(48903, 816, 86, 37, 5),
(48904, 816, 86, 38, 4),
(48905, 816, 86, 39, 5),
(48906, 816, 86, 40, 5),
(48907, 816, 86, 41, 5),
(48908, 816, 86, 42, 5),
(48909, 816, 86, 43, 5),
(48910, 816, 86, 44, 5),
(48911, 816, 86, 45, 5),
(48912, 816, 86, 46, 5),
(48913, 816, 86, 47, 5),
(48914, 816, 86, 48, 5),
(48915, 816, 86, 49, 5),
(48916, 816, 86, 50, 5),
(48917, 816, 86, 51, 5),
(48918, 816, 86, 52, 5),
(48919, 816, 86, 53, 5),
(48920, 816, 86, 54, 5),
(48921, 816, 86, 55, 5),
(48922, 816, 86, 56, 5),
(48923, 816, 86, 57, 5),
(48924, 816, 86, 58, 5),
(48925, 816, 86, 59, 5),
(48926, 816, 86, 60, 5),
(48927, 816, 86, 61, 1),
(48928, 816, 86, 62, 5),
(48929, 816, 86, 63, 5),
(48930, 816, 86, 64, 3),
(48931, 817, 21, 23, 4),
(48932, 817, 21, 24, 5),
(48933, 817, 21, 25, 4),
(48934, 817, 21, 26, 5),
(48935, 817, 21, 27, 4),
(48936, 817, 21, 28, 5),
(48937, 817, 21, 29, 5),
(48938, 817, 21, 30, 5),
(48939, 817, 21, 31, 4),
(48940, 817, 21, 32, 4),
(48941, 817, 21, 33, 4),
(48942, 817, 21, 34, 5),
(48943, 817, 21, 35, 4),
(48944, 817, 21, 36, 5),
(48945, 817, 21, 37, 4),
(48946, 817, 21, 38, 4),
(48947, 817, 21, 39, 5),
(48948, 817, 21, 40, 5),
(48949, 817, 21, 41, 5),
(48950, 817, 21, 42, 4),
(48951, 817, 21, 43, 4),
(48952, 817, 21, 44, 5),
(48953, 817, 21, 45, 5),
(48954, 817, 21, 46, 4),
(48955, 817, 21, 47, 4),
(48956, 817, 21, 48, 4),
(48957, 817, 21, 49, 4),
(48958, 817, 21, 50, 4),
(48959, 817, 21, 51, 4),
(48960, 817, 21, 52, 4),
(48961, 817, 21, 53, 5),
(48962, 817, 21, 54, 3),
(48963, 817, 21, 55, 4),
(48964, 817, 21, 56, 4),
(48965, 817, 21, 57, 4),
(48966, 817, 21, 58, 4),
(48967, 817, 21, 59, 4),
(48968, 817, 21, 60, 4),
(48969, 817, 21, 61, 2),
(48970, 817, 21, 62, 4),
(48971, 817, 21, 63, 4),
(48972, 817, 21, 64, 4),
(49015, 781, 36, 23, 4),
(49016, 781, 36, 24, 4),
(49017, 781, 36, 25, 4),
(49018, 781, 36, 26, 4),
(49019, 781, 36, 27, 4),
(49020, 781, 36, 28, 4),
(49021, 781, 36, 29, 5),
(49022, 781, 36, 30, 5),
(49023, 781, 36, 31, 5),
(49024, 781, 36, 32, 5),
(49025, 781, 36, 33, 5),
(49026, 781, 36, 34, 4),
(49027, 781, 36, 35, 4),
(49028, 781, 36, 36, 4),
(49029, 781, 36, 37, 4),
(49030, 781, 36, 38, 4),
(49031, 781, 36, 39, 5),
(49032, 781, 36, 40, 5),
(49033, 781, 36, 41, 4),
(49034, 781, 36, 42, 5),
(49035, 781, 36, 43, 4),
(49036, 781, 36, 44, 4),
(49037, 781, 36, 45, 4),
(49038, 781, 36, 46, 4),
(49039, 781, 36, 47, 4),
(49040, 781, 36, 48, 4),
(49041, 781, 36, 49, 4),
(49042, 781, 36, 50, 4),
(49043, 781, 36, 51, 4),
(49044, 781, 36, 52, 4),
(49045, 781, 36, 53, 4),
(49046, 781, 36, 54, 3),
(49047, 781, 36, 55, 3),
(49048, 781, 36, 56, 4),
(49049, 781, 36, 57, 4),
(49050, 781, 36, 58, 4),
(49051, 781, 36, 59, 4),
(49052, 781, 36, 60, 4),
(49053, 781, 36, 61, 4),
(49054, 781, 36, 62, 4),
(49055, 781, 36, 63, 4),
(49056, 781, 36, 64, 3),
(49057, 819, 577, 23, 5),
(49058, 819, 577, 24, 4);
INSERT INTO `ensurvey_table` (`anwser_id`, `master_id`, `employee_id`, `question_id`, `marks`) VALUES
(49059, 819, 577, 25, 5),
(49060, 819, 577, 26, 4),
(49061, 819, 577, 27, 5),
(49062, 819, 577, 28, 4),
(49063, 819, 577, 29, 4),
(49064, 819, 577, 30, 5),
(49065, 819, 577, 31, 5),
(49066, 819, 577, 32, 5),
(49067, 819, 577, 33, 5),
(49068, 819, 577, 34, 5),
(49069, 819, 577, 35, 4),
(49070, 819, 577, 36, 4),
(49071, 819, 577, 37, 5),
(49072, 819, 577, 38, 4),
(49073, 819, 577, 39, 4),
(49074, 819, 577, 40, 4),
(49075, 819, 577, 41, 5),
(49076, 819, 577, 42, 5),
(49077, 819, 577, 43, 4),
(49078, 819, 577, 44, 4),
(49079, 819, 577, 45, 4),
(49080, 819, 577, 46, 5),
(49081, 819, 577, 47, 5),
(49082, 819, 577, 48, 5),
(49083, 819, 577, 49, 5),
(49084, 819, 577, 50, 4),
(49085, 819, 577, 51, 4),
(49086, 819, 577, 52, 4),
(49087, 819, 577, 53, 4),
(49088, 819, 577, 54, 4),
(49089, 819, 577, 55, 5),
(49090, 819, 577, 56, 4),
(49091, 819, 577, 57, 4),
(49092, 819, 577, 58, 5),
(49093, 819, 577, 59, 5),
(49094, 819, 577, 60, 4),
(49095, 819, 577, 61, 4),
(49096, 819, 577, 62, 5),
(49097, 819, 577, 63, 5),
(49098, 819, 577, 64, 5),
(49099, 820, 688, 23, 5),
(49100, 820, 688, 24, 5),
(49101, 820, 688, 25, 5),
(49102, 820, 688, 26, 5),
(49103, 820, 688, 27, 5),
(49104, 820, 688, 28, 5),
(49105, 820, 688, 29, 5),
(49106, 820, 688, 30, 5),
(49107, 820, 688, 31, 5),
(49108, 820, 688, 32, 5),
(49109, 820, 688, 33, 5),
(49110, 820, 688, 34, 5),
(49111, 820, 688, 35, 5),
(49112, 820, 688, 36, 5),
(49113, 820, 688, 37, 5),
(49114, 820, 688, 38, 5),
(49115, 820, 688, 39, 5),
(49116, 820, 688, 40, 5),
(49117, 820, 688, 41, 5),
(49118, 820, 688, 42, 5),
(49119, 820, 688, 43, 5),
(49120, 820, 688, 44, 5),
(49121, 820, 688, 45, 5),
(49122, 820, 688, 46, 5),
(49123, 820, 688, 47, 5),
(49124, 820, 688, 48, 5),
(49125, 820, 688, 49, 5),
(49126, 820, 688, 50, 5),
(49127, 820, 688, 51, 5),
(49128, 820, 688, 52, 5),
(49129, 820, 688, 53, 5),
(49130, 820, 688, 54, 5),
(49131, 820, 688, 55, 5),
(49132, 820, 688, 56, 5),
(49133, 820, 688, 57, 5),
(49134, 820, 688, 58, 5),
(49135, 820, 688, 59, 5),
(49136, 820, 688, 60, 5),
(49137, 820, 688, 61, 5),
(49138, 820, 688, 62, 5),
(49139, 820, 688, 63, 5),
(49140, 820, 688, 64, 5),
(49141, 821, 662, 23, 4),
(49142, 821, 662, 24, 4),
(49143, 821, 662, 25, 5),
(49144, 821, 662, 26, 4),
(49145, 821, 662, 27, 5),
(49146, 821, 662, 28, 5),
(49147, 821, 662, 29, 5),
(49148, 821, 662, 30, 5),
(49149, 821, 662, 31, 4),
(49150, 821, 662, 32, 4),
(49151, 821, 662, 33, 5),
(49152, 821, 662, 34, 5),
(49153, 821, 662, 35, 4),
(49154, 821, 662, 36, 5),
(49155, 821, 662, 37, 5),
(49156, 821, 662, 38, 5),
(49157, 821, 662, 39, 4),
(49158, 821, 662, 40, 4),
(49159, 821, 662, 41, 5),
(49160, 821, 662, 42, 5),
(49161, 821, 662, 43, 5),
(49162, 821, 662, 44, 5),
(49163, 821, 662, 45, 5),
(49164, 821, 662, 46, 5),
(49165, 821, 662, 47, 5),
(49166, 821, 662, 48, 5),
(49167, 821, 662, 49, 4),
(49168, 821, 662, 50, 4),
(49169, 821, 662, 51, 5),
(49170, 821, 662, 52, 5),
(49171, 821, 662, 53, 5),
(49172, 821, 662, 54, 5),
(49173, 821, 662, 55, 4),
(49174, 821, 662, 56, 5),
(49175, 821, 662, 57, 5),
(49176, 821, 662, 58, 4),
(49177, 821, 662, 59, 4),
(49178, 821, 662, 60, 5),
(49179, 821, 662, 61, 3),
(49180, 821, 662, 62, 4),
(49181, 821, 662, 63, 4),
(49182, 821, 662, 64, 4),
(49183, 822, 416, 23, 5),
(49184, 822, 416, 24, 5),
(49185, 822, 416, 25, 5),
(49186, 822, 416, 26, 4),
(49187, 822, 416, 27, 0),
(49188, 822, 416, 28, 0),
(49189, 822, 416, 29, 0),
(49190, 822, 416, 30, 0),
(49191, 822, 416, 31, 0),
(49192, 822, 416, 32, 0),
(49193, 822, 416, 33, 0),
(49194, 822, 416, 34, 0),
(49195, 822, 416, 35, 0),
(49196, 822, 416, 36, 0),
(49197, 822, 416, 37, 0),
(49198, 822, 416, 38, 0),
(49199, 822, 416, 39, 0),
(49200, 822, 416, 40, 0),
(49201, 822, 416, 41, 0),
(49202, 822, 416, 42, 0),
(49203, 822, 416, 43, 0),
(49204, 822, 416, 44, 0),
(49205, 822, 416, 45, 0),
(49206, 822, 416, 46, 0),
(49207, 822, 416, 47, 0),
(49208, 822, 416, 48, 0),
(49209, 822, 416, 49, 0),
(49210, 822, 416, 50, 0),
(49211, 822, 416, 51, 0),
(49212, 822, 416, 52, 0),
(49213, 822, 416, 53, 0),
(49214, 822, 416, 54, 0),
(49215, 822, 416, 55, 0),
(49216, 822, 416, 56, 0),
(49217, 822, 416, 57, 0),
(49218, 822, 416, 58, 0),
(49219, 822, 416, 59, 0),
(49220, 822, 416, 60, 0),
(49221, 822, 416, 61, 0),
(49222, 822, 416, 62, 0),
(49223, 822, 416, 63, 0),
(49224, 822, 416, 64, 0),
(49225, 823, 416, 23, 5),
(49226, 823, 416, 24, 5),
(49227, 823, 416, 25, 5),
(49228, 823, 416, 26, 3),
(49229, 823, 416, 27, 0),
(49230, 823, 416, 28, 0),
(49231, 823, 416, 29, 0),
(49232, 823, 416, 30, 0),
(49233, 823, 416, 31, 0),
(49234, 823, 416, 32, 0),
(49235, 823, 416, 33, 0),
(49236, 823, 416, 34, 0),
(49237, 823, 416, 35, 0),
(49238, 823, 416, 36, 0),
(49239, 823, 416, 37, 0),
(49240, 823, 416, 38, 0),
(49241, 823, 416, 39, 0),
(49242, 823, 416, 40, 0),
(49243, 823, 416, 41, 0),
(49244, 823, 416, 42, 0),
(49245, 823, 416, 43, 0),
(49246, 823, 416, 44, 0),
(49247, 823, 416, 45, 0),
(49248, 823, 416, 46, 0),
(49249, 823, 416, 47, 0),
(49250, 823, 416, 48, 0),
(49251, 823, 416, 49, 0),
(49252, 823, 416, 50, 0),
(49253, 823, 416, 51, 0),
(49254, 823, 416, 52, 0),
(49255, 823, 416, 53, 0),
(49256, 823, 416, 54, 0),
(49257, 823, 416, 55, 0),
(49258, 823, 416, 56, 0),
(49259, 823, 416, 57, 0),
(49260, 823, 416, 58, 0),
(49261, 823, 416, 59, 0),
(49262, 823, 416, 60, 0),
(49263, 823, 416, 61, 0),
(49264, 823, 416, 62, 0),
(49265, 823, 416, 63, 0),
(49266, 823, 416, 64, 0),
(49267, 824, 416, 23, 5),
(49268, 824, 416, 24, 5),
(49269, 824, 416, 25, 5),
(49270, 824, 416, 26, 2),
(49271, 824, 416, 27, 0),
(49272, 824, 416, 28, 0),
(49273, 824, 416, 29, 0),
(49274, 824, 416, 30, 0),
(49275, 824, 416, 31, 0),
(49276, 824, 416, 32, 0),
(49277, 824, 416, 33, 0),
(49278, 824, 416, 34, 0),
(49279, 824, 416, 35, 0),
(49280, 824, 416, 36, 0),
(49281, 824, 416, 37, 0),
(49282, 824, 416, 38, 0),
(49283, 824, 416, 39, 0),
(49284, 824, 416, 40, 0),
(49285, 824, 416, 41, 0),
(49286, 824, 416, 42, 0),
(49287, 824, 416, 43, 0),
(49288, 824, 416, 44, 0),
(49289, 824, 416, 45, 0),
(49290, 824, 416, 46, 0),
(49291, 824, 416, 47, 0),
(49292, 824, 416, 48, 0),
(49293, 824, 416, 49, 0),
(49294, 824, 416, 50, 0),
(49295, 824, 416, 51, 0),
(49296, 824, 416, 52, 0),
(49297, 824, 416, 53, 0),
(49298, 824, 416, 54, 0),
(49299, 824, 416, 55, 0),
(49300, 824, 416, 56, 0),
(49301, 824, 416, 57, 0),
(49302, 824, 416, 58, 0),
(49303, 824, 416, 59, 0),
(49304, 824, 416, 60, 0),
(49305, 824, 416, 61, 0),
(49306, 824, 416, 62, 0),
(49307, 824, 416, 63, 0),
(49308, 824, 416, 64, 0),
(49351, 785, 90, 23, 5),
(49352, 785, 90, 24, 5),
(49353, 785, 90, 25, 5),
(49354, 785, 90, 26, 5),
(49355, 785, 90, 27, 5),
(49356, 785, 90, 28, 5),
(49357, 785, 90, 29, 5),
(49358, 785, 90, 30, 5),
(49359, 785, 90, 31, 5),
(49360, 785, 90, 32, 5),
(49361, 785, 90, 33, 5),
(49362, 785, 90, 34, 5),
(49363, 785, 90, 35, 5),
(49364, 785, 90, 36, 5),
(49365, 785, 90, 37, 5),
(49366, 785, 90, 38, 5),
(49367, 785, 90, 39, 5),
(49368, 785, 90, 40, 5),
(49369, 785, 90, 41, 5),
(49370, 785, 90, 42, 5),
(49371, 785, 90, 43, 5),
(49372, 785, 90, 44, 5),
(49373, 785, 90, 45, 5),
(49374, 785, 90, 46, 5),
(49375, 785, 90, 47, 5),
(49376, 785, 90, 48, 5),
(49377, 785, 90, 49, 5),
(49378, 785, 90, 50, 5),
(49379, 785, 90, 51, 5),
(49380, 785, 90, 52, 5),
(49381, 785, 90, 53, 5),
(49382, 785, 90, 54, 3),
(49383, 785, 90, 55, 4),
(49384, 785, 90, 56, 4),
(49385, 785, 90, 57, 4),
(49386, 785, 90, 58, 5),
(49387, 785, 90, 59, 5),
(49388, 785, 90, 60, 3),
(49389, 785, 90, 61, 3),
(49390, 785, 90, 62, 4),
(49391, 785, 90, 63, 4),
(49392, 785, 90, 64, 4),
(49393, 826, 47, 23, 4),
(49394, 826, 47, 24, 4),
(49395, 826, 47, 25, 4),
(49396, 826, 47, 26, 4),
(49397, 826, 47, 27, 4),
(49398, 826, 47, 28, 4),
(49399, 826, 47, 29, 5),
(49400, 826, 47, 30, 5),
(49401, 826, 47, 31, 4),
(49402, 826, 47, 32, 4),
(49403, 826, 47, 33, 4),
(49404, 826, 47, 34, 4),
(49405, 826, 47, 35, 4),
(49406, 826, 47, 36, 4),
(49407, 826, 47, 37, 4),
(49408, 826, 47, 38, 4),
(49409, 826, 47, 39, 4),
(49410, 826, 47, 40, 4),
(49411, 826, 47, 41, 5),
(49412, 826, 47, 42, 5),
(49413, 826, 47, 43, 5),
(49414, 826, 47, 44, 4),
(49415, 826, 47, 45, 4),
(49416, 826, 47, 46, 4),
(49417, 826, 47, 47, 4),
(49418, 826, 47, 48, 4),
(49419, 826, 47, 49, 4),
(49420, 826, 47, 50, 4),
(49421, 826, 47, 51, 4),
(49422, 826, 47, 52, 4),
(49423, 826, 47, 53, 4),
(49424, 826, 47, 54, 4),
(49425, 826, 47, 55, 4),
(49426, 826, 47, 56, 4),
(49427, 826, 47, 57, 4),
(49428, 826, 47, 58, 4),
(49429, 826, 47, 59, 4),
(49430, 826, 47, 60, 4),
(49431, 826, 47, 61, 4),
(49432, 826, 47, 62, 4),
(49433, 826, 47, 63, 4),
(49434, 826, 47, 64, 4),
(49435, 827, 56, 23, 5),
(49436, 827, 56, 24, 4),
(49437, 827, 56, 25, 5),
(49438, 827, 56, 26, 4),
(49439, 827, 56, 27, 5),
(49440, 827, 56, 28, 4),
(49441, 827, 56, 29, 5),
(49442, 827, 56, 30, 4),
(49443, 827, 56, 31, 5),
(49444, 827, 56, 32, 4),
(49445, 827, 56, 33, 5),
(49446, 827, 56, 34, 4),
(49447, 827, 56, 35, 5),
(49448, 827, 56, 36, 4),
(49449, 827, 56, 37, 5),
(49450, 827, 56, 38, 4),
(49451, 827, 56, 39, 5),
(49452, 827, 56, 40, 4),
(49453, 827, 56, 41, 5),
(49454, 827, 56, 42, 4),
(49455, 827, 56, 43, 5),
(49456, 827, 56, 44, 5),
(49457, 827, 56, 45, 4),
(49458, 827, 56, 46, 5),
(49459, 827, 56, 47, 4),
(49460, 827, 56, 48, 5),
(49461, 827, 56, 49, 4),
(49462, 827, 56, 50, 5),
(49463, 827, 56, 51, 4),
(49464, 827, 56, 52, 5),
(49465, 827, 56, 53, 4),
(49466, 827, 56, 54, 5),
(49467, 827, 56, 55, 4),
(49468, 827, 56, 56, 5),
(49469, 827, 56, 57, 4),
(49470, 827, 56, 58, 5),
(49471, 827, 56, 59, 4),
(49472, 827, 56, 60, 5),
(49473, 827, 56, 61, 4),
(49474, 827, 56, 62, 5),
(49475, 827, 56, 63, 4),
(49476, 827, 56, 64, 5),
(49477, 825, 416, 23, 5),
(49478, 825, 416, 24, 5),
(49479, 825, 416, 25, 5),
(49480, 825, 416, 26, 5),
(49481, 825, 416, 27, 4),
(49482, 825, 416, 28, 5),
(49483, 825, 416, 29, 4),
(49484, 825, 416, 30, 5),
(49485, 825, 416, 31, 4),
(49486, 825, 416, 32, 5),
(49487, 825, 416, 33, 4),
(49488, 825, 416, 34, 5),
(49489, 825, 416, 35, 4),
(49490, 825, 416, 36, 5),
(49491, 825, 416, 37, 4),
(49492, 825, 416, 38, 5),
(49493, 825, 416, 39, 4),
(49494, 825, 416, 40, 5),
(49495, 825, 416, 41, 4),
(49496, 825, 416, 42, 5),
(49497, 825, 416, 43, 4),
(49498, 825, 416, 44, 5),
(49499, 825, 416, 45, 4),
(49500, 825, 416, 46, 5),
(49501, 825, 416, 47, 4),
(49502, 825, 416, 48, 5),
(49503, 825, 416, 49, 4),
(49504, 825, 416, 50, 5),
(49505, 825, 416, 51, 4),
(49506, 825, 416, 52, 5),
(49507, 825, 416, 53, 4),
(49508, 825, 416, 54, 5),
(49509, 825, 416, 55, 4),
(49510, 825, 416, 56, 5),
(49511, 825, 416, 57, 4),
(49512, 825, 416, 58, 5),
(49513, 825, 416, 59, 4),
(49514, 825, 416, 60, 5),
(49515, 825, 416, 61, 4),
(49516, 825, 416, 62, 5),
(49517, 825, 416, 63, 4),
(49518, 825, 416, 64, 5),
(49519, 828, 712, 23, 5),
(49520, 828, 712, 24, 5),
(49521, 828, 712, 25, 1),
(49522, 828, 712, 26, 5),
(49523, 828, 712, 27, 1),
(49524, 828, 712, 28, 1),
(49525, 828, 712, 29, 1),
(49526, 828, 712, 30, 5),
(49527, 828, 712, 31, 1),
(49528, 828, 712, 32, 1),
(49529, 828, 712, 33, 5),
(49530, 828, 712, 34, 5),
(49531, 828, 712, 35, 5),
(49532, 828, 712, 36, 5),
(49533, 828, 712, 37, 5),
(49534, 828, 712, 38, 1),
(49535, 828, 712, 39, 5),
(49536, 828, 712, 40, 5),
(49537, 828, 712, 41, 5),
(49538, 828, 712, 42, 5),
(49539, 828, 712, 43, 1),
(49540, 828, 712, 44, 5),
(49541, 828, 712, 45, 5),
(49542, 828, 712, 46, 5),
(49543, 828, 712, 47, 5),
(49544, 828, 712, 48, 5),
(49545, 828, 712, 49, 1),
(49546, 828, 712, 50, 5),
(49547, 828, 712, 51, 5),
(49548, 828, 712, 52, 1),
(49549, 828, 712, 53, 5),
(49550, 828, 712, 54, 5),
(49551, 828, 712, 55, 5),
(49552, 828, 712, 56, 5),
(49553, 828, 712, 57, 5),
(49554, 828, 712, 58, 5),
(49555, 828, 712, 59, 1),
(49556, 828, 712, 60, 1),
(49557, 828, 712, 61, 1),
(49558, 828, 712, 62, 1),
(49559, 828, 712, 63, 1),
(49560, 828, 712, 64, 1),
(49561, 829, 1, 23, 5),
(49562, 829, 1, 24, 4),
(49563, 829, 1, 25, 5),
(49564, 829, 1, 26, 5),
(49565, 829, 1, 27, 5),
(49566, 829, 1, 28, 2),
(49567, 829, 1, 29, 5),
(49568, 829, 1, 30, 5),
(49569, 829, 1, 31, 5),
(49570, 829, 1, 32, 5),
(49571, 829, 1, 33, 5),
(49572, 829, 1, 34, 5),
(49573, 829, 1, 35, 5),
(49574, 829, 1, 36, 5),
(49575, 829, 1, 37, 5),
(49576, 829, 1, 38, 5),
(49577, 829, 1, 39, 5),
(49578, 829, 1, 40, 5),
(49579, 829, 1, 41, 5),
(49580, 829, 1, 42, 5),
(49581, 829, 1, 43, 5),
(49582, 829, 1, 44, 5),
(49583, 829, 1, 45, 5),
(49584, 829, 1, 46, 5),
(49585, 829, 1, 47, 5),
(49586, 829, 1, 48, 4),
(49587, 829, 1, 49, 4),
(49588, 829, 1, 50, 5),
(49589, 829, 1, 51, 4),
(49590, 829, 1, 52, 5),
(49591, 829, 1, 53, 4),
(49592, 829, 1, 54, 4),
(49593, 829, 1, 55, 5),
(49594, 829, 1, 56, 5),
(49595, 829, 1, 57, 5),
(49596, 829, 1, 58, 5),
(49597, 829, 1, 59, 5),
(49598, 829, 1, 60, 5),
(49599, 829, 1, 61, 5),
(49600, 829, 1, 62, 5),
(49601, 829, 1, 63, 5),
(49602, 829, 1, 64, 5),
(49603, 830, 32, 23, 5),
(49604, 830, 32, 24, 4),
(49605, 830, 32, 25, 5),
(49606, 830, 32, 26, 5),
(49607, 830, 32, 27, 5),
(49608, 830, 32, 28, 4),
(49609, 830, 32, 29, 5),
(49610, 830, 32, 30, 5),
(49611, 830, 32, 31, 4),
(49612, 830, 32, 32, 4),
(49613, 830, 32, 33, 4),
(49614, 830, 32, 34, 5),
(49615, 830, 32, 35, 4),
(49616, 830, 32, 36, 5),
(49617, 830, 32, 37, 5),
(49618, 830, 32, 38, 5),
(49619, 830, 32, 39, 5),
(49620, 830, 32, 40, 5),
(49621, 830, 32, 41, 5),
(49622, 830, 32, 42, 5),
(49623, 830, 32, 43, 5),
(49624, 830, 32, 44, 5),
(49625, 830, 32, 45, 5),
(49626, 830, 32, 46, 4),
(49627, 830, 32, 47, 4),
(49628, 830, 32, 48, 5),
(49629, 830, 32, 49, 5),
(49630, 830, 32, 50, 4),
(49631, 830, 32, 51, 5),
(49632, 830, 32, 52, 5),
(49633, 830, 32, 53, 5),
(49634, 830, 32, 54, 5),
(49635, 830, 32, 55, 5),
(49636, 830, 32, 56, 5),
(49637, 830, 32, 57, 4),
(49638, 830, 32, 58, 4),
(49639, 830, 32, 59, 4),
(49640, 830, 32, 60, 5),
(49641, 830, 32, 61, 4),
(49642, 830, 32, 62, 5),
(49643, 830, 32, 63, 4),
(49644, 830, 32, 64, 5),
(49645, 831, 82, 23, 5),
(49646, 831, 82, 24, 4),
(49647, 831, 82, 25, 5),
(49648, 831, 82, 26, 5),
(49649, 831, 82, 27, 5),
(49650, 831, 82, 28, 3),
(49651, 831, 82, 29, 5),
(49652, 831, 82, 30, 5),
(49653, 831, 82, 31, 5),
(49654, 831, 82, 32, 5),
(49655, 831, 82, 33, 5),
(49656, 831, 82, 34, 5),
(49657, 831, 82, 35, 5),
(49658, 831, 82, 36, 5),
(49659, 831, 82, 37, 5),
(49660, 831, 82, 38, 5),
(49661, 831, 82, 39, 5),
(49662, 831, 82, 40, 5),
(49663, 831, 82, 41, 5),
(49664, 831, 82, 42, 5),
(49665, 831, 82, 43, 5),
(49666, 831, 82, 44, 5),
(49667, 831, 82, 45, 5),
(49668, 831, 82, 46, 5),
(49669, 831, 82, 47, 5),
(49670, 831, 82, 48, 4),
(49671, 831, 82, 49, 4),
(49672, 831, 82, 50, 5),
(49673, 831, 82, 51, 4),
(49674, 831, 82, 52, 5),
(49675, 831, 82, 53, 4),
(49676, 831, 82, 54, 4),
(49677, 831, 82, 55, 5),
(49678, 831, 82, 56, 5),
(49679, 831, 82, 57, 5),
(49680, 831, 82, 58, 5),
(49681, 831, 82, 59, 5),
(49682, 831, 82, 60, 5),
(49683, 831, 82, 61, 5),
(49684, 831, 82, 62, 5),
(49685, 831, 82, 63, 5),
(49686, 831, 82, 64, 5),
(49729, 833, 713, 23, 5),
(49730, 833, 713, 24, 5),
(49731, 833, 713, 25, 5),
(49732, 833, 713, 26, 4),
(49733, 833, 713, 27, 4),
(49734, 833, 713, 28, 4),
(49735, 833, 713, 29, 4),
(49736, 833, 713, 30, 5),
(49737, 833, 713, 31, 5),
(49738, 833, 713, 32, 5),
(49739, 833, 713, 33, 5),
(49740, 833, 713, 34, 5),
(49741, 833, 713, 35, 5),
(49742, 833, 713, 36, 5),
(49743, 833, 713, 37, 5),
(49744, 833, 713, 38, 5),
(49745, 833, 713, 39, 5),
(49746, 833, 713, 40, 5),
(49747, 833, 713, 41, 5),
(49748, 833, 713, 42, 5),
(49749, 833, 713, 43, 5),
(49750, 833, 713, 44, 5),
(49751, 833, 713, 45, 5),
(49752, 833, 713, 46, 5),
(49753, 833, 713, 47, 5),
(49754, 833, 713, 48, 5),
(49755, 833, 713, 49, 5),
(49756, 833, 713, 50, 5),
(49757, 833, 713, 51, 5),
(49758, 833, 713, 52, 5),
(49759, 833, 713, 53, 5),
(49760, 833, 713, 54, 5),
(49761, 833, 713, 55, 5),
(49762, 833, 713, 56, 5),
(49763, 833, 713, 57, 5),
(49764, 833, 713, 58, 5),
(49765, 833, 713, 59, 5),
(49766, 833, 713, 60, 5),
(49767, 833, 713, 61, 5),
(49768, 833, 713, 62, 5),
(49769, 833, 713, 63, 5),
(49770, 833, 713, 64, 5),
(49813, 834, 46, 23, 5),
(49814, 834, 46, 24, 4),
(49815, 834, 46, 25, 5),
(49816, 834, 46, 26, 5),
(49817, 834, 46, 27, 5),
(49818, 834, 46, 28, 3),
(49819, 834, 46, 29, 5),
(49820, 834, 46, 30, 5),
(49821, 834, 46, 31, 5),
(49822, 834, 46, 32, 5),
(49823, 834, 46, 33, 5),
(49824, 834, 46, 34, 5),
(49825, 834, 46, 35, 5),
(49826, 834, 46, 36, 5),
(49827, 834, 46, 37, 5),
(49828, 834, 46, 38, 4),
(49829, 834, 46, 39, 4),
(49830, 834, 46, 40, 5),
(49831, 834, 46, 41, 5),
(49832, 834, 46, 42, 5),
(49833, 834, 46, 43, 5),
(49834, 834, 46, 44, 5),
(49835, 834, 46, 45, 5),
(49836, 834, 46, 46, 4),
(49837, 834, 46, 47, 5),
(49838, 834, 46, 48, 5),
(49839, 834, 46, 49, 5),
(49840, 834, 46, 50, 4),
(49841, 834, 46, 51, 4),
(49842, 834, 46, 52, 5),
(49843, 834, 46, 53, 5),
(49844, 834, 46, 54, 4),
(49845, 834, 46, 55, 5),
(49846, 834, 46, 56, 5),
(49847, 834, 46, 57, 4),
(49848, 834, 46, 58, 5),
(49849, 834, 46, 59, 5),
(49850, 834, 46, 60, 5),
(49851, 834, 46, 61, 5),
(49852, 834, 46, 62, 5),
(49853, 834, 46, 63, 5),
(49854, 834, 46, 64, 5),
(49855, 835, 45, 23, 5),
(49856, 835, 45, 24, 5),
(49857, 835, 45, 25, 5),
(49858, 835, 45, 26, 5),
(49859, 835, 45, 27, 5),
(49860, 835, 45, 28, 5),
(49861, 835, 45, 29, 5),
(49862, 835, 45, 30, 5),
(49863, 835, 45, 31, 4),
(49864, 835, 45, 32, 5),
(49865, 835, 45, 33, 5),
(49866, 835, 45, 34, 5),
(49867, 835, 45, 35, 4),
(49868, 835, 45, 36, 5),
(49869, 835, 45, 37, 5),
(49870, 835, 45, 38, 5),
(49871, 835, 45, 39, 5),
(49872, 835, 45, 40, 5),
(49873, 835, 45, 41, 5),
(49874, 835, 45, 42, 5),
(49875, 835, 45, 43, 5),
(49876, 835, 45, 44, 5),
(49877, 835, 45, 45, 5),
(49878, 835, 45, 46, 5),
(49879, 835, 45, 47, 5),
(49880, 835, 45, 48, 5),
(49881, 835, 45, 49, 3),
(49882, 835, 45, 50, 3),
(49883, 835, 45, 51, 4),
(49884, 835, 45, 52, 5),
(49885, 835, 45, 53, 5),
(49886, 835, 45, 54, 3),
(49887, 835, 45, 55, 5),
(49888, 835, 45, 56, 4),
(49889, 835, 45, 57, 2),
(49890, 835, 45, 58, 5),
(49891, 835, 45, 59, 5),
(49892, 835, 45, 60, 4),
(49893, 835, 45, 61, 4),
(49894, 835, 45, 62, 5),
(49895, 835, 45, 63, 5),
(49896, 835, 45, 64, 5),
(49897, 836, 401, 23, 5),
(49898, 836, 401, 24, 5),
(49899, 836, 401, 25, 5),
(49900, 836, 401, 26, 5),
(49901, 836, 401, 27, 5),
(49902, 836, 401, 28, 5),
(49903, 836, 401, 29, 5),
(49904, 836, 401, 30, 5),
(49905, 836, 401, 31, 5),
(49906, 836, 401, 32, 5),
(49907, 836, 401, 33, 5),
(49908, 836, 401, 34, 5),
(49909, 836, 401, 35, 5),
(49910, 836, 401, 36, 5),
(49911, 836, 401, 37, 5),
(49912, 836, 401, 38, 5),
(49913, 836, 401, 39, 5),
(49914, 836, 401, 40, 5),
(49915, 836, 401, 41, 5),
(49916, 836, 401, 42, 5),
(49917, 836, 401, 43, 5),
(49918, 836, 401, 44, 5),
(49919, 836, 401, 45, 5),
(49920, 836, 401, 46, 5),
(49921, 836, 401, 47, 5),
(49922, 836, 401, 48, 5),
(49923, 836, 401, 49, 5),
(49924, 836, 401, 50, 5),
(49925, 836, 401, 51, 5),
(49926, 836, 401, 52, 5),
(49927, 836, 401, 53, 5),
(49928, 836, 401, 54, 5),
(49929, 836, 401, 55, 5),
(49930, 836, 401, 56, 5),
(49931, 836, 401, 57, 5),
(49932, 836, 401, 58, 5),
(49933, 836, 401, 59, 5),
(49934, 836, 401, 60, 5),
(49935, 836, 401, 61, 5),
(49936, 836, 401, 62, 5),
(49937, 836, 401, 63, 5),
(49938, 836, 401, 64, 5),
(49939, 837, 420, 23, 3),
(49940, 837, 420, 24, 5),
(49941, 837, 420, 25, 3),
(49942, 837, 420, 26, 4),
(49943, 837, 420, 27, 3),
(49944, 837, 420, 28, 2),
(49945, 837, 420, 29, 5),
(49946, 837, 420, 30, 3),
(49947, 837, 420, 31, 5),
(49948, 837, 420, 32, 4),
(49949, 837, 420, 33, 3),
(49950, 837, 420, 34, 4),
(49951, 837, 420, 35, 4),
(49952, 837, 420, 36, 5),
(49953, 837, 420, 37, 3),
(49954, 837, 420, 38, 3),
(49955, 837, 420, 39, 5),
(49956, 837, 420, 40, 5),
(49957, 837, 420, 41, 4),
(49958, 837, 420, 42, 3),
(49959, 837, 420, 43, 3),
(49960, 837, 420, 44, 4),
(49961, 837, 420, 45, 5),
(49962, 837, 420, 46, 3),
(49963, 837, 420, 47, 4),
(49964, 837, 420, 48, 2),
(49965, 837, 420, 49, 2),
(49966, 837, 420, 50, 1),
(49967, 837, 420, 51, 2),
(49968, 837, 420, 52, 1),
(49969, 837, 420, 53, 2),
(49970, 837, 420, 54, 1),
(49971, 837, 420, 55, 1),
(49972, 837, 420, 56, 1),
(49973, 837, 420, 57, 1),
(49974, 837, 420, 58, 2),
(49975, 837, 420, 59, 2),
(49976, 837, 420, 60, 5),
(49977, 837, 420, 61, 4),
(49978, 837, 420, 62, 2),
(49979, 837, 420, 63, 2),
(49980, 837, 420, 64, 4),
(49981, 838, 426, 23, 5),
(49982, 838, 426, 24, 5),
(49983, 838, 426, 25, 5),
(49984, 838, 426, 26, 5),
(49985, 838, 426, 27, 5),
(49986, 838, 426, 28, 5),
(49987, 838, 426, 29, 5),
(49988, 838, 426, 30, 5),
(49989, 838, 426, 31, 5),
(49990, 838, 426, 32, 5),
(49991, 838, 426, 33, 5),
(49992, 838, 426, 34, 5),
(49993, 838, 426, 35, 4),
(49994, 838, 426, 36, 5),
(49995, 838, 426, 37, 5),
(49996, 838, 426, 38, 4),
(49997, 838, 426, 39, 5),
(49998, 838, 426, 40, 5),
(49999, 838, 426, 41, 5),
(50000, 838, 426, 42, 4),
(50001, 838, 426, 43, 5),
(50002, 838, 426, 44, 5),
(50003, 838, 426, 45, 5),
(50004, 838, 426, 46, 5),
(50005, 838, 426, 47, 5),
(50006, 838, 426, 48, 4),
(50007, 838, 426, 49, 4),
(50008, 838, 426, 50, 4),
(50009, 838, 426, 51, 4),
(50010, 838, 426, 52, 5),
(50011, 838, 426, 53, 5),
(50012, 838, 426, 54, 5),
(50013, 838, 426, 55, 5),
(50014, 838, 426, 56, 4),
(50015, 838, 426, 57, 4),
(50016, 838, 426, 58, 5),
(50017, 838, 426, 59, 4),
(50018, 838, 426, 60, 4),
(50019, 838, 426, 61, 4),
(50020, 838, 426, 62, 5),
(50021, 838, 426, 63, 4),
(50022, 838, 426, 64, 4),
(50233, 840, 34, 23, 4),
(50234, 840, 34, 24, 4),
(50235, 840, 34, 25, 4),
(50236, 840, 34, 26, 4),
(50237, 840, 34, 27, 3),
(50238, 840, 34, 28, 3),
(50239, 840, 34, 29, 5),
(50240, 840, 34, 30, 4),
(50241, 840, 34, 31, 4),
(50242, 840, 34, 32, 3),
(50243, 840, 34, 33, 3),
(50244, 840, 34, 34, 3),
(50245, 840, 34, 35, 4),
(50246, 840, 34, 36, 4),
(50247, 840, 34, 37, 4),
(50248, 840, 34, 38, 4),
(50249, 840, 34, 39, 5),
(50250, 840, 34, 40, 5),
(50251, 840, 34, 41, 5),
(50252, 840, 34, 42, 5),
(50253, 840, 34, 43, 4),
(50254, 840, 34, 44, 5),
(50255, 840, 34, 45, 5),
(50256, 840, 34, 46, 4),
(50257, 840, 34, 47, 3),
(50258, 840, 34, 48, 5),
(50259, 840, 34, 49, 5),
(50260, 840, 34, 50, 5),
(50261, 840, 34, 51, 5),
(50262, 840, 34, 52, 4),
(50263, 840, 34, 53, 4),
(50264, 840, 34, 54, 4),
(50265, 840, 34, 55, 4),
(50266, 840, 34, 56, 4),
(50267, 840, 34, 57, 3),
(50268, 840, 34, 58, 4),
(50269, 840, 34, 59, 4),
(50270, 840, 34, 60, 4),
(50271, 840, 34, 61, 4),
(50272, 840, 34, 62, 3),
(50273, 840, 34, 63, 4),
(50274, 840, 34, 64, 3),
(50317, 841, 71, 23, 5),
(50318, 841, 71, 24, 4),
(50319, 841, 71, 25, 4),
(50320, 841, 71, 26, 4),
(50321, 841, 71, 27, 4),
(50322, 841, 71, 28, 4),
(50323, 841, 71, 29, 4),
(50324, 841, 71, 30, 4),
(50325, 841, 71, 31, 5),
(50326, 841, 71, 32, 4),
(50327, 841, 71, 33, 4),
(50328, 841, 71, 34, 1),
(50329, 841, 71, 35, 4),
(50330, 841, 71, 36, 5),
(50331, 841, 71, 37, 3),
(50332, 841, 71, 38, 3),
(50333, 841, 71, 39, 4),
(50334, 841, 71, 40, 4),
(50335, 841, 71, 41, 4),
(50336, 841, 71, 42, 4),
(50337, 841, 71, 43, 4),
(50338, 841, 71, 44, 5),
(50339, 841, 71, 45, 5),
(50340, 841, 71, 46, 4),
(50341, 841, 71, 47, 4),
(50342, 841, 71, 48, 4),
(50343, 841, 71, 49, 4),
(50344, 841, 71, 50, 3),
(50345, 841, 71, 51, 3),
(50346, 841, 71, 52, 4),
(50347, 841, 71, 53, 4),
(50348, 841, 71, 54, 4),
(50349, 841, 71, 55, 4),
(50350, 841, 71, 56, 4),
(50351, 841, 71, 57, 4),
(50352, 841, 71, 58, 4),
(50353, 841, 71, 59, 4),
(50354, 841, 71, 60, 4),
(50355, 841, 71, 61, 4),
(50356, 841, 71, 62, 4),
(50357, 841, 71, 63, 4),
(50358, 841, 71, 64, 5),
(50359, 842, 81, 23, 3),
(50360, 842, 81, 24, 3),
(50361, 842, 81, 25, 2),
(50362, 842, 81, 26, 4),
(50363, 842, 81, 27, 4),
(50364, 842, 81, 28, 4),
(50365, 842, 81, 29, 5),
(50366, 842, 81, 30, 5),
(50367, 842, 81, 31, 4),
(50368, 842, 81, 32, 3),
(50369, 842, 81, 33, 3),
(50370, 842, 81, 34, 3),
(50371, 842, 81, 35, 4),
(50372, 842, 81, 36, 5),
(50373, 842, 81, 37, 4),
(50374, 842, 81, 38, 4),
(50375, 842, 81, 39, 5),
(50376, 842, 81, 40, 5),
(50377, 842, 81, 41, 4),
(50378, 842, 81, 42, 4),
(50379, 842, 81, 43, 4),
(50380, 842, 81, 44, 4),
(50381, 842, 81, 45, 4),
(50382, 842, 81, 46, 4),
(50383, 842, 81, 47, 4),
(50384, 842, 81, 48, 4),
(50385, 842, 81, 49, 3),
(50386, 842, 81, 50, 4),
(50387, 842, 81, 51, 4),
(50388, 842, 81, 52, 4),
(50389, 842, 81, 53, 5),
(50390, 842, 81, 54, 4),
(50391, 842, 81, 55, 4),
(50392, 842, 81, 56, 3),
(50393, 842, 81, 57, 4),
(50394, 842, 81, 58, 3),
(50395, 842, 81, 59, 4),
(50396, 842, 81, 60, 3),
(50397, 842, 81, 61, 4),
(50398, 842, 81, 62, 3),
(50399, 842, 81, 63, 3),
(50400, 842, 81, 64, 4),
(50401, 843, 39, 23, 4),
(50402, 843, 39, 24, 5),
(50403, 843, 39, 25, 4),
(50404, 843, 39, 26, 5),
(50405, 843, 39, 27, 5),
(50406, 843, 39, 28, 4),
(50407, 843, 39, 29, 4),
(50408, 843, 39, 30, 5),
(50409, 843, 39, 31, 4),
(50410, 843, 39, 32, 4),
(50411, 843, 39, 33, 4),
(50412, 843, 39, 34, 5),
(50413, 843, 39, 35, 4),
(50414, 843, 39, 36, 5),
(50415, 843, 39, 37, 4),
(50416, 843, 39, 38, 3),
(50417, 843, 39, 39, 5),
(50418, 843, 39, 40, 5),
(50419, 843, 39, 41, 5),
(50420, 843, 39, 42, 5),
(50421, 843, 39, 43, 4),
(50422, 843, 39, 44, 5),
(50423, 843, 39, 45, 5),
(50424, 843, 39, 46, 4),
(50425, 843, 39, 47, 4),
(50426, 843, 39, 48, 4),
(50427, 843, 39, 49, 4),
(50428, 843, 39, 50, 4),
(50429, 843, 39, 51, 4),
(50430, 843, 39, 52, 4),
(50431, 843, 39, 53, 4),
(50432, 843, 39, 54, 4),
(50433, 843, 39, 55, 4),
(50434, 843, 39, 56, 4),
(50435, 843, 39, 57, 4),
(50436, 843, 39, 58, 4),
(50437, 843, 39, 59, 4),
(50438, 843, 39, 60, 4),
(50439, 843, 39, 61, 3),
(50440, 843, 39, 62, 3),
(50441, 843, 39, 63, 4),
(50442, 843, 39, 64, 3),
(50485, 844, 27, 23, 5),
(50486, 844, 27, 24, 5),
(50487, 844, 27, 25, 5),
(50488, 844, 27, 26, 5),
(50489, 844, 27, 27, 5),
(50490, 844, 27, 28, 5),
(50491, 844, 27, 29, 5),
(50492, 844, 27, 30, 5),
(50493, 844, 27, 31, 5),
(50494, 844, 27, 32, 5),
(50495, 844, 27, 33, 5),
(50496, 844, 27, 34, 5),
(50497, 844, 27, 35, 5),
(50498, 844, 27, 36, 5),
(50499, 844, 27, 37, 5),
(50500, 844, 27, 38, 5),
(50501, 844, 27, 39, 5),
(50502, 844, 27, 40, 5),
(50503, 844, 27, 41, 5),
(50504, 844, 27, 42, 5),
(50505, 844, 27, 43, 5),
(50506, 844, 27, 44, 5),
(50507, 844, 27, 45, 5),
(50508, 844, 27, 46, 5),
(50509, 844, 27, 47, 5),
(50510, 844, 27, 48, 5),
(50511, 844, 27, 49, 5),
(50512, 844, 27, 50, 5),
(50513, 844, 27, 51, 5),
(50514, 844, 27, 52, 5),
(50515, 844, 27, 53, 5),
(50516, 844, 27, 54, 5),
(50517, 844, 27, 55, 4),
(50518, 844, 27, 56, 4),
(50519, 844, 27, 57, 4),
(50520, 844, 27, 58, 5),
(50521, 844, 27, 59, 5),
(50522, 844, 27, 60, 5),
(50523, 844, 27, 61, 5),
(50524, 844, 27, 62, 5),
(50525, 844, 27, 63, 5),
(50526, 844, 27, 64, 5),
(50527, 845, 22, 23, 4),
(50528, 845, 22, 24, 5),
(50529, 845, 22, 25, 4),
(50530, 845, 22, 26, 5),
(50531, 845, 22, 27, 4),
(50532, 845, 22, 28, 4),
(50533, 845, 22, 29, 4),
(50534, 845, 22, 30, 4),
(50535, 845, 22, 31, 4),
(50536, 845, 22, 32, 3),
(50537, 845, 22, 33, 3),
(50538, 845, 22, 34, 4),
(50539, 845, 22, 35, 4),
(50540, 845, 22, 36, 5),
(50541, 845, 22, 37, 4),
(50542, 845, 22, 38, 3),
(50543, 845, 22, 39, 5),
(50544, 845, 22, 40, 5),
(50545, 845, 22, 41, 5),
(50546, 845, 22, 42, 4),
(50547, 845, 22, 43, 3),
(50548, 845, 22, 44, 5),
(50549, 845, 22, 45, 4),
(50550, 845, 22, 46, 3),
(50551, 845, 22, 47, 3),
(50552, 845, 22, 48, 3),
(50553, 845, 22, 49, 2),
(50554, 845, 22, 50, 4),
(50555, 845, 22, 51, 3),
(50556, 845, 22, 52, 4),
(50557, 845, 22, 53, 4),
(50558, 845, 22, 54, 4),
(50559, 845, 22, 55, 5),
(50560, 845, 22, 56, 3),
(50561, 845, 22, 57, 4),
(50562, 845, 22, 58, 3),
(50563, 845, 22, 59, 2),
(50564, 845, 22, 60, 3),
(50565, 845, 22, 61, 3),
(50566, 845, 22, 62, 3),
(50567, 845, 22, 63, 3),
(50568, 845, 22, 64, 3),
(50569, 746, 110, 23, 3),
(50570, 746, 110, 24, 4),
(50571, 746, 110, 25, 3),
(50572, 746, 110, 26, 5),
(50573, 746, 110, 27, 4),
(50574, 746, 110, 28, 3),
(50575, 746, 110, 29, 5),
(50576, 746, 110, 30, 5),
(50577, 746, 110, 31, 3),
(50578, 746, 110, 32, 3),
(50579, 746, 110, 33, 3),
(50580, 746, 110, 34, 5),
(50581, 746, 110, 35, 4),
(50582, 746, 110, 36, 4),
(50583, 746, 110, 37, 3),
(50584, 746, 110, 38, 2),
(50585, 746, 110, 39, 4),
(50586, 746, 110, 40, 4),
(50587, 746, 110, 41, 3),
(50588, 746, 110, 42, 2),
(50589, 746, 110, 43, 2),
(50590, 746, 110, 44, 4),
(50591, 746, 110, 45, 4),
(50592, 746, 110, 46, 3),
(50593, 746, 110, 47, 3),
(50594, 746, 110, 48, 2),
(50595, 746, 110, 49, 3),
(50596, 746, 110, 50, 1),
(50597, 746, 110, 51, 1),
(50598, 746, 110, 52, 2),
(50599, 746, 110, 53, 1),
(50600, 746, 110, 54, 1),
(50601, 746, 110, 55, 1),
(50602, 746, 110, 56, 3),
(50603, 746, 110, 57, 3),
(50604, 746, 110, 58, 3),
(50605, 746, 110, 59, 2),
(50606, 746, 110, 60, 1),
(50607, 746, 110, 61, 3),
(50608, 746, 110, 62, 2),
(50609, 746, 110, 63, 1),
(50610, 746, 110, 64, 1),
(50611, 818, 106, 23, 5),
(50612, 818, 106, 24, 5),
(50613, 818, 106, 25, 5),
(50614, 818, 106, 26, 3),
(50615, 818, 106, 27, 4),
(50616, 818, 106, 28, 5),
(50617, 818, 106, 29, 5),
(50618, 818, 106, 30, 4),
(50619, 818, 106, 31, 5),
(50620, 818, 106, 32, 5),
(50621, 818, 106, 33, 5),
(50622, 818, 106, 34, 5),
(50623, 818, 106, 35, 4),
(50624, 818, 106, 36, 5),
(50625, 818, 106, 37, 5),
(50626, 818, 106, 38, 5),
(50627, 818, 106, 39, 5),
(50628, 818, 106, 40, 5),
(50629, 818, 106, 41, 5),
(50630, 818, 106, 42, 4),
(50631, 818, 106, 43, 5),
(50632, 818, 106, 44, 5),
(50633, 818, 106, 45, 5),
(50634, 818, 106, 46, 5),
(50635, 818, 106, 47, 5),
(50636, 818, 106, 48, 3),
(50637, 818, 106, 49, 2),
(50638, 818, 106, 50, 4),
(50639, 818, 106, 51, 4),
(50640, 818, 106, 52, 4),
(50641, 818, 106, 53, 5),
(50642, 818, 106, 54, 4),
(50643, 818, 106, 55, 4),
(50644, 818, 106, 56, 4),
(50645, 818, 106, 57, 3),
(50646, 818, 106, 58, 4),
(50647, 818, 106, 59, 4),
(50648, 818, 106, 60, 2),
(50649, 818, 106, 61, 2),
(50650, 818, 106, 62, 5),
(50651, 818, 106, 63, 2),
(50652, 818, 106, 64, 5),
(50653, 742, 60, 23, 5),
(50654, 742, 60, 24, 5),
(50655, 742, 60, 25, 4),
(50656, 742, 60, 26, 4),
(50657, 742, 60, 27, 5),
(50658, 742, 60, 28, 4),
(50659, 742, 60, 29, 5),
(50660, 742, 60, 30, 5),
(50661, 742, 60, 31, 5),
(50662, 742, 60, 32, 4),
(50663, 742, 60, 33, 5),
(50664, 742, 60, 34, 5),
(50665, 742, 60, 35, 5),
(50666, 742, 60, 36, 5),
(50667, 742, 60, 37, 5),
(50668, 742, 60, 38, 5),
(50669, 742, 60, 39, 5),
(50670, 742, 60, 40, 5),
(50671, 742, 60, 41, 2),
(50672, 742, 60, 42, 4),
(50673, 742, 60, 43, 4),
(50674, 742, 60, 44, 5),
(50675, 742, 60, 45, 5),
(50676, 742, 60, 46, 4),
(50677, 742, 60, 47, 4),
(50678, 742, 60, 48, 4),
(50679, 742, 60, 49, 5),
(50680, 742, 60, 50, 3),
(50681, 742, 60, 51, 3),
(50682, 742, 60, 52, 4),
(50683, 742, 60, 53, 4),
(50684, 742, 60, 54, 3),
(50685, 742, 60, 55, 5),
(50686, 742, 60, 56, 4),
(50687, 742, 60, 57, 2),
(50688, 742, 60, 58, 4),
(50689, 742, 60, 59, 4),
(50690, 742, 60, 60, 3),
(50691, 742, 60, 61, 3),
(50692, 742, 60, 62, 5),
(50693, 742, 60, 63, 5),
(50694, 742, 60, 64, 5),
(50695, 775, 422, 23, 4),
(50696, 775, 422, 24, 4),
(50697, 775, 422, 25, 4),
(50698, 775, 422, 26, 5),
(50699, 775, 422, 27, 5),
(50700, 775, 422, 28, 5),
(50701, 775, 422, 29, 5),
(50702, 775, 422, 30, 3),
(50703, 775, 422, 31, 4),
(50704, 775, 422, 32, 5),
(50705, 775, 422, 33, 4),
(50706, 775, 422, 34, 5),
(50707, 775, 422, 35, 4),
(50708, 775, 422, 36, 5),
(50709, 775, 422, 37, 4),
(50710, 775, 422, 38, 4),
(50711, 775, 422, 39, 4),
(50712, 775, 422, 40, 5),
(50713, 775, 422, 41, 3),
(50714, 775, 422, 42, 4),
(50715, 775, 422, 43, 4),
(50716, 775, 422, 44, 4),
(50717, 775, 422, 45, 4),
(50718, 775, 422, 46, 4),
(50719, 775, 422, 47, 4),
(50720, 775, 422, 48, 3),
(50721, 775, 422, 49, 4),
(50722, 775, 422, 50, 4),
(50723, 775, 422, 51, 4),
(50724, 775, 422, 52, 4),
(50725, 775, 422, 53, 4),
(50726, 775, 422, 54, 4),
(50727, 775, 422, 55, 4),
(50728, 775, 422, 56, 3),
(50729, 775, 422, 57, 3),
(50730, 775, 422, 58, 4),
(50731, 775, 422, 59, 4),
(50732, 775, 422, 60, 4),
(50733, 775, 422, 61, 4),
(50734, 775, 422, 62, 4),
(50735, 775, 422, 63, 4),
(50736, 775, 422, 64, 4),
(50779, 847, 88, 23, 4),
(50780, 847, 88, 24, 4),
(50781, 847, 88, 25, 4),
(50782, 847, 88, 26, 4),
(50783, 847, 88, 27, 4),
(50784, 847, 88, 28, 4),
(50785, 847, 88, 29, 4),
(50786, 847, 88, 30, 4),
(50787, 847, 88, 31, 4),
(50788, 847, 88, 32, 5),
(50789, 847, 88, 33, 3),
(50790, 847, 88, 34, 4),
(50791, 847, 88, 35, 4),
(50792, 847, 88, 36, 3),
(50793, 847, 88, 37, 4),
(50794, 847, 88, 38, 4),
(50795, 847, 88, 39, 4),
(50796, 847, 88, 40, 4),
(50797, 847, 88, 41, 5),
(50798, 847, 88, 42, 3),
(50799, 847, 88, 43, 5),
(50800, 847, 88, 44, 5),
(50801, 847, 88, 45, 5),
(50802, 847, 88, 46, 4),
(50803, 847, 88, 47, 5),
(50804, 847, 88, 48, 5),
(50805, 847, 88, 49, 5),
(50806, 847, 88, 50, 3),
(50807, 847, 88, 51, 4),
(50808, 847, 88, 52, 5),
(50809, 847, 88, 53, 5),
(50810, 847, 88, 54, 3),
(50811, 847, 88, 55, 4),
(50812, 847, 88, 56, 3),
(50813, 847, 88, 57, 4),
(50814, 847, 88, 58, 4),
(50815, 847, 88, 59, 4),
(50816, 847, 88, 60, 4),
(50817, 847, 88, 61, 4),
(50818, 847, 88, 62, 5),
(50819, 847, 88, 63, 4),
(50820, 847, 88, 64, 5),
(50905, 846, 30, 23, 5),
(50906, 846, 30, 24, 5),
(50907, 846, 30, 25, 5),
(50908, 846, 30, 26, 5),
(50909, 846, 30, 27, 5),
(50910, 846, 30, 28, 4),
(50911, 846, 30, 29, 5),
(50912, 846, 30, 30, 5),
(50913, 846, 30, 31, 5),
(50914, 846, 30, 32, 5),
(50915, 846, 30, 33, 5),
(50916, 846, 30, 34, 5),
(50917, 846, 30, 35, 4),
(50918, 846, 30, 36, 4),
(50919, 846, 30, 37, 5),
(50920, 846, 30, 38, 5),
(50921, 846, 30, 39, 5),
(50922, 846, 30, 40, 5),
(50923, 846, 30, 41, 4),
(50924, 846, 30, 42, 5),
(50925, 846, 30, 43, 5),
(50926, 846, 30, 44, 5),
(50927, 846, 30, 45, 4),
(50928, 846, 30, 46, 5),
(50929, 846, 30, 47, 5),
(50930, 846, 30, 48, 5),
(50931, 846, 30, 49, 5),
(50932, 846, 30, 50, 5),
(50933, 846, 30, 51, 3),
(50934, 846, 30, 52, 3),
(50935, 846, 30, 53, 5),
(50936, 846, 30, 54, 5),
(50937, 846, 30, 55, 3),
(50938, 846, 30, 56, 5),
(50939, 846, 30, 57, 5),
(50940, 846, 30, 58, 4),
(50941, 846, 30, 59, 5),
(50942, 846, 30, 60, 5),
(50943, 846, 30, 61, 5),
(50944, 846, 30, 62, 5),
(50945, 846, 30, 63, 4),
(50946, 846, 30, 64, 5),
(50947, 848, 594, 23, 5),
(50948, 848, 594, 24, 5),
(50949, 848, 594, 25, 5),
(50950, 848, 594, 26, 5),
(50951, 848, 594, 27, 5),
(50952, 848, 594, 28, 4),
(50953, 848, 594, 29, 5),
(50954, 848, 594, 30, 5),
(50955, 848, 594, 31, 4),
(50956, 848, 594, 32, 4),
(50957, 848, 594, 33, 5),
(50958, 848, 594, 34, 5),
(50959, 848, 594, 35, 5),
(50960, 848, 594, 36, 4),
(50961, 848, 594, 37, 5),
(50962, 848, 594, 38, 4),
(50963, 848, 594, 39, 5),
(50964, 848, 594, 40, 5),
(50965, 848, 594, 41, 5),
(50966, 848, 594, 42, 4),
(50967, 848, 594, 43, 4),
(50968, 848, 594, 44, 5),
(50969, 848, 594, 45, 4),
(50970, 848, 594, 46, 5),
(50971, 848, 594, 47, 5),
(50972, 848, 594, 48, 5),
(50973, 848, 594, 49, 5),
(50974, 848, 594, 50, 4),
(50975, 848, 594, 51, 4),
(50976, 848, 594, 52, 4),
(50977, 848, 594, 53, 5),
(50978, 848, 594, 54, 4),
(50979, 848, 594, 55, 4),
(50980, 848, 594, 56, 4),
(50981, 848, 594, 57, 4),
(50982, 848, 594, 58, 4),
(50983, 848, 594, 59, 4),
(50984, 848, 594, 60, 4),
(50985, 848, 594, 61, 4),
(50986, 848, 594, 62, 5),
(50987, 848, 594, 63, 5),
(50988, 848, 594, 64, 4),
(50989, 849, 454, 23, 5),
(50990, 849, 454, 24, 5),
(50991, 849, 454, 25, 4),
(50992, 849, 454, 26, 4),
(50993, 849, 454, 27, 5),
(50994, 849, 454, 28, 5),
(50995, 849, 454, 29, 5),
(50996, 849, 454, 30, 5),
(50997, 849, 454, 31, 5),
(50998, 849, 454, 32, 5),
(50999, 849, 454, 33, 5),
(51000, 849, 454, 34, 5),
(51001, 849, 454, 35, 5),
(51002, 849, 454, 36, 5),
(51003, 849, 454, 37, 5),
(51004, 849, 454, 38, 5),
(51005, 849, 454, 39, 5),
(51006, 849, 454, 40, 5),
(51007, 849, 454, 41, 5),
(51008, 849, 454, 42, 5),
(51009, 849, 454, 43, 5),
(51010, 849, 454, 44, 5),
(51011, 849, 454, 45, 5),
(51012, 849, 454, 46, 5),
(51013, 849, 454, 47, 5),
(51014, 849, 454, 48, 5),
(51015, 849, 454, 49, 5),
(51016, 849, 454, 50, 5),
(51017, 849, 454, 51, 5),
(51018, 849, 454, 52, 5),
(51019, 849, 454, 53, 5),
(51020, 849, 454, 54, 5),
(51021, 849, 454, 55, 5),
(51022, 849, 454, 56, 5),
(51023, 849, 454, 57, 5),
(51024, 849, 454, 58, 5),
(51025, 849, 454, 59, 5),
(51026, 849, 454, 60, 5),
(51027, 849, 454, 61, 5),
(51028, 849, 454, 62, 5),
(51029, 849, 454, 63, 5),
(51030, 849, 454, 64, 5),
(51031, 850, 38, 23, 4),
(51032, 850, 38, 24, 5),
(51033, 850, 38, 25, 4),
(51034, 850, 38, 26, 4),
(51035, 850, 38, 27, 5),
(51036, 850, 38, 28, 4),
(51037, 850, 38, 29, 5),
(51038, 850, 38, 30, 5),
(51039, 850, 38, 31, 4),
(51040, 850, 38, 32, 4),
(51041, 850, 38, 33, 4),
(51042, 850, 38, 34, 4),
(51043, 850, 38, 35, 4),
(51044, 850, 38, 36, 4),
(51045, 850, 38, 37, 4),
(51046, 850, 38, 38, 4),
(51047, 850, 38, 39, 5),
(51048, 850, 38, 40, 5),
(51049, 850, 38, 41, 4),
(51050, 850, 38, 42, 4),
(51051, 850, 38, 43, 5),
(51052, 850, 38, 44, 5),
(51053, 850, 38, 45, 5),
(51054, 850, 38, 46, 4),
(51055, 850, 38, 47, 4),
(51056, 850, 38, 48, 4),
(51057, 850, 38, 49, 4),
(51058, 850, 38, 50, 3),
(51059, 850, 38, 51, 4),
(51060, 850, 38, 52, 3),
(51061, 850, 38, 53, 5),
(51062, 850, 38, 54, 4),
(51063, 850, 38, 55, 4),
(51064, 850, 38, 56, 3),
(51065, 850, 38, 57, 3),
(51066, 850, 38, 58, 4),
(51067, 850, 38, 59, 4),
(51068, 850, 38, 60, 4),
(51069, 850, 38, 61, 4),
(51070, 850, 38, 62, 4),
(51071, 850, 38, 63, 4),
(51072, 850, 38, 64, 4),
(51073, 851, 78, 23, 5),
(51074, 851, 78, 24, 5),
(51075, 851, 78, 25, 3),
(51076, 851, 78, 26, 5),
(51077, 851, 78, 27, 4),
(51078, 851, 78, 28, 3),
(51079, 851, 78, 29, 5),
(51080, 851, 78, 30, 5),
(51081, 851, 78, 31, 5),
(51082, 851, 78, 32, 5),
(51083, 851, 78, 33, 5),
(51084, 851, 78, 34, 5),
(51085, 851, 78, 35, 5),
(51086, 851, 78, 36, 5),
(51087, 851, 78, 37, 5),
(51088, 851, 78, 38, 4),
(51089, 851, 78, 39, 5),
(51090, 851, 78, 40, 5),
(51091, 851, 78, 41, 5),
(51092, 851, 78, 42, 5),
(51093, 851, 78, 43, 5),
(51094, 851, 78, 44, 5),
(51095, 851, 78, 45, 5),
(51096, 851, 78, 46, 5),
(51097, 851, 78, 47, 5),
(51098, 851, 78, 48, 5),
(51099, 851, 78, 49, 5),
(51100, 851, 78, 50, 5),
(51101, 851, 78, 51, 5),
(51102, 851, 78, 52, 4),
(51103, 851, 78, 53, 5),
(51104, 851, 78, 54, 5),
(51105, 851, 78, 55, 4),
(51106, 851, 78, 56, 5),
(51107, 851, 78, 57, 4),
(51108, 851, 78, 58, 5),
(51109, 851, 78, 59, 5),
(51110, 851, 78, 60, 5),
(51111, 851, 78, 61, 5),
(51112, 851, 78, 62, 4),
(51113, 851, 78, 63, 5),
(51114, 851, 78, 64, 3),
(51115, 852, 591, 23, 5),
(51116, 852, 591, 24, 5),
(51117, 852, 591, 25, 5),
(51118, 852, 591, 26, 5),
(51119, 852, 591, 27, 5),
(51120, 852, 591, 28, 5),
(51121, 852, 591, 29, 5),
(51122, 852, 591, 30, 5),
(51123, 852, 591, 31, 5),
(51124, 852, 591, 32, 5),
(51125, 852, 591, 33, 5),
(51126, 852, 591, 34, 5),
(51127, 852, 591, 35, 5),
(51128, 852, 591, 36, 5),
(51129, 852, 591, 37, 5),
(51130, 852, 591, 38, 5),
(51131, 852, 591, 39, 5),
(51132, 852, 591, 40, 5),
(51133, 852, 591, 41, 5),
(51134, 852, 591, 42, 5),
(51135, 852, 591, 43, 5),
(51136, 852, 591, 44, 5),
(51137, 852, 591, 45, 5),
(51138, 852, 591, 46, 5),
(51139, 852, 591, 47, 5),
(51140, 852, 591, 48, 5),
(51141, 852, 591, 49, 5),
(51142, 852, 591, 50, 5),
(51143, 852, 591, 51, 5),
(51144, 852, 591, 52, 5),
(51145, 852, 591, 53, 5),
(51146, 852, 591, 54, 5),
(51147, 852, 591, 55, 5),
(51148, 852, 591, 56, 5),
(51149, 852, 591, 57, 5),
(51150, 852, 591, 58, 5),
(51151, 852, 591, 59, 5),
(51152, 852, 591, 60, 5),
(51153, 852, 591, 61, 5),
(51154, 852, 591, 62, 5),
(51155, 852, 591, 63, 5),
(51156, 852, 591, 64, 5),
(51157, 853, 532, 23, 5),
(51158, 853, 532, 24, 5),
(51159, 853, 532, 25, 5),
(51160, 853, 532, 26, 5),
(51161, 853, 532, 27, 5),
(51162, 853, 532, 28, 5),
(51163, 853, 532, 29, 5),
(51164, 853, 532, 30, 5),
(51165, 853, 532, 31, 5),
(51166, 853, 532, 32, 5),
(51167, 853, 532, 33, 5),
(51168, 853, 532, 34, 5),
(51169, 853, 532, 35, 5),
(51170, 853, 532, 36, 5),
(51171, 853, 532, 37, 5),
(51172, 853, 532, 38, 5),
(51173, 853, 532, 39, 5),
(51174, 853, 532, 40, 5),
(51175, 853, 532, 41, 5),
(51176, 853, 532, 42, 5),
(51177, 853, 532, 43, 5),
(51178, 853, 532, 44, 5),
(51179, 853, 532, 45, 5),
(51180, 853, 532, 46, 5),
(51181, 853, 532, 47, 5),
(51182, 853, 532, 48, 5),
(51183, 853, 532, 49, 5),
(51184, 853, 532, 50, 5),
(51185, 853, 532, 51, 5),
(51186, 853, 532, 52, 5),
(51187, 853, 532, 53, 5),
(51188, 853, 532, 54, 5),
(51189, 853, 532, 55, 5),
(51190, 853, 532, 56, 5),
(51191, 853, 532, 57, 5),
(51192, 853, 532, 58, 5),
(51193, 853, 532, 59, 5),
(51194, 853, 532, 60, 5),
(51195, 853, 532, 61, 5),
(51196, 853, 532, 62, 5),
(51197, 853, 532, 63, 5),
(51198, 853, 532, 64, 5),
(51199, 854, 28, 23, 5),
(51200, 854, 28, 24, 5),
(51201, 854, 28, 25, 5),
(51202, 854, 28, 26, 5),
(51203, 854, 28, 27, 5),
(51204, 854, 28, 28, 4),
(51205, 854, 28, 29, 5),
(51206, 854, 28, 30, 5),
(51207, 854, 28, 31, 5),
(51208, 854, 28, 32, 5),
(51209, 854, 28, 33, 5),
(51210, 854, 28, 34, 5),
(51211, 854, 28, 35, 5),
(51212, 854, 28, 36, 5),
(51213, 854, 28, 37, 5),
(51214, 854, 28, 38, 5),
(51215, 854, 28, 39, 5),
(51216, 854, 28, 40, 5),
(51217, 854, 28, 41, 5),
(51218, 854, 28, 42, 5),
(51219, 854, 28, 43, 5),
(51220, 854, 28, 44, 5),
(51221, 854, 28, 45, 5),
(51222, 854, 28, 46, 5),
(51223, 854, 28, 47, 5),
(51224, 854, 28, 48, 5),
(51225, 854, 28, 49, 5),
(51226, 854, 28, 50, 5),
(51227, 854, 28, 51, 5),
(51228, 854, 28, 52, 5),
(51229, 854, 28, 53, 5),
(51230, 854, 28, 54, 5),
(51231, 854, 28, 55, 5),
(51232, 854, 28, 56, 5),
(51233, 854, 28, 57, 5),
(51234, 854, 28, 58, 5),
(51235, 854, 28, 59, 5),
(51236, 854, 28, 60, 5),
(51237, 854, 28, 61, 2),
(51238, 854, 28, 62, 5),
(51239, 854, 28, 63, 4),
(51240, 854, 28, 64, 5),
(51325, 813, 65, 23, 4),
(51326, 813, 65, 24, 5),
(51327, 813, 65, 25, 4),
(51328, 813, 65, 26, 5),
(51329, 813, 65, 27, 4),
(51330, 813, 65, 28, 4),
(51331, 813, 65, 29, 4),
(51332, 813, 65, 30, 2),
(51333, 813, 65, 31, 4),
(51334, 813, 65, 32, 4),
(51335, 813, 65, 33, 4),
(51336, 813, 65, 34, 5),
(51337, 813, 65, 35, 4),
(51338, 813, 65, 36, 4),
(51339, 813, 65, 37, 5),
(51340, 813, 65, 38, 4),
(51341, 813, 65, 39, 4),
(51342, 813, 65, 40, 4),
(51343, 813, 65, 41, 5),
(51344, 813, 65, 42, 5),
(51345, 813, 65, 43, 4),
(51346, 813, 65, 44, 5),
(51347, 813, 65, 45, 5),
(51348, 813, 65, 46, 5),
(51349, 813, 65, 47, 5),
(51350, 813, 65, 48, 4),
(51351, 813, 65, 49, 4),
(51352, 813, 65, 50, 4),
(51353, 813, 65, 51, 5),
(51354, 813, 65, 52, 4),
(51355, 813, 65, 53, 4),
(51356, 813, 65, 54, 5),
(51357, 813, 65, 55, 5),
(51358, 813, 65, 56, 5),
(51359, 813, 65, 57, 4),
(51360, 813, 65, 58, 4),
(51361, 813, 65, 59, 5),
(51362, 813, 65, 60, 5),
(51363, 813, 65, 61, 3),
(51364, 813, 65, 62, 4),
(51365, 813, 65, 63, 4),
(51366, 813, 65, 64, 5),
(51367, 855, 66, 23, 5),
(51368, 855, 66, 24, 4),
(51369, 855, 66, 25, 5),
(51370, 855, 66, 26, 5),
(51371, 855, 66, 27, 5),
(51372, 855, 66, 28, 4),
(51373, 855, 66, 29, 5),
(51374, 855, 66, 30, 5),
(51375, 855, 66, 31, 4),
(51376, 855, 66, 32, 4),
(51377, 855, 66, 33, 4),
(51378, 855, 66, 34, 5),
(51379, 855, 66, 35, 5),
(51380, 855, 66, 36, 5),
(51381, 855, 66, 37, 4),
(51382, 855, 66, 38, 4),
(51383, 855, 66, 39, 5),
(51384, 855, 66, 40, 5),
(51385, 855, 66, 41, 5),
(51386, 855, 66, 42, 5),
(51387, 855, 66, 43, 4),
(51388, 855, 66, 44, 5),
(51389, 855, 66, 45, 5),
(51390, 855, 66, 46, 4),
(51391, 855, 66, 47, 4),
(51392, 855, 66, 48, 3),
(51393, 855, 66, 49, 4),
(51394, 855, 66, 50, 5),
(51395, 855, 66, 51, 5),
(51396, 855, 66, 52, 5),
(51397, 855, 66, 53, 5),
(51398, 855, 66, 54, 5),
(51399, 855, 66, 55, 4),
(51400, 855, 66, 56, 4),
(51401, 855, 66, 57, 5),
(51402, 855, 66, 58, 4),
(51403, 855, 66, 59, 4),
(51404, 855, 66, 60, 3),
(51405, 855, 66, 61, 3),
(51406, 855, 66, 62, 3),
(51407, 855, 66, 63, 2),
(51408, 855, 66, 64, 3),
(51451, 857, 9, 23, 4),
(51452, 857, 9, 24, 4),
(51453, 857, 9, 25, 3),
(51454, 857, 9, 26, 4),
(51455, 857, 9, 27, 4),
(51456, 857, 9, 28, 4),
(51457, 857, 9, 29, 5),
(51458, 857, 9, 30, 5),
(51459, 857, 9, 31, 4),
(51460, 857, 9, 32, 3),
(51461, 857, 9, 33, 3),
(51462, 857, 9, 34, 3),
(51463, 857, 9, 35, 3),
(51464, 857, 9, 36, 4),
(51465, 857, 9, 37, 3),
(51466, 857, 9, 38, 4),
(51467, 857, 9, 39, 4),
(51468, 857, 9, 40, 4),
(51469, 857, 9, 41, 3),
(51470, 857, 9, 42, 3),
(51471, 857, 9, 43, 3),
(51472, 857, 9, 44, 5),
(51473, 857, 9, 45, 5),
(51474, 857, 9, 46, 4),
(51475, 857, 9, 47, 3),
(51476, 857, 9, 48, 4),
(51477, 857, 9, 49, 3),
(51478, 857, 9, 50, 4),
(51479, 857, 9, 51, 3),
(51480, 857, 9, 52, 4),
(51481, 857, 9, 53, 3),
(51482, 857, 9, 54, 2),
(51483, 857, 9, 55, 4),
(51484, 857, 9, 56, 3),
(51485, 857, 9, 57, 4),
(51486, 857, 9, 58, 3),
(51487, 857, 9, 59, 4),
(51488, 857, 9, 60, 3),
(51489, 857, 9, 61, 4),
(51490, 857, 9, 62, 3),
(51491, 857, 9, 63, 3),
(51492, 857, 9, 64, 3),
(51493, 858, 87, 23, 4),
(51494, 858, 87, 24, 4),
(51495, 858, 87, 25, 4),
(51496, 858, 87, 26, 4),
(51497, 858, 87, 27, 4),
(51498, 858, 87, 28, 4),
(51499, 858, 87, 29, 4),
(51500, 858, 87, 30, 4),
(51501, 858, 87, 31, 4),
(51502, 858, 87, 32, 4),
(51503, 858, 87, 33, 4),
(51504, 858, 87, 34, 4),
(51505, 858, 87, 35, 4),
(51506, 858, 87, 36, 4),
(51507, 858, 87, 37, 4),
(51508, 858, 87, 38, 4),
(51509, 858, 87, 39, 4),
(51510, 858, 87, 40, 4),
(51511, 858, 87, 41, 4),
(51512, 858, 87, 42, 4),
(51513, 858, 87, 43, 4),
(51514, 858, 87, 44, 4),
(51515, 858, 87, 45, 4),
(51516, 858, 87, 46, 4),
(51517, 858, 87, 47, 4),
(51518, 858, 87, 48, 4),
(51519, 858, 87, 49, 4),
(51520, 858, 87, 50, 4),
(51521, 858, 87, 51, 4),
(51522, 858, 87, 52, 4),
(51523, 858, 87, 53, 4),
(51524, 858, 87, 54, 4),
(51525, 858, 87, 55, 4),
(51526, 858, 87, 56, 4),
(51527, 858, 87, 57, 4),
(51528, 858, 87, 58, 4),
(51529, 858, 87, 59, 4),
(51530, 858, 87, 60, 4),
(51531, 858, 87, 61, 4),
(51532, 858, 87, 62, 4),
(51533, 858, 87, 63, 4),
(51534, 858, 87, 64, 4),
(51535, 856, 17, 23, 3),
(51536, 856, 17, 24, 5),
(51537, 856, 17, 25, 4),
(51538, 856, 17, 26, 3),
(51539, 856, 17, 27, 3),
(51540, 856, 17, 28, 3),
(51541, 856, 17, 29, 5),
(51542, 856, 17, 30, 5),
(51543, 856, 17, 31, 2),
(51544, 856, 17, 32, 3),
(51545, 856, 17, 33, 4),
(51546, 856, 17, 34, 4),
(51547, 856, 17, 35, 4),
(51548, 856, 17, 36, 3),
(51549, 856, 17, 37, 4),
(51550, 856, 17, 38, 4),
(51551, 856, 17, 39, 4),
(51552, 856, 17, 40, 5),
(51553, 856, 17, 41, 3),
(51554, 856, 17, 42, 4),
(51555, 856, 17, 43, 3),
(51556, 856, 17, 44, 5),
(51557, 856, 17, 45, 3),
(51558, 856, 17, 46, 4),
(51559, 856, 17, 47, 4),
(51560, 856, 17, 48, 4),
(51561, 856, 17, 49, 2),
(51562, 856, 17, 50, 3),
(51563, 856, 17, 51, 3),
(51564, 856, 17, 52, 3),
(51565, 856, 17, 53, 3),
(51566, 856, 17, 54, 2),
(51567, 856, 17, 55, 3),
(51568, 856, 17, 56, 2),
(51569, 856, 17, 57, 2),
(51570, 856, 17, 58, 4),
(51571, 856, 17, 59, 3),
(51572, 856, 17, 60, 3),
(51573, 856, 17, 61, 3),
(51574, 856, 17, 62, 3),
(51575, 856, 17, 63, 2),
(51576, 856, 17, 64, 2),
(51619, 709, 696, 23, 5),
(51620, 709, 696, 24, 5),
(51621, 709, 696, 25, 5),
(51622, 709, 696, 26, 5),
(51623, 709, 696, 27, 5),
(51624, 709, 696, 28, 5),
(51625, 709, 696, 29, 5),
(51626, 709, 696, 30, 5),
(51627, 709, 696, 31, 5),
(51628, 709, 696, 32, 5),
(51629, 709, 696, 33, 5),
(51630, 709, 696, 34, 5),
(51631, 709, 696, 35, 5),
(51632, 709, 696, 36, 5),
(51633, 709, 696, 37, 5),
(51634, 709, 696, 38, 5),
(51635, 709, 696, 39, 5),
(51636, 709, 696, 40, 5),
(51637, 709, 696, 41, 5),
(51638, 709, 696, 42, 5),
(51639, 709, 696, 43, 5),
(51640, 709, 696, 44, 5),
(51641, 709, 696, 45, 5),
(51642, 709, 696, 46, 5),
(51643, 709, 696, 47, 5),
(51644, 709, 696, 48, 5),
(51645, 709, 696, 49, 5),
(51646, 709, 696, 50, 5),
(51647, 709, 696, 51, 5),
(51648, 709, 696, 52, 5),
(51649, 709, 696, 53, 5),
(51650, 709, 696, 54, 5),
(51651, 709, 696, 55, 5),
(51652, 709, 696, 56, 5),
(51653, 709, 696, 57, 5),
(51654, 709, 696, 58, 5),
(51655, 709, 696, 59, 5),
(51656, 709, 696, 60, 5),
(51657, 709, 696, 61, 5),
(51658, 709, 696, 62, 5),
(51659, 709, 696, 63, 5),
(51660, 709, 696, 64, 5),
(51661, 839, 70, 23, 5),
(51662, 839, 70, 24, 4),
(51663, 839, 70, 25, 5),
(51664, 839, 70, 26, 5),
(51665, 839, 70, 27, 3),
(51666, 839, 70, 28, 5),
(51667, 839, 70, 29, 5),
(51668, 839, 70, 30, 5),
(51669, 839, 70, 31, 5),
(51670, 839, 70, 32, 5),
(51671, 839, 70, 33, 5),
(51672, 839, 70, 34, 5),
(51673, 839, 70, 35, 4),
(51674, 839, 70, 36, 5),
(51675, 839, 70, 37, 5),
(51676, 839, 70, 38, 5),
(51677, 839, 70, 39, 5),
(51678, 839, 70, 40, 5),
(51679, 839, 70, 41, 5),
(51680, 839, 70, 42, 4),
(51681, 839, 70, 43, 5),
(51682, 839, 70, 44, 5),
(51683, 839, 70, 45, 5),
(51684, 839, 70, 46, 5),
(51685, 839, 70, 47, 5),
(51686, 839, 70, 48, 4),
(51687, 839, 70, 49, 4),
(51688, 839, 70, 50, 5),
(51689, 839, 70, 51, 5),
(51690, 839, 70, 52, 4),
(51691, 839, 70, 53, 5),
(51692, 839, 70, 54, 5),
(51693, 839, 70, 55, 5),
(51694, 839, 70, 56, 5),
(51695, 839, 70, 57, 5),
(51696, 839, 70, 58, 5),
(51697, 839, 70, 59, 5),
(51698, 839, 70, 60, 5),
(51699, 839, 70, 61, 5),
(51700, 839, 70, 62, 5),
(51701, 839, 70, 63, 5),
(51702, 839, 70, 64, 5),
(51703, 859, 709, 23, 5),
(51704, 859, 709, 24, 5),
(51705, 859, 709, 25, 5),
(51706, 859, 709, 26, 5),
(51707, 859, 709, 27, 5),
(51708, 859, 709, 28, 5),
(51709, 859, 709, 29, 5),
(51710, 859, 709, 30, 5),
(51711, 859, 709, 31, 5),
(51712, 859, 709, 32, 5),
(51713, 859, 709, 33, 5),
(51714, 859, 709, 34, 5),
(51715, 859, 709, 35, 5),
(51716, 859, 709, 36, 5),
(51717, 859, 709, 37, 5),
(51718, 859, 709, 38, 5),
(51719, 859, 709, 39, 5),
(51720, 859, 709, 40, 5),
(51721, 859, 709, 41, 5),
(51722, 859, 709, 42, 5),
(51723, 859, 709, 43, 5),
(51724, 859, 709, 44, 5),
(51725, 859, 709, 45, 5),
(51726, 859, 709, 46, 5),
(51727, 859, 709, 47, 5),
(51728, 859, 709, 48, 5),
(51729, 859, 709, 49, 5),
(51730, 859, 709, 50, 5),
(51731, 859, 709, 51, 5),
(51732, 859, 709, 52, 5),
(51733, 859, 709, 53, 5),
(51734, 859, 709, 54, 5),
(51735, 859, 709, 55, 5),
(51736, 859, 709, 56, 5),
(51737, 859, 709, 57, 5),
(51738, 859, 709, 58, 5),
(51739, 859, 709, 59, 5),
(51740, 859, 709, 60, 5),
(51741, 859, 709, 61, 5),
(51742, 859, 709, 62, 5),
(51743, 859, 709, 63, 5),
(51744, 859, 709, 64, 5),
(51829, 861, 578, 23, 5),
(51830, 861, 578, 24, 5),
(51831, 861, 578, 25, 5),
(51832, 861, 578, 26, 5),
(51833, 861, 578, 27, 5),
(51834, 861, 578, 28, 4),
(51835, 861, 578, 29, 5),
(51836, 861, 578, 30, 5),
(51837, 861, 578, 31, 5),
(51838, 861, 578, 32, 5),
(51839, 861, 578, 33, 5),
(51840, 861, 578, 34, 4),
(51841, 861, 578, 35, 4),
(51842, 861, 578, 36, 4),
(51843, 861, 578, 37, 5),
(51844, 861, 578, 38, 4),
(51845, 861, 578, 39, 5),
(51846, 861, 578, 40, 4),
(51847, 861, 578, 41, 4),
(51848, 861, 578, 42, 4),
(51849, 861, 578, 43, 5),
(51850, 861, 578, 44, 5),
(51851, 861, 578, 45, 5),
(51852, 861, 578, 46, 5),
(51853, 861, 578, 47, 5),
(51854, 861, 578, 48, 5),
(51855, 861, 578, 49, 5),
(51856, 861, 578, 50, 5),
(51857, 861, 578, 51, 5),
(51858, 861, 578, 52, 5),
(51859, 861, 578, 53, 4),
(51860, 861, 578, 54, 4),
(51861, 861, 578, 55, 5),
(51862, 861, 578, 56, 5),
(51863, 861, 578, 57, 5),
(51864, 861, 578, 58, 5),
(51865, 861, 578, 59, 4),
(51866, 861, 578, 60, 5),
(51867, 861, 578, 61, 4),
(51868, 861, 578, 62, 5),
(51869, 861, 578, 63, 5),
(51870, 861, 578, 64, 5),
(51913, 862, 656, 23, 5),
(51914, 862, 656, 24, 4),
(51915, 862, 656, 25, 5),
(51916, 862, 656, 26, 5),
(51917, 862, 656, 27, 5),
(51918, 862, 656, 28, 5),
(51919, 862, 656, 29, 5),
(51920, 862, 656, 30, 5),
(51921, 862, 656, 31, 4),
(51922, 862, 656, 32, 4),
(51923, 862, 656, 33, 4),
(51924, 862, 656, 34, 4),
(51925, 862, 656, 35, 5),
(51926, 862, 656, 36, 5),
(51927, 862, 656, 37, 5),
(51928, 862, 656, 38, 5),
(51929, 862, 656, 39, 5),
(51930, 862, 656, 40, 5),
(51931, 862, 656, 41, 5),
(51932, 862, 656, 42, 5),
(51933, 862, 656, 43, 5),
(51934, 862, 656, 44, 5),
(51935, 862, 656, 45, 5),
(51936, 862, 656, 46, 4),
(51937, 862, 656, 47, 4),
(51938, 862, 656, 48, 5),
(51939, 862, 656, 49, 5),
(51940, 862, 656, 50, 5),
(51941, 862, 656, 51, 5),
(51942, 862, 656, 52, 4),
(51943, 862, 656, 53, 5),
(51944, 862, 656, 54, 5),
(51945, 862, 656, 55, 4),
(51946, 862, 656, 56, 4),
(51947, 862, 656, 57, 4),
(51948, 862, 656, 58, 5),
(51949, 862, 656, 59, 5),
(51950, 862, 656, 60, 5),
(51951, 862, 656, 61, 5),
(51952, 862, 656, 62, 4),
(51953, 862, 656, 63, 5),
(51954, 862, 656, 64, 5),
(51955, 863, 604, 23, 4),
(51956, 863, 604, 24, 3),
(51957, 863, 604, 25, 5),
(51958, 863, 604, 26, 3),
(51959, 863, 604, 27, 4),
(51960, 863, 604, 28, 3),
(51961, 863, 604, 29, 4),
(51962, 863, 604, 30, 5),
(51963, 863, 604, 31, 4),
(51964, 863, 604, 32, 4),
(51965, 863, 604, 33, 5),
(51966, 863, 604, 34, 4),
(51967, 863, 604, 35, 4),
(51968, 863, 604, 36, 4),
(51969, 863, 604, 37, 4),
(51970, 863, 604, 38, 4),
(51971, 863, 604, 39, 5),
(51972, 863, 604, 40, 5),
(51973, 863, 604, 41, 4),
(51974, 863, 604, 42, 4),
(51975, 863, 604, 43, 5),
(51976, 863, 604, 44, 3),
(51977, 863, 604, 45, 4),
(51978, 863, 604, 46, 4),
(51979, 863, 604, 47, 5),
(51980, 863, 604, 48, 3),
(51981, 863, 604, 49, 4),
(51982, 863, 604, 50, 4),
(51983, 863, 604, 51, 4),
(51984, 863, 604, 52, 4),
(51985, 863, 604, 53, 4),
(51986, 863, 604, 54, 5),
(51987, 863, 604, 55, 4),
(51988, 863, 604, 56, 4),
(51989, 863, 604, 57, 4),
(51990, 863, 604, 58, 4),
(51991, 863, 604, 59, 4),
(51992, 863, 604, 60, 4),
(51993, 863, 604, 61, 4),
(51994, 863, 604, 62, 5),
(51995, 863, 604, 63, 5),
(51996, 863, 604, 64, 4),
(51997, 864, 568, 23, 4),
(51998, 864, 568, 24, 4),
(51999, 864, 568, 25, 5),
(52000, 864, 568, 26, 4),
(52001, 864, 568, 27, 4),
(52002, 864, 568, 28, 5),
(52003, 864, 568, 29, 5),
(52004, 864, 568, 30, 4),
(52005, 864, 568, 31, 5),
(52006, 864, 568, 32, 4),
(52007, 864, 568, 33, 5),
(52008, 864, 568, 34, 3),
(52009, 864, 568, 35, 3),
(52010, 864, 568, 36, 4),
(52011, 864, 568, 37, 5),
(52012, 864, 568, 38, 5),
(52013, 864, 568, 39, 5),
(52014, 864, 568, 40, 5),
(52015, 864, 568, 41, 4),
(52016, 864, 568, 42, 4),
(52017, 864, 568, 43, 4),
(52018, 864, 568, 44, 5),
(52019, 864, 568, 45, 4),
(52020, 864, 568, 46, 4),
(52021, 864, 568, 47, 4),
(52022, 864, 568, 48, 5),
(52023, 864, 568, 49, 5),
(52024, 864, 568, 50, 4),
(52025, 864, 568, 51, 4),
(52026, 864, 568, 52, 5);
INSERT INTO `ensurvey_table` (`anwser_id`, `master_id`, `employee_id`, `question_id`, `marks`) VALUES
(52027, 864, 568, 53, 5),
(52028, 864, 568, 54, 5),
(52029, 864, 568, 55, 4),
(52030, 864, 568, 56, 5),
(52031, 864, 568, 57, 5),
(52032, 864, 568, 58, 4),
(52033, 864, 568, 59, 4),
(52034, 864, 568, 60, 5),
(52035, 864, 568, 61, 4),
(52036, 864, 568, 62, 5),
(52037, 864, 568, 63, 5),
(52038, 864, 568, 64, 5),
(52081, 866, 553, 23, 5),
(52082, 866, 553, 24, 3),
(52083, 866, 553, 25, 5),
(52084, 866, 553, 26, 5),
(52085, 866, 553, 27, 5),
(52086, 866, 553, 28, 5),
(52087, 866, 553, 29, 5),
(52088, 866, 553, 30, 2),
(52089, 866, 553, 31, 3),
(52090, 866, 553, 32, 5),
(52091, 866, 553, 33, 5),
(52092, 866, 553, 34, 4),
(52093, 866, 553, 35, 4),
(52094, 866, 553, 36, 4),
(52095, 866, 553, 37, 5),
(52096, 866, 553, 38, 5),
(52097, 866, 553, 39, 4),
(52098, 866, 553, 40, 5),
(52099, 866, 553, 41, 5),
(52100, 866, 553, 42, 5),
(52101, 866, 553, 43, 5),
(52102, 866, 553, 44, 5),
(52103, 866, 553, 45, 5),
(52104, 866, 553, 46, 5),
(52105, 866, 553, 47, 5),
(52106, 866, 553, 48, 5),
(52107, 866, 553, 49, 5),
(52108, 866, 553, 50, 5),
(52109, 866, 553, 51, 5),
(52110, 866, 553, 52, 5),
(52111, 866, 553, 53, 5),
(52112, 866, 553, 54, 5),
(52113, 866, 553, 55, 5),
(52114, 866, 553, 56, 5),
(52115, 866, 553, 57, 5),
(52116, 866, 553, 58, 5),
(52117, 866, 553, 59, 5),
(52118, 866, 553, 60, 5),
(52119, 866, 553, 61, 5),
(52120, 866, 553, 62, 5),
(52121, 866, 553, 63, 5),
(52122, 866, 553, 64, 5),
(52123, 867, 515, 23, 5),
(52124, 867, 515, 24, 5),
(52125, 867, 515, 25, 5),
(52126, 867, 515, 26, 5),
(52127, 867, 515, 27, 5),
(52128, 867, 515, 28, 5),
(52129, 867, 515, 29, 5),
(52130, 867, 515, 30, 5),
(52131, 867, 515, 31, 4),
(52132, 867, 515, 32, 5),
(52133, 867, 515, 33, 4),
(52134, 867, 515, 34, 4),
(52135, 867, 515, 35, 5),
(52136, 867, 515, 36, 5),
(52137, 867, 515, 37, 5),
(52138, 867, 515, 38, 5),
(52139, 867, 515, 39, 5),
(52140, 867, 515, 40, 5),
(52141, 867, 515, 41, 5),
(52142, 867, 515, 42, 5),
(52143, 867, 515, 43, 5),
(52144, 867, 515, 44, 5),
(52145, 867, 515, 45, 5),
(52146, 867, 515, 46, 5),
(52147, 867, 515, 47, 5),
(52148, 867, 515, 48, 5),
(52149, 867, 515, 49, 5),
(52150, 867, 515, 50, 5),
(52151, 867, 515, 51, 5),
(52152, 867, 515, 52, 5),
(52153, 867, 515, 53, 5),
(52154, 867, 515, 54, 5),
(52155, 867, 515, 55, 5),
(52156, 867, 515, 56, 5),
(52157, 867, 515, 57, 5),
(52158, 867, 515, 58, 5),
(52159, 867, 515, 59, 5),
(52160, 867, 515, 60, 5),
(52161, 867, 515, 61, 5),
(52162, 867, 515, 62, 5),
(52163, 867, 515, 63, 5),
(52164, 867, 515, 64, 5),
(52165, 868, 528, 23, 5),
(52166, 868, 528, 24, 4),
(52167, 868, 528, 25, 4),
(52168, 868, 528, 26, 4),
(52169, 868, 528, 27, 4),
(52170, 868, 528, 28, 5),
(52171, 868, 528, 29, 4),
(52172, 868, 528, 30, 4),
(52173, 868, 528, 31, 4),
(52174, 868, 528, 32, 5),
(52175, 868, 528, 33, 4),
(52176, 868, 528, 34, 4),
(52177, 868, 528, 35, 5),
(52178, 868, 528, 36, 4),
(52179, 868, 528, 37, 4),
(52180, 868, 528, 38, 4),
(52181, 868, 528, 39, 4),
(52182, 868, 528, 40, 5),
(52183, 868, 528, 41, 5),
(52184, 868, 528, 42, 5),
(52185, 868, 528, 43, 5),
(52186, 868, 528, 44, 5),
(52187, 868, 528, 45, 5),
(52188, 868, 528, 46, 4),
(52189, 868, 528, 47, 4),
(52190, 868, 528, 48, 4),
(52191, 868, 528, 49, 4),
(52192, 868, 528, 50, 4),
(52193, 868, 528, 51, 5),
(52194, 868, 528, 52, 5),
(52195, 868, 528, 53, 5),
(52196, 868, 528, 54, 5),
(52197, 868, 528, 55, 4),
(52198, 868, 528, 56, 4),
(52199, 868, 528, 57, 5),
(52200, 868, 528, 58, 5),
(52201, 868, 528, 59, 5),
(52202, 868, 528, 60, 5),
(52203, 868, 528, 61, 5),
(52204, 868, 528, 62, 4),
(52205, 868, 528, 63, 4),
(52206, 868, 528, 64, 4),
(52291, 870, 703, 23, 5),
(52292, 870, 703, 24, 5),
(52293, 870, 703, 25, 5),
(52294, 870, 703, 26, 5),
(52295, 870, 703, 27, 5),
(52296, 870, 703, 28, 5),
(52297, 870, 703, 29, 5),
(52298, 870, 703, 30, 5),
(52299, 870, 703, 31, 5),
(52300, 870, 703, 32, 5),
(52301, 870, 703, 33, 5),
(52302, 870, 703, 34, 5),
(52303, 870, 703, 35, 5),
(52304, 870, 703, 36, 4),
(52305, 870, 703, 37, 5),
(52306, 870, 703, 38, 5),
(52307, 870, 703, 39, 5),
(52308, 870, 703, 40, 5),
(52309, 870, 703, 41, 5),
(52310, 870, 703, 42, 4),
(52311, 870, 703, 43, 5),
(52312, 870, 703, 44, 5),
(52313, 870, 703, 45, 5),
(52314, 870, 703, 46, 5),
(52315, 870, 703, 47, 5),
(52316, 870, 703, 48, 5),
(52317, 870, 703, 49, 5),
(52318, 870, 703, 50, 5),
(52319, 870, 703, 51, 5),
(52320, 870, 703, 52, 4),
(52321, 870, 703, 53, 5),
(52322, 870, 703, 54, 5),
(52323, 870, 703, 55, 5),
(52324, 870, 703, 56, 4),
(52325, 870, 703, 57, 4),
(52326, 870, 703, 58, 5),
(52327, 870, 703, 59, 5),
(52328, 870, 703, 60, 5),
(52329, 870, 703, 61, 5),
(52330, 870, 703, 62, 5),
(52331, 870, 703, 63, 5),
(52332, 870, 703, 64, 5),
(52333, 869, 701, 23, 4),
(52334, 869, 701, 24, 3),
(52335, 869, 701, 25, 4),
(52336, 869, 701, 26, 4),
(52337, 869, 701, 27, 3),
(52338, 869, 701, 28, 4),
(52339, 869, 701, 29, 4),
(52340, 869, 701, 30, 3),
(52341, 869, 701, 31, 4),
(52342, 869, 701, 32, 3),
(52343, 869, 701, 33, 3),
(52344, 869, 701, 34, 4),
(52345, 869, 701, 35, 4),
(52346, 869, 701, 36, 4),
(52347, 869, 701, 37, 4),
(52348, 869, 701, 38, 3),
(52349, 869, 701, 39, 4),
(52350, 869, 701, 40, 3),
(52351, 869, 701, 41, 4),
(52352, 869, 701, 42, 3),
(52353, 869, 701, 43, 4),
(52354, 869, 701, 44, 4),
(52355, 869, 701, 45, 3),
(52356, 869, 701, 46, 3),
(52357, 869, 701, 47, 4),
(52358, 869, 701, 48, 4),
(52359, 869, 701, 49, 4),
(52360, 869, 701, 50, 3),
(52361, 869, 701, 51, 3),
(52362, 869, 701, 52, 4),
(52363, 869, 701, 53, 4),
(52364, 869, 701, 54, 3),
(52365, 869, 701, 55, 4),
(52366, 869, 701, 56, 3),
(52367, 869, 701, 57, 4),
(52368, 869, 701, 58, 4),
(52369, 869, 701, 59, 3),
(52370, 869, 701, 60, 4),
(52371, 869, 701, 61, 4),
(52372, 869, 701, 62, 3),
(52373, 869, 701, 63, 4),
(52374, 869, 701, 64, 4),
(52375, 871, 495, 23, 5),
(52376, 871, 495, 24, 5),
(52377, 871, 495, 25, 5),
(52378, 871, 495, 26, 4),
(52379, 871, 495, 27, 4),
(52380, 871, 495, 28, 4),
(52381, 871, 495, 29, 5),
(52382, 871, 495, 30, 5),
(52383, 871, 495, 31, 5),
(52384, 871, 495, 32, 4),
(52385, 871, 495, 33, 4),
(52386, 871, 495, 34, 5),
(52387, 871, 495, 35, 5),
(52388, 871, 495, 36, 5),
(52389, 871, 495, 37, 5),
(52390, 871, 495, 38, 4),
(52391, 871, 495, 39, 5),
(52392, 871, 495, 40, 4),
(52393, 871, 495, 41, 4),
(52394, 871, 495, 42, 4),
(52395, 871, 495, 43, 4),
(52396, 871, 495, 44, 5),
(52397, 871, 495, 45, 5),
(52398, 871, 495, 46, 5),
(52399, 871, 495, 47, 5),
(52400, 871, 495, 48, 4),
(52401, 871, 495, 49, 5),
(52402, 871, 495, 50, 5),
(52403, 871, 495, 51, 4),
(52404, 871, 495, 52, 4),
(52405, 871, 495, 53, 4),
(52406, 871, 495, 54, 4),
(52407, 871, 495, 55, 4),
(52408, 871, 495, 56, 4),
(52409, 871, 495, 57, 2),
(52410, 871, 495, 58, 5),
(52411, 871, 495, 59, 4),
(52412, 871, 495, 60, 4),
(52413, 871, 495, 61, 2),
(52414, 871, 495, 62, 4),
(52415, 871, 495, 63, 5),
(52416, 871, 495, 64, 4),
(52459, 873, 686, 23, 5),
(52460, 873, 686, 24, 5),
(52461, 873, 686, 25, 5),
(52462, 873, 686, 26, 5),
(52463, 873, 686, 27, 5),
(52464, 873, 686, 28, 5),
(52465, 873, 686, 29, 5),
(52466, 873, 686, 30, 5),
(52467, 873, 686, 31, 5),
(52468, 873, 686, 32, 4),
(52469, 873, 686, 33, 5),
(52470, 873, 686, 34, 5),
(52471, 873, 686, 35, 4),
(52472, 873, 686, 36, 5),
(52473, 873, 686, 37, 5),
(52474, 873, 686, 38, 5),
(52475, 873, 686, 39, 5),
(52476, 873, 686, 40, 5),
(52477, 873, 686, 41, 5),
(52478, 873, 686, 42, 5),
(52479, 873, 686, 43, 5),
(52480, 873, 686, 44, 5),
(52481, 873, 686, 45, 5),
(52482, 873, 686, 46, 5),
(52483, 873, 686, 47, 5),
(52484, 873, 686, 48, 5),
(52485, 873, 686, 49, 5),
(52486, 873, 686, 50, 5),
(52487, 873, 686, 51, 5),
(52488, 873, 686, 52, 5),
(52489, 873, 686, 53, 5),
(52490, 873, 686, 54, 5),
(52491, 873, 686, 55, 4),
(52492, 873, 686, 56, 5),
(52493, 873, 686, 57, 2),
(52494, 873, 686, 58, 5),
(52495, 873, 686, 59, 5),
(52496, 873, 686, 60, 5),
(52497, 873, 686, 61, 2),
(52498, 873, 686, 62, 5),
(52499, 873, 686, 63, 5),
(52500, 873, 686, 64, 4),
(52543, 872, 689, 23, 5),
(52544, 872, 689, 24, 5),
(52545, 872, 689, 25, 5),
(52546, 872, 689, 26, 4),
(52547, 872, 689, 27, 4),
(52548, 872, 689, 28, 4),
(52549, 872, 689, 29, 4),
(52550, 872, 689, 30, 5),
(52551, 872, 689, 31, 4),
(52552, 872, 689, 32, 4),
(52553, 872, 689, 33, 4),
(52554, 872, 689, 34, 5),
(52555, 872, 689, 35, 5),
(52556, 872, 689, 36, 5),
(52557, 872, 689, 37, 5),
(52558, 872, 689, 38, 5),
(52559, 872, 689, 39, 4),
(52560, 872, 689, 40, 4),
(52561, 872, 689, 41, 4),
(52562, 872, 689, 42, 4),
(52563, 872, 689, 43, 4),
(52564, 872, 689, 44, 5),
(52565, 872, 689, 45, 4),
(52566, 872, 689, 46, 5),
(52567, 872, 689, 47, 5),
(52568, 872, 689, 48, 5),
(52569, 872, 689, 49, 5),
(52570, 872, 689, 50, 5),
(52571, 872, 689, 51, 4),
(52572, 872, 689, 52, 4),
(52573, 872, 689, 53, 4),
(52574, 872, 689, 54, 4),
(52575, 872, 689, 55, 4),
(52576, 872, 689, 56, 4),
(52577, 872, 689, 57, 4),
(52578, 872, 689, 58, 4),
(52579, 872, 689, 59, 5),
(52580, 872, 689, 60, 5),
(52581, 872, 689, 61, 5),
(52582, 872, 689, 62, 5),
(52583, 872, 689, 63, 4),
(52584, 872, 689, 64, 4),
(52585, 874, 93, 23, 4),
(52586, 874, 93, 24, 4),
(52587, 874, 93, 25, 4),
(52588, 874, 93, 26, 5),
(52589, 874, 93, 27, 3),
(52590, 874, 93, 28, 4),
(52591, 874, 93, 29, 4),
(52592, 874, 93, 30, 4),
(52593, 874, 93, 31, 3),
(52594, 874, 93, 32, 2),
(52595, 874, 93, 33, 2),
(52596, 874, 93, 34, 2),
(52597, 874, 93, 35, 4),
(52598, 874, 93, 36, 4),
(52599, 874, 93, 37, 4),
(52600, 874, 93, 38, 4),
(52601, 874, 93, 39, 4),
(52602, 874, 93, 40, 4),
(52603, 874, 93, 41, 5),
(52604, 874, 93, 42, 4),
(52605, 874, 93, 43, 3),
(52606, 874, 93, 44, 5),
(52607, 874, 93, 45, 5),
(52608, 874, 93, 46, 2),
(52609, 874, 93, 47, 2),
(52610, 874, 93, 48, 4),
(52611, 874, 93, 49, 3),
(52612, 874, 93, 50, 1),
(52613, 874, 93, 51, 2),
(52614, 874, 93, 52, 2),
(52615, 874, 93, 53, 3),
(52616, 874, 93, 54, 2),
(52617, 874, 93, 55, 1),
(52618, 874, 93, 56, 2),
(52619, 874, 93, 57, 2),
(52620, 874, 93, 58, 3),
(52621, 874, 93, 59, 3),
(52622, 874, 93, 60, 3),
(52623, 874, 93, 61, 3),
(52624, 874, 93, 62, 2),
(52625, 874, 93, 63, 3),
(52626, 874, 93, 64, 3),
(52627, 875, 35, 23, 5),
(52628, 875, 35, 24, 5),
(52629, 875, 35, 25, 5),
(52630, 875, 35, 26, 5),
(52631, 875, 35, 27, 5),
(52632, 875, 35, 28, 5),
(52633, 875, 35, 29, 5),
(52634, 875, 35, 30, 5),
(52635, 875, 35, 31, 4),
(52636, 875, 35, 32, 4),
(52637, 875, 35, 33, 4),
(52638, 875, 35, 34, 5),
(52639, 875, 35, 35, 5),
(52640, 875, 35, 36, 5),
(52641, 875, 35, 37, 5),
(52642, 875, 35, 38, 5),
(52643, 875, 35, 39, 5),
(52644, 875, 35, 40, 5),
(52645, 875, 35, 41, 5),
(52646, 875, 35, 42, 5),
(52647, 875, 35, 43, 4),
(52648, 875, 35, 44, 5),
(52649, 875, 35, 45, 5),
(52650, 875, 35, 46, 5),
(52651, 875, 35, 47, 5),
(52652, 875, 35, 48, 5),
(52653, 875, 35, 49, 5),
(52654, 875, 35, 50, 5),
(52655, 875, 35, 51, 5),
(52656, 875, 35, 52, 4),
(52657, 875, 35, 53, 5),
(52658, 875, 35, 54, 5),
(52659, 875, 35, 55, 5),
(52660, 875, 35, 56, 5),
(52661, 875, 35, 57, 5),
(52662, 875, 35, 58, 5),
(52663, 875, 35, 59, 5),
(52664, 875, 35, 60, 5),
(52665, 875, 35, 61, 5),
(52666, 875, 35, 62, 5),
(52667, 875, 35, 63, 5),
(52668, 875, 35, 64, 5),
(52669, 876, 714, 23, 5),
(52670, 876, 714, 24, 5),
(52671, 876, 714, 25, 5),
(52672, 876, 714, 26, 5),
(52673, 876, 714, 27, 5),
(52674, 876, 714, 28, 4),
(52675, 876, 714, 29, 4),
(52676, 876, 714, 30, 5),
(52677, 876, 714, 31, 5),
(52678, 876, 714, 32, 5),
(52679, 876, 714, 33, 5),
(52680, 876, 714, 34, 5),
(52681, 876, 714, 35, 5),
(52682, 876, 714, 36, 5),
(52683, 876, 714, 37, 5),
(52684, 876, 714, 38, 5),
(52685, 876, 714, 39, 5),
(52686, 876, 714, 40, 5),
(52687, 876, 714, 41, 5),
(52688, 876, 714, 42, 5),
(52689, 876, 714, 43, 5),
(52690, 876, 714, 44, 5),
(52691, 876, 714, 45, 5),
(52692, 876, 714, 46, 5),
(52693, 876, 714, 47, 5),
(52694, 876, 714, 48, 5),
(52695, 876, 714, 49, 5),
(52696, 876, 714, 50, 5),
(52697, 876, 714, 51, 5),
(52698, 876, 714, 52, 4),
(52699, 876, 714, 53, 5),
(52700, 876, 714, 54, 5),
(52701, 876, 714, 55, 5),
(52702, 876, 714, 56, 4),
(52703, 876, 714, 57, 4),
(52704, 876, 714, 58, 5),
(52705, 876, 714, 59, 5),
(52706, 876, 714, 60, 5),
(52707, 876, 714, 61, 4),
(52708, 876, 714, 62, 5),
(52709, 876, 714, 63, 5),
(52710, 876, 714, 64, 5),
(52795, 877, 14, 23, 5),
(52796, 877, 14, 24, 4),
(52797, 877, 14, 25, 5),
(52798, 877, 14, 26, 5),
(52799, 877, 14, 27, 5),
(52800, 877, 14, 28, 5),
(52801, 877, 14, 29, 5),
(52802, 877, 14, 30, 5),
(52803, 877, 14, 31, 4),
(52804, 877, 14, 32, 4),
(52805, 877, 14, 33, 5),
(52806, 877, 14, 34, 5),
(52807, 877, 14, 35, 4),
(52808, 877, 14, 36, 5),
(52809, 877, 14, 37, 4),
(52810, 877, 14, 38, 5),
(52811, 877, 14, 39, 5),
(52812, 877, 14, 40, 5),
(52813, 877, 14, 41, 5),
(52814, 877, 14, 42, 5),
(52815, 877, 14, 43, 4),
(52816, 877, 14, 44, 5),
(52817, 877, 14, 45, 5),
(52818, 877, 14, 46, 5),
(52819, 877, 14, 47, 5),
(52820, 877, 14, 48, 5),
(52821, 877, 14, 49, 5),
(52822, 877, 14, 50, 5),
(52823, 877, 14, 51, 5),
(52824, 877, 14, 52, 4),
(52825, 877, 14, 53, 5),
(52826, 877, 14, 54, 5),
(52827, 877, 14, 55, 5),
(52828, 877, 14, 56, 4),
(52829, 877, 14, 57, 5),
(52830, 877, 14, 58, 4),
(52831, 877, 14, 59, 5),
(52832, 877, 14, 60, 5),
(52833, 877, 14, 61, 4),
(52834, 877, 14, 62, 5),
(52835, 877, 14, 63, 5),
(52836, 877, 14, 64, 5),
(52837, 878, 458, 23, 5),
(52838, 878, 458, 24, 5),
(52839, 878, 458, 25, 1),
(52840, 878, 458, 26, 5),
(52841, 878, 458, 27, 1),
(52842, 878, 458, 28, 4),
(52843, 878, 458, 29, 5),
(52844, 878, 458, 30, 5),
(52845, 878, 458, 31, 5),
(52846, 878, 458, 32, 5),
(52847, 878, 458, 33, 5),
(52848, 878, 458, 34, 4),
(52849, 878, 458, 35, 5),
(52850, 878, 458, 36, 5),
(52851, 878, 458, 37, 5),
(52852, 878, 458, 38, 4),
(52853, 878, 458, 39, 1),
(52854, 878, 458, 40, 1),
(52855, 878, 458, 41, 5),
(52856, 878, 458, 42, 5),
(52857, 878, 458, 43, 5),
(52858, 878, 458, 44, 5),
(52859, 878, 458, 45, 5),
(52860, 878, 458, 46, 5),
(52861, 878, 458, 47, 5),
(52862, 878, 458, 48, 1),
(52863, 878, 458, 49, 1),
(52864, 878, 458, 50, 5),
(52865, 878, 458, 51, 1),
(52866, 878, 458, 52, 1),
(52867, 878, 458, 53, 5),
(52868, 878, 458, 54, 5),
(52869, 878, 458, 55, 5),
(52870, 878, 458, 56, 5),
(52871, 878, 458, 57, 5),
(52872, 878, 458, 58, 1),
(52873, 878, 458, 59, 1),
(52874, 878, 458, 60, 5),
(52875, 878, 458, 61, 1),
(52876, 878, 458, 62, 5),
(52877, 878, 458, 63, 1),
(52878, 878, 458, 64, 5),
(52879, 879, 445, 23, 5),
(52880, 879, 445, 24, 5),
(52881, 879, 445, 25, 5),
(52882, 879, 445, 26, 4),
(52883, 879, 445, 27, 5),
(52884, 879, 445, 28, 5),
(52885, 879, 445, 29, 5),
(52886, 879, 445, 30, 5),
(52887, 879, 445, 31, 5),
(52888, 879, 445, 32, 5),
(52889, 879, 445, 33, 5),
(52890, 879, 445, 34, 4),
(52891, 879, 445, 35, 5),
(52892, 879, 445, 36, 5),
(52893, 879, 445, 37, 5),
(52894, 879, 445, 38, 5),
(52895, 879, 445, 39, 5),
(52896, 879, 445, 40, 5),
(52897, 879, 445, 41, 5),
(52898, 879, 445, 42, 5),
(52899, 879, 445, 43, 5),
(52900, 879, 445, 44, 5),
(52901, 879, 445, 45, 5),
(52902, 879, 445, 46, 5),
(52903, 879, 445, 47, 5),
(52904, 879, 445, 48, 5),
(52905, 879, 445, 49, 5),
(52906, 879, 445, 50, 5),
(52907, 879, 445, 51, 5),
(52908, 879, 445, 52, 4),
(52909, 879, 445, 53, 5),
(52910, 879, 445, 54, 5),
(52911, 879, 445, 55, 5),
(52912, 879, 445, 56, 5),
(52913, 879, 445, 57, 5),
(52914, 879, 445, 58, 5),
(52915, 879, 445, 59, 4),
(52916, 879, 445, 60, 5),
(52917, 879, 445, 61, 5),
(52918, 879, 445, 62, 5),
(52919, 879, 445, 63, 5),
(52920, 879, 445, 64, 5),
(52921, 880, 67, 23, 5),
(52922, 880, 67, 24, 5),
(52923, 880, 67, 25, 5),
(52924, 880, 67, 26, 5),
(52925, 880, 67, 27, 5),
(52926, 880, 67, 28, 5),
(52927, 880, 67, 29, 5),
(52928, 880, 67, 30, 4),
(52929, 880, 67, 31, 5),
(52930, 880, 67, 32, 5),
(52931, 880, 67, 33, 5),
(52932, 880, 67, 34, 4),
(52933, 880, 67, 35, 5),
(52934, 880, 67, 36, 5),
(52935, 880, 67, 37, 4),
(52936, 880, 67, 38, 5),
(52937, 880, 67, 39, 5),
(52938, 880, 67, 40, 5),
(52939, 880, 67, 41, 5),
(52940, 880, 67, 42, 5),
(52941, 880, 67, 43, 5),
(52942, 880, 67, 44, 5),
(52943, 880, 67, 45, 5),
(52944, 880, 67, 46, 5),
(52945, 880, 67, 47, 5),
(52946, 880, 67, 48, 5),
(52947, 880, 67, 49, 5),
(52948, 880, 67, 50, 5),
(52949, 880, 67, 51, 5),
(52950, 880, 67, 52, 5),
(52951, 880, 67, 53, 5),
(52952, 880, 67, 54, 5),
(52953, 880, 67, 55, 5),
(52954, 880, 67, 56, 4),
(52955, 880, 67, 57, 4),
(52956, 880, 67, 58, 5),
(52957, 880, 67, 59, 5),
(52958, 880, 67, 60, 5),
(52959, 880, 67, 61, 5),
(52960, 880, 67, 62, 5),
(52961, 880, 67, 63, 5),
(52962, 880, 67, 64, 5),
(52963, 881, 16, 23, 5),
(52964, 881, 16, 24, 5),
(52965, 881, 16, 25, 5),
(52966, 881, 16, 26, 5),
(52967, 881, 16, 27, 5),
(52968, 881, 16, 28, 5),
(52969, 881, 16, 29, 5),
(52970, 881, 16, 30, 5),
(52971, 881, 16, 31, 4),
(52972, 881, 16, 32, 5),
(52973, 881, 16, 33, 5),
(52974, 881, 16, 34, 5),
(52975, 881, 16, 35, 5),
(52976, 881, 16, 36, 4),
(52977, 881, 16, 37, 5),
(52978, 881, 16, 38, 4),
(52979, 881, 16, 39, 5),
(52980, 881, 16, 40, 5),
(52981, 881, 16, 41, 5),
(52982, 881, 16, 42, 4),
(52983, 881, 16, 43, 5),
(52984, 881, 16, 44, 5),
(52985, 881, 16, 45, 5),
(52986, 881, 16, 46, 5),
(52987, 881, 16, 47, 5),
(52988, 881, 16, 48, 5),
(52989, 881, 16, 49, 5),
(52990, 881, 16, 50, 5),
(52991, 881, 16, 51, 5),
(52992, 881, 16, 52, 4),
(52993, 881, 16, 53, 5),
(52994, 881, 16, 54, 5),
(52995, 881, 16, 55, 5),
(52996, 881, 16, 56, 4),
(52997, 881, 16, 57, 4),
(52998, 881, 16, 58, 5),
(52999, 881, 16, 59, 5),
(53000, 881, 16, 60, 5),
(53001, 881, 16, 61, 5),
(53002, 881, 16, 62, 5),
(53003, 881, 16, 63, 5),
(53004, 881, 16, 64, 5),
(53005, 882, 16, 23, 5),
(53006, 882, 16, 24, 5),
(53007, 882, 16, 25, 5),
(53008, 882, 16, 26, 5),
(53009, 882, 16, 27, 5),
(53010, 882, 16, 28, 5),
(53011, 882, 16, 29, 5),
(53012, 882, 16, 30, 5),
(53013, 882, 16, 31, 4),
(53014, 882, 16, 32, 5),
(53015, 882, 16, 33, 5),
(53016, 882, 16, 34, 5),
(53017, 882, 16, 35, 5),
(53018, 882, 16, 36, 4),
(53019, 882, 16, 37, 5),
(53020, 882, 16, 38, 4),
(53021, 882, 16, 39, 5),
(53022, 882, 16, 40, 5),
(53023, 882, 16, 41, 5),
(53024, 882, 16, 42, 4),
(53025, 882, 16, 43, 5),
(53026, 882, 16, 44, 5),
(53027, 882, 16, 45, 5),
(53028, 882, 16, 46, 5),
(53029, 882, 16, 47, 5),
(53030, 882, 16, 48, 5),
(53031, 882, 16, 49, 5),
(53032, 882, 16, 50, 5),
(53033, 882, 16, 51, 5),
(53034, 882, 16, 52, 4),
(53035, 882, 16, 53, 5),
(53036, 882, 16, 54, 5),
(53037, 882, 16, 55, 5),
(53038, 882, 16, 56, 4),
(53039, 882, 16, 57, 4),
(53040, 882, 16, 58, 5),
(53041, 882, 16, 59, 5),
(53042, 882, 16, 60, 5),
(53043, 882, 16, 61, 5),
(53044, 882, 16, 62, 5),
(53045, 882, 16, 63, 5),
(53046, 882, 16, 64, 5),
(53047, 883, 53, 23, 5),
(53048, 883, 53, 24, 5),
(53049, 883, 53, 25, 5),
(53050, 883, 53, 26, 5),
(53051, 883, 53, 27, 5),
(53052, 883, 53, 28, 5),
(53053, 883, 53, 29, 5),
(53054, 883, 53, 30, 5),
(53055, 883, 53, 31, 5),
(53056, 883, 53, 32, 4),
(53057, 883, 53, 33, 5),
(53058, 883, 53, 34, 5),
(53059, 883, 53, 35, 4),
(53060, 883, 53, 36, 4),
(53061, 883, 53, 37, 5),
(53062, 883, 53, 38, 5),
(53063, 883, 53, 39, 5),
(53064, 883, 53, 40, 5),
(53065, 883, 53, 41, 4),
(53066, 883, 53, 42, 4),
(53067, 883, 53, 43, 5),
(53068, 883, 53, 44, 5),
(53069, 883, 53, 45, 5),
(53070, 883, 53, 46, 5),
(53071, 883, 53, 47, 5),
(53072, 883, 53, 48, 5),
(53073, 883, 53, 49, 5),
(53074, 883, 53, 50, 5),
(53075, 883, 53, 51, 5),
(53076, 883, 53, 52, 4),
(53077, 883, 53, 53, 5),
(53078, 883, 53, 54, 5),
(53079, 883, 53, 55, 5),
(53080, 883, 53, 56, 5),
(53081, 883, 53, 57, 5),
(53082, 883, 53, 58, 5),
(53083, 883, 53, 59, 5),
(53084, 883, 53, 60, 5),
(53085, 883, 53, 61, 5),
(53086, 883, 53, 62, 5),
(53087, 883, 53, 63, 5),
(53088, 883, 53, 64, 4),
(53089, 865, 580, 23, 5),
(53090, 865, 580, 24, 5),
(53091, 865, 580, 25, 5),
(53092, 865, 580, 26, 5),
(53093, 865, 580, 27, 5),
(53094, 865, 580, 28, 5),
(53095, 865, 580, 29, 5),
(53096, 865, 580, 30, 5),
(53097, 865, 580, 31, 5),
(53098, 865, 580, 32, 5),
(53099, 865, 580, 33, 5),
(53100, 865, 580, 34, 5),
(53101, 865, 580, 35, 5),
(53102, 865, 580, 36, 5),
(53103, 865, 580, 37, 5),
(53104, 865, 580, 38, 5),
(53105, 865, 580, 39, 5),
(53106, 865, 580, 40, 5),
(53107, 865, 580, 41, 5),
(53108, 865, 580, 42, 5),
(53109, 865, 580, 43, 5),
(53110, 865, 580, 44, 5),
(53111, 865, 580, 45, 5),
(53112, 865, 580, 46, 5),
(53113, 865, 580, 47, 5),
(53114, 865, 580, 48, 5),
(53115, 865, 580, 49, 5),
(53116, 865, 580, 50, 5),
(53117, 865, 580, 51, 5),
(53118, 865, 580, 52, 5),
(53119, 865, 580, 53, 5),
(53120, 865, 580, 54, 5),
(53121, 865, 580, 55, 5),
(53122, 865, 580, 56, 5),
(53123, 865, 580, 57, 5),
(53124, 865, 580, 58, 5),
(53125, 865, 580, 59, 5),
(53126, 865, 580, 60, 5),
(53127, 865, 580, 61, 5),
(53128, 865, 580, 62, 5),
(53129, 865, 580, 63, 5),
(53130, 865, 580, 64, 5),
(53131, 884, 7, 23, 5),
(53132, 884, 7, 24, 5),
(53133, 884, 7, 25, 5),
(53134, 884, 7, 26, 5),
(53135, 884, 7, 27, 5),
(53136, 884, 7, 28, 5),
(53137, 884, 7, 29, 5),
(53138, 884, 7, 30, 5),
(53139, 884, 7, 31, 5),
(53140, 884, 7, 32, 5),
(53141, 884, 7, 33, 5),
(53142, 884, 7, 34, 5),
(53143, 884, 7, 35, 5),
(53144, 884, 7, 36, 5),
(53145, 884, 7, 37, 5),
(53146, 884, 7, 38, 5),
(53147, 884, 7, 39, 5),
(53148, 884, 7, 40, 5),
(53149, 884, 7, 41, 5),
(53150, 884, 7, 42, 5),
(53151, 884, 7, 43, 5),
(53152, 884, 7, 44, 5),
(53153, 884, 7, 45, 5),
(53154, 884, 7, 46, 5),
(53155, 884, 7, 47, 5),
(53156, 884, 7, 48, 5),
(53157, 884, 7, 49, 5),
(53158, 884, 7, 50, 5),
(53159, 884, 7, 51, 5),
(53160, 884, 7, 52, 5),
(53161, 884, 7, 53, 5),
(53162, 884, 7, 54, 5),
(53163, 884, 7, 55, 5),
(53164, 884, 7, 56, 4),
(53165, 884, 7, 57, 5),
(53166, 884, 7, 58, 5),
(53167, 884, 7, 59, 5),
(53168, 884, 7, 60, 5),
(53169, 884, 7, 61, 5),
(53170, 884, 7, 62, 5),
(53171, 884, 7, 63, 5),
(53172, 884, 7, 64, 5),
(53173, 885, 531, 23, 5),
(53174, 885, 531, 24, 5),
(53175, 885, 531, 25, 5),
(53176, 885, 531, 26, 5),
(53177, 885, 531, 27, 5),
(53178, 885, 531, 28, 5),
(53179, 885, 531, 29, 5),
(53180, 885, 531, 30, 5),
(53181, 885, 531, 31, 5),
(53182, 885, 531, 32, 5),
(53183, 885, 531, 33, 5),
(53184, 885, 531, 34, 5),
(53185, 885, 531, 35, 5),
(53186, 885, 531, 36, 5),
(53187, 885, 531, 37, 5),
(53188, 885, 531, 38, 5),
(53189, 885, 531, 39, 5),
(53190, 885, 531, 40, 5),
(53191, 885, 531, 41, 5),
(53192, 885, 531, 42, 5),
(53193, 885, 531, 43, 5),
(53194, 885, 531, 44, 5),
(53195, 885, 531, 45, 5),
(53196, 885, 531, 46, 5),
(53197, 885, 531, 47, 5),
(53198, 885, 531, 48, 5),
(53199, 885, 531, 49, 5),
(53200, 885, 531, 50, 5),
(53201, 885, 531, 51, 5),
(53202, 885, 531, 52, 5),
(53203, 885, 531, 53, 5),
(53204, 885, 531, 54, 5),
(53205, 885, 531, 55, 5),
(53206, 885, 531, 56, 5),
(53207, 885, 531, 57, 5),
(53208, 885, 531, 58, 5),
(53209, 885, 531, 59, 5),
(53210, 885, 531, 60, 5),
(53211, 885, 531, 61, 5),
(53212, 885, 531, 62, 5),
(53213, 885, 531, 63, 5),
(53214, 885, 531, 64, 5),
(53215, 886, 519, 23, 5),
(53216, 886, 519, 24, 4),
(53217, 886, 519, 25, 5),
(53218, 886, 519, 26, 5),
(53219, 886, 519, 27, 5),
(53220, 886, 519, 28, 5),
(53221, 886, 519, 29, 4),
(53222, 886, 519, 30, 5),
(53223, 886, 519, 31, 4),
(53224, 886, 519, 32, 4),
(53225, 886, 519, 33, 5),
(53226, 886, 519, 34, 4),
(53227, 886, 519, 35, 5),
(53228, 886, 519, 36, 5),
(53229, 886, 519, 37, 5),
(53230, 886, 519, 38, 5),
(53231, 886, 519, 39, 5),
(53232, 886, 519, 40, 5),
(53233, 886, 519, 41, 5),
(53234, 886, 519, 42, 5),
(53235, 886, 519, 43, 5),
(53236, 886, 519, 44, 5),
(53237, 886, 519, 45, 5),
(53238, 886, 519, 46, 5),
(53239, 886, 519, 47, 5),
(53240, 886, 519, 48, 5),
(53241, 886, 519, 49, 5),
(53242, 886, 519, 50, 5),
(53243, 886, 519, 51, 5),
(53244, 886, 519, 52, 4),
(53245, 886, 519, 53, 5),
(53246, 886, 519, 54, 5),
(53247, 886, 519, 55, 4),
(53248, 886, 519, 56, 4),
(53249, 886, 519, 57, 4),
(53250, 886, 519, 58, 5),
(53251, 886, 519, 59, 4),
(53252, 886, 519, 60, 4),
(53253, 886, 519, 61, 4),
(53254, 886, 519, 62, 5),
(53255, 886, 519, 63, 5),
(53256, 886, 519, 64, 5),
(53257, 887, 6, 23, 5),
(53258, 887, 6, 24, 5),
(53259, 887, 6, 25, 5),
(53260, 887, 6, 26, 5),
(53261, 887, 6, 27, 5),
(53262, 887, 6, 28, 5),
(53263, 887, 6, 29, 5),
(53264, 887, 6, 30, 5),
(53265, 887, 6, 31, 5),
(53266, 887, 6, 32, 5),
(53267, 887, 6, 33, 5),
(53268, 887, 6, 34, 5),
(53269, 887, 6, 35, 5),
(53270, 887, 6, 36, 5),
(53271, 887, 6, 37, 5),
(53272, 887, 6, 38, 5),
(53273, 887, 6, 39, 5),
(53274, 887, 6, 40, 5),
(53275, 887, 6, 41, 5),
(53276, 887, 6, 42, 5),
(53277, 887, 6, 43, 5),
(53278, 887, 6, 44, 5),
(53279, 887, 6, 45, 5),
(53280, 887, 6, 46, 5),
(53281, 887, 6, 47, 5),
(53282, 887, 6, 48, 5),
(53283, 887, 6, 49, 5),
(53284, 887, 6, 50, 5),
(53285, 887, 6, 51, 5),
(53286, 887, 6, 52, 5),
(53287, 887, 6, 53, 5),
(53288, 887, 6, 54, 5),
(53289, 887, 6, 55, 5),
(53290, 887, 6, 56, 5),
(53291, 887, 6, 57, 5),
(53292, 887, 6, 58, 5),
(53293, 887, 6, 59, 5),
(53294, 887, 6, 60, 5),
(53295, 887, 6, 61, 5),
(53296, 887, 6, 62, 5),
(53297, 887, 6, 63, 5),
(53298, 887, 6, 64, 5),
(53299, 888, 8, 23, 5),
(53300, 888, 8, 24, 5),
(53301, 888, 8, 25, 5),
(53302, 888, 8, 26, 5),
(53303, 888, 8, 27, 5),
(53304, 888, 8, 28, 5),
(53305, 888, 8, 29, 5),
(53306, 888, 8, 30, 5),
(53307, 888, 8, 31, 5),
(53308, 888, 8, 32, 5),
(53309, 888, 8, 33, 5),
(53310, 888, 8, 34, 5),
(53311, 888, 8, 35, 5),
(53312, 888, 8, 36, 5),
(53313, 888, 8, 37, 5),
(53314, 888, 8, 38, 5),
(53315, 888, 8, 39, 5),
(53316, 888, 8, 40, 5),
(53317, 888, 8, 41, 5),
(53318, 888, 8, 42, 5),
(53319, 888, 8, 43, 5),
(53320, 888, 8, 44, 5),
(53321, 888, 8, 45, 5),
(53322, 888, 8, 46, 5),
(53323, 888, 8, 47, 5),
(53324, 888, 8, 48, 5),
(53325, 888, 8, 49, 5),
(53326, 888, 8, 50, 5),
(53327, 888, 8, 51, 5),
(53328, 888, 8, 52, 5),
(53329, 888, 8, 53, 5),
(53330, 888, 8, 54, 5),
(53331, 888, 8, 55, 5),
(53332, 888, 8, 56, 5),
(53333, 888, 8, 57, 5),
(53334, 888, 8, 58, 5),
(53335, 888, 8, 59, 5),
(53336, 888, 8, 60, 5),
(53337, 888, 8, 61, 5),
(53338, 888, 8, 62, 5),
(53339, 888, 8, 63, 5),
(53340, 888, 8, 64, 5),
(53383, 890, 31, 23, 5),
(53384, 890, 31, 24, 4),
(53385, 890, 31, 25, 5),
(53386, 890, 31, 26, 5),
(53387, 890, 31, 27, 4),
(53388, 890, 31, 28, 5),
(53389, 890, 31, 29, 5),
(53390, 890, 31, 30, 5),
(53391, 890, 31, 31, 4),
(53392, 890, 31, 32, 5),
(53393, 890, 31, 33, 5),
(53394, 890, 31, 34, 4),
(53395, 890, 31, 35, 5),
(53396, 890, 31, 36, 4),
(53397, 890, 31, 37, 5),
(53398, 890, 31, 38, 4),
(53399, 890, 31, 39, 5),
(53400, 890, 31, 40, 4),
(53401, 890, 31, 41, 5),
(53402, 890, 31, 42, 4),
(53403, 890, 31, 43, 5),
(53404, 890, 31, 44, 4),
(53405, 890, 31, 45, 5),
(53406, 890, 31, 46, 5),
(53407, 890, 31, 47, 5),
(53408, 890, 31, 48, 5),
(53409, 890, 31, 49, 4),
(53410, 890, 31, 50, 4),
(53411, 890, 31, 51, 4),
(53412, 890, 31, 52, 5),
(53413, 890, 31, 53, 5),
(53414, 890, 31, 54, 4),
(53415, 890, 31, 55, 5),
(53416, 890, 31, 56, 5),
(53417, 890, 31, 57, 5),
(53418, 890, 31, 58, 5),
(53419, 890, 31, 59, 5),
(53420, 890, 31, 60, 4),
(53421, 890, 31, 61, 4),
(53422, 890, 31, 62, 5),
(53423, 890, 31, 63, 4),
(53424, 890, 31, 64, 5),
(53425, 860, 42, 23, 5),
(53426, 860, 42, 24, 5),
(53427, 860, 42, 25, 5),
(53428, 860, 42, 26, 5),
(53429, 860, 42, 27, 5),
(53430, 860, 42, 28, 5),
(53431, 860, 42, 29, 5),
(53432, 860, 42, 30, 5),
(53433, 860, 42, 31, 5),
(53434, 860, 42, 32, 5),
(53435, 860, 42, 33, 5),
(53436, 860, 42, 34, 5),
(53437, 860, 42, 35, 5),
(53438, 860, 42, 36, 5),
(53439, 860, 42, 37, 5),
(53440, 860, 42, 38, 5),
(53441, 860, 42, 39, 5),
(53442, 860, 42, 40, 5),
(53443, 860, 42, 41, 5),
(53444, 860, 42, 42, 5),
(53445, 860, 42, 43, 5),
(53446, 860, 42, 44, 5),
(53447, 860, 42, 45, 5),
(53448, 860, 42, 46, 5),
(53449, 860, 42, 47, 5),
(53450, 860, 42, 48, 5),
(53451, 860, 42, 49, 5),
(53452, 860, 42, 50, 5),
(53453, 860, 42, 51, 5),
(53454, 860, 42, 52, 5),
(53455, 860, 42, 53, 5),
(53456, 860, 42, 54, 5),
(53457, 860, 42, 55, 4),
(53458, 860, 42, 56, 5),
(53459, 860, 42, 57, 5),
(53460, 860, 42, 58, 5),
(53461, 860, 42, 59, 5),
(53462, 860, 42, 60, 5),
(53463, 860, 42, 61, 5),
(53464, 860, 42, 62, 5),
(53465, 860, 42, 63, 5),
(53466, 860, 42, 64, 5),
(53467, 832, 26, 23, 4),
(53468, 832, 26, 24, 5),
(53469, 832, 26, 25, 4),
(53470, 832, 26, 26, 5),
(53471, 832, 26, 27, 5),
(53472, 832, 26, 28, 4),
(53473, 832, 26, 29, 5),
(53474, 832, 26, 30, 5),
(53475, 832, 26, 31, 5),
(53476, 832, 26, 32, 4),
(53477, 832, 26, 33, 4),
(53478, 832, 26, 34, 4),
(53479, 832, 26, 35, 5),
(53480, 832, 26, 36, 5),
(53481, 832, 26, 37, 4),
(53482, 832, 26, 38, 5),
(53483, 832, 26, 39, 5),
(53484, 832, 26, 40, 5),
(53485, 832, 26, 41, 5),
(53486, 832, 26, 42, 5),
(53487, 832, 26, 43, 5),
(53488, 832, 26, 44, 5),
(53489, 832, 26, 45, 5),
(53490, 832, 26, 46, 4),
(53491, 832, 26, 47, 4),
(53492, 832, 26, 48, 5),
(53493, 832, 26, 49, 5),
(53494, 832, 26, 50, 5),
(53495, 832, 26, 51, 5),
(53496, 832, 26, 52, 5),
(53497, 832, 26, 53, 5),
(53498, 832, 26, 54, 5),
(53499, 832, 26, 55, 5),
(53500, 832, 26, 56, 5),
(53501, 832, 26, 57, 5),
(53502, 832, 26, 58, 5),
(53503, 832, 26, 59, 4),
(53504, 832, 26, 60, 5),
(53505, 832, 26, 61, 4),
(53506, 832, 26, 62, 4),
(53507, 832, 26, 63, 5),
(53508, 832, 26, 64, 4),
(53509, 891, 434, 23, 4),
(53510, 891, 434, 24, 5),
(53511, 891, 434, 25, 4),
(53512, 891, 434, 26, 5),
(53513, 891, 434, 27, 3),
(53514, 891, 434, 28, 5),
(53515, 891, 434, 29, 5),
(53516, 891, 434, 30, 5),
(53517, 891, 434, 31, 5),
(53518, 891, 434, 32, 5),
(53519, 891, 434, 33, 5),
(53520, 891, 434, 34, 5),
(53521, 891, 434, 35, 3),
(53522, 891, 434, 36, 5),
(53523, 891, 434, 37, 4),
(53524, 891, 434, 38, 4),
(53525, 891, 434, 39, 5),
(53526, 891, 434, 40, 5),
(53527, 891, 434, 41, 5),
(53528, 891, 434, 42, 3),
(53529, 891, 434, 43, 5),
(53530, 891, 434, 44, 5),
(53531, 891, 434, 45, 5),
(53532, 891, 434, 46, 5),
(53533, 891, 434, 47, 4),
(53534, 891, 434, 48, 4),
(53535, 891, 434, 49, 1),
(53536, 891, 434, 50, 4),
(53537, 891, 434, 51, 5),
(53538, 891, 434, 52, 4),
(53539, 891, 434, 53, 5),
(53540, 891, 434, 54, 3),
(53541, 891, 434, 55, 3),
(53542, 891, 434, 56, 4),
(53543, 891, 434, 57, 3),
(53544, 891, 434, 58, 4),
(53545, 891, 434, 59, 5),
(53546, 891, 434, 60, 4),
(53547, 891, 434, 61, 4),
(53548, 891, 434, 62, 5),
(53549, 891, 434, 63, 1),
(53550, 891, 434, 64, 5),
(53551, 892, 62, 23, 5),
(53552, 892, 62, 24, 5),
(53553, 892, 62, 25, 5),
(53554, 892, 62, 26, 5),
(53555, 892, 62, 27, 5),
(53556, 892, 62, 28, 5),
(53557, 892, 62, 29, 5),
(53558, 892, 62, 30, 5),
(53559, 892, 62, 31, 5),
(53560, 892, 62, 32, 5),
(53561, 892, 62, 33, 5),
(53562, 892, 62, 34, 5),
(53563, 892, 62, 35, 5),
(53564, 892, 62, 36, 5),
(53565, 892, 62, 37, 5),
(53566, 892, 62, 38, 5),
(53567, 892, 62, 39, 5),
(53568, 892, 62, 40, 5),
(53569, 892, 62, 41, 5),
(53570, 892, 62, 42, 5),
(53571, 892, 62, 43, 5),
(53572, 892, 62, 44, 5),
(53573, 892, 62, 45, 5),
(53574, 892, 62, 46, 5),
(53575, 892, 62, 47, 5),
(53576, 892, 62, 48, 5),
(53577, 892, 62, 49, 5),
(53578, 892, 62, 50, 5),
(53579, 892, 62, 51, 5),
(53580, 892, 62, 52, 5),
(53581, 892, 62, 53, 5),
(53582, 892, 62, 54, 5),
(53583, 892, 62, 55, 5),
(53584, 892, 62, 56, 5),
(53585, 892, 62, 57, 5),
(53586, 892, 62, 58, 5),
(53587, 892, 62, 59, 5),
(53588, 892, 62, 60, 5),
(53589, 892, 62, 61, 5),
(53590, 892, 62, 62, 5),
(53591, 892, 62, 63, 5),
(53592, 892, 62, 64, 5),
(53593, 893, 444, 23, 5),
(53594, 893, 444, 24, 4),
(53595, 893, 444, 25, 3),
(53596, 893, 444, 26, 4),
(53597, 893, 444, 27, 3),
(53598, 893, 444, 28, 3),
(53599, 893, 444, 29, 4),
(53600, 893, 444, 30, 3),
(53601, 893, 444, 31, 4),
(53602, 893, 444, 32, 3),
(53603, 893, 444, 33, 4),
(53604, 893, 444, 34, 3),
(53605, 893, 444, 35, 4),
(53606, 893, 444, 36, 3),
(53607, 893, 444, 37, 3),
(53608, 893, 444, 38, 4),
(53609, 893, 444, 39, 3),
(53610, 893, 444, 40, 4),
(53611, 893, 444, 41, 3),
(53612, 893, 444, 42, 4),
(53613, 893, 444, 43, 3),
(53614, 893, 444, 44, 3),
(53615, 893, 444, 45, 3),
(53616, 893, 444, 46, 4),
(53617, 893, 444, 47, 3),
(53618, 893, 444, 48, 3),
(53619, 893, 444, 49, 3),
(53620, 893, 444, 50, 3),
(53621, 893, 444, 51, 4),
(53622, 893, 444, 52, 3),
(53623, 893, 444, 53, 3),
(53624, 893, 444, 54, 3),
(53625, 893, 444, 55, 3),
(53626, 893, 444, 56, 3),
(53627, 893, 444, 57, 3),
(53628, 893, 444, 58, 3),
(53629, 893, 444, 59, 3),
(53630, 893, 444, 60, 3),
(53631, 893, 444, 61, 3),
(53632, 893, 444, 62, 3),
(53633, 893, 444, 63, 3),
(53634, 893, 444, 64, 3),
(53677, 895, 20, 23, 5),
(53678, 895, 20, 24, 5),
(53679, 895, 20, 25, 4),
(53680, 895, 20, 26, 5),
(53681, 895, 20, 27, 5),
(53682, 895, 20, 28, 4),
(53683, 895, 20, 29, 5),
(53684, 895, 20, 30, 5),
(53685, 895, 20, 31, 5),
(53686, 895, 20, 32, 4),
(53687, 895, 20, 33, 5),
(53688, 895, 20, 34, 5),
(53689, 895, 20, 35, 5),
(53690, 895, 20, 36, 5),
(53691, 895, 20, 37, 5),
(53692, 895, 20, 38, 5),
(53693, 895, 20, 39, 5),
(53694, 895, 20, 40, 5),
(53695, 895, 20, 41, 5),
(53696, 895, 20, 42, 5),
(53697, 895, 20, 43, 5),
(53698, 895, 20, 44, 5),
(53699, 895, 20, 45, 5),
(53700, 895, 20, 46, 5),
(53701, 895, 20, 47, 4),
(53702, 895, 20, 48, 5),
(53703, 895, 20, 49, 5),
(53704, 895, 20, 50, 5),
(53705, 895, 20, 51, 5),
(53706, 895, 20, 52, 5),
(53707, 895, 20, 53, 5),
(53708, 895, 20, 54, 5),
(53709, 895, 20, 55, 5),
(53710, 895, 20, 56, 5),
(53711, 895, 20, 57, 5),
(53712, 895, 20, 58, 4),
(53713, 895, 20, 59, 4),
(53714, 895, 20, 60, 5),
(53715, 895, 20, 61, 5),
(53716, 895, 20, 62, 4),
(53717, 895, 20, 63, 5),
(53718, 895, 20, 64, 5),
(53719, 896, 4, 23, 5),
(53720, 896, 4, 24, 5),
(53721, 896, 4, 25, 5),
(53722, 896, 4, 26, 5),
(53723, 896, 4, 27, 5),
(53724, 896, 4, 28, 5),
(53725, 896, 4, 29, 5),
(53726, 896, 4, 30, 5),
(53727, 896, 4, 31, 5),
(53728, 896, 4, 32, 5),
(53729, 896, 4, 33, 5),
(53730, 896, 4, 34, 5),
(53731, 896, 4, 35, 5),
(53732, 896, 4, 36, 5),
(53733, 896, 4, 37, 5),
(53734, 896, 4, 38, 5),
(53735, 896, 4, 39, 5),
(53736, 896, 4, 40, 5),
(53737, 896, 4, 41, 5),
(53738, 896, 4, 42, 5),
(53739, 896, 4, 43, 5),
(53740, 896, 4, 44, 5),
(53741, 896, 4, 45, 5),
(53742, 896, 4, 46, 5),
(53743, 896, 4, 47, 5),
(53744, 896, 4, 48, 5),
(53745, 896, 4, 49, 5),
(53746, 896, 4, 50, 5),
(53747, 896, 4, 51, 5),
(53748, 896, 4, 52, 5),
(53749, 896, 4, 53, 5),
(53750, 896, 4, 54, 5),
(53751, 896, 4, 55, 5),
(53752, 896, 4, 56, 5),
(53753, 896, 4, 57, 5),
(53754, 896, 4, 58, 5),
(53755, 896, 4, 59, 5),
(53756, 896, 4, 60, 5),
(53757, 896, 4, 61, 5),
(53758, 896, 4, 62, 5),
(53759, 896, 4, 63, 5),
(53760, 896, 4, 64, 5),
(53761, 894, 455, 23, 5),
(53762, 894, 455, 24, 4),
(53763, 894, 455, 25, 5),
(53764, 894, 455, 26, 4),
(53765, 894, 455, 27, 3),
(53766, 894, 455, 28, 4),
(53767, 894, 455, 29, 4),
(53768, 894, 455, 30, 3),
(53769, 894, 455, 31, 4),
(53770, 894, 455, 32, 4),
(53771, 894, 455, 33, 5),
(53772, 894, 455, 34, 5),
(53773, 894, 455, 35, 4),
(53774, 894, 455, 36, 4),
(53775, 894, 455, 37, 4),
(53776, 894, 455, 38, 3),
(53777, 894, 455, 39, 4),
(53778, 894, 455, 40, 4),
(53779, 894, 455, 41, 4),
(53780, 894, 455, 42, 4),
(53781, 894, 455, 43, 5),
(53782, 894, 455, 44, 5),
(53783, 894, 455, 45, 5),
(53784, 894, 455, 46, 4),
(53785, 894, 455, 47, 5),
(53786, 894, 455, 48, 4),
(53787, 894, 455, 49, 3),
(53788, 894, 455, 50, 3),
(53789, 894, 455, 51, 3),
(53790, 894, 455, 52, 3),
(53791, 894, 455, 53, 4),
(53792, 894, 455, 54, 4),
(53793, 894, 455, 55, 4),
(53794, 894, 455, 56, 4),
(53795, 894, 455, 57, 4),
(53796, 894, 455, 58, 5),
(53797, 894, 455, 59, 5),
(53798, 894, 455, 60, 5),
(53799, 894, 455, 61, 4),
(53800, 894, 455, 62, 5),
(53801, 894, 455, 63, 4),
(53802, 894, 455, 64, 5),
(53803, 889, 76, 23, 5),
(53804, 889, 76, 24, 4),
(53805, 889, 76, 25, 5),
(53806, 889, 76, 26, 4),
(53807, 889, 76, 27, 4),
(53808, 889, 76, 28, 4),
(53809, 889, 76, 29, 5),
(53810, 889, 76, 30, 5),
(53811, 889, 76, 31, 5),
(53812, 889, 76, 32, 5),
(53813, 889, 76, 33, 5),
(53814, 889, 76, 34, 5),
(53815, 889, 76, 35, 5),
(53816, 889, 76, 36, 5),
(53817, 889, 76, 37, 5),
(53818, 889, 76, 38, 4),
(53819, 889, 76, 39, 5),
(53820, 889, 76, 40, 5),
(53821, 889, 76, 41, 5),
(53822, 889, 76, 42, 5),
(53823, 889, 76, 43, 5),
(53824, 889, 76, 44, 5),
(53825, 889, 76, 45, 5),
(53826, 889, 76, 46, 5),
(53827, 889, 76, 47, 5),
(53828, 889, 76, 48, 5),
(53829, 889, 76, 49, 5),
(53830, 889, 76, 50, 4),
(53831, 889, 76, 51, 5),
(53832, 889, 76, 52, 5),
(53833, 889, 76, 53, 5),
(53834, 889, 76, 54, 5),
(53835, 889, 76, 55, 4),
(53836, 889, 76, 56, 4),
(53837, 889, 76, 57, 4),
(53838, 889, 76, 58, 5),
(53839, 889, 76, 59, 5),
(53840, 889, 76, 60, 5),
(53841, 889, 76, 61, 5),
(53842, 889, 76, 62, 5),
(53843, 889, 76, 63, 5),
(53844, 889, 76, 64, 5),
(53845, 897, 2, 23, 5),
(53846, 897, 2, 24, 5),
(53847, 897, 2, 25, 5),
(53848, 897, 2, 26, 4),
(53849, 897, 2, 27, 5),
(53850, 897, 2, 28, 5),
(53851, 897, 2, 29, 5),
(53852, 897, 2, 30, 4),
(53853, 897, 2, 31, 5),
(53854, 897, 2, 32, 5),
(53855, 897, 2, 33, 5),
(53856, 897, 2, 34, 4),
(53857, 897, 2, 35, 5),
(53858, 897, 2, 36, 5),
(53859, 897, 2, 37, 5),
(53860, 897, 2, 38, 4),
(53861, 897, 2, 39, 5),
(53862, 897, 2, 40, 5),
(53863, 897, 2, 41, 5),
(53864, 897, 2, 42, 3),
(53865, 897, 2, 43, 5),
(53866, 897, 2, 44, 5),
(53867, 897, 2, 45, 5),
(53868, 897, 2, 46, 5),
(53869, 897, 2, 47, 5),
(53870, 897, 2, 48, 5),
(53871, 897, 2, 49, 5),
(53872, 897, 2, 50, 5),
(53873, 897, 2, 51, 5),
(53874, 897, 2, 52, 5),
(53875, 897, 2, 53, 4),
(53876, 897, 2, 54, 5),
(53877, 897, 2, 55, 5),
(53878, 897, 2, 56, 5),
(53879, 897, 2, 57, 5),
(53880, 897, 2, 58, 5),
(53881, 897, 2, 59, 5),
(53882, 897, 2, 60, 5),
(53883, 897, 2, 61, 5),
(53884, 897, 2, 62, 5),
(53885, 897, 2, 63, 5),
(53886, 897, 2, 64, 5),
(53887, 898, 3, 23, 5),
(53888, 898, 3, 24, 5),
(53889, 898, 3, 25, 4),
(53890, 898, 3, 26, 5),
(53891, 898, 3, 27, 5),
(53892, 898, 3, 28, 5),
(53893, 898, 3, 29, 5),
(53894, 898, 3, 30, 5),
(53895, 898, 3, 31, 5),
(53896, 898, 3, 32, 5),
(53897, 898, 3, 33, 5),
(53898, 898, 3, 34, 5),
(53899, 898, 3, 35, 5),
(53900, 898, 3, 36, 5),
(53901, 898, 3, 37, 5),
(53902, 898, 3, 38, 5),
(53903, 898, 3, 39, 5),
(53904, 898, 3, 40, 5),
(53905, 898, 3, 41, 5),
(53906, 898, 3, 42, 5),
(53907, 898, 3, 43, 5),
(53908, 898, 3, 44, 5),
(53909, 898, 3, 45, 4),
(53910, 898, 3, 46, 5),
(53911, 898, 3, 47, 5),
(53912, 898, 3, 48, 4),
(53913, 898, 3, 49, 5),
(53914, 898, 3, 50, 4),
(53915, 898, 3, 51, 5),
(53916, 898, 3, 52, 5),
(53917, 898, 3, 53, 5),
(53918, 898, 3, 54, 5),
(53919, 898, 3, 55, 5),
(53920, 898, 3, 56, 5),
(53921, 898, 3, 57, 5),
(53922, 898, 3, 58, 5),
(53923, 898, 3, 59, 5),
(53924, 898, 3, 60, 5),
(53925, 898, 3, 61, 5),
(53926, 898, 3, 62, 4),
(53927, 898, 3, 63, 4),
(53928, 898, 3, 64, 5),
(53929, 899, 15, 23, 5),
(53930, 899, 15, 24, 5),
(53931, 899, 15, 25, 5),
(53932, 899, 15, 26, 5),
(53933, 899, 15, 27, 5),
(53934, 899, 15, 28, 5),
(53935, 899, 15, 29, 5),
(53936, 899, 15, 30, 5),
(53937, 899, 15, 31, 5),
(53938, 899, 15, 32, 4),
(53939, 899, 15, 33, 4),
(53940, 899, 15, 34, 5),
(53941, 899, 15, 35, 4),
(53942, 899, 15, 36, 4),
(53943, 899, 15, 37, 4),
(53944, 899, 15, 38, 5),
(53945, 899, 15, 39, 5),
(53946, 899, 15, 40, 5),
(53947, 899, 15, 41, 5),
(53948, 899, 15, 42, 4),
(53949, 899, 15, 43, 5),
(53950, 899, 15, 44, 5),
(53951, 899, 15, 45, 5),
(53952, 899, 15, 46, 5),
(53953, 899, 15, 47, 4),
(53954, 899, 15, 48, 5),
(53955, 899, 15, 49, 5),
(53956, 899, 15, 50, 5),
(53957, 899, 15, 51, 5),
(53958, 899, 15, 52, 5),
(53959, 899, 15, 53, 5),
(53960, 899, 15, 54, 4),
(53961, 899, 15, 55, 4),
(53962, 899, 15, 56, 4),
(53963, 899, 15, 57, 4),
(53964, 899, 15, 58, 5),
(53965, 899, 15, 59, 5),
(53966, 899, 15, 60, 5),
(53967, 899, 15, 61, 4),
(53968, 899, 15, 62, 5),
(53969, 899, 15, 63, 5),
(53970, 899, 15, 64, 5),
(54013, 900, 692, 23, 5),
(54014, 900, 692, 24, 5),
(54015, 900, 692, 25, 5),
(54016, 900, 692, 26, 5),
(54017, 900, 692, 27, 5),
(54018, 900, 692, 28, 5),
(54019, 900, 692, 29, 5),
(54020, 900, 692, 30, 5),
(54021, 900, 692, 31, 4),
(54022, 900, 692, 32, 5),
(54023, 900, 692, 33, 5),
(54024, 900, 692, 34, 5),
(54025, 900, 692, 35, 5),
(54026, 900, 692, 36, 4),
(54027, 900, 692, 37, 5),
(54028, 900, 692, 38, 4),
(54029, 900, 692, 39, 5),
(54030, 900, 692, 40, 5),
(54031, 900, 692, 41, 5),
(54032, 900, 692, 42, 5),
(54033, 900, 692, 43, 5),
(54034, 900, 692, 44, 5),
(54035, 900, 692, 45, 5),
(54036, 900, 692, 46, 5),
(54037, 900, 692, 47, 5),
(54038, 900, 692, 48, 5),
(54039, 900, 692, 49, 5),
(54040, 900, 692, 50, 5),
(54041, 900, 692, 51, 5),
(54042, 900, 692, 52, 5),
(54043, 900, 692, 53, 5),
(54044, 900, 692, 54, 5),
(54045, 900, 692, 55, 5),
(54046, 900, 692, 56, 5),
(54047, 900, 692, 57, 5),
(54048, 900, 692, 58, 5),
(54049, 900, 692, 59, 4),
(54050, 900, 692, 60, 5),
(54051, 900, 692, 61, 5),
(54052, 900, 692, 62, 4),
(54053, 900, 692, 63, 5),
(54054, 900, 692, 64, 5),
(54055, 901, 23, 23, 5),
(54056, 901, 23, 24, 5),
(54057, 901, 23, 25, 5),
(54058, 901, 23, 26, 5),
(54059, 901, 23, 27, 5),
(54060, 901, 23, 28, 5),
(54061, 901, 23, 29, 5),
(54062, 901, 23, 30, 5),
(54063, 901, 23, 31, 5),
(54064, 901, 23, 32, 5),
(54065, 901, 23, 33, 5),
(54066, 901, 23, 34, 5),
(54067, 901, 23, 35, 5),
(54068, 901, 23, 36, 5),
(54069, 901, 23, 37, 5),
(54070, 901, 23, 38, 5),
(54071, 901, 23, 39, 5),
(54072, 901, 23, 40, 5),
(54073, 901, 23, 41, 5),
(54074, 901, 23, 42, 5),
(54075, 901, 23, 43, 5),
(54076, 901, 23, 44, 5),
(54077, 901, 23, 45, 5),
(54078, 901, 23, 46, 5),
(54079, 901, 23, 47, 5),
(54080, 901, 23, 48, 5),
(54081, 901, 23, 49, 5),
(54082, 901, 23, 50, 5),
(54083, 901, 23, 51, 5),
(54084, 901, 23, 52, 5),
(54085, 901, 23, 53, 5),
(54086, 901, 23, 54, 5),
(54087, 901, 23, 55, 5),
(54088, 901, 23, 56, 5),
(54089, 901, 23, 57, 5),
(54090, 901, 23, 58, 5),
(54091, 901, 23, 59, 5),
(54092, 901, 23, 60, 5),
(54093, 901, 23, 61, 5),
(54094, 901, 23, 62, 5),
(54095, 901, 23, 63, 5),
(54096, 901, 23, 64, 5),
(54097, 902, 502, 23, 5),
(54098, 902, 502, 24, 4),
(54099, 902, 502, 25, 5),
(54100, 902, 502, 26, 5),
(54101, 902, 502, 27, 4),
(54102, 902, 502, 28, 4),
(54103, 902, 502, 29, 5),
(54104, 902, 502, 30, 5),
(54105, 902, 502, 31, 5),
(54106, 902, 502, 32, 4),
(54107, 902, 502, 33, 4),
(54108, 902, 502, 34, 5),
(54109, 902, 502, 35, 5),
(54110, 902, 502, 36, 5),
(54111, 902, 502, 37, 5),
(54112, 902, 502, 38, 5),
(54113, 902, 502, 39, 5),
(54114, 902, 502, 40, 5),
(54115, 902, 502, 41, 5),
(54116, 902, 502, 42, 5),
(54117, 902, 502, 43, 4),
(54118, 902, 502, 44, 5),
(54119, 902, 502, 45, 5),
(54120, 902, 502, 46, 5),
(54121, 902, 502, 47, 5),
(54122, 902, 502, 48, 5),
(54123, 902, 502, 49, 5),
(54124, 902, 502, 50, 5),
(54125, 902, 502, 51, 5),
(54126, 902, 502, 52, 2),
(54127, 902, 502, 53, 5),
(54128, 902, 502, 54, 5),
(54129, 902, 502, 55, 4),
(54130, 902, 502, 56, 5),
(54131, 902, 502, 57, 2),
(54132, 902, 502, 58, 5),
(54133, 902, 502, 59, 4),
(54134, 902, 502, 60, 5),
(54135, 902, 502, 61, 4),
(54136, 902, 502, 62, 5),
(54137, 902, 502, 63, 5),
(54138, 902, 502, 64, 4),
(54139, 903, 48, 23, 5),
(54140, 903, 48, 24, 5),
(54141, 903, 48, 25, 5),
(54142, 903, 48, 26, 5),
(54143, 903, 48, 27, 5),
(54144, 903, 48, 28, 5),
(54145, 903, 48, 29, 5),
(54146, 903, 48, 30, 5),
(54147, 903, 48, 31, 5),
(54148, 903, 48, 32, 5),
(54149, 903, 48, 33, 5),
(54150, 903, 48, 34, 5),
(54151, 903, 48, 35, 5),
(54152, 903, 48, 36, 5),
(54153, 903, 48, 37, 5),
(54154, 903, 48, 38, 5),
(54155, 903, 48, 39, 5),
(54156, 903, 48, 40, 5),
(54157, 903, 48, 41, 5),
(54158, 903, 48, 42, 5),
(54159, 903, 48, 43, 5),
(54160, 903, 48, 44, 5),
(54161, 903, 48, 45, 5),
(54162, 903, 48, 46, 5),
(54163, 903, 48, 47, 5),
(54164, 903, 48, 48, 5),
(54165, 903, 48, 49, 5),
(54166, 903, 48, 50, 5),
(54167, 903, 48, 51, 5),
(54168, 903, 48, 52, 5),
(54169, 903, 48, 53, 5),
(54170, 903, 48, 54, 5),
(54171, 903, 48, 55, 5),
(54172, 903, 48, 56, 5),
(54173, 903, 48, 57, 5),
(54174, 903, 48, 58, 5),
(54175, 903, 48, 59, 5),
(54176, 903, 48, 60, 5),
(54177, 903, 48, 61, 5),
(54178, 903, 48, 62, 5),
(54179, 903, 48, 63, 5),
(54180, 903, 48, 64, 5),
(54181, 904, 672, 23, 4),
(54182, 904, 672, 24, 4),
(54183, 904, 672, 25, 5),
(54184, 904, 672, 26, 5),
(54185, 904, 672, 27, 5),
(54186, 904, 672, 28, 5),
(54187, 904, 672, 29, 5),
(54188, 904, 672, 30, 4),
(54189, 904, 672, 31, 5),
(54190, 904, 672, 32, 4),
(54191, 904, 672, 33, 5),
(54192, 904, 672, 34, 4),
(54193, 904, 672, 35, 5),
(54194, 904, 672, 36, 5),
(54195, 904, 672, 37, 4),
(54196, 904, 672, 38, 4),
(54197, 904, 672, 39, 5),
(54198, 904, 672, 40, 4),
(54199, 904, 672, 41, 5),
(54200, 904, 672, 42, 5),
(54201, 904, 672, 43, 4),
(54202, 904, 672, 44, 5),
(54203, 904, 672, 45, 5),
(54204, 904, 672, 46, 5),
(54205, 904, 672, 47, 5),
(54206, 904, 672, 48, 5),
(54207, 904, 672, 49, 4),
(54208, 904, 672, 50, 5),
(54209, 904, 672, 51, 5),
(54210, 904, 672, 52, 4),
(54211, 904, 672, 53, 4),
(54212, 904, 672, 54, 4),
(54213, 904, 672, 55, 5),
(54214, 904, 672, 56, 4),
(54215, 904, 672, 57, 4),
(54216, 904, 672, 58, 4),
(54217, 904, 672, 59, 5),
(54218, 904, 672, 60, 4),
(54219, 904, 672, 61, 1),
(54220, 904, 672, 62, 5),
(54221, 904, 672, 63, 4),
(54222, 904, 672, 64, 5),
(54223, 905, 708, 23, 5),
(54224, 905, 708, 24, 4),
(54225, 905, 708, 25, 5),
(54226, 905, 708, 26, 5),
(54227, 905, 708, 27, 4),
(54228, 905, 708, 28, 4),
(54229, 905, 708, 29, 4),
(54230, 905, 708, 30, 5),
(54231, 905, 708, 31, 5),
(54232, 905, 708, 32, 5),
(54233, 905, 708, 33, 5),
(54234, 905, 708, 34, 4),
(54235, 905, 708, 35, 4),
(54236, 905, 708, 36, 4),
(54237, 905, 708, 37, 5),
(54238, 905, 708, 38, 5),
(54239, 905, 708, 39, 5),
(54240, 905, 708, 40, 5),
(54241, 905, 708, 41, 4),
(54242, 905, 708, 42, 4),
(54243, 905, 708, 43, 5),
(54244, 905, 708, 44, 5),
(54245, 905, 708, 45, 5),
(54246, 905, 708, 46, 5),
(54247, 905, 708, 47, 5),
(54248, 905, 708, 48, 5),
(54249, 905, 708, 49, 5),
(54250, 905, 708, 50, 5),
(54251, 905, 708, 51, 5),
(54252, 905, 708, 52, 5),
(54253, 905, 708, 53, 5),
(54254, 905, 708, 54, 5),
(54255, 905, 708, 55, 4),
(54256, 905, 708, 56, 5),
(54257, 905, 708, 57, 5),
(54258, 905, 708, 58, 5),
(54259, 905, 708, 59, 5),
(54260, 905, 708, 60, 5),
(54261, 905, 708, 61, 5),
(54262, 905, 708, 62, 5),
(54263, 905, 708, 63, 5),
(54264, 905, 708, 64, 5),
(54265, 906, 695, 23, 5),
(54266, 906, 695, 24, 4),
(54267, 906, 695, 25, 5),
(54268, 906, 695, 26, 5),
(54269, 906, 695, 27, 5),
(54270, 906, 695, 28, 5),
(54271, 906, 695, 29, 5),
(54272, 906, 695, 30, 5),
(54273, 906, 695, 31, 5),
(54274, 906, 695, 32, 5),
(54275, 906, 695, 33, 5),
(54276, 906, 695, 34, 5),
(54277, 906, 695, 35, 4),
(54278, 906, 695, 36, 4),
(54279, 906, 695, 37, 5),
(54280, 906, 695, 38, 5),
(54281, 906, 695, 39, 5),
(54282, 906, 695, 40, 5),
(54283, 906, 695, 41, 5),
(54284, 906, 695, 42, 5),
(54285, 906, 695, 43, 4),
(54286, 906, 695, 44, 5),
(54287, 906, 695, 45, 5),
(54288, 906, 695, 46, 5),
(54289, 906, 695, 47, 5),
(54290, 906, 695, 48, 4),
(54291, 906, 695, 49, 4),
(54292, 906, 695, 50, 5),
(54293, 906, 695, 51, 4),
(54294, 906, 695, 52, 1),
(54295, 906, 695, 53, 3),
(54296, 906, 695, 54, 4),
(54297, 906, 695, 55, 3),
(54298, 906, 695, 56, 5),
(54299, 906, 695, 57, 3),
(54300, 906, 695, 58, 5),
(54301, 906, 695, 59, 4),
(54302, 906, 695, 60, 5),
(54303, 906, 695, 61, 1),
(54304, 906, 695, 62, 5),
(54305, 906, 695, 63, 5),
(54306, 906, 695, 64, 4),
(54307, 907, 616, 23, 5),
(54308, 907, 616, 24, 5),
(54309, 907, 616, 25, 5),
(54310, 907, 616, 26, 5),
(54311, 907, 616, 27, 5),
(54312, 907, 616, 28, 5),
(54313, 907, 616, 29, 5),
(54314, 907, 616, 30, 5),
(54315, 907, 616, 31, 5),
(54316, 907, 616, 32, 5),
(54317, 907, 616, 33, 5),
(54318, 907, 616, 34, 5),
(54319, 907, 616, 35, 5),
(54320, 907, 616, 36, 5),
(54321, 907, 616, 37, 5),
(54322, 907, 616, 38, 5),
(54323, 907, 616, 39, 5),
(54324, 907, 616, 40, 5),
(54325, 907, 616, 41, 5),
(54326, 907, 616, 42, 5),
(54327, 907, 616, 43, 5),
(54328, 907, 616, 44, 5),
(54329, 907, 616, 45, 5),
(54330, 907, 616, 46, 5),
(54331, 907, 616, 47, 5),
(54332, 907, 616, 48, 5),
(54333, 907, 616, 49, 5),
(54334, 907, 616, 50, 5),
(54335, 907, 616, 51, 5),
(54336, 907, 616, 52, 5),
(54337, 907, 616, 53, 5),
(54338, 907, 616, 54, 5),
(54339, 907, 616, 55, 5),
(54340, 907, 616, 56, 5),
(54341, 907, 616, 57, 5),
(54342, 907, 616, 58, 5),
(54343, 907, 616, 59, 5),
(54344, 907, 616, 60, 5),
(54345, 907, 616, 61, 5),
(54346, 907, 616, 62, 5),
(54347, 907, 616, 63, 5),
(54348, 907, 616, 64, 5),
(54349, 908, 569, 23, 5),
(54350, 908, 569, 24, 5),
(54351, 908, 569, 25, 5),
(54352, 908, 569, 26, 5),
(54353, 908, 569, 27, 5),
(54354, 908, 569, 28, 5),
(54355, 908, 569, 29, 5),
(54356, 908, 569, 30, 5),
(54357, 908, 569, 31, 5),
(54358, 908, 569, 32, 5),
(54359, 908, 569, 33, 5),
(54360, 908, 569, 34, 5),
(54361, 908, 569, 35, 5),
(54362, 908, 569, 36, 5),
(54363, 908, 569, 37, 5),
(54364, 908, 569, 38, 5),
(54365, 908, 569, 39, 5),
(54366, 908, 569, 40, 5),
(54367, 908, 569, 41, 5),
(54368, 908, 569, 42, 5),
(54369, 908, 569, 43, 5),
(54370, 908, 569, 44, 5),
(54371, 908, 569, 45, 5),
(54372, 908, 569, 46, 5),
(54373, 908, 569, 47, 5),
(54374, 908, 569, 48, 5),
(54375, 908, 569, 49, 5),
(54376, 908, 569, 50, 5),
(54377, 908, 569, 51, 5),
(54378, 908, 569, 52, 5),
(54379, 908, 569, 53, 5),
(54380, 908, 569, 54, 5),
(54381, 908, 569, 55, 5),
(54382, 908, 569, 56, 5),
(54383, 908, 569, 57, 4),
(54384, 908, 569, 58, 5),
(54385, 908, 569, 59, 5),
(54386, 908, 569, 60, 5),
(54387, 908, 569, 61, 5),
(54388, 908, 569, 62, 5),
(54389, 908, 569, 63, 4),
(54390, 908, 569, 64, 5),
(54391, 909, 623, 23, 5),
(54392, 909, 623, 24, 5),
(54393, 909, 623, 25, 5),
(54394, 909, 623, 26, 5),
(54395, 909, 623, 27, 5),
(54396, 909, 623, 28, 5),
(54397, 909, 623, 29, 5),
(54398, 909, 623, 30, 5),
(54399, 909, 623, 31, 5),
(54400, 909, 623, 32, 5),
(54401, 909, 623, 33, 5),
(54402, 909, 623, 34, 5),
(54403, 909, 623, 35, 5),
(54404, 909, 623, 36, 5),
(54405, 909, 623, 37, 5),
(54406, 909, 623, 38, 5),
(54407, 909, 623, 39, 5),
(54408, 909, 623, 40, 5),
(54409, 909, 623, 41, 5),
(54410, 909, 623, 42, 5),
(54411, 909, 623, 43, 5),
(54412, 909, 623, 44, 5),
(54413, 909, 623, 45, 5),
(54414, 909, 623, 46, 5),
(54415, 909, 623, 47, 5),
(54416, 909, 623, 48, 5),
(54417, 909, 623, 49, 5),
(54418, 909, 623, 50, 5),
(54419, 909, 623, 51, 5),
(54420, 909, 623, 52, 5),
(54421, 909, 623, 53, 5),
(54422, 909, 623, 54, 5),
(54423, 909, 623, 55, 5),
(54424, 909, 623, 56, 5),
(54425, 909, 623, 57, 5),
(54426, 909, 623, 58, 5),
(54427, 909, 623, 59, 5),
(54428, 909, 623, 60, 5),
(54429, 909, 623, 61, 5),
(54430, 909, 623, 62, 5),
(54431, 909, 623, 63, 5),
(54432, 909, 623, 64, 5),
(54433, 910, 614, 23, 4),
(54434, 910, 614, 24, 4),
(54435, 910, 614, 25, 5),
(54436, 910, 614, 26, 4),
(54437, 910, 614, 27, 4),
(54438, 910, 614, 28, 4),
(54439, 910, 614, 29, 5),
(54440, 910, 614, 30, 5),
(54441, 910, 614, 31, 5),
(54442, 910, 614, 32, 4),
(54443, 910, 614, 33, 5),
(54444, 910, 614, 34, 5),
(54445, 910, 614, 35, 5),
(54446, 910, 614, 36, 5),
(54447, 910, 614, 37, 5),
(54448, 910, 614, 38, 5),
(54449, 910, 614, 39, 5),
(54450, 910, 614, 40, 4),
(54451, 910, 614, 41, 5),
(54452, 910, 614, 42, 4),
(54453, 910, 614, 43, 4),
(54454, 910, 614, 44, 4),
(54455, 910, 614, 45, 4),
(54456, 910, 614, 46, 4),
(54457, 910, 614, 47, 4),
(54458, 910, 614, 48, 4),
(54459, 910, 614, 49, 4),
(54460, 910, 614, 50, 4),
(54461, 910, 614, 51, 4),
(54462, 910, 614, 52, 4),
(54463, 910, 614, 53, 4),
(54464, 910, 614, 54, 4),
(54465, 910, 614, 55, 4),
(54466, 910, 614, 56, 4),
(54467, 910, 614, 57, 4),
(54468, 910, 614, 58, 4),
(54469, 910, 614, 59, 4),
(54470, 910, 614, 60, 4),
(54471, 910, 614, 61, 4),
(54472, 910, 614, 62, 4),
(54473, 910, 614, 63, 4),
(54474, 910, 614, 64, 4),
(54475, 911, 658, 23, 5),
(54476, 911, 658, 24, 5),
(54477, 911, 658, 25, 5),
(54478, 911, 658, 26, 5),
(54479, 911, 658, 27, 5),
(54480, 911, 658, 28, 5),
(54481, 911, 658, 29, 5),
(54482, 911, 658, 30, 5),
(54483, 911, 658, 31, 5),
(54484, 911, 658, 32, 5),
(54485, 911, 658, 33, 5),
(54486, 911, 658, 34, 5),
(54487, 911, 658, 35, 5),
(54488, 911, 658, 36, 5),
(54489, 911, 658, 37, 5),
(54490, 911, 658, 38, 5),
(54491, 911, 658, 39, 5),
(54492, 911, 658, 40, 5),
(54493, 911, 658, 41, 5),
(54494, 911, 658, 42, 5),
(54495, 911, 658, 43, 5),
(54496, 911, 658, 44, 5),
(54497, 911, 658, 45, 5),
(54498, 911, 658, 46, 5),
(54499, 911, 658, 47, 5),
(54500, 911, 658, 48, 5),
(54501, 911, 658, 49, 5),
(54502, 911, 658, 50, 5),
(54503, 911, 658, 51, 5),
(54504, 911, 658, 52, 5),
(54505, 911, 658, 53, 5),
(54506, 911, 658, 54, 5),
(54507, 911, 658, 55, 5),
(54508, 911, 658, 56, 5),
(54509, 911, 658, 57, 5),
(54510, 911, 658, 58, 5),
(54511, 911, 658, 59, 5),
(54512, 911, 658, 60, 5),
(54513, 911, 658, 61, 5),
(54514, 911, 658, 62, 5),
(54515, 911, 658, 63, 5),
(54516, 911, 658, 64, 5),
(54517, 912, 601, 23, 5),
(54518, 912, 601, 24, 5),
(54519, 912, 601, 25, 5),
(54520, 912, 601, 26, 5),
(54521, 912, 601, 27, 5),
(54522, 912, 601, 28, 5),
(54523, 912, 601, 29, 5),
(54524, 912, 601, 30, 5),
(54525, 912, 601, 31, 5),
(54526, 912, 601, 32, 5),
(54527, 912, 601, 33, 5),
(54528, 912, 601, 34, 5),
(54529, 912, 601, 35, 5),
(54530, 912, 601, 36, 5),
(54531, 912, 601, 37, 5),
(54532, 912, 601, 38, 5),
(54533, 912, 601, 39, 5),
(54534, 912, 601, 40, 5),
(54535, 912, 601, 41, 5),
(54536, 912, 601, 42, 5),
(54537, 912, 601, 43, 5),
(54538, 912, 601, 44, 5),
(54539, 912, 601, 45, 5),
(54540, 912, 601, 46, 5),
(54541, 912, 601, 47, 5),
(54542, 912, 601, 48, 5),
(54543, 912, 601, 49, 5),
(54544, 912, 601, 50, 5),
(54545, 912, 601, 51, 5),
(54546, 912, 601, 52, 5),
(54547, 912, 601, 53, 5),
(54548, 912, 601, 54, 5),
(54549, 912, 601, 55, 5),
(54550, 912, 601, 56, 5),
(54551, 912, 601, 57, 5),
(54552, 912, 601, 58, 5),
(54553, 912, 601, 59, 5),
(54554, 912, 601, 60, 5),
(54555, 912, 601, 61, 5),
(54556, 912, 601, 62, 5),
(54557, 912, 601, 63, 5),
(54558, 912, 601, 64, 5);

-- --------------------------------------------------------

--
-- Table structure for table `floor_info`
--

CREATE TABLE `floor_info` (
  `floor_id` int(11) NOT NULL,
  `floor_no` varchar(20) NOT NULL,
  `department_id` int(11) NOT NULL DEFAULT 12
) ENGINE=InnoDB DEFAULT CHARSET=latin1 COLLATE=latin1_swedish_ci;

--
-- Dumping data for table `floor_info`
--

INSERT INTO `floor_info` (`floor_id`, `floor_no`, `department_id`) VALUES
(1, 'A-FLOOR', 12),
(2, 'B-FLOOR', 12),
(3, 'C-FLOOR', 12),
(4, 'D FLOOR', 12),
(6, 'ZIPPER', 12),
(7, 'SLG A', 12),
(8, 'SLG B', 12),
(11, 'BAG SAMPLE', 12),
(12, 'PDE', 12),
(13, 'TPM AREA', 12),
(14, 'E FLOOR', 12),
(15, 'SFB', 12),
(20, 'SHIPPED BACK', 12),
(21, 'WAREHOUSE', 12),
(22, 'PACKING AREA', 12),
(23, 'WAREHOUSE 2ND FLOOR', 12),
(24, 'GLUE HOUSE', 12),
(25, '3RD FLOOR', 12),
(27, 'A & B COMMON AREA', 12),
(29, 'K-AREA', 12),
(30, 'GUEST HOUSE', 12),
(31, 'CHINESE DORMITORY', 12),
(32, 'QA TEST LAB', 12),
(33, 'BD CANTEEN', 12),
(34, 'GEN. ROOM', 12),
(35, 'ME HOUSE', 12),
(36, 'MOTOR WINDING ROOM', 12),
(37, 'SLG ALL', 12),
(38, 'EGM', 12),
(39, 'GENERATOR ROOM', 12),
(40, 'CHINESE DORMITORY', 12),
(41, 'CANTEEN BUILDING', 12),
(42, 'ADMIN', 12);

-- --------------------------------------------------------

--
-- Table structure for table `gl_configuration`
--

CREATE TABLE `gl_configuration` (
  `gl_con_id` int(11) NOT NULL,
  `gl_id` int(11) NOT NULL
) ENGINE=InnoDB DEFAULT CHARSET=utf8 COLLATE=utf8_general_ci;

--
-- Dumping data for table `gl_configuration`
--

INSERT INTO `gl_configuration` (`gl_con_id`, `gl_id`) VALUES
(1, 455),
(2, 370),
(3, 378),
(4, 410),
(5, 413),
(6, 415),
(7, 422),
(8, 478),
(9, 527),
(10, 537),
(12, 385),
(13, 414),
(14, 418),
(15, 427),
(16, 434),
(17, 440),
(18, 441),
(19, 442),
(20, 452),
(21, 466),
(22, 485),
(23, 547),
(24, 454),
(25, 408),
(26, 412),
(27, 417),
(28, 377),
(30, 471),
(31, 472),
(32, 473),
(33, 475),
(34, 502),
(35, 509),
(36, 562),
(38, 383),
(39, 426),
(40, 458),
(41, 507),
(42, 518),
(43, 523),
(44, 551),
(45, 561),
(46, 570),
(47, 578),
(48, 582),
(49, 627),
(50, 586),
(51, 495),
(52, 668),
(53, 553),
(54, 398),
(55, 430),
(56, 436),
(57, 468),
(58, 474),
(59, 490),
(60, 504),
(61, 552),
(62, 595),
(63, 602),
(64, 614),
(65, 629),
(66, 635),
(67, 643),
(68, 684),
(69, 693),
(70, 704),
(71, 705),
(72, 713),
(73, 714),
(74, 724),
(76, 776),
(77, 777),
(78, 782),
(80, 785),
(81, 787),
(82, 688),
(83, 763),
(85, 745),
(86, 400),
(87, 401),
(88, 525),
(89, 459),
(90, 419),
(91, 460),
(92, 538),
(93, 655),
(94, 512),
(95, 628),
(96, 690),
(97, 691),
(98, 694),
(99, 696),
(100, 717),
(101, 727),
(102, 739),
(103, 755),
(104, 716),
(105, 792),
(106, 793),
(107, 789),
(108, 809),
(109, 803),
(110, 795),
(111, 794),
(112, 395),
(113, 732),
(114, 715),
(115, 729),
(116, 683),
(117, 216),
(118, 333),
(119, 295),
(123, 240),
(124, 77),
(126, 238),
(127, 239),
(128, 242),
(129, 89),
(130, 113),
(131, 69),
(132, 332),
(133, 359),
(134, 110),
(135, 17),
(137, 250),
(138, 98),
(139, 344),
(140, 82),
(141, 224),
(142, 103),
(143, 397),
(144, 764),
(145, 104),
(146, 1059),
(148, 380),
(149, 1062),
(150, 244),
(151, 501),
(152, 243);

-- --------------------------------------------------------

--
-- Table structure for table `gl_tl_configuration`
--

CREATE TABLE `gl_tl_configuration` (
  `gl_tl_con_id` int(11) NOT NULL,
  `gl_con_id` int(11) NOT NULL,
  `tl_id` int(11) NOT NULL
) ENGINE=InnoDB DEFAULT CHARSET=utf8 COLLATE=utf8_general_ci;

--
-- Dumping data for table `gl_tl_configuration`
--

INSERT INTO `gl_tl_configuration` (`gl_tl_con_id`, `gl_con_id`, `tl_id`) VALUES
(270, 25, 554),
(450, 61, 588),
(582, 13, 382),
(583, 13, 387),
(584, 13, 438),
(585, 13, 498),
(586, 13, 625),
(616, 22, 388),
(617, 22, 402),
(618, 22, 432),
(619, 22, 457),
(620, 22, 486),
(621, 22, 506),
(622, 22, 529),
(634, 41, 560),
(635, 41, 580),
(636, 41, 619),
(784, 26, 467),
(785, 26, 493),
(786, 26, 542),
(787, 26, 637),
(788, 26, 639),
(798, 30, 492),
(799, 30, 542),
(800, 30, 596),
(801, 30, 613),
(802, 31, 493),
(803, 31, 542),
(804, 31, 558),
(805, 31, 603),
(806, 31, 623),
(821, 35, 493),
(822, 35, 510),
(823, 35, 522),
(824, 35, 542),
(840, 70, 712),
(841, 70, 741),
(842, 70, 751),
(854, 74, 698),
(855, 74, 731),
(859, 77, 774),
(860, 80, 786),
(864, 82, 686),
(865, 82, 736),
(866, 82, 759),
(867, 83, 767),
(869, 85, 746),
(870, 85, 747),
(871, 86, 371),
(872, 86, 823),
(873, 87, 445),
(874, 87, 857),
(875, 88, 524),
(876, 88, 601),
(877, 89, 526),
(878, 89, 617),
(879, 90, 420),
(880, 90, 444),
(881, 90, 620),
(882, 90, 657),
(883, 90, 825),
(884, 90, 835),
(885, 90, 839),
(886, 91, 477),
(887, 91, 650),
(888, 95, 569),
(889, 94, 569),
(890, 104, 685),
(891, 105, 790),
(892, 105, 808),
(893, 105, 812),
(894, 106, 791),
(895, 106, 807),
(898, 109, 798),
(906, 113, 718),
(907, 114, 720),
(927, 68, 689),
(928, 68, 692),
(929, 68, 695),
(930, 68, 711),
(937, 117, 858),
(938, 117, 860),
(939, 119, 861),
(958, 124, 717),
(959, 124, 755),
(961, 126, 697),
(962, 126, 699),
(963, 126, 723),
(964, 126, 728),
(978, 131, 796),
(979, 131, 797),
(980, 131, 810),
(981, 131, 811),
(982, 132, 805),
(983, 133, 806),
(991, 135, 758),
(993, 92, 655),
(994, 123, 690),
(995, 123, 691),
(996, 123, 694),
(997, 123, 696),
(998, 123, 739),
(999, 123, 742),
(1000, 127, 719),
(1001, 127, 722),
(1002, 127, 727),
(1003, 128, 721),
(1004, 69, 683),
(1005, 69, 706),
(1006, 69, 707),
(1007, 69, 709),
(1008, 137, 737),
(1009, 73, 710),
(1010, 73, 711),
(1011, 73, 733),
(1012, 73, 740),
(1013, 72, 703),
(1014, 72, 738),
(1015, 72, 743),
(1020, 129, 730),
(1021, 129, 734),
(1022, 129, 735),
(1023, 118, 859),
(1024, 118, 863),
(1032, 111, 778),
(1033, 111, 779),
(1036, 139, 773),
(1037, 139, 780),
(1038, 138, 772),
(1039, 138, 775),
(1040, 138, 782),
(1041, 138, 783),
(1042, 138, 784),
(1043, 140, 781),
(1044, 141, 776),
(1045, 141, 787),
(1046, 142, 771),
(1080, 21, 375),
(1081, 21, 433),
(1082, 15, 387),
(1083, 15, 443),
(1084, 15, 451),
(1140, 145, 438),
(1141, 145, 647),
(1161, 1, 369),
(1162, 19, 386),
(1163, 19, 450),
(1164, 19, 583),
(1165, 19, 625),
(1166, 16, 423),
(1167, 16, 425),
(1168, 16, 529),
(1169, 16, 576),
(1170, 20, 437),
(1171, 20, 457),
(1172, 20, 461),
(1173, 23, 402),
(1174, 23, 494),
(1175, 23, 548),
(1176, 23, 605),
(1177, 17, 486),
(1178, 17, 497),
(1179, 17, 589),
(1180, 18, 404),
(1181, 18, 435),
(1182, 18, 506),
(1183, 12, 387),
(1184, 12, 388),
(1185, 12, 402),
(1186, 12, 432),
(1187, 12, 433),
(1188, 12, 438),
(1189, 12, 457),
(1190, 12, 486),
(1191, 12, 499),
(1192, 12, 506),
(1193, 12, 529),
(1194, 12, 625),
(1195, 143, 409),
(1196, 143, 489),
(1197, 143, 528),
(1198, 3, 424),
(1199, 3, 439),
(1205, 4, 396),
(1206, 4, 411),
(1207, 4, 429),
(1208, 4, 446),
(1209, 4, 530),
(1210, 2, 372),
(1211, 2, 374),
(1212, 2, 416),
(1213, 10, 429),
(1214, 10, 446),
(1215, 10, 449),
(1216, 10, 465),
(1217, 10, 593),
(1218, 148, 376),
(1219, 148, 392),
(1220, 148, 618),
(1224, 6, 384),
(1225, 6, 391),
(1226, 6, 403),
(1227, 6, 431),
(1228, 6, 456),
(1229, 6, 481),
(1230, 6, 515),
(1231, 6, 598),
(1232, 6, 661),
(1233, 5, 384),
(1234, 5, 391),
(1235, 5, 403),
(1236, 5, 431),
(1237, 5, 456),
(1238, 5, 481),
(1239, 5, 515),
(1240, 5, 598),
(1241, 5, 661),
(1245, 7, 406),
(1246, 7, 520),
(1247, 110, 804),
(1255, 134, 768),
(1256, 134, 769),
(1257, 149, 1063),
(1258, 149, 1064),
(1259, 149, 1065),
(1260, 149, 1066),
(1261, 149, 1067),
(1278, 47, 566),
(1279, 47, 568),
(1280, 47, 572),
(1284, 44, 463),
(1292, 112, 390),
(1293, 112, 508),
(1294, 112, 519),
(1295, 112, 532),
(1296, 112, 543),
(1297, 112, 564),
(1298, 112, 575),
(1299, 112, 579),
(1306, 150, 389),
(1307, 150, 531),
(1308, 150, 544),
(1309, 150, 565),
(1310, 150, 568),
(1311, 150, 571),
(1312, 150, 599),
(1313, 150, 604),
(1318, 39, 505),
(1319, 39, 546),
(1325, 24, 500),
(1326, 24, 533),
(1327, 24, 592),
(1328, 24, 659),
(1329, 24, 660),
(1330, 34, 484),
(1331, 34, 534),
(1332, 34, 622),
(1473, 52, 585),
(1474, 52, 667),
(1485, 54, 610),
(1486, 54, 624),
(1487, 54, 644),
(1488, 54, 663),
(1497, 63, 610),
(1498, 63, 641),
(1499, 66, 630),
(1500, 66, 663),
(1504, 67, 616),
(1505, 64, 584),
(1506, 64, 636),
(1507, 55, 607),
(1508, 55, 640),
(1509, 57, 634),
(1510, 57, 656),
(1511, 65, 407),
(1512, 65, 642),
(1513, 60, 626),
(1514, 60, 652),
(1515, 60, 666),
(1516, 59, 664),
(1517, 59, 665),
(1518, 62, 503),
(1519, 62, 648),
(1520, 56, 536),
(1521, 56, 662),
(1522, 9, 406),
(1523, 9, 447),
(1524, 9, 591),
(1525, 36, 491),
(1526, 36, 517),
(1527, 36, 541),
(1528, 151, 482),
(1529, 151, 541),
(1530, 151, 600),
(1546, 27, 492),
(1547, 27, 542),
(1548, 27, 559),
(1549, 27, 669),
(1559, 58, 606),
(1560, 58, 644),
(1561, 53, 487),
(1562, 53, 577),
(1563, 53, 594),
(1564, 53, 611),
(1565, 53, 615),
(1566, 53, 624),
(1567, 53, 645),
(1568, 53, 649),
(1569, 53, 651),
(1570, 53, 653),
(1571, 146, 388),
(1572, 146, 428),
(1573, 146, 432),
(1574, 146, 453),
(1575, 146, 488),
(1576, 146, 499),
(1577, 146, 589),
(1578, 152, 388),
(1579, 152, 428),
(1580, 152, 432),
(1581, 152, 453),
(1582, 152, 488),
(1583, 152, 499),
(1584, 152, 589),
(1585, 32, 373),
(1586, 32, 492),
(1587, 32, 513),
(1588, 32, 542),
(1589, 32, 1068),
(1590, 49, 470),
(1591, 49, 545),
(1592, 49, 621),
(1593, 50, 464),
(1594, 50, 557),
(1595, 33, 399),
(1596, 33, 405),
(1597, 33, 516),
(1598, 33, 535),
(1599, 33, 542),
(1600, 33, 574),
(1601, 33, 612),
(1602, 33, 638),
(1603, 40, 393),
(1606, 42, 390),
(1607, 42, 448),
(1608, 42, 519),
(1609, 42, 532),
(1610, 42, 543),
(1611, 42, 550),
(1612, 42, 579),
(1613, 43, 543),
(1614, 43, 556),
(1615, 43, 565),
(1616, 43, 604),
(1617, 45, 544),
(1618, 45, 555),
(1622, 38, 568),
(1623, 38, 571),
(1624, 38, 579),
(1625, 38, 580),
(1626, 46, 390),
(1627, 46, 519),
(1628, 46, 556),
(1629, 46, 567),
(1630, 46, 572),
(1631, 46, 599),
(1632, 48, 463),
(1633, 48, 532),
(1634, 48, 545),
(1635, 51, 448),
(1636, 51, 496),
(1637, 51, 531),
(1643, 71, 701),
(1644, 71, 708),
(1645, 71, 753),
(1646, 71, 1069),
(1647, 130, 789),
(1648, 130, 796),
(1649, 130, 797),
(1650, 130, 798),
(1651, 130, 799),
(1652, 130, 801),
(1653, 130, 810),
(1654, 130, 811),
(1655, 108, 810);

-- --------------------------------------------------------

--
-- Table structure for table `hksurvey_details`
--

CREATE TABLE `hksurvey_details` (
  `anwser_id` int(11) NOT NULL,
  `master_id` int(11) NOT NULL,
  `employee_id` int(11) NOT NULL,
  `question_id` int(11) NOT NULL,
  `marks` int(11) DEFAULT 0
) ENGINE=InnoDB DEFAULT CHARSET=utf8 COLLATE=utf8_general_ci;

--
-- Dumping data for table `hksurvey_details`
--

INSERT INTO `hksurvey_details` (`anwser_id`, `master_id`, `employee_id`, `question_id`, `marks`) VALUES
(32, 3, 227, 80, 4),
(33, 3, 227, 81, 4),
(34, 3, 227, 82, 4),
(35, 3, 227, 83, 4),
(36, 3, 227, 84, 4),
(37, 3, 227, 85, 4),
(38, 3, 227, 86, 4),
(39, 4, 29, 80, 2),
(40, 4, 29, 81, 1),
(41, 4, 29, 82, 2),
(42, 4, 29, 83, 1),
(43, 4, 29, 84, 1),
(44, 4, 29, 85, 1),
(45, 4, 29, 86, 2),
(102, 8, 65, 80, 3),
(103, 8, 65, 81, 2),
(104, 8, 65, 82, 2),
(105, 8, 65, 83, 3),
(106, 8, 65, 84, 2),
(107, 8, 65, 85, 2),
(108, 8, 65, 86, 2),
(130, 11, 199, 80, 2),
(131, 11, 199, 81, 2),
(132, 11, 199, 82, 2),
(133, 11, 199, 83, 1),
(134, 11, 199, 84, 2),
(135, 11, 199, 85, 2),
(136, 11, 199, 86, 2),
(172, 12, 63, 80, 2),
(173, 12, 63, 81, 3),
(174, 12, 63, 82, 2),
(175, 12, 63, 83, 4),
(176, 12, 63, 84, 3),
(177, 12, 63, 85, 3),
(178, 12, 63, 86, 3),
(186, 13, 305, 80, 3),
(187, 13, 305, 81, 3),
(188, 13, 305, 82, 3),
(189, 13, 305, 83, 1),
(190, 13, 305, 84, 2),
(191, 13, 305, 85, 3),
(192, 13, 305, 86, 3),
(270, 16, 242, 80, 2),
(271, 16, 242, 81, 3),
(272, 16, 242, 82, 2),
(273, 16, 242, 83, 4),
(274, 16, 242, 84, 2),
(275, 16, 242, 85, 2),
(276, 16, 242, 86, 2),
(277, 17, 301, 80, 4),
(278, 17, 301, 81, 3),
(279, 17, 301, 82, 2),
(280, 17, 301, 83, 4),
(281, 17, 301, 84, 4),
(282, 17, 301, 85, 4),
(283, 17, 301, 86, 4),
(284, 14, 300, 80, 2),
(285, 14, 300, 81, 3),
(286, 14, 300, 82, 2),
(287, 14, 300, 83, 1),
(288, 14, 300, 84, 3),
(289, 14, 300, 85, 3),
(290, 14, 300, 86, 3),
(291, 18, 216, 80, 3),
(292, 18, 216, 81, 3),
(293, 18, 216, 82, 3),
(294, 18, 216, 83, 3),
(295, 18, 216, 84, 3),
(296, 18, 216, 85, 3),
(297, 18, 216, 86, 3),
(298, 19, 295, 80, 4),
(299, 19, 295, 81, 3),
(300, 19, 295, 82, 3),
(301, 19, 295, 83, 3),
(302, 19, 295, 84, 4),
(303, 19, 295, 85, 4),
(304, 19, 295, 86, 4),
(305, 6, 19, 80, 2),
(306, 6, 19, 81, 1),
(307, 6, 19, 82, 1),
(308, 6, 19, 83, 2),
(309, 6, 19, 84, 3),
(310, 6, 19, 85, 3),
(311, 6, 19, 86, 2),
(312, 20, 124, 80, 3),
(313, 20, 124, 81, 3),
(314, 20, 124, 82, 4),
(315, 20, 124, 83, 4),
(316, 20, 124, 84, 4),
(317, 20, 124, 85, 3),
(318, 20, 124, 86, 3),
(319, 21, 258, 80, 4),
(320, 21, 258, 81, 4),
(321, 21, 258, 82, 4),
(322, 21, 258, 83, 3),
(323, 21, 258, 84, 4),
(324, 21, 258, 85, 4),
(325, 21, 258, 86, 4),
(326, 22, 309, 80, 2),
(327, 22, 309, 81, 3),
(328, 22, 309, 82, 2),
(329, 22, 309, 83, 3),
(330, 22, 309, 84, 2),
(331, 22, 309, 85, 2),
(332, 22, 309, 86, 2),
(333, 23, 87, 80, 4),
(334, 23, 87, 81, 3),
(335, 23, 87, 82, 4),
(336, 23, 87, 83, 3),
(337, 23, 87, 84, 3),
(338, 23, 87, 85, 4),
(339, 23, 87, 86, 4),
(347, 25, 34, 80, 4),
(348, 25, 34, 81, 3),
(349, 25, 34, 82, 2),
(350, 25, 34, 83, 2),
(351, 25, 34, 84, 2),
(352, 25, 34, 85, 2),
(353, 25, 34, 86, 2),
(354, 26, 27, 80, 4),
(355, 26, 27, 81, 4),
(356, 26, 27, 82, 2),
(357, 26, 27, 83, 3),
(358, 26, 27, 84, 3),
(359, 26, 27, 85, 3),
(360, 26, 27, 86, 3),
(361, 24, 235, 80, 4),
(362, 24, 235, 81, 4),
(363, 24, 235, 82, 4),
(364, 24, 235, 83, 4),
(365, 24, 235, 84, 4),
(366, 24, 235, 85, 4),
(367, 24, 235, 86, 4),
(368, 5, 74, 80, 4),
(369, 5, 74, 81, 3),
(370, 5, 74, 82, 3),
(371, 5, 74, 83, 3),
(372, 5, 74, 84, 3),
(373, 5, 74, 85, 3),
(374, 5, 74, 86, 3),
(375, 15, 221, 80, 3),
(376, 15, 221, 81, 3),
(377, 15, 221, 82, 3),
(378, 15, 221, 83, 3),
(379, 15, 221, 84, 3),
(380, 15, 221, 85, 3),
(381, 15, 221, 86, 3),
(382, 27, 278, 80, 3),
(383, 27, 278, 81, 4),
(384, 27, 278, 82, 3),
(385, 27, 278, 83, 4),
(386, 27, 278, 84, 2),
(387, 27, 278, 85, 3),
(388, 27, 278, 86, 4),
(389, 28, 250, 80, 4),
(390, 28, 250, 81, 4),
(391, 28, 250, 82, 1),
(392, 28, 250, 83, 3),
(393, 28, 250, 84, 3),
(394, 28, 250, 85, 4),
(395, 28, 250, 86, 3),
(396, 29, 93, 80, 1),
(397, 29, 93, 81, 1),
(398, 29, 93, 82, 2),
(399, 29, 93, 83, 1),
(400, 29, 93, 84, 2),
(401, 29, 93, 85, 1),
(402, 29, 93, 86, 2),
(403, 2, 233, 80, 3),
(404, 2, 233, 81, 3),
(405, 2, 233, 82, 3),
(406, 2, 233, 83, 3),
(407, 2, 233, 84, 4),
(408, 2, 233, 85, 3),
(409, 2, 233, 86, 3),
(410, 30, 109, 80, 2),
(411, 30, 109, 81, 3),
(412, 30, 109, 82, 2),
(413, 30, 109, 83, 2),
(414, 30, 109, 84, 3),
(415, 30, 109, 85, 2),
(416, 30, 109, 86, 3),
(417, 7, 302, 80, 3),
(418, 7, 302, 81, 3),
(419, 7, 302, 82, 4),
(420, 7, 302, 83, 4),
(421, 7, 302, 84, 4),
(422, 7, 302, 85, 3),
(423, 7, 302, 86, 3),
(424, 31, 231, 80, 4),
(425, 31, 231, 81, 3),
(426, 31, 231, 82, 3),
(427, 31, 231, 83, 3),
(428, 31, 231, 84, 4),
(429, 31, 231, 85, 3),
(430, 31, 231, 86, 4),
(431, 32, 292, 80, 3),
(432, 32, 292, 81, 3),
(433, 32, 292, 82, 3),
(434, 32, 292, 83, 3),
(435, 32, 292, 84, 3),
(436, 32, 292, 85, 3),
(437, 32, 292, 86, 3),
(438, 33, 3, 80, 4),
(439, 33, 3, 81, 3),
(440, 33, 3, 82, 3),
(441, 33, 3, 83, 3),
(442, 33, 3, 84, 3),
(443, 33, 3, 85, 4),
(444, 33, 3, 86, 3),
(445, 34, 35, 80, 3),
(446, 34, 35, 81, 3),
(447, 34, 35, 82, 2),
(448, 34, 35, 83, 2),
(449, 34, 35, 84, 2),
(450, 34, 35, 85, 3),
(451, 34, 35, 86, 3),
(452, 1, 95, 80, 4),
(453, 1, 95, 81, 4),
(454, 1, 95, 82, 4),
(455, 1, 95, 83, 4),
(456, 1, 95, 84, 3),
(457, 1, 95, 85, 3),
(458, 1, 95, 86, 3),
(459, 35, 219, 80, 4),
(460, 35, 219, 81, 3),
(461, 35, 219, 82, 4),
(462, 35, 219, 83, 3),
(463, 35, 219, 84, 4),
(464, 35, 219, 85, 3),
(465, 35, 219, 86, 4),
(466, 9, 44, 80, 4),
(467, 9, 44, 81, 4),
(468, 9, 44, 82, 4),
(469, 9, 44, 83, 4),
(470, 9, 44, 84, 4),
(471, 9, 44, 85, 4),
(472, 9, 44, 86, 3),
(473, 36, 218, 80, 3),
(474, 36, 218, 81, 3),
(475, 36, 218, 82, 3),
(476, 36, 218, 83, 3),
(477, 36, 218, 84, 3),
(478, 36, 218, 85, 3),
(479, 36, 218, 86, 3),
(480, 37, 31, 80, 3),
(481, 37, 31, 81, 3),
(482, 37, 31, 82, 3),
(483, 37, 31, 83, 3),
(484, 37, 31, 84, 3),
(485, 37, 31, 85, 3),
(486, 37, 31, 86, 3),
(487, 38, 251, 80, 4),
(488, 38, 251, 81, 4),
(489, 38, 251, 82, 3),
(490, 38, 251, 83, 2),
(491, 38, 251, 84, 3),
(492, 38, 251, 85, 3),
(493, 38, 251, 86, 3),
(515, 39, 57, 80, 4),
(516, 39, 57, 81, 4),
(517, 39, 57, 82, 3),
(518, 39, 57, 83, 3),
(519, 39, 57, 84, 3),
(520, 39, 57, 85, 3),
(521, 39, 57, 86, 3),
(522, 40, 59, 80, 4),
(523, 40, 59, 81, 3),
(524, 40, 59, 82, 3),
(525, 40, 59, 83, 3),
(526, 40, 59, 84, 3),
(527, 40, 59, 85, 3),
(528, 40, 59, 86, 3),
(529, 41, 59, 80, 4),
(530, 41, 59, 81, 3),
(531, 41, 59, 82, 3),
(532, 41, 59, 83, 3),
(533, 41, 59, 84, 3),
(534, 41, 59, 85, 3),
(535, 41, 59, 86, 3),
(536, 42, 33, 80, 3),
(537, 42, 33, 81, 2),
(538, 42, 33, 82, 3),
(539, 42, 33, 83, 3),
(540, 42, 33, 84, 3),
(541, 42, 33, 85, 2),
(542, 42, 33, 86, 3),
(543, 43, 68, 80, 2),
(544, 43, 68, 81, 1),
(545, 43, 68, 82, 2),
(546, 43, 68, 83, 1),
(547, 43, 68, 84, 2),
(548, 43, 68, 85, 1),
(549, 43, 68, 86, 2),
(557, 45, 61, 80, 3),
(558, 45, 61, 81, 3),
(559, 45, 61, 82, 2),
(560, 45, 61, 83, 2),
(561, 45, 61, 84, 3),
(562, 45, 61, 85, 3),
(563, 45, 61, 86, 3),
(564, 46, 244, 80, 3),
(565, 46, 244, 81, 3),
(566, 46, 244, 82, 3),
(567, 46, 244, 83, 3),
(568, 46, 244, 84, 3),
(569, 46, 244, 85, 3),
(570, 46, 244, 86, 2),
(571, 47, 55, 80, 3),
(572, 47, 55, 81, 3),
(573, 47, 55, 82, 3),
(574, 47, 55, 83, 4),
(575, 47, 55, 84, 4),
(576, 47, 55, 85, 3),
(577, 47, 55, 86, 3),
(578, 10, 299, 80, 3),
(579, 10, 299, 81, 4),
(580, 10, 299, 82, 3),
(581, 10, 299, 83, 3),
(582, 10, 299, 84, 3),
(583, 10, 299, 85, 3),
(584, 10, 299, 86, 3),
(585, 48, 42, 80, 3),
(586, 48, 42, 81, 3),
(587, 48, 42, 82, 3),
(588, 48, 42, 83, 3),
(589, 48, 42, 84, 4),
(590, 48, 42, 85, 3),
(591, 48, 42, 86, 3),
(592, 49, 256, 80, 3),
(593, 49, 256, 81, 4),
(594, 49, 256, 82, 3),
(595, 49, 256, 83, 3),
(596, 49, 256, 84, 4),
(597, 49, 256, 85, 3),
(598, 49, 256, 86, 3),
(599, 50, 8, 80, 3),
(600, 50, 8, 81, 2),
(601, 50, 8, 82, 2),
(602, 50, 8, 83, 3),
(603, 50, 8, 84, 3),
(604, 50, 8, 85, 3),
(605, 50, 8, 86, 2),
(606, 51, 25, 80, 3),
(607, 51, 25, 81, 3),
(608, 51, 25, 82, 3),
(609, 51, 25, 83, 3),
(610, 51, 25, 84, 3),
(611, 51, 25, 85, 3),
(612, 51, 25, 86, 3),
(613, 52, 39, 80, 4),
(614, 52, 39, 81, 4),
(615, 52, 39, 82, 3),
(616, 52, 39, 83, 3),
(617, 52, 39, 84, 3),
(618, 52, 39, 85, 3),
(619, 52, 39, 86, 3),
(620, 53, 311, 80, 3),
(621, 53, 311, 81, 3),
(622, 53, 311, 82, 3),
(623, 53, 311, 83, 2),
(624, 53, 311, 84, 3),
(625, 53, 311, 85, 3),
(626, 53, 311, 86, 3),
(627, 54, 334, 80, 3),
(628, 54, 334, 81, 2),
(629, 54, 334, 82, 2),
(630, 54, 334, 83, 2),
(631, 54, 334, 84, 2),
(632, 54, 334, 85, 3),
(633, 54, 334, 86, 3),
(634, 55, 49, 80, 3),
(635, 55, 49, 81, 3),
(636, 55, 49, 82, 3),
(637, 55, 49, 83, 3),
(638, 55, 49, 84, 3),
(639, 55, 49, 85, 3),
(640, 55, 49, 86, 2),
(648, 56, 50, 80, 3),
(649, 56, 50, 81, 3),
(650, 56, 50, 82, 1),
(651, 56, 50, 83, 3),
(652, 56, 50, 84, 3),
(653, 56, 50, 85, 3),
(654, 56, 50, 86, 3),
(655, 57, 46, 80, 3),
(656, 57, 46, 81, 3),
(657, 57, 46, 82, 4),
(658, 57, 46, 83, 4),
(659, 57, 46, 84, 3),
(660, 57, 46, 85, 3),
(661, 57, 46, 86, 4),
(669, 58, 28, 80, 4),
(670, 58, 28, 81, 3),
(671, 58, 28, 82, 4),
(672, 58, 28, 83, 3),
(673, 58, 28, 84, 4),
(674, 58, 28, 85, 4),
(675, 58, 28, 86, 3),
(683, 59, 11, 80, 3),
(684, 59, 11, 81, 3),
(685, 59, 11, 82, 3),
(686, 59, 11, 83, 3),
(687, 59, 11, 84, 4),
(688, 59, 11, 85, 3),
(689, 59, 11, 86, 3),
(690, 60, 289, 80, 3),
(691, 60, 289, 81, 3),
(692, 60, 289, 82, 3),
(693, 60, 289, 83, 2),
(694, 60, 289, 84, 3),
(695, 60, 289, 85, 3),
(696, 60, 289, 86, 3),
(697, 61, 48, 80, 4),
(698, 61, 48, 81, 4),
(699, 61, 48, 82, 3),
(700, 61, 48, 83, 2),
(701, 61, 48, 84, 4),
(702, 61, 48, 85, 3),
(703, 61, 48, 86, 3),
(711, 62, 288, 80, 3),
(712, 62, 288, 81, 3),
(713, 62, 288, 82, 2),
(714, 62, 288, 83, 3),
(715, 62, 288, 84, 3),
(716, 62, 288, 85, 3),
(717, 62, 288, 86, 3),
(718, 63, 84, 80, 3),
(719, 63, 84, 81, 3),
(720, 63, 84, 82, 3),
(721, 63, 84, 83, 4),
(722, 63, 84, 84, 4),
(723, 63, 84, 85, 3),
(724, 63, 84, 86, 3),
(725, 64, 7, 80, 3),
(726, 64, 7, 81, 3),
(727, 64, 7, 82, 2),
(728, 64, 7, 83, 3),
(729, 64, 7, 84, 4),
(730, 64, 7, 85, 3),
(731, 64, 7, 86, 3),
(732, 65, 210, 80, 4),
(733, 65, 210, 81, 4),
(734, 65, 210, 82, 3),
(735, 65, 210, 83, 1),
(736, 65, 210, 84, 3),
(737, 65, 210, 85, 3),
(738, 65, 210, 86, 3),
(739, 66, 315, 80, 3),
(740, 66, 315, 81, 3),
(741, 66, 315, 82, 2),
(742, 66, 315, 83, 2),
(743, 66, 315, 84, 3),
(744, 66, 315, 85, 3),
(745, 66, 315, 86, 3),
(746, 67, 304, 80, 3),
(747, 67, 304, 81, 3),
(748, 67, 304, 82, 2),
(749, 67, 304, 83, 3),
(750, 67, 304, 84, 3),
(751, 67, 304, 85, 3),
(752, 67, 304, 86, 3),
(753, 68, 17, 80, 3),
(754, 68, 17, 81, 3),
(755, 68, 17, 82, 3),
(756, 68, 17, 83, 4),
(757, 68, 17, 84, 4),
(758, 68, 17, 85, 3),
(759, 68, 17, 86, 3),
(760, 69, 121, 80, 2),
(761, 69, 121, 81, 2),
(762, 69, 121, 82, 2),
(763, 69, 121, 83, 1),
(764, 69, 121, 84, 1),
(765, 69, 121, 85, 2),
(766, 69, 121, 86, 3),
(767, 70, 97, 80, 3),
(768, 70, 97, 81, 2),
(769, 70, 97, 82, 3),
(770, 70, 97, 83, 4),
(771, 70, 97, 84, 4),
(772, 70, 97, 85, 3),
(773, 70, 97, 86, 2),
(774, 71, 224, 80, 3),
(775, 71, 224, 81, 3),
(776, 71, 224, 82, 3),
(777, 71, 224, 83, 3),
(778, 71, 224, 84, 2),
(779, 71, 224, 85, 2),
(780, 71, 224, 86, 3),
(781, 72, 208, 80, 3),
(782, 72, 208, 81, 3),
(783, 72, 208, 82, 3),
(784, 72, 208, 83, 3),
(785, 72, 208, 84, 4),
(786, 72, 208, 85, 3),
(787, 72, 208, 86, 3),
(788, 73, 228, 80, 3),
(789, 73, 228, 81, 3),
(790, 73, 228, 82, 3),
(791, 73, 228, 83, 3),
(792, 73, 228, 84, 4),
(793, 73, 228, 85, 4),
(794, 73, 228, 86, 3),
(795, 74, 194, 80, 3),
(796, 74, 194, 81, 3),
(797, 74, 194, 82, 4),
(798, 74, 194, 83, 3),
(799, 74, 194, 84, 3),
(800, 74, 194, 85, 3),
(801, 74, 194, 86, 3),
(802, 75, 73, 80, 3),
(803, 75, 73, 81, 4),
(804, 75, 73, 82, 3),
(805, 75, 73, 83, 3),
(806, 75, 73, 84, 4),
(807, 75, 73, 85, 3),
(808, 75, 73, 86, 3),
(809, 76, 115, 80, 3),
(810, 76, 115, 81, 2),
(811, 76, 115, 82, 2),
(812, 76, 115, 83, 2),
(813, 76, 115, 84, 2),
(814, 76, 115, 85, 3),
(815, 76, 115, 86, 2),
(816, 77, 96, 80, 3),
(817, 77, 96, 81, 3),
(818, 77, 96, 82, 3),
(819, 77, 96, 83, 3),
(820, 77, 96, 84, 2),
(821, 77, 96, 85, 3),
(822, 77, 96, 86, 2),
(823, 78, 335, 80, 4),
(824, 78, 335, 81, 3),
(825, 78, 335, 82, 3),
(826, 78, 335, 83, 3),
(827, 78, 335, 84, 4),
(828, 78, 335, 85, 3),
(829, 78, 335, 86, 3),
(830, 79, 21, 80, 4),
(831, 79, 21, 81, 4),
(832, 79, 21, 82, 4),
(833, 79, 21, 83, 4),
(834, 79, 21, 84, 4),
(835, 79, 21, 85, 4),
(836, 79, 21, 86, 4),
(837, 80, 72, 80, 3),
(838, 80, 72, 81, 3),
(839, 80, 72, 82, 3),
(840, 80, 72, 83, 3),
(841, 80, 72, 84, 3),
(842, 80, 72, 85, 3),
(843, 80, 72, 86, 3),
(851, 44, 56, 80, 4),
(852, 44, 56, 81, 3),
(853, 44, 56, 82, 4),
(854, 44, 56, 83, 3),
(855, 44, 56, 84, 4),
(856, 44, 56, 85, 4),
(857, 44, 56, 86, 3),
(858, 82, 47, 80, 3),
(859, 82, 47, 81, 3),
(860, 82, 47, 82, 2),
(861, 82, 47, 83, 3),
(862, 82, 47, 84, 4),
(863, 82, 47, 85, 3),
(864, 82, 47, 86, 3),
(865, 83, 23, 80, 4),
(866, 83, 23, 81, 3),
(867, 83, 23, 82, 4),
(868, 83, 23, 83, 3),
(869, 83, 23, 84, 4),
(870, 83, 23, 85, 3),
(871, 83, 23, 86, 3),
(872, 84, 90, 80, 4),
(873, 84, 90, 81, 3),
(874, 84, 90, 82, 4),
(875, 84, 90, 83, 3),
(876, 84, 90, 84, 4),
(877, 84, 90, 85, 3),
(878, 84, 90, 86, 3),
(879, 85, 32, 80, 4),
(880, 85, 32, 81, 3),
(881, 85, 32, 82, 4),
(882, 85, 32, 83, 3),
(883, 85, 32, 84, 4),
(884, 85, 32, 85, 4),
(885, 85, 32, 86, 3),
(886, 86, 76, 80, 3),
(887, 86, 76, 81, 2),
(888, 86, 76, 82, 2),
(889, 86, 76, 83, 4),
(890, 86, 76, 84, 3),
(891, 86, 76, 85, 3),
(892, 86, 76, 86, 2),
(893, 87, 306, 80, 3),
(894, 87, 306, 81, 3),
(895, 87, 306, 82, 2),
(896, 87, 306, 83, 3),
(897, 87, 306, 84, 3),
(898, 87, 306, 85, 3),
(899, 87, 306, 86, 3),
(900, 88, 206, 80, 4),
(901, 88, 206, 81, 3),
(902, 88, 206, 82, 3),
(903, 88, 206, 83, 3),
(904, 88, 206, 84, 4),
(905, 88, 206, 85, 3),
(906, 88, 206, 86, 3),
(914, 90, 157, 80, 3),
(915, 90, 157, 81, 3),
(916, 90, 157, 82, 2),
(917, 90, 157, 83, 2),
(918, 90, 157, 84, 3),
(919, 90, 157, 85, 3),
(920, 90, 157, 86, 3),
(921, 89, 157, 80, 3),
(922, 89, 157, 81, 3),
(923, 89, 157, 82, 2),
(924, 89, 157, 83, 2),
(925, 89, 157, 84, 3),
(926, 89, 157, 85, 3),
(927, 89, 157, 86, 3),
(928, 91, 113, 80, 3),
(929, 91, 113, 81, 3),
(930, 91, 113, 82, 3),
(931, 91, 113, 83, 3),
(932, 91, 113, 84, 3),
(933, 91, 113, 85, 3),
(934, 91, 113, 86, 3),
(935, 92, 307, 80, 3),
(936, 92, 307, 81, 3),
(937, 92, 307, 82, 4),
(938, 92, 307, 83, 3),
(939, 92, 307, 84, 4),
(940, 92, 307, 85, 4),
(941, 92, 307, 86, 3),
(942, 93, 327, 80, 3),
(943, 93, 327, 81, 3),
(944, 93, 327, 82, 3),
(945, 93, 327, 83, 4),
(946, 93, 327, 84, 4),
(947, 93, 327, 85, 4),
(948, 93, 327, 86, 3),
(949, 94, 290, 80, 3),
(950, 94, 290, 81, 3),
(951, 94, 290, 82, 3),
(952, 94, 290, 83, 3),
(953, 94, 290, 84, 3),
(954, 94, 290, 85, 3),
(955, 94, 290, 86, 3),
(956, 95, 67, 80, 3),
(957, 95, 67, 81, 4),
(958, 95, 67, 82, 3),
(959, 95, 67, 83, 4),
(960, 95, 67, 84, 4),
(961, 95, 67, 85, 3),
(962, 95, 67, 86, 3),
(963, 96, 150, 80, 3),
(964, 96, 150, 81, 3),
(965, 96, 150, 82, 3),
(966, 96, 150, 83, 3),
(967, 96, 150, 84, 3),
(968, 96, 150, 85, 3),
(969, 96, 150, 86, 3),
(970, 97, 85, 80, 3),
(971, 97, 85, 81, 4),
(972, 97, 85, 82, 4),
(973, 97, 85, 83, 4),
(974, 97, 85, 84, 4),
(975, 97, 85, 85, 4),
(976, 97, 85, 86, 4),
(977, 98, 20, 80, 3),
(978, 98, 20, 81, 2),
(979, 98, 20, 82, 3),
(980, 98, 20, 83, 2),
(981, 98, 20, 84, 3),
(982, 98, 20, 85, 2),
(983, 98, 20, 86, 2),
(984, 99, 107, 80, 3),
(985, 99, 107, 81, 3),
(986, 99, 107, 82, 2),
(987, 99, 107, 83, 3),
(988, 99, 107, 84, 3),
(989, 99, 107, 85, 3),
(990, 99, 107, 86, 3),
(1005, 101, 213, 80, 4),
(1006, 101, 213, 81, 4),
(1007, 101, 213, 82, 4),
(1008, 101, 213, 83, 3),
(1009, 101, 213, 84, 3),
(1010, 101, 213, 85, 4),
(1011, 101, 213, 86, 3),
(1012, 102, 88, 80, 3),
(1013, 102, 88, 81, 3),
(1014, 102, 88, 82, 3),
(1015, 102, 88, 83, 3),
(1016, 102, 88, 84, 3),
(1017, 102, 88, 85, 3),
(1018, 102, 88, 86, 3),
(1019, 103, 114, 80, 3),
(1020, 103, 114, 81, 3),
(1021, 103, 114, 82, 3),
(1022, 103, 114, 83, 3),
(1023, 103, 114, 84, 3),
(1024, 103, 114, 85, 3),
(1025, 103, 114, 86, 3),
(1040, 81, 12, 80, 3),
(1041, 81, 12, 81, 3),
(1042, 81, 12, 82, 3),
(1043, 81, 12, 83, 3),
(1044, 81, 12, 84, 4),
(1045, 81, 12, 85, 3),
(1046, 81, 12, 86, 3),
(1047, 105, 4, 80, 3),
(1048, 105, 4, 81, 2),
(1049, 105, 4, 82, 2),
(1050, 105, 4, 83, 3),
(1051, 105, 4, 84, 3),
(1052, 105, 4, 85, 3),
(1053, 105, 4, 86, 2),
(1054, 106, 10, 80, 4),
(1055, 106, 10, 81, 4),
(1056, 106, 10, 82, 4),
(1057, 106, 10, 83, 3),
(1058, 106, 10, 84, 4),
(1059, 106, 10, 85, 3),
(1060, 106, 10, 86, 3),
(1061, 107, 91, 80, 3),
(1062, 107, 91, 81, 3),
(1063, 107, 91, 82, 3),
(1064, 107, 91, 83, 3),
(1065, 107, 91, 84, 3),
(1066, 107, 91, 85, 3),
(1067, 107, 91, 86, 3),
(1068, 108, 75, 80, 3),
(1069, 108, 75, 81, 3),
(1070, 108, 75, 82, 2),
(1071, 108, 75, 83, 2),
(1072, 108, 75, 84, 2),
(1073, 108, 75, 85, 3),
(1074, 108, 75, 86, 3),
(1075, 104, 15, 80, 3),
(1076, 104, 15, 81, 3),
(1077, 104, 15, 82, 3),
(1078, 104, 15, 83, 3),
(1079, 104, 15, 84, 3),
(1080, 104, 15, 85, 3),
(1081, 104, 15, 86, 3),
(1089, 109, 53, 80, 3),
(1090, 109, 53, 81, 3),
(1091, 109, 53, 82, 2),
(1092, 109, 53, 83, 3),
(1093, 109, 53, 84, 2),
(1094, 109, 53, 85, 3),
(1095, 109, 53, 86, 3),
(1103, 110, 30, 80, 3),
(1104, 110, 30, 81, 3),
(1105, 110, 30, 82, 3),
(1106, 110, 30, 83, 3),
(1107, 110, 30, 84, 2),
(1108, 110, 30, 85, 3),
(1109, 110, 30, 86, 3),
(1110, 111, 265, 80, 4),
(1111, 111, 265, 81, 3),
(1112, 111, 265, 82, 3),
(1113, 111, 265, 83, 2),
(1114, 111, 265, 84, 4),
(1115, 111, 265, 85, 3),
(1116, 111, 265, 86, 4),
(1117, 112, 110, 80, 3),
(1118, 112, 110, 81, 3),
(1119, 112, 110, 82, 2),
(1120, 112, 110, 83, 3),
(1121, 112, 110, 84, 3),
(1122, 112, 110, 85, 3),
(1123, 112, 110, 86, 3),
(1124, 113, 329, 80, 3),
(1125, 113, 329, 81, 3),
(1126, 113, 329, 82, 3),
(1127, 113, 329, 83, 4),
(1128, 113, 329, 84, 4),
(1129, 113, 329, 85, 3),
(1130, 113, 329, 86, 3),
(1131, 114, 296, 80, 3),
(1132, 114, 296, 81, 3),
(1133, 114, 296, 82, 3),
(1134, 114, 296, 83, 3),
(1135, 114, 296, 84, 3),
(1136, 114, 296, 85, 3),
(1137, 114, 296, 86, 3),
(1138, 115, 101, 80, 2),
(1139, 115, 101, 81, 2),
(1140, 115, 101, 82, 2),
(1141, 115, 101, 83, 2),
(1142, 115, 101, 84, 2),
(1143, 115, 101, 85, 2),
(1144, 115, 101, 86, 2),
(1145, 116, 238, 80, 3),
(1146, 116, 238, 81, 3),
(1147, 116, 238, 82, 2),
(1148, 116, 238, 83, 4),
(1149, 116, 238, 84, 3),
(1150, 116, 238, 85, 3),
(1151, 116, 238, 86, 3),
(1152, 117, 323, 80, 3),
(1153, 117, 323, 81, 3),
(1154, 117, 323, 82, 2),
(1155, 117, 323, 83, 2),
(1156, 117, 323, 84, 3),
(1157, 117, 323, 85, 2),
(1158, 117, 323, 86, 2),
(1159, 118, 237, 80, 3),
(1160, 118, 237, 81, 4),
(1161, 118, 237, 82, 4),
(1162, 118, 237, 83, 4),
(1163, 118, 237, 84, 3),
(1164, 118, 237, 85, 3),
(1165, 118, 237, 86, 4),
(1173, 120, 9, 80, 3),
(1174, 120, 9, 81, 3),
(1175, 120, 9, 82, 3),
(1176, 120, 9, 83, 2),
(1177, 120, 9, 84, 3),
(1178, 120, 9, 85, 3),
(1179, 120, 9, 86, 3),
(1180, 121, 38, 80, 3),
(1181, 121, 38, 81, 3),
(1182, 121, 38, 82, 2),
(1183, 121, 38, 83, 3),
(1184, 121, 38, 84, 2),
(1185, 121, 38, 85, 3),
(1186, 121, 38, 86, 3),
(1194, 123, 297, 80, 3),
(1195, 123, 297, 81, 3),
(1196, 123, 297, 82, 3),
(1197, 123, 297, 83, 3),
(1198, 123, 297, 84, 3),
(1199, 123, 297, 85, 3),
(1200, 123, 297, 86, 3),
(1215, 124, 36, 80, 2),
(1216, 124, 36, 81, 1),
(1217, 124, 36, 82, 4),
(1218, 124, 36, 83, 1),
(1219, 124, 36, 84, 3),
(1220, 124, 36, 85, 3),
(1221, 124, 36, 86, 1),
(1222, 125, 245, 80, 3),
(1223, 125, 245, 81, 3),
(1224, 125, 245, 82, 3),
(1225, 125, 245, 83, 2),
(1226, 125, 245, 84, 2),
(1227, 125, 245, 85, 3),
(1228, 125, 245, 86, 3),
(1236, 126, 70, 80, 3),
(1237, 126, 70, 81, 3),
(1238, 126, 70, 82, 3),
(1239, 126, 70, 83, 3),
(1240, 126, 70, 84, 3),
(1241, 126, 70, 85, 3),
(1242, 126, 70, 86, 3),
(1243, 127, 337, 80, 2),
(1244, 127, 337, 81, 2),
(1245, 127, 337, 82, 3),
(1246, 127, 337, 83, 2),
(1247, 127, 337, 84, 2),
(1248, 127, 337, 85, 2),
(1249, 127, 337, 86, 3),
(1250, 128, 336, 80, 2),
(1251, 128, 336, 81, 3),
(1252, 128, 336, 82, 2),
(1253, 128, 336, 83, 1),
(1254, 128, 336, 84, 2),
(1255, 128, 336, 85, 2),
(1256, 128, 336, 86, 2),
(1257, 129, 293, 80, 3),
(1258, 129, 293, 81, 4),
(1259, 129, 293, 82, 3),
(1260, 129, 293, 83, 3),
(1261, 129, 293, 84, 4),
(1262, 129, 293, 85, 4),
(1263, 129, 293, 86, 4),
(1264, 130, 215, 80, 3),
(1265, 130, 215, 81, 3),
(1266, 130, 215, 82, 3),
(1267, 130, 215, 83, 3),
(1268, 130, 215, 84, 3),
(1269, 130, 215, 85, 3),
(1270, 130, 215, 86, 3),
(1271, 131, 22, 80, 4),
(1272, 131, 22, 81, 3),
(1273, 131, 22, 82, 3),
(1274, 131, 22, 83, 4),
(1275, 131, 22, 84, 4),
(1276, 131, 22, 85, 3),
(1277, 131, 22, 86, 4),
(1278, 132, 333, 80, 3),
(1279, 132, 333, 81, 3),
(1280, 132, 333, 82, 2),
(1281, 132, 333, 83, 2),
(1282, 132, 333, 84, 2),
(1283, 132, 333, 85, 3),
(1284, 132, 333, 86, 2),
(1292, 134, 111, 80, 2),
(1293, 134, 111, 81, 2),
(1294, 134, 111, 82, 1),
(1295, 134, 111, 83, 3),
(1296, 134, 111, 84, 3),
(1297, 134, 111, 85, 3),
(1298, 134, 111, 86, 2),
(1299, 133, 111, 80, 2),
(1300, 133, 111, 81, 2),
(1301, 133, 111, 82, 1),
(1302, 133, 111, 83, 3),
(1303, 133, 111, 84, 3),
(1304, 133, 111, 85, 3),
(1305, 133, 111, 86, 2),
(1306, 135, 203, 80, 2),
(1307, 135, 203, 81, 2),
(1308, 135, 203, 82, 2),
(1309, 135, 203, 83, 2),
(1310, 135, 203, 84, 2),
(1311, 135, 203, 85, 2),
(1312, 135, 203, 86, 2),
(1320, 136, 338, 80, 3),
(1321, 136, 338, 81, 3),
(1322, 136, 338, 82, 3),
(1323, 136, 338, 83, 3),
(1324, 136, 338, 84, 3),
(1325, 136, 338, 85, 3),
(1326, 136, 338, 86, 3),
(1327, 137, 173, 80, 2),
(1328, 137, 173, 81, 3),
(1329, 137, 173, 82, 2),
(1330, 137, 173, 83, 1),
(1331, 137, 173, 84, 3),
(1332, 137, 173, 85, 2),
(1333, 137, 173, 86, 3),
(1334, 138, 183, 80, 2),
(1335, 138, 183, 81, 2),
(1336, 138, 183, 82, 2),
(1337, 138, 183, 83, 3),
(1338, 138, 183, 84, 2),
(1339, 138, 183, 85, 2),
(1340, 138, 183, 86, 3),
(1341, 139, 319, 80, 3),
(1342, 139, 319, 81, 3),
(1343, 139, 319, 82, 3),
(1344, 139, 319, 83, 3),
(1345, 139, 319, 84, 3),
(1346, 139, 319, 85, 3),
(1347, 139, 319, 86, 3),
(1348, 140, 319, 80, 3),
(1349, 140, 319, 81, 3),
(1350, 140, 319, 82, 3),
(1351, 140, 319, 83, 3),
(1352, 140, 319, 84, 3),
(1353, 140, 319, 85, 3),
(1354, 140, 319, 86, 3),
(1355, 141, 193, 80, 2),
(1356, 141, 193, 81, 2),
(1357, 141, 193, 82, 2),
(1358, 141, 193, 83, 3),
(1359, 141, 193, 84, 2),
(1360, 141, 193, 85, 3),
(1361, 141, 193, 86, 3),
(1362, 142, 99, 80, 2),
(1363, 142, 99, 81, 2),
(1364, 142, 99, 82, 3),
(1365, 142, 99, 83, 3),
(1366, 142, 99, 84, 2),
(1367, 142, 99, 85, 3),
(1368, 142, 99, 86, 3),
(1369, 122, 303, 80, 3),
(1370, 122, 303, 81, 3),
(1371, 122, 303, 82, 3),
(1372, 122, 303, 83, 2),
(1373, 122, 303, 84, 3),
(1374, 122, 303, 85, 2),
(1375, 122, 303, 86, 3),
(1376, 143, 60, 80, 3),
(1377, 143, 60, 81, 2),
(1378, 143, 60, 82, 3),
(1379, 143, 60, 83, 3),
(1380, 143, 60, 84, 3),
(1381, 143, 60, 85, 2),
(1382, 143, 60, 86, 3),
(1383, 119, 331, 80, 2),
(1384, 119, 331, 81, 3),
(1385, 119, 331, 82, 2),
(1386, 119, 331, 83, 1),
(1387, 119, 331, 84, 1),
(1388, 119, 331, 85, 1),
(1389, 119, 331, 86, 2),
(1390, 144, 243, 80, 3),
(1391, 144, 243, 81, 3),
(1392, 144, 243, 82, 2),
(1393, 144, 243, 83, 3),
(1394, 144, 243, 84, 3),
(1395, 144, 243, 85, 3),
(1396, 144, 243, 86, 2),
(1397, 145, 328, 80, 3),
(1398, 145, 328, 81, 3),
(1399, 145, 328, 82, 3),
(1400, 145, 328, 83, 3),
(1401, 145, 328, 84, 3),
(1402, 145, 328, 85, 4),
(1403, 145, 328, 86, 4),
(1404, 146, 330, 80, 3),
(1405, 146, 330, 81, 3),
(1406, 146, 330, 82, 3),
(1407, 146, 330, 83, 3),
(1408, 146, 330, 84, 4),
(1409, 146, 330, 85, 3),
(1410, 146, 330, 86, 3),
(1411, 147, 236, 80, 4),
(1412, 147, 236, 81, 4),
(1413, 147, 236, 82, 4),
(1414, 147, 236, 83, 3),
(1415, 147, 236, 84, 4),
(1416, 147, 236, 85, 4),
(1417, 147, 236, 86, 3),
(1418, 148, 310, 80, 3),
(1419, 148, 310, 81, 3),
(1420, 148, 310, 82, 3),
(1421, 148, 310, 83, 4),
(1422, 148, 310, 84, 3),
(1423, 148, 310, 85, 3),
(1424, 148, 310, 86, 3),
(1425, 149, 174, 80, 2),
(1426, 149, 174, 81, 3),
(1427, 149, 174, 82, 3),
(1428, 149, 174, 83, 2),
(1429, 149, 174, 84, 3),
(1430, 149, 174, 85, 3),
(1431, 149, 174, 86, 3),
(1432, 150, 64, 80, 3),
(1433, 150, 64, 81, 3),
(1434, 150, 64, 82, 2),
(1435, 150, 64, 83, 2),
(1436, 150, 64, 84, 2),
(1437, 150, 64, 85, 3),
(1438, 150, 64, 86, 3),
(1439, 151, 14, 80, 4),
(1440, 151, 14, 81, 4),
(1441, 151, 14, 82, 3),
(1442, 151, 14, 83, 3),
(1443, 151, 14, 84, 2),
(1444, 151, 14, 85, 4),
(1445, 151, 14, 86, 3),
(1453, 152, 80, 80, 3),
(1454, 152, 80, 81, 3),
(1455, 152, 80, 82, 2),
(1456, 152, 80, 83, 3),
(1457, 152, 80, 84, 3),
(1458, 152, 80, 85, 2),
(1459, 152, 80, 86, 2),
(1460, 153, 103, 80, 3),
(1461, 153, 103, 81, 3),
(1462, 153, 103, 82, 2),
(1463, 153, 103, 83, 3),
(1464, 153, 103, 84, 3),
(1465, 153, 103, 85, 3),
(1466, 153, 103, 86, 3),
(1467, 154, 184, 80, 3),
(1468, 154, 184, 81, 3),
(1469, 154, 184, 82, 3),
(1470, 154, 184, 83, 3),
(1471, 154, 184, 84, 3),
(1472, 154, 184, 85, 3),
(1473, 154, 184, 86, 3),
(1474, 155, 148, 80, 3),
(1475, 155, 148, 81, 3),
(1476, 155, 148, 82, 3),
(1477, 155, 148, 83, 3),
(1478, 155, 148, 84, 3),
(1479, 155, 148, 85, 3),
(1480, 155, 148, 86, 3),
(1481, 156, 162, 80, 3),
(1482, 156, 162, 81, 3),
(1483, 156, 162, 82, 3),
(1484, 156, 162, 83, 3),
(1485, 156, 162, 84, 3),
(1486, 156, 162, 85, 3),
(1487, 156, 162, 86, 3),
(1488, 157, 196, 80, 3),
(1489, 157, 196, 81, 3),
(1490, 157, 196, 82, 3),
(1491, 157, 196, 83, 3),
(1492, 157, 196, 84, 3),
(1493, 157, 196, 85, 3),
(1494, 157, 196, 86, 3),
(1495, 158, 234, 80, 3),
(1496, 158, 234, 81, 3),
(1497, 158, 234, 82, 3),
(1498, 158, 234, 83, 3),
(1499, 158, 234, 84, 3),
(1500, 158, 234, 85, 3),
(1501, 158, 234, 86, 3),
(1502, 159, 82, 80, 3),
(1503, 159, 82, 81, 3),
(1504, 159, 82, 82, 3),
(1505, 159, 82, 83, 3),
(1506, 159, 82, 84, 3),
(1507, 159, 82, 85, 3),
(1508, 159, 82, 86, 3),
(1509, 160, 98, 80, 3),
(1510, 160, 98, 81, 3),
(1511, 160, 98, 82, 3),
(1512, 160, 98, 83, 3),
(1513, 160, 98, 84, 3),
(1514, 160, 98, 85, 3),
(1515, 160, 98, 86, 3),
(1516, 161, 340, 80, 3),
(1517, 161, 340, 81, 3),
(1518, 161, 340, 82, 2),
(1519, 161, 340, 83, 2),
(1520, 161, 340, 84, 2),
(1521, 161, 340, 85, 3),
(1522, 161, 340, 86, 3),
(1523, 162, 100, 80, 3),
(1524, 162, 100, 81, 2),
(1525, 162, 100, 82, 3),
(1526, 162, 100, 83, 2),
(1527, 162, 100, 84, 2),
(1528, 162, 100, 85, 3),
(1529, 162, 100, 86, 3),
(1530, 163, 241, 80, 3),
(1531, 163, 241, 81, 2),
(1532, 163, 241, 82, 3),
(1533, 163, 241, 83, 3),
(1534, 163, 241, 84, 2),
(1535, 163, 241, 85, 3),
(1536, 163, 241, 86, 3),
(1537, 164, 341, 80, 2),
(1538, 164, 341, 81, 3),
(1539, 164, 341, 82, 2),
(1540, 164, 341, 83, 1),
(1541, 164, 341, 84, 3),
(1542, 164, 341, 85, 2),
(1543, 164, 341, 86, 2),
(1544, 165, 2, 80, 3),
(1545, 165, 2, 81, 3),
(1546, 165, 2, 82, 3),
(1547, 165, 2, 83, 3),
(1548, 165, 2, 84, 3),
(1549, 165, 2, 85, 3),
(1550, 165, 2, 86, 2),
(1551, 166, 332, 80, 3),
(1552, 166, 332, 81, 3),
(1553, 166, 332, 82, 2),
(1554, 166, 332, 83, 2),
(1555, 166, 332, 84, 3),
(1556, 166, 332, 85, 3),
(1557, 166, 332, 86, 2),
(1558, 167, 247, 80, 3),
(1559, 167, 247, 81, 3),
(1560, 167, 247, 82, 3),
(1561, 167, 247, 83, 3),
(1562, 167, 247, 84, 4),
(1563, 167, 247, 85, 3),
(1564, 167, 247, 86, 3),
(1565, 168, 343, 80, 3),
(1566, 168, 343, 81, 3),
(1567, 168, 343, 82, 3),
(1568, 168, 343, 83, 2),
(1569, 168, 343, 84, 3),
(1570, 168, 343, 85, 3),
(1571, 168, 343, 86, 3),
(1572, 169, 195, 80, 0),
(1573, 169, 195, 81, 3),
(1574, 169, 195, 82, 3),
(1575, 169, 195, 83, 3),
(1576, 169, 195, 84, 3),
(1577, 169, 195, 85, 3),
(1578, 169, 195, 86, 3),
(1579, 170, 77, 80, 3),
(1580, 170, 77, 81, 3),
(1581, 170, 77, 82, 3),
(1582, 170, 77, 83, 1),
(1583, 170, 77, 84, 3),
(1584, 170, 77, 85, 3),
(1585, 170, 77, 86, 3),
(1586, 100, 62, 80, 3),
(1587, 100, 62, 81, 3),
(1588, 100, 62, 82, 2),
(1589, 100, 62, 83, 2),
(1590, 100, 62, 84, 4),
(1591, 100, 62, 85, 3),
(1592, 100, 62, 86, 3),
(1593, 171, 239, 80, 3),
(1594, 171, 239, 81, 3),
(1595, 171, 239, 82, 4),
(1596, 171, 239, 83, 3),
(1597, 171, 239, 84, 3),
(1598, 171, 239, 85, 3),
(1599, 171, 239, 86, 4),
(1600, 172, 180, 80, 4),
(1601, 172, 180, 81, 3),
(1602, 172, 180, 82, 4),
(1603, 172, 180, 83, 4),
(1604, 172, 180, 84, 4),
(1605, 172, 180, 85, 3),
(1606, 172, 180, 86, 4),
(1607, 173, 181, 80, 3),
(1608, 173, 181, 81, 3),
(1609, 173, 181, 82, 3),
(1610, 173, 181, 83, 3),
(1611, 173, 181, 84, 3),
(1612, 173, 181, 85, 3),
(1613, 173, 181, 86, 3),
(1614, 174, 214, 80, 3),
(1615, 174, 214, 81, 3),
(1616, 174, 214, 82, 3),
(1617, 174, 214, 83, 3),
(1618, 174, 214, 84, 3),
(1619, 174, 214, 85, 3),
(1620, 174, 214, 86, 3),
(1621, 175, 141, 80, 3),
(1622, 175, 141, 81, 3),
(1623, 175, 141, 82, 3),
(1624, 175, 141, 83, 3),
(1625, 175, 141, 84, 3),
(1626, 175, 141, 85, 2),
(1627, 175, 141, 86, 2),
(1628, 176, 5, 80, 3),
(1629, 176, 5, 81, 3),
(1630, 176, 5, 82, 2),
(1631, 176, 5, 83, 2),
(1632, 176, 5, 84, 3),
(1633, 176, 5, 85, 2),
(1634, 176, 5, 86, 2),
(1635, 177, 240, 80, 4),
(1636, 177, 240, 81, 4),
(1637, 177, 240, 82, 4),
(1638, 177, 240, 83, 3),
(1639, 177, 240, 84, 4),
(1640, 177, 240, 85, 4),
(1641, 177, 240, 86, 4),
(1642, 178, 26, 80, 3),
(1643, 178, 26, 81, 3),
(1644, 178, 26, 82, 3),
(1645, 178, 26, 83, 3),
(1646, 178, 26, 84, 3),
(1647, 178, 26, 85, 3),
(1648, 178, 26, 86, 3),
(1649, 179, 123, 80, 1),
(1650, 179, 123, 81, 1),
(1651, 179, 123, 82, 1),
(1652, 179, 123, 83, 2),
(1653, 179, 123, 84, 3),
(1654, 179, 123, 85, 1),
(1655, 179, 123, 86, 1);

-- --------------------------------------------------------

--
-- Table structure for table `hksurvey_master`
--

CREATE TABLE `hksurvey_master` (
  `master_id` int(11) NOT NULL,
  `department_id` int(11) NOT NULL,
  `employee_id` int(11) NOT NULL,
  `designation_id` int(11) NOT NULL,
  `status` tinyint(4) NOT NULL DEFAULT 1,
  `create_date` int(11) NOT NULL,
  `submit_date` int(11) NOT NULL,
  `phase_no` tinyint(4) NOT NULL DEFAULT 1,
  `via_contact` varchar(50) NOT NULL,
  `service_rate` varchar(50) NOT NULL,
  `waiting_time` varchar(50) NOT NULL,
  `comment_sugg` varchar(500) DEFAULT NULL
) ENGINE=InnoDB DEFAULT CHARSET=utf8 COLLATE=utf8_general_ci;

--
-- Dumping data for table `hksurvey_master`
--

INSERT INTO `hksurvey_master` (`master_id`, `department_id`, `employee_id`, `designation_id`, `status`, `create_date`, `submit_date`, `phase_no`, `via_contact`, `service_rate`, `waiting_time`, `comment_sugg`) VALUES
(1, 1, 95, 0, 2, 2019, 0, 1, 'Via Telephone', 'Very Good', 'Within 15mins', 'Overall system is very good before HK teams '),
(2, 19, 233, 0, 2, 2019, 0, 1, 'In Person', 'Good', 'Within 1 hour', ''),
(3, 13, 227, 0, 1, 2019, 0, 1, 'Via Telephone', 'Very Good', 'Within 15mins', 'You should provide more facility to Housekeeping team. They are very hard work working.'),
(4, 2, 29, 0, 1, 2019, 0, 1, 'In Person', 'Average', 'Within 2 hours', ''),
(5, 11, 74, 0, 2, 2019, 0, 1, 'Via WeChat', 'Very Good', 'Within 1 hour', 'Nothing special, just keep up the momentum.'),
(6, 14, 19, 0, 2, 2019, 0, 1, 'In Person', 'Average', 'Within 2 hours', 'Should take some preventive parameters to enhance the service level. Like weekly, biweekly checklist for common area, random audit by the superior after cleaning, should have planned cleaning & inspection schedule. Need to train up in smart working methodology of cleaning. '),
(7, 3, 302, 0, 2, 2019, 0, 1, 'In Person', 'Good', 'Within 15mins', 'Maintain Monthly Train up system for improving skill'),
(8, 11, 65, 0, 1, 2019, 0, 1, 'Via WeChat', 'Average', 'Within 1 hour', 'Responsible Sup./Officer should audit sometime during cleaning or after cleaning time of house keeping TM responsible areas.'),
(9, 1, 44, 0, 2, 2019, 0, 1, 'Via Telephone', 'Very Good', 'Within 15mins', 'very good team .special housekeeping team very good job . travel desk system need to be updated .'),
(10, 3, 299, 0, 2, 2019, 0, 1, 'Via WeChat', 'Good', 'Within 2 hours', 'Team efforts are always appreciable.'),
(11, 17, 199, 0, 1, 2019, 0, 1, 'Via WeChat', 'Average', 'Within 1 hour', 'pay attention to the toilet cleaning status'),
(12, 2, 63, 0, 2, 2019, 0, 1, 'In Person', 'Good', 'Within 2 hours', 'Need to keep them out with their regular routine work for improvement and checklist work with assigned supervisor.'),
(13, 14, 305, 0, 2, 2019, 0, 1, 'In Person', 'Good', 'Within 15mins', 'Toilet cleaning  should be improved'),
(14, 14, 300, 0, 2, 2019, 0, 1, 'In Person', 'Good', 'Within 1 hour', 'Should be improved'),
(15, 14, 221, 0, 2, 2019, 0, 1, 'Via WeChat', 'Good', 'Within 15mins', 'Should check the hidden areas more precisely and should do the cleaning with inspection.'),
(16, 20, 242, 0, 2, 2019, 0, 1, 'Via WeChat', 'Average', 'Within 15mins', ''),
(17, 20, 301, 0, 2, 2019, 0, 1, 'Via Telephone', 'Very Good', 'Within 1 hour', 'Number of employees in the housekeeping team need to be increased to provide better services for all departments simultaneously. '),
(18, 11, 216, 0, 2, 2019, 0, 1, 'In Person', 'Good', 'Within 1 hour', 'Please mark some particular area & clean it routine basis.'),
(19, 11, 295, 0, 2, 2019, 0, 1, 'In Person', 'Very Good', 'Within 15mins', ''),
(20, 3, 124, 0, 2, 2019, 0, 1, 'Via WeChat', 'Very Good', 'Within 15mins', 'IMPROVEMENT TRAINING LEADER AND TEAM MEMBER.'),
(21, 7, 258, 0, 2, 2019, 0, 1, 'In Person', 'Good', 'Within 15mins', 'With the present condition /services of housekeeping team I am very much satisfied. They can improve or more emphasize on cleanliness on toilets & drains. '),
(22, 11, 309, 0, 2, 2019, 0, 1, 'Via WeChat', 'Average', 'Within 1 hour', ''),
(23, 7, 87, 0, 2, 2019, 0, 1, 'In Person', 'Good', 'Within 15mins', 'I am very much satisfied with housekeeping team . They should emphasize on cleanliness of toilets & drains if possible .'),
(24, 3, 235, 0, 2, 2019, 0, 1, 'Via WeChat', 'Very Good', 'Within 15mins', ''),
(25, 7, 34, 0, 2, 2019, 0, 1, 'In Person', 'Very Good', 'Within 15mins', 'I am not too much satisfied with housekeeping service ,I think they should emphasize more on the cleanliness on toilets &  drains. '),
(26, 7, 27, 0, 2, 2019, 0, 1, 'In Person', 'Good', 'Within 15mins', ''),
(27, 2, 278, 0, 2, 2019, 0, 1, 'Via Telephone', 'Good', 'Within 2 hours', ''),
(28, 17, 250, 0, 2, 2019, 0, 1, 'In Person', 'Good', 'Within 2 hours', ''),
(29, 9, 93, 0, 2, 2019, 0, 1, 'Via WeChat', 'Poor', 'Within 2 hours', ''),
(30, 11, 109, 0, 2, 2019, 0, 1, 'Via Telephone', 'Average', 'Within 1 hour', 'Need to develop the TM self inspection.'),
(31, 4, 231, 0, 2, 2019, 0, 1, 'Via Telephone', 'Very Good', 'Within 15mins', ''),
(32, 9, 292, 0, 2, 2019, 0, 1, 'Via WeChat', 'Good', 'Within 15mins', ''),
(33, 4, 3, 0, 2, 2019, 0, 1, 'Via WeChat', 'Good', 'Within 15mins', 'House Keeping Team Best of luck!!'),
(34, 8, 35, 0, 2, 2019, 0, 1, 'In Person', 'Good', 'Within 15mins', ''),
(35, 1, 219, 0, 2, 2019, 0, 1, 'Via Telephone', 'Very Good', 'Within 15mins', 'Overall their support is blameless. They always hair suggestions and improve their service. '),
(36, 1, 218, 0, 2, 2019, 0, 1, 'Via Telephone', 'Good', 'Within 15mins', ''),
(37, 7, 31, 0, 2, 2019, 0, 1, 'In Person', 'Good', 'Within 15mins', 'Please keep up this Momentum.'),
(38, 7, 251, 0, 2, 2019, 0, 1, 'In Person', 'Very Good', 'Within 15mins', ''),
(39, 7, 57, 0, 2, 2019, 0, 1, 'In Person', 'Good', 'Within 15mins', ''),
(40, 7, 59, 0, 2, 2019, 0, 1, 'Via Telephone', 'Good', 'Within 1 hour', ''),
(41, 7, 59, 0, 2, 2019, 0, 1, 'Via Telephone', 'Good', 'Within 1 hour', ''),
(42, 13, 33, 0, 2, 2019, 0, 1, 'In Person', 'Average', 'Within 1 hour', ''),
(43, 13, 68, 0, 2, 2019, 0, 1, 'Via WeChat', 'Poor', 'Within 1 hour', 'They Should more aware about their Key Responsibility not work for showing.  '),
(44, 9, 56, 0, 2, 2019, 0, 1, 'In Person', 'Good', 'Within 15mins', ''),
(45, 13, 61, 0, 2, 2019, 0, 1, 'In Person', 'Good', 'Within 2 hours', ''),
(46, 13, 244, 0, 2, 2019, 0, 1, 'In Person', 'Good', 'Within 2 hours', ''),
(47, 3, 55, 0, 2, 2019, 0, 1, 'In Person', 'Very Good', 'Within 15mins', 'Need to be increase Supervisor & Leader followup in all over of factory.'),
(48, 2, 42, 0, 2, 2019, 0, 1, 'In Person', 'Good', 'Within 1 hour', 'Should be more sincere about the cleanliness of overall factory area. '),
(49, 2, 256, 0, 2, 2019, 0, 1, 'In Person', 'Very Good', 'Within 15mins', ''),
(50, 4, 8, 0, 2, 2019, 0, 1, 'Via WeChat', 'Good', 'Within 1 hour', ''),
(51, 7, 25, 0, 2, 2019, 0, 1, 'Via WeChat', 'Good', 'Within 1 hour', ''),
(52, 4, 39, 0, 2, 2019, 0, 1, 'In Person', 'Good', 'Within 15mins', ''),
(53, 13, 311, 0, 2, 2019, 0, 1, 'In Person', 'Good', 'Within 2 hours', '0'),
(54, 13, 334, 0, 2, 2019, 0, 1, 'In Person', 'Good', 'Within 2 hours', ''),
(55, 2, 49, 0, 2, 2019, 0, 1, 'In Person', 'Good', 'Within 1 hour', 'Immediate response would be better for us.'),
(56, 2, 50, 0, 2, 2019, 0, 1, 'In Person', 'Good', 'Within 1 hour', 'Need to proper utilize current manpower'),
(57, 3, 46, 0, 2, 2019, 0, 1, 'In Person', 'Good', 'Within 15mins', 'Housekeeping work quality will be increased if responsible persons will arrange training session for their housekeeping TMs to improve their work quality & job knowledge. '),
(58, 11, 28, 0, 2, 2019, 0, 1, '0', 'Good', 'Within 1 hour', 'Keep sustain.....!!!! '),
(59, 8, 11, 0, 2, 2019, 0, 1, 'In Person', 'Good', 'Within 15mins', 'Overall their working process and quality is well, need continues more improve   '),
(60, 13, 289, 0, 2, 2019, 0, 1, 'In Person', 'Average', 'Within 15mins', ''),
(61, 11, 48, 0, 2, 2019, 0, 1, 'Via Email', 'Good', 'Within 1 hour', ''),
(62, 13, 288, 0, 2, 2019, 0, 1, 'In Person', 'Good', 'Within 1 hour', ''),
(63, 8, 84, 0, 2, 2019, 0, 1, 'Via WeChat', 'Good', 'Within 15mins', ''),
(64, 3, 7, 0, 2, 2019, 0, 1, 'In Person', 'Good', 'Within 1 hour', 'Housekeeping did developed a lot. In spite of that, Need to develop on kaizen mindset, own work survey capacity and eye for details.'),
(65, 11, 210, 0, 2, 2019, 0, 1, 'In Person', 'Very Good', 'Within 1 hour', 'From the very next time I wish Housekeeping team will emphasize to make better quality of Floor toilets. Otherwise The service is quite ok. '),
(66, 11, 315, 0, 2, 2019, 0, 1, 'Via WeChat', 'Good', 'Within 1 hour', 'House Keeping Team need to more effective of his own responsibility.'),
(67, 17, 304, 0, 2, 2019, 0, 1, 'Via WeChat', 'Average', 'Within 2 hours', ''),
(68, 3, 17, 0, 2, 2019, 0, 1, 'Via WeChat', 'Good', 'Within 1 hour', 'Need to improve monitoring from TL/GL side '),
(69, 9, 121, 0, 2, 2019, 0, 1, 'Via WeChat', 'Average', 'Within 1 hour', 'Need to be more conscious about cleaning and response timely.'),
(70, 11, 97, 0, 2, 2019, 0, 1, 'Via Telephone', 'Good', 'Within 1 hour', ''),
(71, 15, 224, 0, 2, 2019, 0, 1, 'Via WeChat', 'Good', 'Within 1 hour', ''),
(72, 17, 208, 0, 2, 2019, 0, 1, 'Via WeChat', 'Good', 'Within 15mins', ''),
(73, 17, 228, 0, 2, 2019, 0, 1, 'Via WeChat', 'Good', 'Within 15mins', ''),
(74, 17, 194, 0, 2, 2019, 0, 1, 'In Person', 'Very Good', 'Within 15mins', '区域指定人员按时间按标准清洁，'),
(75, 17, 73, 0, 2, 2019, 0, 1, 'In Person', 'Good', 'Within 1 hour', 'Housekeeping team need to move frequently as per department wise.'),
(76, 17, 115, 0, 2, 2019, 0, 1, 'In Person', 'Average', 'Within 2 hours', ''),
(77, 4, 96, 0, 2, 2019, 0, 1, 'Via WeChat', 'Good', 'Within 15mins', ''),
(78, 4, 335, 0, 2, 2019, 0, 1, 'Via Telephone', 'Good', 'Within 15mins', ''),
(79, 8, 21, 0, 2, 2019, 0, 1, 'In Person', 'Very Good', 'Within 15mins', 'Always keep clean in out side of  factory monitor dust.'),
(80, 8, 72, 0, 2, 2019, 0, 1, '0', '0', '0', ''),
(81, 1, 12, 0, 2, 2019, 0, 1, 'In Person', 'Good', 'Within 15mins', ''),
(82, 9, 47, 0, 2, 2019, 0, 1, 'In Person', 'Very Good', 'Within 15mins', ''),
(83, 9, 23, 0, 2, 2019, 0, 1, 'In Person', 'Good', 'Within 1 hour', ''),
(84, 9, 90, 0, 2, 2019, 0, 1, 'In Person', 'Good', 'Within 1 hour', ''),
(85, 4, 32, 0, 2, 2019, 0, 1, 'Via Telephone', 'Good', 'Within 15mins', ''),
(86, 20, 76, 0, 2, 2019, 0, 1, 'Via Telephone', 'Average', 'Within 1 hour', 'Need to more training to TL/GL Grade about job resposibility , JIT &  self motivation. '),
(87, 21, 306, 0, 2, 2019, 0, 1, 'In Person', 'Good', 'Within 1 hour', ''),
(88, 17, 206, 0, 2, 2019, 0, 1, 'In Person', 'Good', 'Within 1 hour', ''),
(89, 16, 157, 0, 2, 2019, 0, 1, 'Via WeChat', 'Good', 'Within 15mins', '建议客厅和厨房每天打扫'),
(90, 16, 157, 0, 2, 2019, 0, 1, 'Via WeChat', 'Good', 'Within 15mins', '建议客厅和厨房每天打扫'),
(91, 16, 113, 0, 2, 2019, 0, 1, 'Via WeChat', 'Good', 'Within 1 hour', 'Need to more cleanliness in toilets.'),
(92, 16, 307, 0, 2, 2019, 0, 1, 'Via WeChat', 'Good', 'Within 15mins', ''),
(93, 17, 327, 0, 2, 2019, 0, 1, 'Via WeChat', 'Good', 'Within 1 hour', ''),
(94, 21, 290, 0, 2, 2019, 0, 1, 'In Person', 'Good', 'Within 1 hour', ''),
(95, 8, 67, 0, 2, 2019, 0, 1, 'Via WeChat', 'Good', 'Within 15mins', ''),
(96, 16, 150, 0, 2, 2019, 0, 1, 'In Person', 'Good', 'Within 1 hour', ''),
(97, 8, 85, 0, 2, 2019, 0, 1, 'Via WeChat', 'Good', 'Within 1 hour', ''),
(98, 2, 20, 0, 2, 2019, 0, 1, 'Via WeChat', 'Average', 'Within 1 hour', 'They should prepare checklist & routine service instead of fire fighting. Divided the team for pre-schedule  assign tasks &  priority base instant service. I think they are trying hard & seems good their initiatives. If they can sustain , very soon result will Good.   '),
(99, 18, 107, 0, 2, 2019, 0, 1, 'In Person', 'Good', 'Within 1 hour', ''),
(100, 2, 62, 0, 2, 2019, 0, 1, 'Via WeChat', 'Good', 'Within 15mins', 'If performed like as professional.'),
(101, 2, 213, 0, 2, 2019, 0, 1, 'Via WeChat', 'Good', 'Within 15mins', 'Need toilet cleanning  side improvement in production floor.'),
(102, 19, 88, 0, 2, 2019, 0, 1, 'In Person', 'Good', 'Within 15mins', 'Need to be more efficient. Although they are efficient.'),
(103, 19, 114, 0, 2, 2019, 0, 1, 'In Person', 'Good', 'Within 15mins', ''),
(104, 8, 15, 0, 2, 2019, 0, 1, 'Via Email', 'Good', 'Within 1 hour', 'GOOD'),
(105, 1, 4, 0, 2, 2019, 0, 1, 'In Person', 'Good', 'Within 15mins', ''),
(106, 19, 10, 0, 2, 2019, 0, 1, 'In Person', 'Very Good', 'Within 15mins', 'very good in thier work. '),
(107, 19, 91, 0, 2, 2019, 0, 1, 'In Person', 'Good', 'Within 15mins', 'Need to more attention for customer demand'),
(108, 13, 75, 0, 2, 2019, 0, 1, 'Via WeChat', 'Good', 'Within 1 hour', ''),
(109, 2, 53, 0, 2, 2019, 0, 1, 'In Person', 'Good', 'Within 15mins', ''),
(110, 11, 30, 0, 2, 2019, 0, 1, 'Via Telephone', 'Good', 'Within 15mins', 'It would be much better, as house keeping responsible person must weekly basis have a short meeting with each floor/area related responsible people to know the future improvement status'),
(111, 13, 265, 0, 2, 2019, 0, 1, 'Via WeChat', 'Very Good', 'Within 15mins', 'I think ,houskeeping team leader should have a plan to check all places in a day schedulewise,so that he knows what is the current situation.thanks'),
(112, 13, 110, 0, 2, 2019, 0, 1, 'Via WeChat', 'Good', 'Within 1 hour', ''),
(113, 13, 329, 0, 2, 2019, 0, 1, 'Via WeChat', 'Very Good', 'Within 15mins', ''),
(114, 1, 296, 0, 2, 2019, 0, 1, 'In Person', 'Good', 'Within 1 hour', 'please keep it up'),
(115, 11, 101, 0, 2, 2019, 0, 1, 'In Person', 'Average', 'Within 1 hour', ''),
(116, 20, 238, 0, 2, 2019, 0, 1, 'Via Telephone', 'Good', 'Within 1 hour', ''),
(117, 17, 323, 0, 2, 2019, 0, 1, 'Via WeChat', 'Average', 'Within 2 hours', ''),
(118, 13, 237, 0, 2, 2019, 0, 1, 'In Person', 'Good', 'Within 15mins', ''),
(119, 13, 331, 0, 2, 2019, 0, 1, 'In Person', 'Average', 'Within 1 hour', ''),
(120, 13, 9, 0, 2, 2019, 0, 1, 'In Person', 'Good', 'Within 15mins', ''),
(121, 20, 38, 0, 2, 2019, 0, 1, 'Via Telephone', 'Good', 'Within 15mins', 'Housekeeping team need to solve problem without calling out by customer department.'),
(122, 13, 303, 0, 2, 2019, 0, 1, 'In Person', 'Average', 'Within 1 hour', 'For their better improvement they must try to maintain the time schedule.'),
(123, 1, 297, 0, 2, 2019, 0, 1, 'In Person', 'Good', 'Within 1 hour', 'keep our area clean'),
(124, 13, 36, 0, 2, 2019, 0, 1, 'Via WeChat', 'Average', 'Within 1 hour', 'Toilet clean need all time.'),
(125, 13, 245, 0, 2, 2019, 0, 1, 'Via WeChat', 'Average', 'Within 1 hour', ''),
(126, 10, 70, 0, 2, 2019, 0, 1, 'Via Telephone', 'Good', 'Within 15mins', 'Sometimes we have found that, after the repairing or coloring the wall our work place been covered by dust. \ncan be used big poly during repairing that dust may reduce !'),
(127, 17, 337, 0, 2, 2019, 0, 1, 'In Person', 'Average', 'Within 2 hours', ''),
(128, 11, 336, 0, 2, 2019, 0, 1, 'Via WeChat', 'Average', 'Within 2 hours', ''),
(129, 3, 293, 0, 2, 2019, 0, 1, 'In Person', 'Good', 'Within 15mins', 'Improvement of housekeeping is very satisfactory. It would be sustain by teamwork and strong leadership.   '),
(130, 11, 215, 0, 2, 2019, 0, 1, 'In Person', 'Good', 'Within 1 hour', ''),
(131, 10, 22, 0, 2, 2019, 0, 1, 'In Person', 'Good', 'Within 15mins', ''),
(132, 11, 333, 0, 2, 2019, 0, 1, 'Via WeChat', 'Average', 'Within 1 hour', ''),
(133, 11, 111, 0, 2, 2019, 0, 1, 'In Person', 'Average', 'Within 1 hour', 'Need  to improve won area .'),
(134, 11, 111, 0, 1, 2019, 0, 1, '0', '0', '0', ''),
(135, 19, 203, 0, 2, 2019, 0, 1, 'Via Email', 'Average', 'Within 1 hour', ''),
(136, 17, 338, 0, 2, 2019, 0, 1, 'Via WeChat', 'Good', 'Within 15mins', ''),
(137, 19, 173, 0, 2, 2019, 0, 1, 'Via WeChat', 'Average', 'Within 1 hour', ''),
(138, 16, 183, 0, 2, 2019, 0, 1, '0', '0', '0', ''),
(139, 16, 319, 0, 2, 2019, 0, 1, 'In Person', 'Good', 'Within 1 hour', '继续保持'),
(140, 16, 319, 0, 2, 2019, 0, 1, 'In Person', 'Good', 'Within 1 hour', '继续保持'),
(141, 19, 193, 0, 2, 2019, 0, 1, 'In Person', 'Average', 'Within 15mins', ''),
(142, 13, 99, 0, 2, 2019, 0, 1, 'Via WeChat', 'Average', 'Within 2 hours', ''),
(143, 13, 60, 0, 2, 2019, 0, 1, 'Via WeChat', 'Average', 'Within 1 hour', ''),
(144, 13, 243, 0, 2, 2019, 0, 1, 'Via WeChat', 'Poor', 'Within 2 hours', ''),
(145, 13, 328, 0, 2, 2019, 0, 1, 'Via WeChat', 'Good', 'Within 15mins', ''),
(146, 13, 330, 0, 2, 2019, 0, 1, 'Via WeChat', 'Good', 'Within 15mins', ''),
(147, 18, 236, 0, 2, 2019, 0, 1, 'In Person', 'Very Good', 'Within 15mins', 'Good performance....HOUSEKEEPING TEAM'),
(148, 13, 310, 0, 2, 2019, 0, 1, 'In Person', 'Good', 'Within 1 hour', ''),
(149, 16, 174, 0, 2, 2019, 0, 1, 'In Person', 'Good', 'Within 15mins', '宿舍的团队是我比较满意的，但是工厂里的清洁特别是洗手间的卫生是最不好的。到处是脏水。工人态度也不好，希望后面可以有所改善'),
(150, 18, 64, 0, 2, 2019, 0, 1, 'In Person', 'Good', 'Within 1 hour', 'How long did you wait before speaking/ callout to a Housekeeping team? \n你在和家政服务团队说话/打电话之前等了多久？ \nWithin 15mins   Within 1 hour   Within 2 hours \n\n\nFor this question also need 30 min as option, thanks!'),
(151, 4, 14, 0, 2, 2019, 0, 1, 'In Person', 'Good', 'Within 15mins', ''),
(152, 15, 80, 0, 2, 2019, 0, 1, 'Via WeChat', 'Good', 'Within 15mins', 'Should be Pro-active'),
(153, 15, 103, 0, 2, 2019, 0, 1, 'Via WeChat', 'Good', 'Within 15mins', 'Overall Good'),
(154, 15, 184, 0, 2, 2019, 0, 1, 'Via WeChat', 'Good', 'Within 15mins', ''),
(155, 15, 148, 0, 2, 2019, 0, 1, 'Via WeChat', 'Good', 'Within 15mins', ''),
(156, 15, 162, 0, 2, 2019, 0, 1, 'Via WeChat', 'Good', 'Within 15mins', ''),
(157, 15, 196, 0, 2, 2019, 0, 1, 'Via WeChat', 'Good', 'Within 15mins', ''),
(158, 15, 234, 0, 2, 2019, 0, 1, 'Via WeChat', 'Good', 'Within 15mins', ''),
(159, 15, 82, 0, 2, 2019, 0, 1, 'Via WeChat', 'Good', 'Within 15mins', ''),
(160, 15, 98, 0, 2, 2019, 0, 1, 'Via WeChat', 'Good', 'Within 15mins', ''),
(161, 13, 340, 0, 2, 2019, 0, 1, 'In Person', 'Good', 'Within 15mins', 'i think the housekeeping team needs to be more pro active, cleaning should be done at floor more often.'),
(162, 13, 100, 0, 2, 2019, 0, 1, 'Via WeChat', 'Average', 'Within 15mins', 'Need more aware about toilet clean'),
(163, 13, 241, 0, 2, 2019, 0, 1, 'Via WeChat', 'Average', 'Within 15mins', ''),
(164, 13, 341, 0, 2, 2019, 0, 1, 'Via WeChat', 'Average', 'Within 1 hour', ''),
(165, 13, 2, 0, 2, 2019, 0, 1, 'In Person', 'Good', 'Within 1 hour', ''),
(166, 16, 332, 0, 2, 2019, 0, 1, 'In Person', 'Average', 'Within 1 hour', ''),
(167, 13, 247, 0, 2, 2019, 0, 1, 'In Person', 'Good', 'Within 1 hour', ''),
(168, 15, 343, 0, 2, 2019, 0, 1, 'Via WeChat', 'Good', 'Within 15mins', ''),
(169, 16, 195, 0, 1, 2019, 0, 1, 'Via WeChat', 'Good', 'Within 1 hour', '提高洗手間清潔'),
(170, 3, 77, 0, 2, 2019, 0, 1, 'Via Telephone', 'Average', 'Within 1 hour', 'Need to assign TM of house keeping team for every area in our factory. At certain period interval they will come their area and will check their work premises. As a result house keeping work will done just in time our call out will be minimized. '),
(171, 20, 239, 0, 2, 2019, 0, 1, 'Via WeChat', 'Good', 'Within 1 hour', 'Have to do well'),
(172, 10, 180, 0, 2, 2019, 0, 1, 'In Person', 'Very Good', 'Within 15mins', ''),
(173, 10, 181, 0, 2, 2019, 0, 1, 'In Person', 'Good', 'Within 15mins', ''),
(174, 10, 214, 0, 2, 2019, 0, 1, 'In Person', 'Very Good', 'Within 15mins', 'Al is going well . . .'),
(175, 18, 141, 0, 2, 2019, 0, 1, '0', '0', '0', ''),
(176, 10, 5, 0, 2, 2019, 0, 1, 'In Person', 'Good', 'Within 15mins', 'SOP ,training & perfect  supervise  could improve the team.'),
(177, 21, 240, 0, 2, 2019, 0, 1, 'Via WeChat', 'Good', 'Within 1 hour', ''),
(178, 21, 26, 0, 2, 2019, 0, 1, 'In Person', 'Good', 'Within 1 hour', ''),
(179, 2, 123, 0, 2, 2019, 0, 1, 'In Person', 'Average', 'Within 2 hours', 'Proactive inspection, delegation, planned monitoring.');

-- --------------------------------------------------------

--
